000
CDUS46 KMFR 190837
CLIMFR


CLIMATE REPORT
NATIONAL WEATHER SERVICE MEDFORD, OR
137 AM PDT TUE SEP 19 2017


...................................

...THE MEDFORD OR CLIMATE SUMMARY FOR SEPTEMBER 18 2017...

CLIMATE NORMAL PERIOD 1981 TO 2010
CLIMATE RECORD PERIOD 1911 TO 2017


WEATHER ITEM   OBSERVED TIME   RECORD YEAR NORMAL DEPARTURE LAST
                VALUE   (LST)  VALUE       VALUE  FROM      YEAR
                                                  NORMAL
..................................................................
TEMPERATURE (F)
 YESTERDAY
  MAXIMUM         63   1249 PM 101    1991  83    -20       88
  MINIMUM         52   1159 PM  31    1965  49      3       59
  AVERAGE         58                        66     -8       74

PRECIPITATION (IN)
  YESTERDAY        0.01          0.59 1966   0.02  -0.01     0.00
  MONTH TO DATE    0.16                      0.31  -0.15     0.00
  SINCE OCT 1     25.07                     18.09   6.98    19.77
  SINCE JAN 1     13.38                     10.45   2.93    10.01

SNOWFALL (IN)
  YESTERDAY        0.0                       0.0    0.0      0.0
  MONTH TO DATE    0.0                       0.0    0.0      0.0
  SINCE JUL 1      0.0                       0.0    0.0      0.0
  SNOW DEPTH       0

DEGREE DAYS
 HEATING
  YESTERDAY        7                         2      5        0
  MONTH TO DATE   11                        23    -12        8
  SINCE SEP 1     11                        23    -12        8
  SINCE JUL 1     11                        33    -22       10

 COOLING
  YESTERDAY        0                         3     -3        9
  MONTH TO DATE  146                        84     62       69
  SINCE SEP 1    146                        84     62       69
  SINCE JAN 1   1271                       791    480     1014
..................................................................


WIND (MPH)
  HIGHEST WIND SPEED    15   HIGHEST WIND DIRECTION    NW (320)
  HIGHEST GUST SPEED    17   HIGHEST GUST DIRECTION    NW (320)
  AVERAGE WIND SPEED     6.3


SKY COVER
  POSSIBLE SUNSHINE  MM
  AVERAGE SKY COVER 0.7


WEATHER CONDITIONS
 THE FOLLOWING WEATHER WAS RECORDED YESTERDAY.
  LIGHT RAIN
  FOG


RELATIVE HUMIDITY (PERCENT)
 HIGHEST   100           100 AM
 LOWEST     43          1200 PM
 AVERAGE    72

..........................................................


THE MEDFORD OR CLIMATE NORMALS FOR TODAY
                         NORMAL    RECORD    YEAR
 MAXIMUM TEMPERATURE (F)   83       100      1952
 MINIMUM TEMPERATURE (F)   49        32      1978


SUNRISE AND SUNSET
SEPTEMBER 19 2017.....SUNRISE   656 AM PDT   SUNSET   713 PM PDT
SEPTEMBER 20 2017.....SUNRISE   657 AM PDT   SUNSET   712 PM PDT


-  INDICATES NEGATIVE NUMBERS.
R  INDICATES RECORD WAS SET OR TIED.
MM INDICATES DATA IS MISSING.
T  INDICATES TRACE AMOUNT.




$$
