000
CDUS46 KMFR 240836
CLIMFR


CLIMATE REPORT
NATIONAL WEATHER SERVICE MEDFORD, OR
136 AM PDT FRI MAR 24 2017


...................................

...THE MEDFORD OR CLIMATE SUMMARY FOR MARCH 23 2017...

CLIMATE NORMAL PERIOD 1981 TO 2010
CLIMATE RECORD PERIOD 1911 TO 2017


WEATHER ITEM   OBSERVED TIME   RECORD YEAR NORMAL DEPARTURE LAST
                VALUE   (LST)  VALUE       VALUE  FROM      YEAR
                                                  NORMAL
..................................................................
TEMPERATURE (F)
 YESTERDAY
  MAXIMUM         61    211 PM  81    1960  60      1       57
                                      1939
  MINIMUM         36    524 AM  25    2013  38     -2       38
                                      1933
  AVERAGE         49                        49      0       48

PRECIPITATION (IN)
  YESTERDAY        0.07          0.69 1922   0.06   0.01     0.01
  MONTH TO DATE    1.23                      1.30  -0.07     2.42
  SINCE OCT 1     21.93                     13.38   8.55    17.43
  SINCE JAN 1     10.24                      5.74   4.50     7.67

SNOWFALL (IN)
  YESTERDAY        0.0                       0.0    0.0      0.0
  MONTH TO DATE    T                         0.4   -0.4      0.0
  SINCE JUL 1     11.8                       4.0    7.8      1.9
  SNOW DEPTH       0

DEGREE DAYS
 HEATING
  YESTERDAY       16                        16      0       17
  MONTH TO DATE  346                       396    -50      331
  SINCE MAR 1    346                       396    -50      331
  SINCE JUL 1   3391                      3510   -119     3005

 COOLING
  YESTERDAY        0                         0      0        0
  MONTH TO DATE    0                         0      0        0
  SINCE MAR 1      0                         0      0        0
  SINCE JAN 1      0                         0      0        0
..................................................................


WIND (MPH)
  HIGHEST WIND SPEED    15   HIGHEST WIND DIRECTION     W (270)
  HIGHEST GUST SPEED    18   HIGHEST GUST DIRECTION     W (250)
  AVERAGE WIND SPEED     3.3


SKY COVER
  POSSIBLE SUNSHINE  MM
  AVERAGE SKY COVER 0.7


WEATHER CONDITIONS
 THE FOLLOWING WEATHER WAS RECORDED YESTERDAY.
  LIGHT RAIN


RELATIVE HUMIDITY (PERCENT)
 HIGHEST   100           500 AM
 LOWEST     27           400 PM
 AVERAGE    64

..........................................................


THE MEDFORD OR CLIMATE NORMALS FOR TODAY
                         NORMAL    RECORD    YEAR
 MAXIMUM TEMPERATURE (F)   61        80      1960
 MINIMUM TEMPERATURE (F)   38        25      1963


SUNRISE AND SUNSET
MARCH 24 2017.........SUNRISE   707 AM PDT   SUNSET   729 PM PDT
MARCH 25 2017.........SUNRISE   705 AM PDT   SUNSET   730 PM PDT


-  INDICATES NEGATIVE NUMBERS.
R  INDICATES RECORD WAS SET OR TIED.
MM INDICATES DATA IS MISSING.
T  INDICATES TRACE AMOUNT.




$$
