000
CDUS46 KMFR 280835
CLIMFR


CLIMATE REPORT
NATIONAL WEATHER SERVICE MEDFORD, OR
135 AM PDT SUN AUG 28 2016


...................................

...THE MEDFORD OR CLIMATE SUMMARY FOR AUGUST 27 2016...

CLIMATE NORMAL PERIOD 1981 TO 2010
CLIMATE RECORD PERIOD 1911 TO 2016


WEATHER ITEM   OBSERVED TIME   RECORD YEAR NORMAL DEPARTURE LAST
                VALUE   (LST)  VALUE       VALUE  FROM      YEAR
                                                  NORMAL
..................................................................
TEMPERATURE (F)
 YESTERDAY
  MAXIMUM         95    520 PM 106    1972  89      6       91
  MINIMUM         60    526 AM  39    1962  55      5       56
  AVERAGE         78                        72      6       74

PRECIPITATION (IN)
  YESTERDAY        0.00          0.20 1920   0.02  -0.02     0.00
  MONTH TO DATE    0.00                      0.34  -0.34     0.01
  SINCE OCT 1     19.77                     17.72   2.05    14.29
  SINCE JAN 1     10.01                     10.08  -0.07     7.44

SNOWFALL (IN)
  YESTERDAY        0.0                       0.0    0.0      0.0
  MONTH TO DATE    0.0                       0.0    0.0      0.0
  SINCE JUL 1      0.0                       0.0    0.0      0.0
  SNOW DEPTH       0

DEGREE DAYS
 HEATING
  YESTERDAY        0                         0      0        0
  MONTH TO DATE    0                         0      0        0
  SINCE JUN 1     42                        60    -18       10
  SINCE JUL 1      2                         6     -4        0

 COOLING
  YESTERDAY       13                         7      6        9
  MONTH TO DATE  358                       250    108      324
  SINCE JUN 1    852                       644    208     1060
  SINCE JAN 1    913                       682    231     1105
..................................................................


WIND (MPH)
  HIGHEST WIND SPEED    14   HIGHEST WIND DIRECTION     W (290)
  HIGHEST GUST SPEED    17   HIGHEST GUST DIRECTION    NW (300)
  AVERAGE WIND SPEED     3.2


SKY COVER
  POSSIBLE SUNSHINE  MM
  AVERAGE SKY COVER 0.0


WEATHER CONDITIONS
 THE FOLLOWING WEATHER WAS RECORDED YESTERDAY.
  NO SIGNIFICANT WEATHER WAS OBSERVED.


RELATIVE HUMIDITY (PERCENT)
 HIGHEST    55           600 AM
 LOWEST     11           400 PM
 AVERAGE    33

..........................................................


THE MEDFORD OR CLIMATE NORMALS FOR TODAY
                         NORMAL    RECORD    YEAR
 MAXIMUM TEMPERATURE (F)   88       104      1967
 MINIMUM TEMPERATURE (F)   55        41      1937


SUNRISE AND SUNSET
AUGUST 28 2016........SUNRISE   633 AM PDT   SUNSET   751 PM PDT
AUGUST 29 2016........SUNRISE   634 AM PDT   SUNSET   749 PM PDT


-  INDICATES NEGATIVE NUMBERS.
R  INDICATES RECORD WAS SET OR TIED.
MM INDICATES DATA IS MISSING.
T  INDICATES TRACE AMOUNT.




$$
