000
CDUS46 KMFR 250836
CLIMFR


CLIMATE REPORT
NATIONAL WEATHER SERVICE MEDFORD, OR
135 AM PDT WED MAY 25 2016


...................................

...THE MEDFORD OR CLIMATE SUMMARY FOR MAY 24 2016...

CLIMATE NORMAL PERIOD 1981 TO 2010
CLIMATE RECORD PERIOD 1911 TO 2016


WEATHER ITEM   OBSERVED TIME   RECORD YEAR NORMAL DEPARTURE LAST
                VALUE   (LST)  VALUE       VALUE  FROM      YEAR
                                                  NORMAL
..................................................................
TEMPERATURE (F)
 YESTERDAY
  MAXIMUM         76    432 PM  98    1928  76      0       75
  MINIMUM         48    440 AM  31    1918  48      0       50
  AVERAGE         62                        62      0       63

PRECIPITATION (IN)
  YESTERDAY        T             1.21 1945   0.04  -0.04     0.00
  MONTH TO DATE    0.33                      1.03  -0.70     0.31
  SINCE OCT 1     18.75                     16.20   2.55    13.66
  SINCE JAN 1      8.99                      8.56   0.43     6.81

SNOWFALL (IN)
  YESTERDAY       MM                         0.0   MM        0.0
  MONTH TO DATE    0.0                       0.0    0.0      0.0
  SINCE JUL 1      1.9                       4.1   -2.2       T
  SNOW DEPTH       0

DEGREE DAYS
 HEATING
  YESTERDAY        3                         5     -2        2
  MONTH TO DATE   76                       167    -91      107
  SINCE MAR 1    731                      1052   -321      796
  SINCE JUL 1   3405                      4166   -761     3236

 COOLING
  YESTERDAY        0                         2     -2        0
  MONTH TO DATE   31                        24      7        3
  SINCE MAR 1     48                        27     21        3
  SINCE JAN 1     48                        27     21        3
..................................................................


WIND (MPH)
  HIGHEST WIND SPEED    18   HIGHEST WIND DIRECTION     N (350)
  HIGHEST GUST SPEED    24   HIGHEST GUST DIRECTION     N (360)
  AVERAGE WIND SPEED     4.9


SKY COVER
  POSSIBLE SUNSHINE  MM
  AVERAGE SKY COVER 0.4


WEATHER CONDITIONS
 THE FOLLOWING WEATHER WAS RECORDED YESTERDAY.
  HAZE


RELATIVE HUMIDITY (PERCENT)
 HIGHEST    86           400 AM
 LOWEST     31           500 PM
 AVERAGE    59

..........................................................


THE MEDFORD OR CLIMATE NORMALS FOR TODAY
                         NORMAL    RECORD    YEAR
 MAXIMUM TEMPERATURE (F)   76        97      1936
 MINIMUM TEMPERATURE (F)   48        30      1920


SUNRISE AND SUNSET
MAY 25 2016...........SUNRISE   541 AM PDT   SUNSET   836 PM PDT
MAY 26 2016...........SUNRISE   540 AM PDT   SUNSET   837 PM PDT


-  INDICATES NEGATIVE NUMBERS.
R  INDICATES RECORD WAS SET OR TIED.
MM INDICATES DATA IS MISSING.
T  INDICATES TRACE AMOUNT.




$$
