000
CDUS46 KMFR 261417
CLIMFR

CLIMATE REPORT
NATIONAL WEATHER SERVICE MEDFORD, OR
715 AM PDT TUE MAY 26 2015


...................................

...THE MEDFORD OR CLIMATE SUMMARY FOR MAY 25 2015...

CLIMATE NORMAL PERIOD 1981 TO 2010
CLIMATE RECORD PERIOD 1911 TO 2015


WEATHER ITEM   OBSERVED TIME   RECORD YEAR NORMAL DEPARTURE LAST
                VALUE   (LST)  VALUE       VALUE  FROM      YEAR
                                                  NORMAL
..................................................................
TEMPERATURE (F)
 YESTERDAY
  MAXIMUM         83    344 PM  97    1936  76      7       84
  MINIMUM         53    522 AM  30    1920  48      5       54
  AVERAGE         68                        62      6       69

PRECIPITATION (IN)
  YESTERDAY        0.00          0.78 1942   0.04  -0.04     0.00
  MONTH TO DATE    0.31                      1.07  -0.76     0.47
  SINCE OCT 1     13.66                     16.24  -2.58    11.80
  SINCE JAN 1      6.81                      8.60  -1.79    10.12

SNOWFALL (IN)
  YESTERDAY        0.0                       0.0    0.0      0.0
  MONTH TO DATE    0.0                       0.0    0.0      0.0
  SINCE JUL 1      T                         4.1   -4.1      3.4
  SNOW DEPTH       0

DEGREE DAYS
 HEATING
  YESTERDAY        0                         5     -5        0
  MONTH TO DATE  107                       172    -65       96
  SINCE MAR 1    796                      1057   -261      776
  SINCE JUL 1   3236                      4171   -935     4146

 COOLING
  YESTERDAY        3                         2      1        4
  MONTH TO DATE    6                        26    -20       46
  SINCE MAR 1      6                        29    -23       50
  SINCE JAN 1      6                        29    -23       50
..................................................................


WIND (MPH)
  HIGHEST WIND SPEED    20   HIGHEST WIND DIRECTION     N (360)
  HIGHEST GUST SPEED    26   HIGHEST GUST DIRECTION     N (360)
  AVERAGE WIND SPEED     4.9


SKY COVER
  POSSIBLE SUNSHINE  MM
  AVERAGE SKY COVER 0.2


WEATHER CONDITIONS
 THE FOLLOWING WEATHER WAS RECORDED YESTERDAY.
  NO SIGNIFICANT WEATHER WAS OBSERVED.


RELATIVE HUMIDITY (PERCENT)
 HIGHEST    89           500 AM
 LOWEST     18           500 PM
 AVERAGE    54

..........................................................


THE MEDFORD OR CLIMATE NORMALS FOR TODAY
                         NORMAL    RECORD    YEAR
 MAXIMUM TEMPERATURE (F)   76        95      2005
 MINIMUM TEMPERATURE (F)   48        32      1922


SUNRISE AND SUNSET
MAY 26 2015...........SUNRISE   541 AM PDT   SUNSET   837 PM PDT
MAY 27 2015...........SUNRISE   540 AM PDT   SUNSET   838 PM PDT


-  INDICATES NEGATIVE NUMBERS.
R  INDICATES RECORD WAS SET OR TIED.
MM INDICATES DATA IS MISSING.
T  INDICATES TRACE AMOUNT.

&&

24 HOUR PRECIPITATION...0
MORNING LOW.............47

$$
