000
CDUS46 KMFR 061538
CLIMFR

CLIMATE REPORT
NATIONAL WEATHER SERVICE MEDFORD, OR
740 AM PST FRI MAR 6 2015


...................................

...THE MEDFORD OR CLIMATE SUMMARY FOR MARCH 5 2015...

CLIMATE NORMAL PERIOD 1981 TO 2010
CLIMATE RECORD PERIOD 1911 TO 2015


WEATHER ITEM   OBSERVED TIME   RECORD YEAR NORMAL DEPARTURE LAST
                VALUE   (LST)  VALUE       VALUE  FROM      YEAR
                                                  NORMAL
..................................................................
TEMPERATURE (F)
 YESTERDAY
  MAXIMUM         69    438 PM  75    1986  58     11       67
  MINIMUM         31    714 AM  20    1955  36     -5       49
  AVERAGE         50                        47      3       58

PRECIPITATION (IN)
  YESTERDAY        0.00          0.76 2011   0.06  -0.06     0.19
  MONTH TO DATE    0.00                      0.33  -0.33     0.67
  SINCE OCT 1     11.30                     12.41  -1.11     7.68
  SINCE JAN 1      4.45                      4.77  -0.32     6.00

SNOWFALL (IN)
  YESTERDAY        0.0                       0.0    0.0      0.0
  MONTH TO DATE    0.0                       0.1   -0.1      0.0
  SINCE JUL 1      T                         3.7   -3.7      3.4
  SNOW DEPTH       0

DEGREE DAYS
 HEATING
  YESTERDAY       15                        18     -3        7
  MONTH TO DATE   89                        92     -3       51
  SINCE MAR 1     89                        92     -3       51
  SINCE JUL 1   2529                      3206   -677     3421

 COOLING
  YESTERDAY        0                         0      0        0
  MONTH TO DATE    0                         0      0        0
  SINCE MAR 1      0                         0      0        0
  SINCE JAN 1      0                         0      0        0
..................................................................


WIND (MPH)
  HIGHEST WIND SPEED     8   HIGHEST WIND DIRECTION     S (190)
  HIGHEST GUST SPEED    11   HIGHEST GUST DIRECTION     S (190)
  AVERAGE WIND SPEED     1.1


SKY COVER
  POSSIBLE SUNSHINE  MM
  AVERAGE SKY COVER 0.0


WEATHER CONDITIONS
 THE FOLLOWING WEATHER WAS RECORDED YESTERDAY.
  NO SIGNIFICANT WEATHER WAS OBSERVED.


RELATIVE HUMIDITY (PERCENT)
 HIGHEST    89           700 AM
 LOWEST     24           400 PM
 AVERAGE    57

..........................................................


THE MEDFORD OR CLIMATE NORMALS FOR TODAY
                         NORMAL    RECORD    YEAR
 MAXIMUM TEMPERATURE (F)   58        75      1993
 MINIMUM TEMPERATURE (F)   36        16      1956


SUNRISE AND SUNSET
MARCH  6 2015.........SUNRISE   639 AM PST   SUNSET   607 PM PST
MARCH  7 2015.........SUNRISE   637 AM PST   SUNSET   608 PM PST


-  INDICATES NEGATIVE NUMBERS.
R  INDICATES RECORD WAS SET OR TIED.
MM INDICATES DATA IS MISSING.
T  INDICATES TRACE AMOUNT.

&&

LOW TEMPERATURE SINCE MIDNIGHT...34 DEGREES
24-HOUR PRECIPITATION............0 INCHES

$$
