000
CDUS46 KMFR 190839
CLIMFR


CLIMATE REPORT
NATIONAL WEATHER SERVICE MEDFORD, OR
138 AM PDT SAT APR 19 2014


...................................

...THE MEDFORD OR CLIMATE SUMMARY FOR APRIL 18 2014...

CLIMATE NORMAL PERIOD 1981 TO 2010
CLIMATE RECORD PERIOD 1911 TO 2014


WEATHER ITEM   OBSERVED TIME   RECORD YEAR NORMAL DEPARTURE LAST
                VALUE   (LST)  VALUE       VALUE  FROM      YEAR
                                                  NORMAL
..................................................................
TEMPERATURE (F)
 YESTERDAY
  MAXIMUM         71    359 PM  87    1934  65      6       70
  MINIMUM         45    554 AM  24    1972  41      4       36
  AVERAGE         58                        53      5       53

PRECIPITATION (IN)
  YESTERDAY        0.00          0.90 1965   0.05  -0.05     0.00
  MONTH TO DATE    0.36                      0.85  -0.49     1.03
  SINCE SEP 1     13.63                     15.21  -1.58    15.79
  SINCE JAN 1      9.19                      7.00   2.19     3.04

SNOWFALL (IN)
  YESTERDAY        0.0                       0.0    0.0      0.0
  MONTH TO DATE    0.0                       0.1   -0.1      0.0
  SINCE JUL 1      3.4                       4.2   -0.8      1.7
  SNOW DEPTH       0

DEGREE DAYS
 HEATING
  YESTERDAY        7                        12     -5       12
  MONTH TO DATE  142                       240    -98      244
  SINCE MAR 1    563                       758   -195      720
  SINCE JUL 1   3933                      3872     61     3795

 COOLING
  YESTERDAY        0                         0      0        0
  MONTH TO DATE    0                         0      0        0
  SINCE MAR 1      0                         0      0        0
  SINCE JAN 1      0                         0      0        0
..................................................................


WIND (MPH)
  HIGHEST WIND SPEED     9   HIGHEST WIND DIRECTION     S (190)
  HIGHEST GUST SPEED    12   HIGHEST GUST DIRECTION     S (190)
  AVERAGE WIND SPEED     2.7


SKY COVER
  POSSIBLE SUNSHINE  MM
  AVERAGE SKY COVER 0.4


WEATHER CONDITIONS
 THE FOLLOWING WEATHER WAS RECORDED YESTERDAY.
  FOG
  HAZE


RELATIVE HUMIDITY (PERCENT)
 HIGHEST    93          1200 AM
 LOWEST     26           500 PM
 AVERAGE    60

..........................................................


THE MEDFORD OR CLIMATE NORMALS FOR TODAY
                         NORMAL    RECORD    YEAR
 MAXIMUM TEMPERATURE (F)   66        90      1939
 MINIMUM TEMPERATURE (F)   41        26      1972
                                             1927


SUNRISE AND SUNSET
APRIL 19 2014.........SUNRISE   624 AM PDT   SUNSET   758 PM PDT
APRIL 20 2014.........SUNRISE   623 AM PDT   SUNSET   759 PM PDT


-  INDICATES NEGATIVE NUMBERS.
R  INDICATES RECORD WAS SET OR TIED.
MM INDICATES DATA IS MISSING.
T  INDICATES TRACE AMOUNT.




$$
