000
CDUS46 KMFR 281751
CLIMFR


CLIMATE REPORT
NATIONAL WEATHER SERVICE MEDFORD, OR
1050 AM PDT TUE JUL 28 2015


...................................

...THE MEDFORD OR CLIMATE SUMMARY FOR JULY 27 2015...

CLIMATE NORMAL PERIOD 1981 TO 2010
CLIMATE RECORD PERIOD 1911 TO 2015


WEATHER ITEM   OBSERVED TIME   RECORD YEAR NORMAL DEPARTURE LAST
                VALUE   (LST)  VALUE       VALUE  FROM      YEAR
                                                  NORMAL
..................................................................
TEMPERATURE (F)
 YESTERDAY
  MAXIMUM         84    512 PM 106    1998  93     -9       97
                                      1939
  MINIMUM         53    500 AM  40    1917  59     -6       62
  AVERAGE         69                        76     -7       80

PRECIPITATION (IN)
  YESTERDAY        0.00          0.38 1947   0.01  -0.01     0.00
  MONTH TO DATE    0.29                      0.25   0.04     0.10
  SINCE OCT 1     14.28                     17.35  -3.07    12.44
  SINCE JAN 1      7.43                      9.71  -2.28    10.76

SNOWFALL (IN)
  YESTERDAY        0.0                       0.0    0.0      0.0
  MONTH TO DATE    0.0                       0.0    0.0      0.0
  SINCE JUL 1      0.0                       0.0    0.0      0.0
  SNOW DEPTH       0

DEGREE DAYS
 HEATING
  YESTERDAY        0                         0      0        0
  MONTH TO DATE    0                         1     -1        0
  SINCE JUN 1     10                        55    -45       22
  SINCE JUL 1      0                         1     -1        0

 COOLING
  YESTERDAY        4                        11     -7       15
  MONTH TO DATE  351                       244    107      391
  SINCE JUN 1    662                       352    310      502
  SINCE JAN 1    707                       390    317      558
..................................................................


WIND (MPH)
  HIGHEST WIND SPEED    15   HIGHEST WIND DIRECTION     N (340)
  HIGHEST GUST SPEED    21   HIGHEST GUST DIRECTION    NW (330)
  AVERAGE WIND SPEED     3.6


SKY COVER
  POSSIBLE SUNSHINE  MM
  AVERAGE SKY COVER 0.1


WEATHER CONDITIONS
 THE FOLLOWING WEATHER WAS RECORDED YESTERDAY.
  NO SIGNIFICANT WEATHER WAS OBSERVED.


RELATIVE HUMIDITY (PERCENT)
 HIGHEST    77           500 AM
 LOWEST     23           500 PM
 AVERAGE    50

..........................................................


THE MEDFORD OR CLIMATE NORMALS FOR TODAY
                         NORMAL    RECORD    YEAR
 MAXIMUM TEMPERATURE (F)   93       108      2009
 MINIMUM TEMPERATURE (F)   59        45      1959
                                             1948


SUNRISE AND SUNSET
JULY 28 2015..........SUNRISE   600 AM PDT   SUNSET   835 PM PDT
JULY 29 2015..........SUNRISE   601 AM PDT   SUNSET   834 PM PDT


-  INDICATES NEGATIVE NUMBERS.
R  INDICATES RECORD WAS SET OR TIED.
MM INDICATES DATA IS MISSING.
T  INDICATES TRACE AMOUNT.




$$
