000
CDUS46 KMFR 300036
CLIMFR


CLIMATE REPORT
NATIONAL WEATHER SERVICE MEDFORD, OR
536 PM PDT FRI APR 29 2016


...................................

...THE MEDFORD OR CLIMATE SUMMARY FOR APRIL 29 2016...
VALID TODAY AS OF 0500 PM LOCAL TIME.

CLIMATE NORMAL PERIOD 1981 TO 2010
CLIMATE RECORD PERIOD 1911 TO 2016


WEATHER ITEM   OBSERVED TIME   RECORD YEAR NORMAL DEPARTURE LAST
                VALUE   (LST)  VALUE       VALUE  FROM      YEAR
                                                  NORMAL
..................................................................
TEMPERATURE (F)
 TODAY
  MAXIMUM         64    305 PM  90    1957  69     -5       70
  MINIMUM         45    541 AM  28    1914  43      2       48
                                      1911
  AVERAGE         55                        56     -1       59

PRECIPITATION (IN)
  TODAY            0.05          0.73 1931   0.04   0.01     0.00
  MONTH TO DATE    0.95                      1.34  -0.39     0.60
  SINCE OCT 1     18.41                     15.13   3.28    13.35
  SINCE JAN 1      8.65                      7.49   1.16     6.50

SNOWFALL (IN)
  TODAY            0.0                       0.0    0.0      0.0
  MONTH TO DATE    0.0                       0.1   -0.1      0.0
  SINCE JUL 1      1.9                       4.2   -2.3       T
  SNOW DEPTH       0

DEGREE DAYS
 HEATING
  TODAY           10                        10      0        6
  MONTH TO DATE  203                       357   -154      329
  SINCE MAR 1    648                       875   -227      684
  SINCE JUL 1   3322                      3989   -667     3124

 COOLING
  TODAY            0                         0      0        0
  MONTH TO DATE   17                         0     17        0
  SINCE MAR 1     17                         0     17        0
  SINCE JAN 1     17                         0     17        0
..................................................................


WIND (MPH)
  HIGHEST WIND SPEED    18   HIGHEST WIND DIRECTION    NW (310)
  HIGHEST GUST SPEED    24   HIGHEST GUST DIRECTION    NW (330)
  AVERAGE WIND SPEED     4.4


SKY COVER
  POSSIBLE SUNSHINE  MM
  AVERAGE SKY COVER 0.6


WEATHER CONDITIONS
 THE FOLLOWING WEATHER WAS RECORDED TODAY.
  LIGHT RAIN


RELATIVE HUMIDITY (PERCENT)
 HIGHEST    82           500 AM
 LOWEST     43           300 PM
 AVERAGE    63

..........................................................


THE MEDFORD OR CLIMATE NORMALS FOR TOMORROW
                         NORMAL    RECORD    YEAR
 MAXIMUM TEMPERATURE (F)   69        92      2014
 MINIMUM TEMPERATURE (F)   43        26      1972
                                             1911


SUNRISE AND SUNSET
APRIL 29 2016.........SUNRISE   609 AM PDT   SUNSET   810 PM PDT
APRIL 30 2016.........SUNRISE   607 AM PDT   SUNSET   811 PM PDT


-  INDICATES NEGATIVE NUMBERS.
R  INDICATES RECORD WAS SET OR TIED.
MM INDICATES DATA IS MISSING.
T  INDICATES TRACE AMOUNT.




$$
