000
CDUS44 KBMX 060837
CLIMGM


CLIMATE REPORT
NATIONAL WEATHER SERVICE BIRMINGHAM, AL
236 AM CST TUE DEC 6 2016


...................................

...THE MONTGOMERY CLIMATE SUMMARY FOR DECEMBER 5 2016...

CLIMATE NORMAL PERIOD 1981 TO 2010
CLIMATE RECORD PERIOD 1872 TO 2016


WEATHER ITEM   OBSERVED TIME   RECORD YEAR NORMAL DEPARTURE LAST
                VALUE   (LST)  VALUE       VALUE  FROM      YEAR
                                                  NORMAL
..................................................................
TEMPERATURE (F)
 YESTERDAY
  MAXIMUM         59    946 PM  83    2013  62     -3       66
                                      1998
                                      1977
  MINIMUM         53    939 AM  19    2006  39     14       38
  AVERAGE         56                        51      5       52

PRECIPITATION (IN)
  YESTERDAY        1.15          2.55 1942   0.17   0.98     0.00
  MONTH TO DATE    1.74                      0.84   0.90     0.21
  SINCE DEC 1      1.74                      0.84   0.90     0.21
  SINCE JAN 1     39.13                     49.05  -9.92    42.76

SNOWFALL (IN)
  YESTERDAY        0.0                       0.0    0.0      0.0
  MONTH TO DATE    0.0                       0.0    0.0      0.0
  SINCE DEC 1      0.0                       0.0    0.0      0.0
  SINCE JUL 1      0.0                       0.0    0.0      0.0
  SNOW DEPTH       0

DEGREE DAYS
 HEATING
  YESTERDAY        9                        15     -6       13
  MONTH TO DATE   60                        71    -11       51
  SINCE DEC 1     60                        71    -11       51
  SINCE JUL 1    235                       442   -207      238
..................................................................


WIND (MPH)
  HIGHEST WIND SPEED    18   HIGHEST WIND DIRECTION     E (100)
  HIGHEST GUST SPEED    25   HIGHEST GUST DIRECTION     E (110)
  AVERAGE WIND SPEED     8.9


SKY COVER
  AVERAGE SKY COVER 0.9


WEATHER CONDITIONS
 THE FOLLOWING WEATHER WAS RECORDED YESTERDAY.
  HEAVY RAIN
  RAIN
  LIGHT RAIN
  FOG
  FOG W/VISIBILITY <= 1/4 MILE
  HAZE


RELATIVE HUMIDITY (PERCENT)
 HIGHEST    89           300 AM
 LOWEST     80           100 PM
 AVERAGE    85

..........................................................


THE MONTGOMERY CLIMATE NORMALS FOR TODAY
                         NORMAL    RECORD    YEAR
 MAXIMUM TEMPERATURE (F)   62        83      2013
 MINIMUM TEMPERATURE (F)   39        20      1937


SUNRISE AND SUNSET
DECEMBER  6 2016......SUNRISE   633 AM CST   SUNSET   440 PM CST
DECEMBER  7 2016......SUNRISE   634 AM CST   SUNSET   440 PM CST


-  INDICATES NEGATIVE NUMBERS.
R  INDICATES RECORD WAS SET OR TIED.
MM INDICATES DATA IS MISSING.
T  INDICATES TRACE AMOUNT.




$$
