000
CDUS44 KBMX 270830
CLIMGM


CLIMATE REPORT
NATIONAL WEATHER SERVICE BIRMINGHAM, AL
229 AM CST FRI FEB 27 2015


...................................

...THE MONTGOMERY CLIMATE SUMMARY FOR FEBRUARY 26 2015...

CLIMATE NORMAL PERIOD 1981 TO 2010
CLIMATE RECORD PERIOD 1994 TO 2015


WEATHER ITEM   OBSERVED TIME   RECORD YEAR NORMAL DEPARTURE LAST
                VALUE   (LST)  VALUE       VALUE  FROM      YEAR
                                                  NORMAL
..................................................................
TEMPERATURE (F)
 YESTERDAY
  MAXIMUM         43    457 PM  83    1962  65    -22       54
  MINIMUM         31   1157 PM  20    1967  42    -11       37
  AVERAGE         37                        53    -16       46

PRECIPITATION (IN)
  YESTERDAY        0.00          3.56 1929   0.19  -0.19     0.23
  MONTH TO DATE    4.84                      4.90  -0.06     5.15
  SINCE DEC 1     12.55                     14.41  -1.86    16.63
  SINCE JAN 1      7.66                      9.55  -1.89     7.67

SNOWFALL (IN)
  YESTERDAY        0.0                       0.0    0.0      0.0
  MONTH TO DATE    0.0                       0.0    0.0      0.0
  SINCE DEC 1      0.0                       0.1   -0.1      0.5
  SINCE JUL 1      0.0                       0.1   -0.1      0.5
  SNOW DEPTH       0

DEGREE DAYS
 HEATING
  YESTERDAY       28                        12     16       19
  MONTH TO DATE  522                       386    136      341
  SINCE DEC 1   1467                      1477    -10     1545
  SINCE JUL 1   1930                      1848     82     1913
..................................................................


WIND (MPH)
  HIGHEST WIND SPEED    17   HIGHEST WIND DIRECTION     N (340)
  HIGHEST GUST SPEED    23   HIGHEST GUST DIRECTION    NW (330)
  AVERAGE WIND SPEED     7.8


SKY COVER
  AVERAGE SKY COVER 0.8


WEATHER CONDITIONS
 THE FOLLOWING WEATHER WAS RECORDED YESTERDAY.
  FOG


RELATIVE HUMIDITY (PERCENT)
 HIGHEST    92           200 AM
 LOWEST     67           400 PM
 AVERAGE    80

..........................................................


THE MONTGOMERY CLIMATE NORMALS FOR TODAY
                         NORMAL    RECORD    YEAR
 MAXIMUM TEMPERATURE (F)   65        84      1962
 MINIMUM TEMPERATURE (F)   42        20      1963


SUNRISE AND SUNSET
FEBRUARY 27 2015......SUNRISE   616 AM CST   SUNSET   541 PM CST
FEBRUARY 28 2015......SUNRISE   615 AM CST   SUNSET   542 PM CST


-  INDICATES NEGATIVE NUMBERS.
R  INDICATES RECORD WAS SET OR TIED.
MM INDICATES DATA IS MISSING.
T  INDICATES TRACE AMOUNT.




$$
