000
CDUS44 KBMX 230735
CLIMGM


CLIMATE REPORT
NATIONAL WEATHER SERVICE BIRMINGHAM, AL
235 AM CDT WED AUG 23 2017


...................................

...THE MONTGOMERY CLIMATE SUMMARY FOR AUGUST 22 2017...

CLIMATE NORMAL PERIOD 1981 TO 2010
CLIMATE RECORD PERIOD 1872 TO 2017


WEATHER ITEM   OBSERVED TIME   RECORD YEAR NORMAL DEPARTURE LAST
                VALUE   (LST)  VALUE       VALUE  FROM      YEAR
                                                  NORMAL
..................................................................
TEMPERATURE (F)
 YESTERDAY
  MAXIMUM         95    302 PM 104    2007  92      3       95
  MINIMUM         74    538 AM  60    1997  71      3       74
  AVERAGE         85                        81      4       85

PRECIPITATION (IN)
  YESTERDAY        0.00          1.31 1921   0.12  -0.12     0.08
  MONTH TO DATE    6.48                      2.82   3.66     2.35
  SINCE JUN 1     23.02                     12.13  10.89    10.69
  SINCE JAN 1     56.94                     35.57  21.37    32.92

DEGREE DAYS
 COOLING
  YESTERDAY       20                        16      4       20
  MONTH TO DATE  413                       370     43      442
  SINCE JUN 1   1440                      1310    130     1583
  SINCE JAN 1   2022                      1649    373     2044
..................................................................


WIND (MPH)
  HIGHEST WIND SPEED     9   HIGHEST WIND DIRECTION     S (200)
  HIGHEST GUST SPEED    12   HIGHEST GUST DIRECTION     S (200)
  AVERAGE WIND SPEED     2.9


SKY COVER
  AVERAGE SKY COVER 0.0


WEATHER CONDITIONS
 THE FOLLOWING WEATHER WAS RECORDED YESTERDAY.
  FOG
  HAZE


RELATIVE HUMIDITY (PERCENT)
 HIGHEST    87           200 AM
 LOWEST     43           200 PM
 AVERAGE    65

..........................................................


THE MONTGOMERY CLIMATE NORMALS FOR TODAY
                         NORMAL    RECORD    YEAR
 MAXIMUM TEMPERATURE (F)   92       100      2014
                                             2011
                                             2010
 MINIMUM TEMPERATURE (F)   71        61      2009


SUNRISE AND SUNSET
AUGUST 23 2017........SUNRISE   615 AM CDT   SUNSET   721 PM CDT
AUGUST 24 2017........SUNRISE   616 AM CDT   SUNSET   719 PM CDT


-  INDICATES NEGATIVE NUMBERS.
R  INDICATES RECORD WAS SET OR TIED.
MM INDICATES DATA IS MISSING.
T  INDICATES TRACE AMOUNT.




$$
