000
CDUS44 KBMX 252149
CLIMGM


CLIMATE REPORT
NATIONAL WEATHER SERVICE BIRMINGHAM, AL
447 PM CDT MON MAY 25 2015


...................................

...THE MONTGOMERY CLIMATE SUMMARY FOR MAY 25 2015...
VALID AS OF 0400 PM LOCAL TIME.

CLIMATE NORMAL PERIOD 1981 TO 2010
CLIMATE RECORD PERIOD 1994 TO 2015


WEATHER ITEM   OBSERVED TIME   RECORD YEAR NORMAL DEPARTURE LAST
                VALUE   (LST)  VALUE       VALUE  FROM      YEAR
                                                  NORMAL
..................................................................
TEMPERATURE (F)
 TODAY
  MAXIMUM         84   1132 AM  96    1915  86     -2       93
  MINIMUM         69    110 PM  51    1983  63      6       68
  AVERAGE         77                        75      2       81

PRECIPITATION (IN)
  TODAY            0.75          1.10 1909   0.11   0.64     0.00
  MONTH TO DATE    2.47                      2.88  -0.41     4.72
  SINCE MAR 1     10.97                     12.85  -1.88    20.39
  SINCE JAN 1     18.63                     22.78  -4.15    28.06

DEGREE DAYS
 COOLING
  TODAY           12                        10      2       16
  MONTH TO DATE  240                       173     67      190
  SINCE MAR 1    461                       268    193      282
  SINCE JAN 1    461                       274    187      289
..................................................................


WIND (MPH)
  HIGHEST WIND SPEED    16   HIGHEST WIND DIRECTION     W (280)
  HIGHEST GUST SPEED    21   HIGHEST GUST DIRECTION     W (270)
  AVERAGE WIND SPEED     7.9


SKY COVER
  AVERAGE SKY COVER 0.4


WEATHER CONDITIONS
 THE FOLLOWING WEATHER WAS RECORDED TODAY.
  THUNDERSTORM
  HEAVY RAIN
  RAIN
  FOG
  FOG W/VISIBILITY <= 1/4 MILE
  HAZE


RELATIVE HUMIDITY (PERCENT)
 HIGHEST    90           300 PM
 LOWEST     65          1100 AM
 AVERAGE    78

..........................................................


THE MONTGOMERY CLIMATE NORMALS FOR TOMORROW
                         NORMAL    RECORD    YEAR
 MAXIMUM TEMPERATURE (F)   86        97      1916
 MINIMUM TEMPERATURE (F)   64        43      1979


SUNRISE AND SUNSET
MAY 25 2015...........SUNRISE   542 AM CDT   SUNSET   743 PM CDT
MAY 26 2015...........SUNRISE   542 AM CDT   SUNSET   744 PM CDT


-  INDICATES NEGATIVE NUMBERS.
R  INDICATES RECORD WAS SET OR TIED.
MM INDICATES DATA IS MISSING.
T  INDICATES TRACE AMOUNT.




$$
