000
CDUS44 KBMX 302120
CLIMGM


CLIMATE REPORT
NATIONAL WEATHER SERVICE BIRMINGHAM, AL
420 PM CDT THU OCT 30 2014


...................................

...THE MONTGOMERY CLIMATE SUMMARY FOR OCTOBER 30 2014...
VALID AS OF 0400 PM LOCAL TIME.

CLIMATE NORMAL PERIOD 1981 TO 2010
CLIMATE RECORD PERIOD 1872 TO 2014


WEATHER ITEM   OBSERVED TIME   RECORD YEAR NORMAL DEPARTURE LAST
                VALUE   (LST)  VALUE       VALUE  FROM      YEAR
                                                  NORMAL
..................................................................
TEMPERATURE (F)
 TODAY
  MAXIMUM         72    259 PM  88    1984  74     -2       84
  MINIMUM         45    615 AM  26    1952  49     -4       54
  AVERAGE         59                        61     -2       69

PRECIPITATION (IN)
  TODAY            0.00          1.75 1881   0.10  -0.10     0.00
  MONTH TO DATE    2.13                      2.82  -0.69     0.43
  SINCE SEP 1      2.75                      6.79  -4.04     1.91
  SINCE JAN 1     42.50                     43.50  -1.00    44.92

SNOWFALL (IN)
  TODAY            0.0                       0.0    0.0      0.0
  MONTH TO DATE    0.0                       0.0    0.0      0.0
  SINCE SEP 1      0.0                       0.0    0.0      0.0
  SINCE JUL 1      0.0                       0.0    0.0      0.0
  SNOW DEPTH       0

DEGREE DAYS

 COOLING
  TODAY            0                         2     -2        4
  MONTH TO DATE  147                       114     33      150
  SINCE SEP 1    592                       455    137      552
  SINCE JAN 1   2491                      2244    247     2374
..................................................................


WIND (MPH)
  HIGHEST WIND SPEED    15   HIGHEST WIND DIRECTION     N (10)
  HIGHEST GUST SPEED    24   HIGHEST GUST DIRECTION     N (20)
  AVERAGE WIND SPEED     4.8


SKY COVER
  AVERAGE SKY COVER 0.1


WEATHER CONDITIONS
 THE FOLLOWING WEATHER WAS RECORDED TODAY.
  FOG
  FOG W/VISIBILITY <= 1/4 MILE


RELATIVE HUMIDITY (PERCENT)
 HIGHEST   100           500 AM
 LOWEST     29           100 PM
 AVERAGE    65

..........................................................


THE MONTGOMERY CLIMATE NORMALS FOR TOMORROW
                         NORMAL    RECORD    YEAR
 MAXIMUM TEMPERATURE (F)   74        90      1984
 MINIMUM TEMPERATURE (F)   48        29      1993


SUNRISE AND SUNSET
OCTOBER 30 2014.......SUNRISE   701 AM CDT   SUNSET   557 PM CDT
OCTOBER 31 2014.......SUNRISE   702 AM CDT   SUNSET   556 PM CDT


-  INDICATES NEGATIVE NUMBERS.
R  INDICATES RECORD WAS SET OR TIED.
MM INDICATES DATA IS MISSING.
T  INDICATES TRACE AMOUNT.




$$
