000
CDUS44 KBMX 280855
CLIMGM


CLIMATE REPORT
NATIONAL WEATHER SERVICE BIRMINGHAM, AL
353 AM CDT SAT MAR 28 2015


...................................

...THE MONTGOMERY CLIMATE SUMMARY FOR MARCH 27 2015...

CLIMATE NORMAL PERIOD 1981 TO 2010
CLIMATE RECORD PERIOD 1994 TO 2015


WEATHER ITEM   OBSERVED TIME   RECORD YEAR NORMAL DEPARTURE LAST
                VALUE   (LST)  VALUE       VALUE  FROM      YEAR
                                                  NORMAL
..................................................................
TEMPERATURE (F)
 YESTERDAY
  MAXIMUM         64    334 PM  89    1910  73     -9       74
  MINIMUM         44   1159 PM  21    1955  47     -3       39
  AVERAGE         54                        60     -6       57

PRECIPITATION (IN)
  YESTERDAY        T             4.46 1888   0.19  -0.19     0.00
  MONTH TO DATE    1.90                      5.22  -3.32     3.20
  SINCE MAR 1      1.90                      5.22  -3.32     3.20
  SINCE JAN 1      9.56                     15.15  -5.59    10.87

SNOWFALL (IN)
  YESTERDAY        0.0                       0.0    0.0      0.0
  MONTH TO DATE    0.0                       0.3   -0.3      0.0
  SINCE MAR 1      0.0                       0.3   -0.3      0.0
  SINCE JUL 1      0.0                       0.4   -0.4      0.5
  SNOW DEPTH       0

DEGREE DAYS
 HEATING
  YESTERDAY       11                         6      5        8
  MONTH TO DATE  125                       232   -107      255
  SINCE MAR 1    125                       232   -107      255
  SINCE JUL 1   2095                      2104     -9     2213

 COOLING
  YESTERDAY        0                         1     -1        0
  MONTH TO DATE   64                        22     42        3
  SINCE MAR 1     64                        22     42        3
  SINCE JAN 1     64                        28     36       10
..................................................................


WIND (MPH)
  HIGHEST WIND SPEED    26   HIGHEST WIND DIRECTION     W (290)
  HIGHEST GUST SPEED    31   HIGHEST GUST DIRECTION    NW (300)
  AVERAGE WIND SPEED    13.1


SKY COVER
  AVERAGE SKY COVER 0.6


WEATHER CONDITIONS
 THE FOLLOWING WEATHER WAS RECORDED YESTERDAY.
  NO SIGNIFICANT WEATHER WAS OBSERVED.


RELATIVE HUMIDITY (PERCENT)
 HIGHEST    86           100 AM
 LOWEST     25           200 PM
 AVERAGE    56

..........................................................


THE MONTGOMERY CLIMATE NORMALS FOR TODAY
                         NORMAL    RECORD    YEAR
 MAXIMUM TEMPERATURE (F)   73        87      1989
 MINIMUM TEMPERATURE (F)   47        30      1894


SUNRISE AND SUNSET
MARCH 28 2015.........SUNRISE   639 AM CDT   SUNSET   703 PM CDT
MARCH 29 2015.........SUNRISE   638 AM CDT   SUNSET   703 PM CDT


-  INDICATES NEGATIVE NUMBERS.
R  INDICATES RECORD WAS SET OR TIED.
MM INDICATES DATA IS MISSING.
T  INDICATES TRACE AMOUNT.




$$
