069
CDUS44 KBMX 220843
CLIMGM


CLIMATE REPORT
NATIONAL WEATHER SERVICE BIRMINGHAM, AL
241 AM CST THU FEB 22 2018


...................................

...THE MONTGOMERY CLIMATE SUMMARY FOR FEBRUARY 21 2018...

CLIMATE NORMAL PERIOD 1981 TO 2010
CLIMATE RECORD PERIOD 1872 TO 2018


WEATHER ITEM   OBSERVED TIME   RECORD YEAR NORMAL DEPARTURE LAST
                VALUE   (LST)  VALUE       VALUE  FROM      YEAR
                                                  NORMAL
..................................................................
TEMPERATURE (F)
 YESTERDAY
  MAXIMUM         85R   117 PM  81    2011  63     22       63
  MINIMUM         65    628 AM  21    1958  41     24       57
  AVERAGE         75                        52     23       60

PRECIPITATION (IN)
  YESTERDAY        0.00          3.07 1932   0.19  -0.19     0.98
  MONTH TO DATE    2.38                      3.96  -1.58     2.86
  SINCE DEC 1     10.04                     13.47  -3.43    18.14
  SINCE JAN 1      7.43                      8.61  -1.18    14.03

SNOWFALL (IN)
  YESTERDAY        0.0                       0.0    0.0      0.0
  MONTH TO DATE    0.0                       0.0    0.0      0.0
  SINCE DEC 1      T                         0.1   -0.1      0.0
  SINCE JUL 1      T                         0.1   -0.1      0.0
  SNOW DEPTH       0

DEGREE DAYS
 HEATING
  YESTERDAY        0                        13    -13        5
  MONTH TO DATE  139                       324   -185      144
  SINCE DEC 1   1336                      1415    -79      792
  SINCE JUL 1   1671                      1786   -115      967
..................................................................


WIND (MPH)
  HIGHEST WIND SPEED    18   HIGHEST WIND DIRECTION    SE (140)
  HIGHEST GUST SPEED    23   HIGHEST GUST DIRECTION     S (190)
  AVERAGE WIND SPEED     9.0


SKY COVER
  AVERAGE SKY COVER 0.4


WEATHER CONDITIONS
 THE FOLLOWING WEATHER WAS RECORDED YESTERDAY.
  FOG


RELATIVE HUMIDITY (PERCENT)
 HIGHEST   100          1200 AM
 LOWEST     47           300 PM
 AVERAGE    74

..........................................................


THE MONTGOMERY CLIMATE NORMALS FOR TODAY
                         NORMAL    RECORD    YEAR
 MAXIMUM TEMPERATURE (F)   64        80      1897
 MINIMUM TEMPERATURE (F)   41        17      1963


SUNRISE AND SUNSET
FEBRUARY 22 2018......SUNRISE   621 AM CST   SUNSET   538 PM CST
FEBRUARY 23 2018......SUNRISE   620 AM CST   SUNSET   538 PM CST


-  INDICATES NEGATIVE NUMBERS.
R  INDICATES RECORD WAS SET OR TIED.
MM INDICATES DATA IS MISSING.
T  INDICATES TRACE AMOUNT.




$$
