000
CDUS44 KBMX 280734
CLIMGM


CLIMATE REPORT
NATIONAL WEATHER SERVICE BIRMINGHAM, AL
234 AM CDT FRI APR 28 2017


...................................

...THE MONTGOMERY CLIMATE SUMMARY FOR APRIL 27 2017...

CLIMATE NORMAL PERIOD 1981 TO 2010
CLIMATE RECORD PERIOD 1872 TO 2017


WEATHER ITEM   OBSERVED TIME   RECORD YEAR NORMAL DEPARTURE LAST
                VALUE   (LST)  VALUE       VALUE  FROM      YEAR
                                                  NORMAL
..................................................................
TEMPERATURE (F)
 YESTERDAY
  MAXIMUM         85    443 PM  90    1899  79      6       86
  MINIMUM         69    839 PM  41    1992  55     14       63
                                      1976
  AVERAGE         77                        67     10       75

PRECIPITATION (IN)
  YESTERDAY        0.21          2.32 1949   0.11   0.10     0.68
  MONTH TO DATE    1.71                      3.69  -1.98     5.99
  SINCE MAR 1      5.43                      9.64  -4.21    10.21
  SINCE JAN 1     20.13                     19.57   0.56    20.87

SNOWFALL (IN)
  YESTERDAY        0.0                       0.0    0.0      0.0
  MONTH TO DATE    0.0                       0.0    0.0      0.0
  SINCE MAR 1      0.0                       0.3   -0.3      0.0
  SINCE JUL 1      0.0                       0.4   -0.4       T
  SNOW DEPTH       0

DEGREE DAYS
 HEATING
  YESTERDAY        0                         2     -2        0
  MONTH TO DATE   26                        95    -69       37
  SINCE MAR 1    195                       350   -155      159
  SINCE JUL 1   1192                      2222  -1030     1484

 COOLING
  YESTERDAY       12                         4      8       10
  MONTH TO DATE  144                        60     84       66
  SINCE MAR 1    225                        83    142      139
  SINCE JAN 1    271                        89    182      152
..................................................................


WIND (MPH)
  HIGHEST WIND SPEED    18   HIGHEST WIND DIRECTION    SE (150)
  HIGHEST GUST SPEED    26   HIGHEST GUST DIRECTION     S (160)
  AVERAGE WIND SPEED     6.7


SKY COVER
  AVERAGE SKY COVER 0.5


WEATHER CONDITIONS
 THE FOLLOWING WEATHER WAS RECORDED YESTERDAY.
  THUNDERSTORM
  HEAVY RAIN
  RAIN
  LIGHT RAIN


RELATIVE HUMIDITY (PERCENT)
 HIGHEST    79           600 AM
 LOWEST     44           400 PM
 AVERAGE    62

..........................................................


THE MONTGOMERY CLIMATE NORMALS FOR TODAY
                         NORMAL    RECORD    YEAR
 MAXIMUM TEMPERATURE (F)   80        92      1899
 MINIMUM TEMPERATURE (F)   55        41      1992


SUNRISE AND SUNSET
APRIL 28 2017.........SUNRISE   602 AM CDT   SUNSET   725 PM CDT
APRIL 29 2017.........SUNRISE   601 AM CDT   SUNSET   725 PM CDT


-  INDICATES NEGATIVE NUMBERS.
R  INDICATES RECORD WAS SET OR TIED.
MM INDICATES DATA IS MISSING.
T  INDICATES TRACE AMOUNT.




$$
