282
CDUS44 KBMX 230841
CLIMGM


CLIMATE REPORT
NATIONAL WEATHER SERVICE BIRMINGHAM, AL
340 AM CDT THU MAR 23 2017


...................................

...THE MONTGOMERY CLIMATE SUMMARY FOR MARCH 22 2017...

CLIMATE NORMAL PERIOD 1981 TO 2010
CLIMATE RECORD PERIOD 1872 TO 2017


WEATHER ITEM   OBSERVED TIME   RECORD YEAR NORMAL DEPARTURE LAST
                VALUE   (LST)  VALUE       VALUE  FROM      YEAR
                                                  NORMAL
..................................................................
TEMPERATURE (F)
 YESTERDAY
  MAXIMUM         83    159 PM  89    1995  71     12       72
  MINIMUM         57    524 AM  28    1965  46     11       35
                                      1876
  AVERAGE         70                        59     11       54

PRECIPITATION (IN)
  YESTERDAY        0.00          4.17 1944   0.19  -0.19     0.00
  MONTH TO DATE    2.47                      4.26  -1.79     2.79
  SINCE MAR 1      2.47                      4.26  -1.79     2.79
  SINCE JAN 1     17.17                     14.19   2.98    13.45

SNOWFALL (IN)
  YESTERDAY        0.0                       0.0    0.0      0.0
  MONTH TO DATE    0.0                       0.2   -0.2      0.0
  SINCE MAR 1      0.0                       0.2   -0.2      0.0
  SINCE JUL 1      0.0                       0.3   -0.3       T
  SNOW DEPTH       0

DEGREE DAYS
 HEATING
  YESTERDAY        0                         7     -7       11
  MONTH TO DATE  169                       200    -31      112
  SINCE MAR 1    169                       200    -31      112
  SINCE JUL 1   1166                      2072   -906     1437

 COOLING
  YESTERDAY        5                         1      4        0
  MONTH TO DATE   24                        17      7       62
  SINCE MAR 1     24                        17      7       62
  SINCE JAN 1     70                        23     47       75
..................................................................


WIND (MPH)
  HIGHEST WIND SPEED    16   HIGHEST WIND DIRECTION    NW (330)
  HIGHEST GUST SPEED    21   HIGHEST GUST DIRECTION    NW (330)
  AVERAGE WIND SPEED     7.2


SKY COVER
  AVERAGE SKY COVER 0.0


WEATHER CONDITIONS
 THE FOLLOWING WEATHER WAS RECORDED YESTERDAY.
  NO SIGNIFICANT WEATHER WAS OBSERVED.


RELATIVE HUMIDITY (PERCENT)
 HIGHEST    80           500 AM
 LOWEST     33           200 PM
 AVERAGE    57

..........................................................


THE MONTGOMERY CLIMATE NORMALS FOR TODAY
                         NORMAL    RECORD    YEAR
 MAXIMUM TEMPERATURE (F)   72        88      1995
 MINIMUM TEMPERATURE (F)   47        26      1885


SUNRISE AND SUNSET
MARCH 23 2017.........SUNRISE   645 AM CDT   SUNSET   659 PM CDT
MARCH 24 2017.........SUNRISE   644 AM CDT   SUNSET   700 PM CDT


-  INDICATES NEGATIVE NUMBERS.
R  INDICATES RECORD WAS SET OR TIED.
MM INDICATES DATA IS MISSING.
T  INDICATES TRACE AMOUNT.




$$
