000
CDUS44 KBMX 020946
CLIMGM


CLIMATE REPORT
NATIONAL WEATHER SERVICE BIRMINGHAM, AL
446 AM CDT TUE SEP 2 2014


...................................

...THE MONTGOMERY CLIMATE SUMMARY FOR SEPTEMBER 1 2014...

CLIMATE NORMAL PERIOD 1981 TO 2010
CLIMATE RECORD PERIOD 1872 TO 2014


WEATHER ITEM   OBSERVED TIME   RECORD YEAR NORMAL DEPARTURE LAST
                VALUE   (LST)  VALUE       VALUE  FROM      YEAR
                                                  NORMAL
..................................................................
TEMPERATURE (F)
 YESTERDAY
  MAXIMUM         95    315 PM  99    2011  91      4       95
  MINIMUM         73    551 AM  60    1919  69      4       71
  AVERAGE         84                        80      4       83

PRECIPITATION (IN)
  YESTERDAY        0.00          5.94 2000   0.13  -0.13     0.00
  MONTH TO DATE    0.00                      0.13  -0.13     0.00
  SINCE SEP 1      0.00                      0.13  -0.13     0.00
  SINCE JAN 1     39.75                     36.84   2.91    43.01

DEGREE DAYS
 COOLING
  YESTERDAY       19                        15      4       18
  MONTH TO DATE   19                        15      4       18
  SINCE SEP 1     19                        15      4       18
  SINCE JAN 1   1918                      1804    114     1840
..................................................................


WIND (MPH)
  HIGHEST WIND SPEED     8   HIGHEST WIND DIRECTION    SW (240)
  HIGHEST GUST SPEED    12   HIGHEST GUST DIRECTION     W (250)
  AVERAGE WIND SPEED     2.7


SKY COVER
  AVERAGE SKY COVER 0.0


WEATHER CONDITIONS
 THE FOLLOWING WEATHER WAS RECORDED YESTERDAY.
  NO SIGNIFICANT WEATHER WAS OBSERVED.


RELATIVE HUMIDITY (PERCENT)
 HIGHEST    87          1200 AM
 LOWEST     46           300 PM
 AVERAGE    67

..........................................................


THE MONTGOMERY CLIMATE NORMALS FOR TODAY
                         NORMAL    RECORD    YEAR
 MAXIMUM TEMPERATURE (F)   91        98      1907
 MINIMUM TEMPERATURE (F)   69        57      1887


SUNRISE AND SUNSET
SEPTEMBER  2 2014.....SUNRISE   621 AM CDT   SUNSET   709 PM CDT
SEPTEMBER  3 2014.....SUNRISE   622 AM CDT   SUNSET   707 PM CDT


-  INDICATES NEGATIVE NUMBERS.
R  INDICATES RECORD WAS SET OR TIED.
MM INDICATES DATA IS MISSING.
T  INDICATES TRACE AMOUNT.




$$
