000
CDUS44 KBMX 280734
CLIMGM


CLIMATE REPORT
NATIONAL WEATHER SERVICE BIRMINGHAM, AL
234 AM CDT WED JUN 28 2017


...................................

...THE MONTGOMERY CLIMATE SUMMARY FOR JUNE 27 2017...

CLIMATE NORMAL PERIOD 1981 TO 2010
CLIMATE RECORD PERIOD 1872 TO 2017


WEATHER ITEM   OBSERVED TIME   RECORD YEAR NORMAL DEPARTURE LAST
                VALUE   (LST)  VALUE       VALUE  FROM      YEAR
                                                  NORMAL
..................................................................
TEMPERATURE (F)
 YESTERDAY
  MAXIMUM         90    324 PM 106    1881  91     -1       96
  MINIMUM         70    542 AM  59    1974  70      0       72
  AVERAGE         80                        81     -1       84

PRECIPITATION (IN)
  YESTERDAY        0.00          3.20 1999   0.17  -0.17     0.29
  MONTH TO DATE   11.48                      3.56   7.92     2.71
  SINCE JUN 1     11.48                      3.56   7.92     2.71
  SINCE JAN 1     45.40                     27.00  18.40    24.94

DEGREE DAYS
 COOLING
  YESTERDAY       15                        16     -1       19
  MONTH TO DATE  388                       371     17      460
  SINCE JUN 1    388                       371     17      460
  SINCE JAN 1    970                       710    260      921
..................................................................


WIND (MPH)
  HIGHEST WIND SPEED    12   HIGHEST WIND DIRECTION    NE (30)
  HIGHEST GUST SPEED    15   HIGHEST GUST DIRECTION     N (20)
  AVERAGE WIND SPEED     3.6


SKY COVER
  AVERAGE SKY COVER 0.2


WEATHER CONDITIONS
 THE FOLLOWING WEATHER WAS RECORDED YESTERDAY.
  NO SIGNIFICANT WEATHER WAS OBSERVED.


RELATIVE HUMIDITY (PERCENT)
 HIGHEST    73           300 AM
 LOWEST     38           300 PM
 AVERAGE    56

..........................................................


THE MONTGOMERY CLIMATE NORMALS FOR TODAY
                         NORMAL    RECORD    YEAR
 MAXIMUM TEMPERATURE (F)   91       105      1954
 MINIMUM TEMPERATURE (F)   70        56      1968


SUNRISE AND SUNSET
JUNE 28 2017..........SUNRISE   541 AM CDT   SUNSET   756 PM CDT
JUNE 29 2017..........SUNRISE   542 AM CDT   SUNSET   756 PM CDT


-  INDICATES NEGATIVE NUMBERS.
R  INDICATES RECORD WAS SET OR TIED.
MM INDICATES DATA IS MISSING.
T  INDICATES TRACE AMOUNT.




$$
