000
CDUS41 KPBZ 261226
CLIMGW


CLIMATE REPORT
NATIONAL WEATHER SERVICE PITTSBURGH PA
826 AM EDT SAT JUL 26 2014


...................................

...THE MORGANTOWN WV CLIMATE SUMMARY FOR JULY 26 2014...
VALID AS OF 0800 AM LOCAL TIME.

CLIMATE NORMAL PERIOD 1981 TO 2010
CLIMATE RECORD PERIOD 1948 TO 2014


WEATHER ITEM   OBSERVED TIME   RECORD YEAR NORMAL DEPARTURE LAST
                VALUE   (LST)  VALUE       VALUE  FROM      YEAR
                                                  NORMAL
..................................................................
TEMPERATURE (F)
 TODAY
  MINIMUM         63    519 AM  53    2013  63      0       53
                                      1975

PRECIPITATION (IN)
  TODAY            T            MM      MM   0.14  -0.14     0.00
  MONTH TO DATE    3.43                      3.96  -0.53     5.49
  SINCE JUN 1      7.95                      8.07  -0.12    10.27
  SINCE JAN 1     23.44                     25.26  -1.82    22.91

DEGREE DAYS
 HEATING
  TODAY            0

 COOLING
  TODAY            1
..................................................................





WEATHER CONDITIONS
 THE FOLLOWING WEATHER WAS RECORDED TODAY.
  NO SIGNIFICANT WEATHER WAS OBSERVED.


RELATIVE HUMIDITY (PERCENT)
 HIGHEST    84           400 AM

..........................................................


THE MORGANTOWN WV CLIMATE NORMALS FOR TOMORROW
                         NORMAL    RECORD    YEAR
 MAXIMUM TEMPERATURE (F)   83        95      1966
 MINIMUM TEMPERATURE (F)   63        49      1962


SUNRISE AND SUNSET
JULY 26 2014..........SUNRISE   614 AM EDT   SUNSET   838 PM EDT
JULY 27 2014..........SUNRISE   614 AM EDT   SUNSET   837 PM EDT


-  INDICATES NEGATIVE NUMBERS.
R  INDICATES RECORD WAS SET OR TIED.
MM INDICATES DATA IS MISSING.
T  INDICATES TRACE AMOUNT.




$$
