000
CDUS41 KPBZ 221324
CLIMGW


CLIMATE REPORT
NATIONAL WEATHER SERVICE PITTSBURGH PA
823 AM EST THU FEB 22 2018


...................................

...THE MORGANTOWN WV CLIMATE SUMMARY FOR FEBRUARY 22 2018...
VALID AS OF 0800 AM LOCAL TIME.

CLIMATE NORMAL PERIOD 1981 TO 2010
CLIMATE RECORD PERIOD 1872 TO 2018


WEATHER ITEM   OBSERVED TIME   RECORD YEAR NORMAL DEPARTURE LAST
                VALUE   (LST)  VALUE       VALUE  FROM      YEAR
                                                  NORMAL
..................................................................
TEMPERATURE (F)
 TODAY
  MAXIMUM         44    204 AM  71    1930
                                      1922
  MINIMUM         41    659 AM  -5    1963  27     14       53

PRECIPITATION (IN)
  TODAY            0.26          0.88 1971   0.10   0.16     0.00
  MONTH TO DATE    4.69                      2.01   2.68     1.75
  SINCE JUN 1     33.80                     29.46   4.34    35.21
  SINCE JAN 1      7.47                      4.82   2.65     5.80

DEGREE DAYS
 HEATING
  TODAY           22

 COOLING
  TODAY            0
..................................................................





WEATHER CONDITIONS
 THE FOLLOWING WEATHER WAS RECORDED TODAY.
  HEAVY RAIN
  RAIN
  LIGHT RAIN
  FOG


RELATIVE HUMIDITY (PERCENT)
 HIGHEST    96           500 AM

..........................................................


THE MORGANTOWN WV CLIMATE NORMALS FOR TOMORROW
                         NORMAL    RECORD    YEAR
 MAXIMUM TEMPERATURE (F)   45        69      2017
 MINIMUM TEMPERATURE (F)   27         2      1963


SUNRISE AND SUNSET
FEBRUARY 22 2018......SUNRISE   703 AM EST   SUNSET   604 PM EST
FEBRUARY 23 2018......SUNRISE   701 AM EST   SUNSET   605 PM EST


-  INDICATES NEGATIVE NUMBERS.
R  INDICATES RECORD WAS SET OR TIED.
MM INDICATES DATA IS MISSING.
T  INDICATES TRACE AMOUNT.




$$
