000
CDUS41 KPBZ 292121
CLIMGW


CLIMATE REPORT
NATIONAL WEATHER SERVICE PITTSBURGH PA
518 PM EDT MON JUN 29 2015


...................................

...THE MORGANTOWN WV CLIMATE SUMMARY FOR JUNE 29 2015...
VALID TODAY AS OF 0500 PM LOCAL TIME.

CLIMATE NORMAL PERIOD 1981 TO 2010
CLIMATE RECORD PERIOD 1948 TO 2015


WEATHER ITEM   OBSERVED TIME   RECORD YEAR NORMAL DEPARTURE LAST
                VALUE   (LST)  VALUE       VALUE  FROM      YEAR
                                                  NORMAL
..................................................................
TEMPERATURE (F)
 TODAY
  MAXIMUM         78    141 PM  98    2012  83     -5       82
  MINIMUM         51    505 AM  48    1956  62    -11       71
  AVERAGE         65                        72     -7       77

PRECIPITATION (IN)
  TODAY            T            MM      MM   0.15  -0.15     0.35
  MONTH TO DATE    5.65                      3.97   1.68     4.08
  SINCE JUN 1      5.65                      3.97   1.68     4.08
  SINCE JAN 1     22.90                     21.16   1.74    19.57

DEGREE DAYS
 HEATING
  TODAY            0                         0      0        0
  MONTH TO DATE   13                        29    -16        2
  SINCE JUN 1     13                        29    -16        2
  SINCE JUL 1   5295                      5182    113     5406

 COOLING
  TODAY            0                         8     -8       12
  MONTH TO DATE  216                       153     63      227
  SINCE JUN 1    216                       153     63      227
  SINCE JAN 1    400                       220    180      336
..................................................................


WIND (MPH)
  RESULTANT WIND SPEED   2   RESULTANT WIND DIRECTION   S (190)
  HIGHEST WIND SPEED    10   HIGHEST WIND DIRECTION    SE (150)
  HIGHEST GUST SPEED    18   HIGHEST GUST DIRECTION     S (160)
  AVERAGE WIND SPEED     2.1


SKY COVER
  POSSIBLE SUNSHINE  MM
  AVERAGE SKY COVER 0.2


WEATHER CONDITIONS
 THE FOLLOWING WEATHER WAS RECORDED TODAY.
  FOG


RELATIVE HUMIDITY (PERCENT)
 HIGHEST    93          1200 AM
 LOWEST     38           100 PM
 AVERAGE    66

..........................................................


THE MORGANTOWN WV CLIMATE NORMALS FOR TOMORROW
                         NORMAL    RECORD    YEAR
 MAXIMUM TEMPERATURE (F)   83        95      1969
 MINIMUM TEMPERATURE (F)   62        43      1988


SUNRISE AND SUNSET
JUNE 29 2015..........SUNRISE   555 AM EDT   SUNSET   851 PM EDT
JUNE 30 2015..........SUNRISE   555 AM EDT   SUNSET   851 PM EDT


-  INDICATES NEGATIVE NUMBERS.
R  INDICATES RECORD WAS SET OR TIED.
MM INDICATES DATA IS MISSING.
T  INDICATES TRACE AMOUNT.




$$
