749
CDUS41 KPBZ 282113
CLIMGW


CLIMATE REPORT
NATIONAL WEATHER SERVICE PITTSBURGH PA
512 PM EDT SAT MAY 28 2016


...................................

...THE MORGANTOWN WV CLIMATE SUMMARY FOR MAY 28 2016...
VALID TODAY AS OF 0500 PM LOCAL TIME.

CLIMATE NORMAL PERIOD 1981 TO 2010
CLIMATE RECORD PERIOD 1948 TO 2016


WEATHER ITEM   OBSERVED TIME   RECORD YEAR NORMAL DEPARTURE LAST
                VALUE   (LST)  VALUE       VALUE  FROM      YEAR
                                                  NORMAL
..................................................................
TEMPERATURE (F)
 TODAY
  MAXIMUM         89    328 PM  90    2012  75     14       84
                                      1955
  MINIMUM         64    416 AM  36    1971  54     10       63
  AVERAGE         77                        64     13       74

PRECIPITATION (IN)
  TODAY            0.00         MM      MM   0.15  -0.15     0.00
  MONTH TO DATE    5.20                      4.14   1.06     1.11
  SINCE JUN 1     39.57                     41.36  -1.79    43.37
  SINCE JAN 1     16.03                     16.72  -0.69    17.14

DEGREE DAYS
 HEATING
  TODAY            0                         3     -3        0
  MONTH TO DATE  171                       161     10       84
  SINCE MAR 1    942                      1255   -313     1158
  SINCE JUL 1   4036                      5144  -1108     5282

 COOLING
  TODAY           12                         3      9        9
  MONTH TO DATE   45                        43      2      142
  SINCE MAR 1     51                        59     -8      150
  SINCE JAN 1     51                        59     -8      150
..................................................................


WIND (MPH)
  RESULTANT WIND SPEED   2   RESULTANT WIND DIRECTION   S (170)
  HIGHEST WIND SPEED    10   HIGHEST WIND DIRECTION    SW (230)
  HIGHEST GUST SPEED    15   HIGHEST GUST DIRECTION    SW (220)
  AVERAGE WIND SPEED     2.9


SKY COVER
  POSSIBLE SUNSHINE  MM
  AVERAGE SKY COVER 0.1


WEATHER CONDITIONS
 THE FOLLOWING WEATHER WAS RECORDED TODAY.
  NO SIGNIFICANT WEATHER WAS OBSERVED.


RELATIVE HUMIDITY (PERCENT)
 HIGHEST    84           500 AM
 LOWEST     40           100 PM
 AVERAGE    62

..........................................................


THE MORGANTOWN WV CLIMATE NORMALS FOR TOMORROW
                         NORMAL    RECORD    YEAR
 MAXIMUM TEMPERATURE (F)   75        89      2015
                                             1991
 MINIMUM TEMPERATURE (F)   54        32      1949


SUNRISE AND SUNSET
MAY 28 2016...........SUNRISE   556 AM EDT   SUNSET   839 PM EDT
MAY 29 2016...........SUNRISE   555 AM EDT   SUNSET   840 PM EDT


-  INDICATES NEGATIVE NUMBERS.
R  INDICATES RECORD WAS SET OR TIED.
MM INDICATES DATA IS MISSING.
T  INDICATES TRACE AMOUNT.




$$
