000
CDUS41 KPBZ 242113
CLIMGW


CLIMATE REPORT
NATIONAL WEATHER SERVICE PITTSBURGH PA
513 PM EDT WED MAY 24 2017


...................................

...THE MORGANTOWN WV CLIMATE SUMMARY FOR MAY 24 2017...
VALID TODAY AS OF 0500 PM LOCAL TIME.

CLIMATE NORMAL PERIOD 1981 TO 2010
CLIMATE RECORD PERIOD 1948 TO 2017


WEATHER ITEM   OBSERVED TIME   RECORD YEAR NORMAL DEPARTURE LAST
                VALUE   (LST)  VALUE       VALUE  FROM      YEAR
                                                  NORMAL
..................................................................
TEMPERATURE (F)
 TODAY
  MAXIMUM         70    152 PM  90    1936  74     -4       81
                                      1922
                                      1875
  MINIMUM         56    316 AM  33    1956  52      4       50
                                      1934
  AVERAGE         63                        63      0       66

PRECIPITATION (IN)
  TODAY            0.09          1.61 1903   0.16  -0.07     0.00
  MONTH TO DATE    3.53                      3.53   0.00     5.20
  SINCE JUN 1     50.52                     40.75   9.77    39.57
  SINCE JAN 1     21.11                     16.11   5.00    16.03

DEGREE DAYS
 HEATING
  TODAY            2                         4     -2        0
  MONTH TO DATE  147                       146      1      171
  SINCE MAR 1   1002                      1240   -238      942
  SINCE JUL 1   4015                      5129  -1114     4036

 COOLING
  TODAY            0                         2     -2        1
  MONTH TO DATE   49                        34     15       10
  SINCE MAR 1     86                        50     36       16
  SINCE JAN 1     89                        50     39       16
..................................................................


WIND (MPH)
  RESULTANT WIND SPEED   8   RESULTANT WIND DIRECTION   E (110)
  HIGHEST WIND SPEED    21   HIGHEST WIND DIRECTION     E (110)
  HIGHEST GUST SPEED    29   HIGHEST GUST DIRECTION     E (110)
  AVERAGE WIND SPEED     8.7


SKY COVER
  POSSIBLE SUNSHINE  MM
  AVERAGE SKY COVER 0.8


WEATHER CONDITIONS
 THE FOLLOWING WEATHER WAS RECORDED TODAY.
  RAIN
  LIGHT RAIN
  FOG
  HAZE


RELATIVE HUMIDITY (PERCENT)
 HIGHEST    86          1200 AM
 LOWEST     57           200 PM
 AVERAGE    72

..........................................................


THE MORGANTOWN WV CLIMATE NORMALS FOR TOMORROW
                         NORMAL    RECORD    YEAR
 MAXIMUM TEMPERATURE (F)   74        89      1991
                                             1970
                                             1939
 MINIMUM TEMPERATURE (F)   53        32      2013


SUNRISE AND SUNSET
MAY 24 2017...........SUNRISE   558 AM EDT   SUNSET   835 PM EDT
MAY 25 2017...........SUNRISE   557 AM EDT   SUNSET   836 PM EDT


-  INDICATES NEGATIVE NUMBERS.
R  INDICATES RECORD WAS SET OR TIED.
MM INDICATES DATA IS MISSING.
T  INDICATES TRACE AMOUNT.




$$
