000
CDUS43 KFSD 240624
CLIMHE


CLIMATE REPORT
NATIONAL WEATHER SERVICE SIOUX FALLS SD
1223 AM CST WED JAN 24 2018


...................................

...THE MITCHELL SD CLIMATE SUMMARY FOR JANUARY 23 2018...

CLIMATE NORMAL PERIOD 1981 TO 2010
CLIMATE RECORD PERIOD 1893 TO 2018


WEATHER ITEM   OBSERVED TIME   RECORD YEAR NORMAL DEPARTURE LAST
                VALUE   (LST)  VALUE       VALUE  FROM      YEAR
                                                  NORMAL
..................................................................
TEMPERATURE (F)
 YESTERDAY
  MAXIMUM         31    525 PM  56    1989  29      2       34
  MINIMUM         20    932 AM -23    1948   9     11       30
  AVERAGE         26                        19      7       32

PRECIPITATION (IN)
  YESTERDAY        0.00          0.56 1982   0.00   0.00     0.00
  MONTH TO DATE    0.16                      0.16   0.00     0.13
  SINCE DEC 1      0.78                      0.61   0.17     1.24
  SINCE JAN 1      0.16                      0.16   0.00     0.13

SNOWFALL (IN)
  YESTERDAY        0.0           1.0  1949  MM     MM        0.0
                                      1941
                                      1936
  MONTH TO DATE    2.0                      MM     MM        2.0
  SINCE DEC 1     12.5                      MM     MM       10.1
  SINCE JUL 1     13.7                      MM     MM       15.6
  SNOW DEPTH       2

DEGREE DAYS
 HEATING
  YESTERDAY       39                        46     -7       33
  MONTH TO DATE 1109                      1069     40     1075
  SINCE DEC 1   2403                      2436    -33     2463
  SINCE JUL 1   3792                      4004   -212     3557

 COOLING
  YESTERDAY        0                         0      0        0
  MONTH TO DATE    0                         0      0        0
  SINCE DEC 1      0                         0      0        0
  SINCE JAN 1      0                         0      0        0
..................................................................


WIND (MPH)
  HIGHEST WIND SPEED    20   HIGHEST WIND DIRECTION    NW (320)
  HIGHEST GUST SPEED    24   HIGHEST GUST DIRECTION    NW (330)
  AVERAGE WIND SPEED     7.6


SKY COVER
  POSSIBLE SUNSHINE  MM
  AVERAGE SKY COVER 0.6


WEATHER CONDITIONS
 THE FOLLOWING WEATHER WAS RECORDED YESTERDAY.
  FOG


RELATIVE HUMIDITY (PERCENT)
 HIGHEST   100           100 AM
 LOWEST     78           400 PM
 AVERAGE    89

..........................................................


THE MITCHELL SD CLIMATE NORMALS FOR TODAY
                         NORMAL    RECORD    YEAR
 MAXIMUM TEMPERATURE (F)   29        59      1981
 MINIMUM TEMPERATURE (F)    9       -28      1904


SUNRISE AND SUNSET
JANUARY 24 2018.......SUNRISE   757 AM CST   SUNSET   532 PM CST
JANUARY 25 2018.......SUNRISE   756 AM CST   SUNSET   534 PM CST


-  INDICATES NEGATIVE NUMBERS.
R  INDICATES RECORD WAS SET OR TIED.
MM INDICATES DATA IS MISSING.
T  INDICATES TRACE AMOUNT.




$$
