000
CDUS43 KFSD 070624
CLIMHE


CLIMATE REPORT
NATIONAL WEATHER SERVICE SIOUX FALLS SD
124 AM CDT TUE JUL 7 2015


...................................

...THE MITCHELL SD CLIMATE SUMMARY FOR JULY 6 2015...

CLIMATE NORMAL PERIOD 1981 TO 2010
CLIMATE RECORD PERIOD 1893 TO 2015


WEATHER ITEM   OBSERVED TIME   RECORD YEAR NORMAL DEPARTURE LAST
                VALUE   (LST)  VALUE       VALUE  FROM      YEAR
                                                  NORMAL
..................................................................
TEMPERATURE (F)
 YESTERDAY
  MAXIMUM         76    247 PM 108    1937  87    -11       90
  MINIMUM         59   1159 PM  48    1915  63     -4       69
  AVERAGE         68                        75     -7       80

PRECIPITATION (IN)
  YESTERDAY        0.39          1.81 2008   0.12   0.27     0.00
  MONTH TO DATE    1.28                      0.74   0.54     0.01
  SINCE JUN 1      5.19                      4.87   0.32     4.20
  SINCE JAN 1     12.28                     11.60   0.68     8.93

SNOWFALL (IN)
  YESTERDAY        0.0           0.0    MM  MM     MM        0.0
  MONTH TO DATE    0.0                      MM     MM        0.0
  SINCE JUN 1      0.0                      MM     MM        0.0
  SINCE JUL 1      0.0                      MM     MM        0.0
  SNOW DEPTH       0

DEGREE DAYS
 HEATING
  YESTERDAY        0                         0      0        0
  MONTH TO DATE    0                         0      0        3
  SINCE JUN 1      3                        35    -32       29
  SINCE JUL 1      0                         0      0        3

 COOLING
  YESTERDAY        3                        10     -7       15
  MONTH TO DATE   41                        58    -17       43
  SINCE JUN 1    238                       228     10      201
  SINCE JAN 1    269                       268      1      279
..................................................................


WIND (MPH)
  HIGHEST WIND SPEED    24   HIGHEST WIND DIRECTION     N (360)
  HIGHEST GUST SPEED    30   HIGHEST GUST DIRECTION     N (10)
  AVERAGE WIND SPEED    11.8


SKY COVER
  POSSIBLE SUNSHINE  MM
  AVERAGE SKY COVER 0.4


WEATHER CONDITIONS
 THE FOLLOWING WEATHER WAS RECORDED YESTERDAY.
  THUNDERSTORM
  RAIN
  LIGHT RAIN
  FOG
  HAZE


RELATIVE HUMIDITY (PERCENT)
 HIGHEST    93           300 AM
 LOWEST     53           500 PM
 AVERAGE    73

..........................................................


THE MITCHELL SD CLIMATE NORMALS FOR TODAY
                         NORMAL    RECORD    YEAR
 MAXIMUM TEMPERATURE (F)   87       103      2007
                                             1930
 MINIMUM TEMPERATURE (F)   63        45      1922


SUNRISE AND SUNSET
JULY  7 2015..........SUNRISE   558 AM CDT   SUNSET   916 PM CDT
JULY  8 2015..........SUNRISE   558 AM CDT   SUNSET   916 PM CDT


-  INDICATES NEGATIVE NUMBERS.
R  INDICATES RECORD WAS SET OR TIED.
MM INDICATES DATA IS MISSING.
T  INDICATES TRACE AMOUNT.




$$
