000
CDUS43 KFSD 290629
CLIMHE


CLIMATE REPORT
NATIONAL WEATHER SERVICE SIOUX FALLS SD
128 AM CDT MON AUG 29 2016


...................................

...THE MITCHELL SD CLIMATE SUMMARY FOR AUGUST 28 2016...

CLIMATE NORMAL PERIOD 1981 TO 2010
CLIMATE RECORD PERIOD 1893 TO 2016


WEATHER ITEM   OBSERVED TIME   RECORD YEAR NORMAL DEPARTURE LAST
                VALUE   (LST)  VALUE       VALUE  FROM      YEAR
                                                  NORMAL
..................................................................
TEMPERATURE (F)
 YESTERDAY
  MAXIMUM         93    414 PM 102    1937  82     11       80
  MINIMUM         65    429 AM  34    1911  58      7       62
  AVERAGE         79                        70      9       71

PRECIPITATION (IN)
  YESTERDAY        0.00          1.12 1932   0.08  -0.08     0.01
  MONTH TO DATE    3.31                      2.17   1.14     3.66
  SINCE JUN 1      6.89                      9.41  -2.52     9.84
  SINCE JAN 1     19.41                     16.14   3.27    16.93

SNOWFALL (IN)
  YESTERDAY        0.0           0.0    MM  MM     MM        0.0
  MONTH TO DATE    0.0                      MM     MM        0.0
  SINCE JUN 1      0.0                      MM     MM        0.0
  SINCE JUL 1      0.0                      MM     MM        0.0
  SNOW DEPTH       0

DEGREE DAYS
 HEATING
  YESTERDAY        0                         1     -1        0
  MONTH TO DATE    5                         3      2       26
  SINCE JUN 1     12                        43    -31       31
  SINCE JUL 1      8                         8      0       28

 COOLING
  YESTERDAY       14                         6      8        6
  MONTH TO DATE  237                       213     24      177
  SINCE JUN 1    852                       691    161      667
  SINCE JAN 1    896                       731    165      698
..................................................................


WIND (MPH)
  HIGHEST WIND SPEED    24   HIGHEST WIND DIRECTION     S (160)
  HIGHEST GUST SPEED    31   HIGHEST GUST DIRECTION     S (160)
  AVERAGE WIND SPEED    14.0


SKY COVER
  POSSIBLE SUNSHINE  MM
  AVERAGE SKY COVER 0.0


WEATHER CONDITIONS
 THE FOLLOWING WEATHER WAS RECORDED YESTERDAY.
  NO SIGNIFICANT WEATHER WAS OBSERVED.


RELATIVE HUMIDITY (PERCENT)
 HIGHEST    93           300 AM
 LOWEST     41           400 PM
 AVERAGE    67

..........................................................


THE MITCHELL SD CLIMATE NORMALS FOR TODAY
                         NORMAL    RECORD    YEAR
 MAXIMUM TEMPERATURE (F)   81       103      2012
 MINIMUM TEMPERATURE (F)   58        37      1946


SUNRISE AND SUNSET
AUGUST 29 2016........SUNRISE   653 AM CDT   SUNSET   812 PM CDT
AUGUST 30 2016........SUNRISE   654 AM CDT   SUNSET   810 PM CDT


-  INDICATES NEGATIVE NUMBERS.
R  INDICATES RECORD WAS SET OR TIED.
MM INDICATES DATA IS MISSING.
T  INDICATES TRACE AMOUNT.




$$
