000
CDUS43 KTOP 050642
CLIMHK


CLIMATE REPORT
NATIONAL WEATHER SERVICE TOPEKA KS
142 AM CDT THU MAY 5 2016


...................................

...THE MANHATTAN KS CLIMATE SUMMARY FOR MAY 4 2016...

CLIMATE NORMAL PERIOD 1981 TO 2010
CLIMATE RECORD PERIOD 9999 TO 9999


WEATHER ITEM   OBSERVED NORMAL DEPARTURE LAST
                VALUE   VALUE  FROM      YEAR
                               NORMAL
...............................................
TEMPERATURE (F)
 YESTERDAY
  MAXIMUM         73     72      1       85
  MINIMUM         45     47     -2       60
  AVERAGE         59     60     -1       73

PRECIPITATION (IN)
  YESTERDAY        0.00   0.14  -0.14     4.22
  MONTH TO DATE    T      0.58  -0.58     4.26
  SINCE MAR 1      8.42   5.58   2.84     7.04
  SINCE JAN 1      9.40   7.30   2.10     8.50

DEGREE DAYS
 HEATING
  YESTERDAY        6      6      0        0
  MONTH TO DATE   36     27      9        3
  SINCE MAR 1    740   1048   -308      828
  SINCE JUL 1   4037   5208  -1171     5022

 COOLING
  YESTERDAY        0      1     -1        8
  MONTH TO DATE    0      4     -4       24
  SINCE MAR 1     28     21      7       32
  SINCE JAN 1     28     21      7       32
...............................................


WIND (MPH)
  HIGHEST WIND SPEED    15   HIGHEST WIND DIRECTION     N (20)
  HIGHEST GUST SPEED    22   HIGHEST GUST DIRECTION    NE (30)
  AVERAGE WIND SPEED     5.8


SKY COVER
  AVERAGE SKY COVER 0.0


WEATHER CONDITIONS
 THE FOLLOWING WEATHER WAS RECORDED YESTERDAY.
  NO SIGNIFICANT WEATHER WAS OBSERVED.


RELATIVE HUMIDITY (PERCENT)
 HIGHEST    80
 LOWEST     25
 AVERAGE    53

..........................................................


THE MANHATTAN KS CLIMATE NORMALS FOR TODAY
                         NORMAL
 MAXIMUM TEMPERATURE (F)   73
 MINIMUM TEMPERATURE (F)   48


SUNRISE AND SUNSET
MAY  5 2016...........SUNRISE   623 AM CDT   SUNSET   824 PM CDT
MAY  6 2016...........SUNRISE   622 AM CDT   SUNSET   825 PM CDT


-  INDICATES NEGATIVE NUMBERS.
R  INDICATES RECORD WAS SET OR TIED.
MM INDICATES DATA IS MISSING.
T  INDICATES TRACE AMOUNT.




$$
