000
CDUS43 KTOP 270635
CLIMHK


CLIMATE REPORT
NATIONAL WEATHER SERVICE TOPEKA KS
1233 AM CST TUE JAN 27 2015


...................................

...THE MANHATTAN KS CLIMATE SUMMARY FOR JANUARY 26 2015...

CLIMATE NORMAL PERIOD 1981 TO 2010
CLIMATE RECORD PERIOD 9999 TO 9999


WEATHER ITEM   OBSERVED NORMAL DEPARTURE LAST
                VALUE   VALUE  FROM      YEAR
                               NORMAL
...............................................
TEMPERATURE (F)
 YESTERDAY
  MAXIMUM         68     42     26       61
  MINIMUM         22     17      5       19
  AVERAGE         45     29     16       40

PRECIPITATION (IN)
  YESTERDAY        0.00   0.03  -0.03     T
  MONTH TO DATE    0.05   0.46  -0.41     0.23
  SINCE DEC 1      2.27   1.48   0.79     0.82
  SINCE JAN 1      0.05   0.46  -0.41     0.23

DEGREE DAYS
 HEATING
  YESTERDAY       20     36    -16       25
  MONTH TO DATE  949    951     -2      969
  SINCE DEC 1   1883   2017   -134     2157
  SINCE JUL 1   3020   3092    -72     3244

 COOLING
  YESTERDAY        0      0      0        0
  MONTH TO DATE    0      0      0        0
  SINCE DEC 1      0      0      0        0
  SINCE JAN 1      0      0      0        0
...............................................


WIND (MPH)
  HIGHEST WIND SPEED    15   HIGHEST WIND DIRECTION    SW (230)
  HIGHEST GUST SPEED    21   HIGHEST GUST DIRECTION     N (340)
  AVERAGE WIND SPEED     5.6


SKY COVER
  AVERAGE SKY COVER 0.1


WEATHER CONDITIONS
 THE FOLLOWING WEATHER WAS RECORDED YESTERDAY.
  NO SIGNIFICANT WEATHER WAS OBSERVED.


RELATIVE HUMIDITY (PERCENT)
 HIGHEST   100
 LOWEST     22
 AVERAGE    61

..........................................................


THE MANHATTAN KS CLIMATE NORMALS FOR TODAY
                         NORMAL
 MAXIMUM TEMPERATURE (F)   42
 MINIMUM TEMPERATURE (F)   18


SUNRISE AND SUNSET
JANUARY 27 2015.......SUNRISE   738 AM CST   SUNSET   542 PM CST
JANUARY 28 2015.......SUNRISE   737 AM CST   SUNSET   543 PM CST


-  INDICATES NEGATIVE NUMBERS.
R  INDICATES RECORD WAS SET OR TIED.
MM INDICATES DATA IS MISSING.
T  INDICATES TRACE AMOUNT.




$$
