000
CDUS43 KTOP 300631
CLIMHK


CLIMATE REPORT
NATIONAL WEATHER SERVICE TOPEKA KS
131 AM CDT SAT JUL 30 2016


...................................

...THE MANHATTAN KS CLIMATE SUMMARY FOR JULY 29 2016...

CLIMATE NORMAL PERIOD 1981 TO 2010
CLIMATE RECORD PERIOD 9999 TO 9999


WEATHER ITEM   OBSERVED NORMAL DEPARTURE LAST
                VALUE   VALUE  FROM      YEAR
                               NORMAL
...............................................
TEMPERATURE (F)
 YESTERDAY
  MAXIMUM         86     92     -6       84
  MINIMUM         66     67     -1       66
  AVERAGE         76     79     -3       75

PRECIPITATION (IN)
  YESTERDAY        0.00   0.11  -0.11     0.64
  MONTH TO DATE    3.49   3.74  -0.25     3.73
  SINCE JUN 1      4.74   8.83  -4.09     7.39
  SINCE JAN 1     20.02  20.03  -0.01    21.61

DEGREE DAYS
 HEATING
  YESTERDAY        0      0      0        0
  MONTH TO DATE    0      0      0        0
  SINCE JUN 1      0     11    -11        0
  SINCE JUL 1      0      0      0        0

 COOLING
  YESTERDAY       11     14     -3       10
  MONTH TO DATE  473    407     66      456
  SINCE JUN 1    931    677    254      817
  SINCE JAN 1   1041    777    264      898
...............................................


WIND (MPH)
  HIGHEST WIND SPEED    13   HIGHEST WIND DIRECTION     E (70)
  HIGHEST GUST SPEED    14   HIGHEST GUST DIRECTION     E (70)
  AVERAGE WIND SPEED     2.5


SKY COVER
  AVERAGE SKY COVER 0.3


WEATHER CONDITIONS
 THE FOLLOWING WEATHER WAS RECORDED YESTERDAY.
  NO SIGNIFICANT WEATHER WAS OBSERVED.


RELATIVE HUMIDITY (PERCENT)
 HIGHEST    97
 LOWEST     51
 AVERAGE    74

..........................................................


THE MANHATTAN KS CLIMATE NORMALS FOR TODAY
                         NORMAL
 MAXIMUM TEMPERATURE (F)   91
 MINIMUM TEMPERATURE (F)   67


SUNRISE AND SUNSET
JULY 30 2016..........SUNRISE   626 AM CDT   SUNSET   840 PM CDT
JULY 31 2016..........SUNRISE   627 AM CDT   SUNSET   839 PM CDT


-  INDICATES NEGATIVE NUMBERS.
R  INDICATES RECORD WAS SET OR TIED.
MM INDICATES DATA IS MISSING.
T  INDICATES TRACE AMOUNT.




$$
