000
CDUS43 KTOP 192135
CLIMHK


CLIMATE REPORT
NATIONAL WEATHER SERVICE TOPEKA KS
434 PM CDT SAT APR 19 2014


...................................

...THE MANHATTAN KS CLIMATE SUMMARY FOR APRIL 19 2014...
VALID TODAY AS OF 0400 PM LOCAL TIME.

CLIMATE NORMAL PERIOD 1981 TO 2010
CLIMATE RECORD PERIOD 9999 TO 9999


WEATHER ITEM   OBSERVED NORMAL DEPARTURE LAST
                VALUE   VALUE  FROM      YEAR
                               NORMAL
...............................................
TEMPERATURE (F)
 TODAY
  MAXIMUM         81     68     13       55
  MINIMUM         51     43      8       30
  AVERAGE         66     55     11       43

PRECIPITATION (IN)
  TODAY            0.00   0.10  -0.10     0.00
  MONTH TO DATE    0.63   1.47  -0.84     2.65
  SINCE MAR 1      1.16   3.67  -2.51     3.72
  SINCE JAN 1      2.38   5.39  -3.01     5.43

DEGREE DAYS
 HEATING
  TODAY            0     10    -10       22
  MONTH TO DATE  278    250     28      343
  SINCE MAR 1   1028    926    102     1123
  SINCE JUL 1   5559   5086    473     4880

 COOLING
  TODAY            1      1      0        0
  MONTH TO DATE   10      8      2        2
  SINCE MAR 1     10     10      0        2
  SINCE JAN 1     10     10      0        2
...............................................


WIND (MPH)
  HIGHEST WIND SPEED    32   HIGHEST WIND DIRECTION    SW (210)
  HIGHEST GUST SPEED    42   HIGHEST GUST DIRECTION     S (200)
  AVERAGE WIND SPEED    12.4



WEATHER CONDITIONS
 THE FOLLOWING WEATHER WAS RECORDED TODAY.
  NO SIGNIFICANT WEATHER WAS OBSERVED.


RELATIVE HUMIDITY (PERCENT)
 HIGHEST    68
 LOWEST     30
 AVERAGE    49

..........................................................


THE MANHATTAN KS CLIMATE NORMALS FOR TOMORROW
                         NORMAL
 MAXIMUM TEMPERATURE (F)   68
 MINIMUM TEMPERATURE (F)   43


SUNRISE AND SUNSET
APRIL 19 2014.........SUNRISE   644 AM CDT   SUNSET   808 PM CDT
APRIL 20 2014.........SUNRISE   643 AM CDT   SUNSET   809 PM CDT


-  INDICATES NEGATIVE NUMBERS.
R  INDICATES RECORD WAS SET OR TIED.
MM INDICATES DATA IS MISSING.
T  INDICATES TRACE AMOUNT.

$$
