000
CDUS43 KTOP 290632
CLIMHK


CLIMATE REPORT
NATIONAL WEATHER SERVICE TOPEKA KS
132 AM CDT WED MAR 29 2017


...................................

...THE MANHATTAN KS CLIMATE SUMMARY FOR MARCH 28 2017...

CLIMATE NORMAL PERIOD 1981 TO 2010
CLIMATE RECORD PERIOD 9999 TO 9999


WEATHER ITEM   OBSERVED NORMAL DEPARTURE LAST
                VALUE   VALUE  FROM      YEAR
                               NORMAL
...............................................
TEMPERATURE (F)
 YESTERDAY
  MAXIMUM         57     61     -4       70
  MINIMUM         45     35     10       27
  AVERAGE         51     48      3       49

PRECIPITATION (IN)
  YESTERDAY        0.33   0.07   0.26     0.00
  MONTH TO DATE    1.97   2.02  -0.05     0.50
  SINCE MAR 1      1.97   2.02  -0.05     0.50
  SINCE JAN 1      3.77   3.74   0.03     1.48

DEGREE DAYS
 HEATING
  YESTERDAY       14     17     -3       16
  MONTH TO DATE  456    628   -172      450
  SINCE MAR 1    456    628   -172      450
  SINCE JUL 1   3740   4788  -1048     3747

 COOLING
  YESTERDAY        0      0      0        0
  MONTH TO DATE    6      0      6        5
  SINCE MAR 1      6      0      6        5
  SINCE JAN 1      6      0      6        5
...............................................


WIND (MPH)
  HIGHEST WIND SPEED    24   HIGHEST WIND DIRECTION    NE (50)
  HIGHEST GUST SPEED    29   HIGHEST GUST DIRECTION    NE (60)
  AVERAGE WIND SPEED     9.2


SKY COVER
  AVERAGE SKY COVER 0.9


WEATHER CONDITIONS
 THE FOLLOWING WEATHER WAS RECORDED YESTERDAY.
  THUNDERSTORM
  RAIN
  LIGHT RAIN
  FOG
  HAZE


RELATIVE HUMIDITY (PERCENT)
 HIGHEST    93
 LOWEST     66
 AVERAGE    80

..........................................................


THE MANHATTAN KS CLIMATE NORMALS FOR TODAY
                         NORMAL
 MAXIMUM TEMPERATURE (F)   62
 MINIMUM TEMPERATURE (F)   35


SUNRISE AND SUNSET
MARCH 29 2017.........SUNRISE   715 AM CDT   SUNSET   748 PM CDT
MARCH 30 2017.........SUNRISE   714 AM CDT   SUNSET   749 PM CDT


-  INDICATES NEGATIVE NUMBERS.
R  INDICATES RECORD WAS SET OR TIED.
MM INDICATES DATA IS MISSING.
T  INDICATES TRACE AMOUNT.




$$
