000
CDUS43 KTOP 230633
CLIMHK


CLIMATE REPORT
NATIONAL WEATHER SERVICE TOPEKA KS
132 AM CDT SAT SEP 23 2017


...................................

...THE MANHATTAN KS CLIMATE SUMMARY FOR SEPTEMBER 22 2017...

CLIMATE NORMAL PERIOD 1981 TO 2010
CLIMATE RECORD PERIOD 9999 TO 9999


WEATHER ITEM   OBSERVED NORMAL DEPARTURE LAST
                VALUE   VALUE  FROM      YEAR
                               NORMAL
...............................................
TEMPERATURE (F)
 YESTERDAY
  MAXIMUM         97     78     19       92
  MINIMUM         77     52     25       71
  AVERAGE         87     65     22       82

PRECIPITATION (IN)
  YESTERDAY        0.00   0.09  -0.09     0.00
  MONTH TO DATE    0.31   2.48  -2.17     2.33
  SINCE SEP 1      0.31   2.48  -2.17     2.33
  SINCE JAN 1     23.87  27.02  -3.15    29.49

DEGREE DAYS
 HEATING
  YESTERDAY        0      3     -3        0
  MONTH TO DATE    9     30    -21        2
  SINCE SEP 1      9     30    -21        2
  SINCE JUL 1      9     33    -24        2

 COOLING
  YESTERDAY       22      3     19       17
  MONTH TO DATE  201    132     69      219
  SINCE SEP 1    201    132     69      219
  SINCE JAN 1   1456   1315    141     1675
...............................................


WIND (MPH)
  HIGHEST WIND SPEED    25   HIGHEST WIND DIRECTION     S (160)
  HIGHEST GUST SPEED    32   HIGHEST GUST DIRECTION     S (160)
  AVERAGE WIND SPEED    13.9


SKY COVER
  AVERAGE SKY COVER 0.0


WEATHER CONDITIONS
 THE FOLLOWING WEATHER WAS RECORDED YESTERDAY.
  NO SIGNIFICANT WEATHER WAS OBSERVED.


RELATIVE HUMIDITY (PERCENT)
 HIGHEST    76
 LOWEST     39
 AVERAGE    58

..........................................................


THE MANHATTAN KS CLIMATE NORMALS FOR TODAY
                         NORMAL
 MAXIMUM TEMPERATURE (F)   78
 MINIMUM TEMPERATURE (F)   52


SUNRISE AND SUNSET
SEPTEMBER 23 2017.....SUNRISE   715 AM CDT   SUNSET   722 PM CDT
SEPTEMBER 24 2017.....SUNRISE   716 AM CDT   SUNSET   720 PM CDT


-  INDICATES NEGATIVE NUMBERS.
R  INDICATES RECORD WAS SET OR TIED.
MM INDICATES DATA IS MISSING.
T  INDICATES TRACE AMOUNT.




$$
