000
CDUS43 KTOP 030638
CLIMHK


CLIMATE REPORT
NATIONAL WEATHER SERVICE TOPEKA KS
138 AM CDT WED JUN 3 2015


...................................

...THE MANHATTAN KS CLIMATE SUMMARY FOR JUNE 2 2015...

CLIMATE NORMAL PERIOD 1981 TO 2010
CLIMATE RECORD PERIOD 9999 TO 9999


WEATHER ITEM   OBSERVED NORMAL DEPARTURE LAST
                VALUE   VALUE  FROM      YEAR
                               NORMAL
...............................................
TEMPERATURE (F)
 YESTERDAY
  MAXIMUM         84     82      2       83
  MINIMUM         58     58      0       61
  AVERAGE         71     70      1       72

PRECIPITATION (IN)
  YESTERDAY        0.14   0.15  -0.01     0.00
  MONTH TO DATE    0.14   0.31  -0.17     1.13
  SINCE JUN 1      0.14   0.31  -0.17     1.13
  SINCE JAN 1     14.36  11.51   2.85     6.98

DEGREE DAYS
 HEATING
  YESTERDAY        0      1     -1        0
  MONTH TO DATE    0      2     -2        0
  SINCE JUN 1      0      2     -2        0
  SINCE JUL 1   5129   5306   -177     5741

 COOLING
  YESTERDAY        6      6      0        7
  MONTH TO DATE    6     11     -5       18
  SINCE JUN 1      6     11     -5       18
  SINCE JAN 1     87    111    -24      221
...............................................


WIND (MPH)
  HIGHEST WIND SPEED    20   HIGHEST WIND DIRECTION     S (180)
  HIGHEST GUST SPEED    26   HIGHEST GUST DIRECTION    SE (150)
  AVERAGE WIND SPEED     9.3


SKY COVER
  AVERAGE SKY COVER 0.6


WEATHER CONDITIONS
 THE FOLLOWING WEATHER WAS RECORDED YESTERDAY.
  THUNDERSTORM
  HEAVY RAIN
  RAIN
  FOG


RELATIVE HUMIDITY (PERCENT)
 HIGHEST    90
 LOWEST     58
 AVERAGE    74

..........................................................


THE MANHATTAN KS CLIMATE NORMALS FOR TODAY
                         NORMAL
 MAXIMUM TEMPERATURE (F)   82
 MINIMUM TEMPERATURE (F)   58


SUNRISE AND SUNSET
JUNE  3 2015..........SUNRISE   602 AM CDT   SUNSET   848 PM CDT
JUNE  4 2015..........SUNRISE   601 AM CDT   SUNSET   849 PM CDT


-  INDICATES NEGATIVE NUMBERS.
R  INDICATES RECORD WAS SET OR TIED.
MM INDICATES DATA IS MISSING.
T  INDICATES TRACE AMOUNT.




$$
