000
CDUS46 KMFR 220037
CLIMHS


CLIMATE REPORT
NATIONAL WEATHER SERVICE MEDFORD, OR
537 PM PDT THU AUG 21 2014


...................................

...THE MT SHASTA CITY CA CLIMATE SUMMARY FOR AUGUST 21 2014...
VALID TODAY AS OF 0500 PM LOCAL TIME.

CLIMATE NORMAL PERIOD 1981 TO 2010
CLIMATE RECORD PERIOD 1908 TO 2014


WEATHER ITEM   OBSERVED TIME   RECORD YEAR NORMAL DEPARTURE LAST
                VALUE   (LST)  VALUE       VALUE  FROM      YEAR
                                                  NORMAL
..................................................................
TEMPERATURE (F)
 TODAY
  MAXIMUM         85    240 PM  95    2009  84      1       93
                                      1950
  MINIMUM         49    606 AM  33    1927  47      2       56
  AVERAGE         67                        66      1       75

PRECIPITATION (IN)
  TODAY            0.00          0.30 1983   0.01  -0.01     0.00
  MONTH TO DATE    0.21                      0.21   0.00     0.00
  SINCE SEP 1     15.10                     43.08 -27.98    27.88
  SINCE JAN 1     12.28                     27.20 -14.92     7.18

SNOWFALL (IN)
  TODAY           MM                         0.0   MM       MM
  MONTH TO DATE   MM                         0.0   MM       MM
  SINCE JUL 1     MM                         0.0   MM       MM
  SNOW DEPTH      MM

DEGREE DAYS
 HEATING
  TODAY            0                         2     -2        0
  MONTH TO DATE    1                        22    -21        8
  SINCE JUN 1     58                       197   -139       95
  SINCE JUL 1      2                        55    -53        8

 COOLING
  TODAY            2                         2      0       10
  MONTH TO DATE  116                        71     45       80
  SINCE JUN 1    464                       231    233      402
  SINCE JAN 1    473                       239    234      411
..................................................................


WIND (MPH)
  HIGHEST WIND SPEED     7   HIGHEST WIND DIRECTION    SW (220)
  HIGHEST GUST SPEED    13   HIGHEST GUST DIRECTION    NW (300)
  AVERAGE WIND SPEED     2.2


SKY COVER
  POSSIBLE SUNSHINE  MM
  AVERAGE SKY COVER 0.0


WEATHER CONDITIONS
 THE FOLLOWING WEATHER WAS RECORDED TODAY.
  NO SIGNIFICANT WEATHER WAS OBSERVED.


RELATIVE HUMIDITY (PERCENT)
 HIGHEST    86           600 AM
 LOWEST     29           200 PM

..........................................................


THE MT SHASTA CITY CA CLIMATE NORMALS FOR TOMORROW
                         NORMAL    RECORD    YEAR
 MAXIMUM TEMPERATURE (F)   84        97      1982
 MINIMUM TEMPERATURE (F)   47        34      1968


SUNRISE AND SUNSET
AUGUST 21 2014........SUNRISE   625 AM PDT   SUNSET   759 PM PDT
AUGUST 22 2014........SUNRISE   626 AM PDT   SUNSET   758 PM PDT


-  INDICATES NEGATIVE NUMBERS.
R  INDICATES RECORD WAS SET OR TIED.
MM INDICATES DATA IS MISSING.
T  INDICATES TRACE AMOUNT.




$$
