000
CDUS46 KMFR 210836
CLIMHS


CLIMATE REPORT
NATIONAL WEATHER SERVICE MEDFORD, OR
1236 AM PST SUN DEC 21 2014


...................................

...THE MT SHASTA CITY CA CLIMATE SUMMARY FOR DECEMBER 20 2014...

CLIMATE NORMAL PERIOD 1981 TO 2010
CLIMATE RECORD PERIOD 1908 TO 2014


WEATHER ITEM   OBSERVED TIME   RECORD YEAR NORMAL DEPARTURE LAST
                VALUE   (LST)  VALUE       VALUE  FROM      YEAR
                                                  NORMAL
..................................................................
TEMPERATURE (F)
 YESTERDAY
  MAXIMUM         45   1159 PM  61    1946  44      1       52
  MINIMUM         41    535 AM   4    1914  26     15       24
  AVERAGE         43                        35      8       38

PRECIPITATION (IN)
  YESTERDAY        0.18          2.20 1969   0.28  -0.10      T
  MONTH TO DATE   12.35                      4.96   7.39     0.24
  SINCE SEP 1     21.60                     12.99   8.61     2.82
  SINCE JAN 1     33.88                     40.32  -6.44    10.00

SNOWFALL (IN)
  YESTERDAY       MM                         0.9   MM       MM
  MONTH TO DATE   MM                        14.3   MM       MM
  SINCE JUL 1     MM                        22.1   MM        0.0
  SNOW DEPTH      MM

DEGREE DAYS
 HEATING
  YESTERDAY       22                        30     -8       27
  MONTH TO DATE  433                       592   -159      673
  SINCE DEC 1    433                       592   -159      673
  SINCE JUL 1   1443                      1989   -546     1910

 COOLING
  YESTERDAY        0                         0      0        0
  MONTH TO DATE    0                         0      0        0
  SINCE DEC 1      0                         0      0        0
  SINCE JAN 1    547                       288    259      474
..................................................................


WIND (MPH)
  HIGHEST WIND SPEED    10   HIGHEST WIND DIRECTION     E (90)
  HIGHEST GUST SPEED    16   HIGHEST GUST DIRECTION     E (90)
  AVERAGE WIND SPEED     4.6


SKY COVER
  POSSIBLE SUNSHINE  MM
  AVERAGE SKY COVER 1.0


WEATHER CONDITIONS
 THE FOLLOWING WEATHER WAS RECORDED YESTERDAY.
  LIGHT RAIN


RELATIVE HUMIDITY (PERCENT)
 HIGHEST    92           800 PM
 LOWEST     82           100 AM

..........................................................


THE MT SHASTA CITY CA CLIMATE NORMALS FOR TODAY
                         NORMAL    RECORD    YEAR
 MAXIMUM TEMPERATURE (F)   44        57      1950
 MINIMUM TEMPERATURE (F)   26        -6      1998


SUNRISE AND SUNSET
DECEMBER 21 2014......SUNRISE   732 AM PST   SUNSET   443 PM PST
DECEMBER 22 2014......SUNRISE   732 AM PST   SUNSET   444 PM PST


-  INDICATES NEGATIVE NUMBERS.
R  INDICATES RECORD WAS SET OR TIED.
MM INDICATES DATA IS MISSING.
T  INDICATES TRACE AMOUNT.




$$
