000
CDUS46 KMFR 170837
CLIMHS


CLIMATE REPORT
NATIONAL WEATHER SERVICE MEDFORD, OR
1236 AM PST TUE JAN 17 2017


...................................

...THE MT SHASTA CITY CA CLIMATE SUMMARY FOR JANUARY 16 2017...

CLIMATE NORMAL PERIOD 1981 TO 2010
CLIMATE RECORD PERIOD 1908 TO 2017


WEATHER ITEM   OBSERVED TIME   RECORD YEAR NORMAL DEPARTURE LAST
                VALUE   (LST)  VALUE       VALUE  FROM      YEAR
                                                  NORMAL
..................................................................
TEMPERATURE (F)
 YESTERDAY
  MAXIMUM         53    233 PM  64    1961  45      8       43
  MINIMUM         25    530 AM   0    1917  26     -1       35
  AVERAGE         39                        36      3       39

PRECIPITATION (IN)
  YESTERDAY        0.00          3.45 1974   0.23  -0.23     0.32
  MONTH TO DATE    7.11                      3.83   3.28     5.18
  SINCE OCT 1     28.27                     19.04   9.23    14.67
  SINCE JAN 1      7.11                      3.83   3.28     5.18

SNOWFALL (IN)
  YESTERDAY       MM                         0.6   MM       MM
  MONTH TO DATE   MM                        11.8   MM       MM
  SINCE JUL 1     MM                        44.5   MM       MM
  SNOW DEPTH      MM

DEGREE DAYS
 HEATING
  YESTERDAY       26                        29     -3       26
  MONTH TO DATE  530                       474     56      484
  SINCE DEC 1   1512                      1399    113     1399
  SINCE JUL 1   2697                      2796    -99     2531

 COOLING
  YESTERDAY        0                         0      0        0
  MONTH TO DATE    0                         0      0        0
  SINCE DEC 1      0                         0      0        0
  SINCE JAN 1      0                         0      0        0
..................................................................


WIND (MPH)
  HIGHEST WIND SPEED     9   HIGHEST WIND DIRECTION    NW (320)
  HIGHEST GUST SPEED    15   HIGHEST GUST DIRECTION    NW (320)
  AVERAGE WIND SPEED     2.9


SKY COVER
  POSSIBLE SUNSHINE  MM
  AVERAGE SKY COVER 0.1


WEATHER CONDITIONS
 THE FOLLOWING WEATHER WAS RECORDED YESTERDAY.
  FOG
  HAZE


RELATIVE HUMIDITY (PERCENT)
 HIGHEST    88           500 AM
 LOWEST     30           300 PM

..........................................................


THE MT SHASTA CITY CA CLIMATE NORMALS FOR TODAY
                         NORMAL    RECORD    YEAR
 MAXIMUM TEMPERATURE (F)   45        63      1920
 MINIMUM TEMPERATURE (F)   26         0      1917


SUNRISE AND SUNSET
JANUARY 17 2017.......SUNRISE   732 AM PST   SUNSET   508 PM PST
JANUARY 18 2017.......SUNRISE   731 AM PST   SUNSET   509 PM PST


-  INDICATES NEGATIVE NUMBERS.
R  INDICATES RECORD WAS SET OR TIED.
MM INDICATES DATA IS MISSING.
T  INDICATES TRACE AMOUNT.




$$
