337
CDUS46 KMFR 280836
CLIMHS


CLIMATE REPORT
NATIONAL WEATHER SERVICE MEDFORD, OR
135 AM PDT FRI JUL 28 2017


...................................

...THE MT SHASTA CITY CA CLIMATE SUMMARY FOR JULY 27 2017...

CLIMATE NORMAL PERIOD 1981 TO 2010
CLIMATE RECORD PERIOD 1908 TO 2017


WEATHER ITEM   OBSERVED TIME   RECORD YEAR NORMAL DEPARTURE LAST
                VALUE   (LST)  VALUE       VALUE  FROM      YEAR
                                                  NORMAL
..................................................................
TEMPERATURE (F)
 YESTERDAY
  MAXIMUM         93    251 PM  99    2016  88      5       99
                                      1931
  MINIMUM         53    515 AM  39    1987  50      3       55
  AVERAGE         73                        69      4       77

PRECIPITATION (IN)
  YESTERDAY        0.00          1.25 1944   0.01  -0.01     0.00
  MONTH TO DATE    0.00                      0.35  -0.35      T
  SINCE OCT 1     59.73                     42.16  17.57    42.31
  SINCE JAN 1     38.57                     26.95  11.62    32.82

SNOWFALL (IN)
  YESTERDAY       MM                         0.0   MM       MM
  MONTH TO DATE   MM                         0.0   MM       MM
  SINCE JUL 1     MM                         0.0   MM       MM
  SNOW DEPTH      MM

DEGREE DAYS
 HEATING
  YESTERDAY        0                         1     -1        0
  MONTH TO DATE    0                        33    -33       15
  SINCE JUN 1    105                       175    -70      102
  SINCE JUL 1      0                        33    -33       15

 COOLING
  YESTERDAY        8                         5      3       12
  MONTH TO DATE  193                       107     86      118
  SINCE JUN 1    299                       144    155      225
  SINCE JAN 1    313                       152    161      233
..................................................................


WIND (MPH)
  HIGHEST WIND SPEED     6   HIGHEST WIND DIRECTION    SE (120)
  HIGHEST GUST SPEED    12   HIGHEST GUST DIRECTION    SE (130)
  AVERAGE WIND SPEED     1.1


SKY COVER
  POSSIBLE SUNSHINE  MM
  AVERAGE SKY COVER 0.0


WEATHER CONDITIONS
 THE FOLLOWING WEATHER WAS RECORDED YESTERDAY.
  NO SIGNIFICANT WEATHER WAS OBSERVED.


RELATIVE HUMIDITY (PERCENT)
 HIGHEST    83           500 AM
 LOWEST     23           300 PM

..........................................................


THE MT SHASTA CITY CA CLIMATE NORMALS FOR TODAY
                         NORMAL    RECORD    YEAR
 MAXIMUM TEMPERATURE (F)   88       102      2016
 MINIMUM TEMPERATURE (F)   50        38      1965


SUNRISE AND SUNSET
JULY 28 2017..........SUNRISE   601 AM PDT   SUNSET   830 PM PDT
JULY 29 2017..........SUNRISE   602 AM PDT   SUNSET   829 PM PDT


-  INDICATES NEGATIVE NUMBERS.
R  INDICATES RECORD WAS SET OR TIED.
MM INDICATES DATA IS MISSING.
T  INDICATES TRACE AMOUNT.




$$
