000
CDUS46 KMFR 040835
CLIMHS


CLIMATE REPORT
NATIONAL WEATHER SERVICE MEDFORD, OR
1235 AM PST SUN DEC 4 2016


...................................

...THE MT SHASTA CITY CA CLIMATE SUMMARY FOR DECEMBER 3 2016...

CLIMATE NORMAL PERIOD 1981 TO 2010
CLIMATE RECORD PERIOD 1908 TO 2016


WEATHER ITEM   OBSERVED TIME   RECORD YEAR NORMAL DEPARTURE LAST
                VALUE   (LST)  VALUE       VALUE  FROM      YEAR
                                                  NORMAL
..................................................................
TEMPERATURE (F)
 YESTERDAY
  MAXIMUM         51    210 PM  66    1958  46      5       44
  MINIMUM         30   1209 AM  12    1909  27      3       33
  AVERAGE         41                        36      5       39

PRECIPITATION (IN)
  YESTERDAY        0.00          2.74 1974   0.22  -0.22     1.26
  MONTH TO DATE    0.00                      0.67  -0.67     1.35
  SINCE OCT 1     16.47                      8.03   8.44     3.38
  SINCE JAN 1     49.37                     36.03  13.34    20.56

SNOWFALL (IN)
  YESTERDAY       MM                         0.5   MM       MM
  MONTH TO DATE   MM                         1.5   MM       MM
  SINCE JUL 1     MM                         9.3   MM       MM
  SNOW DEPTH      MM

DEGREE DAYS
 HEATING
  YESTERDAY       24                        29     -5       26
  MONTH TO DATE   82                        86     -4       78
  SINCE DEC 1     82                        86     -4       78
  SINCE JUL 1   1267                      1483   -216     1210

 COOLING
  YESTERDAY        0                         0      0        0
  MONTH TO DATE    0                         0      0        0
  SINCE DEC 1      0                         0      0        0
  SINCE JAN 1    513                       288    225      544
..................................................................


WIND (MPH)
  HIGHEST WIND SPEED    12   HIGHEST WIND DIRECTION     W (290)
  HIGHEST GUST SPEED    18   HIGHEST GUST DIRECTION     W (290)
  AVERAGE WIND SPEED     3.0


SKY COVER
  POSSIBLE SUNSHINE  MM
  AVERAGE SKY COVER 0.0


WEATHER CONDITIONS
 THE FOLLOWING WEATHER WAS RECORDED YESTERDAY.
  FOG
  HAZE


RELATIVE HUMIDITY (PERCENT)
 HIGHEST    82           700 PM
 LOWEST     54           300 PM

..........................................................


THE MT SHASTA CITY CA CLIMATE NORMALS FOR TODAY
                         NORMAL    RECORD    YEAR
 MAXIMUM TEMPERATURE (F)   45        71      1939
 MINIMUM TEMPERATURE (F)   27        11      2013


SUNRISE AND SUNSET
DECEMBER  4 2016......SUNRISE   719 AM PST   SUNSET   440 PM PST
DECEMBER  5 2016......SUNRISE   720 AM PST   SUNSET   440 PM PST


-  INDICATES NEGATIVE NUMBERS.
R  INDICATES RECORD WAS SET OR TIED.
MM INDICATES DATA IS MISSING.
T  INDICATES TRACE AMOUNT.




$$
