000
CDUS46 KMFR 050037
CLIMHS


CLIMATE REPORT
NATIONAL WEATHER SERVICE MEDFORD, OR
537 PM PDT TUE AUG 4 2015


...................................

...THE MT SHASTA CITY CA CLIMATE SUMMARY FOR AUGUST 4 2015...
VALID TODAY AS OF 0500 PM LOCAL TIME.

CLIMATE NORMAL PERIOD 1981 TO 2010
CLIMATE RECORD PERIOD 1908 TO 2015


WEATHER ITEM   OBSERVED TIME   RECORD YEAR NORMAL DEPARTURE LAST
                VALUE   (LST)  VALUE       VALUE  FROM      YEAR
                                                  NORMAL
..................................................................
TEMPERATURE (F)
 TODAY
  MAXIMUM         88    233 PM 100    1932  87      1       83
  MINIMUM         50    546 AM  37    1929  50      0       53
  AVERAGE         69                        69      0       68

PRECIPITATION (IN)
  TODAY            0.00          0.17 2014   0.01  -0.01     0.17
  MONTH TO DATE    T                         0.04  -0.04     0.17
  SINCE OCT 1     36.40                     42.24  -5.84    13.35
  SINCE JAN 1     16.88                     27.03 -10.15    12.24

SNOWFALL (IN)
  TODAY           MM                         0.0   MM       MM
  MONTH TO DATE   MM                         0.0   MM       MM
  SINCE JUL 1     MM                         0.0   MM       MM
  SNOW DEPTH      MM

DEGREE DAYS
 HEATING
  TODAY            0                         1     -1        0
  MONTH TO DATE    0                         4     -4        0
  SINCE JUN 1     26                       179   -153       57
  SINCE JUL 1      5                        37    -32        1

 COOLING
  TODAY            4                         4      0        3
  MONTH TO DATE   35                        16     19       29
  SINCE JUN 1    388                       176    212      377
  SINCE JAN 1    393                       184    209      386
..................................................................


WIND (MPH)
  HIGHEST WIND SPEED     6   HIGHEST WIND DIRECTION    SE (130)
  HIGHEST GUST SPEED    11   HIGHEST GUST DIRECTION    SE (130)
  AVERAGE WIND SPEED     0.5


SKY COVER
  POSSIBLE SUNSHINE  MM
  AVERAGE SKY COVER 0.0


WEATHER CONDITIONS
 THE FOLLOWING WEATHER WAS RECORDED TODAY.
  NO SIGNIFICANT WEATHER WAS OBSERVED.


RELATIVE HUMIDITY (PERCENT)
 HIGHEST    77           200 AM
 LOWEST     16          1200 PM

..........................................................


THE MT SHASTA CITY CA CLIMATE NORMALS FOR TOMORROW
                         NORMAL    RECORD    YEAR
 MAXIMUM TEMPERATURE (F)   87       101      1932
 MINIMUM TEMPERATURE (F)   50        37      2002
                                             1950


SUNRISE AND SUNSET
AUGUST  4 2015........SUNRISE   607 AM PDT   SUNSET   823 PM PDT
AUGUST  5 2015........SUNRISE   608 AM PDT   SUNSET   822 PM PDT


-  INDICATES NEGATIVE NUMBERS.
R  INDICATES RECORD WAS SET OR TIED.
MM INDICATES DATA IS MISSING.
T  INDICATES TRACE AMOUNT.




$$
