000
CDUS42 KMFL 230824
CLIMIA


CLIMATE REPORT
NATIONAL WEATHER SERVICE MIAMI, FL
424 AM EDT SAT MAY 23 2015


...................................

...THE MIAMI CLIMATE SUMMARY FOR MAY 22 2015...

CLIMATE NORMAL PERIOD 1981 TO 2010
CLIMATE RECORD PERIOD 1895 TO 2015


WEATHER ITEM   OBSERVED TIME   RECORD YEAR NORMAL DEPARTURE LAST
                VALUE   (LST)  VALUE       VALUE  FROM      YEAR
                                                  NORMAL
..................................................................
TEMPERATURE (F)
 YESTERDAY
  MAXIMUM         91   1037 AM  95    1990  88      3       87
  MINIMUM         75   1139 PM  63    1948  74      1       72
                                      1937
  AVERAGE         83                        81      2       80

PRECIPITATION (IN)
  YESTERDAY        0.08          9.70 2012   0.20  -0.12     0.00
  MONTH TO DATE    1.04                      3.19  -2.15     3.23
  SINCE NOV 1     14.13                     18.51  -4.38    20.49
  SINCE JAN 1     10.15                     13.20  -3.05    10.09

SNOWFALL (IN)
  YESTERDAY        0.0
  MONTH TO DATE    0.0
  SINCE MAR 1      0.0
  SINCE JUL 1      0.0
  SNOW DEPTH       0

DEGREE DAYS
 HEATING
  YESTERDAY        0                         0      0        0
  MONTH TO DATE    0                         0      0        0
  SINCE MAR 1      0                        12    -12        0
  SINCE JUL 1     76                       128    -52       61

 COOLING
  YESTERDAY       18                        16      2       15
  MONTH TO DATE  342                       316     26      338
  SINCE MAR 1   1182                       887    295      998
  SINCE JAN 1   1521                      1209    312     1419
..................................................................


WIND (MPH)
  HIGHEST WIND SPEED    22   HIGHEST WIND DIRECTION     W (270)
  HIGHEST GUST SPEED    34   HIGHEST GUST DIRECTION     W (290)
  AVERAGE WIND SPEED     6.1


SKY COVER
  POSSIBLE SUNSHINE  41 PERCENT
  AVERAGE SKY COVER 0.6


WEATHER CONDITIONS
 THE FOLLOWING WEATHER WAS RECORDED YESTERDAY.
  THUNDERSTORM


RELATIVE HUMIDITY (PERCENT)
 HIGHEST    82
 LOWEST     52
 AVERAGE    67

..........................................................


THE MIAMI CLIMATE NORMALS FOR TODAY
                         NORMAL    RECORD    YEAR
 MAXIMUM TEMPERATURE (F)   88        94      1951
                                             1940
 MINIMUM TEMPERATURE (F)   74        60      1940


SUNRISE AND SUNSET
MAY 23 2015...........SUNRISE   632 AM EDT   SUNSET   804 PM EDT
MAY 24 2015...........SUNRISE   632 AM EDT   SUNSET   804 PM EDT


-  INDICATES NEGATIVE NUMBERS.
R  INDICATES RECORD WAS SET OR TIED.
MM INDICATES DATA IS MISSING.
T  INDICATES TRACE AMOUNT.




$$
