000
CDUS42 KMFL 250824
CLIMIA


CLIMATE REPORT
NATIONAL WEATHER SERVICE MIAMI, FL
423 AM EDT MON SEP 25 2017


...................................

...THE MIAMI CLIMATE SUMMARY FOR SEPTEMBER 24 2017...

CLIMATE NORMAL PERIOD 1981 TO 2010
CLIMATE RECORD PERIOD 1895 TO 2017


WEATHER ITEM   OBSERVED TIME   RECORD YEAR NORMAL DEPARTURE LAST
                VALUE   (LST)  VALUE       VALUE  FROM      YEAR
                                                  NORMAL
..................................................................
TEMPERATURE (F)
 YESTERDAY
  MAXIMUM         91    130 PM  92    2013  89      2       89
                                      2011
  MINIMUM         80    713 AM  70    1943  76      4       76
                                      1918
                                      1897
  AVERAGE         86                        82      4       83

PRECIPITATION (IN)
  YESTERDAY        0.01          2.83 1918   0.34  -0.33     0.71
  MONTH TO DATE   13.35                      7.94   5.41     4.74
  SINCE JUN 1     50.34                     32.99  17.35    31.34
  SINCE JAN 1     63.82                     48.34  15.48    51.73

SNOWFALL (IN)
  YESTERDAY        0.0
  MONTH TO DATE    0.0
  SINCE SEP 1      0.0
  SINCE JUL 1      0.0
  SNOW DEPTH       0

DEGREE DAYS
 HEATING
  YESTERDAY        0                         0      0        0
  MONTH TO DATE    0                         0      0        0
  SINCE SEP 1      0                         0      0        0
  SINCE JUL 1      0                         0      0        0

 COOLING
  YESTERDAY       21                        18      3       18
  MONTH TO DATE  489                       434     55      458
  SINCE SEP 1    489                       434     55      458
  SINCE JAN 1   4063                      3509    554     3690
..................................................................


WIND (MPH)
  HIGHEST WIND SPEED    14   HIGHEST WIND DIRECTION     E (100)
  HIGHEST GUST SPEED    16   HIGHEST GUST DIRECTION     E (110)
  AVERAGE WIND SPEED     3.7


SKY COVER
  POSSIBLE SUNSHINE  14 PERCENT
  AVERAGE SKY COVER 0.6


WEATHER CONDITIONS
 THE FOLLOWING WEATHER WAS RECORDED YESTERDAY.
  NO SIGNIFICANT WEATHER WAS OBSERVED.


RELATIVE HUMIDITY (PERCENT)
 HIGHEST    94
 LOWEST     59
 AVERAGE    77

..........................................................


THE MIAMI CLIMATE NORMALS FOR TODAY
                         NORMAL    RECORD    YEAR
 MAXIMUM TEMPERATURE (F)   89        92      1987
                                             1940
                                             1908
 MINIMUM TEMPERATURE (F)   76        65      1903


SUNRISE AND SUNSET
SEPTEMBER 25 2017.....SUNRISE   711 AM EDT   SUNSET   714 PM EDT
SEPTEMBER 26 2017.....SUNRISE   711 AM EDT   SUNSET   713 PM EDT


-  INDICATES NEGATIVE NUMBERS.
R  INDICATES RECORD WAS SET OR TIED.
MM INDICATES DATA IS MISSING.
T  INDICATES TRACE AMOUNT.




$$
