000
CDUS42 KMFL 042018
CLIMIA


CLIMATE REPORT
NATIONAL WEATHER SERVICE MIAMI, FL
418 PM EDT TUE AUG 4 2015


...................................

...THE MIAMI CLIMATE SUMMARY FOR AUGUST 4 2015...
VALID TODAY AS OF 0400 PM LOCAL TIME.

CLIMATE NORMAL PERIOD 1981 TO 2010
CLIMATE RECORD PERIOD 1895 TO 2015


WEATHER ITEM   OBSERVED TIME   RECORD YEAR NORMAL DEPARTURE LAST
                VALUE   (LST)  VALUE       VALUE  FROM      YEAR
                                                  NORMAL
..................................................................
TEMPERATURE (F)
 TODAY
  MAXIMUM         92    242 PM  95    2005  91      1       88
                                      1954
  MINIMUM         76    217 AM  67    1937  78     -2       74
  AVERAGE         84                        85     -1       81

PRECIPITATION (IN)
  TODAY            0.00          2.17 1979   0.25  -0.25     0.68
  MONTH TO DATE    0.04                      0.99  -0.95     1.30
  SINCE JUN 1      9.55                     17.16  -7.61    31.21
  SINCE JAN 1     21.05                     32.51 -11.46    41.36

SNOWFALL (IN)
  TODAY            0.0
  MONTH TO DATE    0.0
  SINCE JUN 1      0.0
  SINCE JUL 1      0.0
  SNOW DEPTH       0

DEGREE DAYS
 HEATING
  TODAY            0                         0      0        0
  MONTH TO DATE    0                         0      0        0
  SINCE JUN 1      0                         0      0        0
  SINCE JUL 1      0                         0      0        0

 COOLING
  TODAY           19                        20     -1       16
  MONTH TO DATE   77                        80     -3       71
  SINCE JUN 1   1261                      1204     57     1166
  SINCE JAN 1   2938                      2560    378     2740
..................................................................


WIND (MPH)
  HIGHEST WIND SPEED    15   HIGHEST WIND DIRECTION     E (110)
  HIGHEST GUST SPEED    20   HIGHEST GUST DIRECTION    SE (120)
  AVERAGE WIND SPEED     4.2


SKY COVER
  AVERAGE SKY COVER 0.4


WEATHER CONDITIONS
 THE FOLLOWING WEATHER WAS RECORDED TODAY.
  NO SIGNIFICANT WEATHER WAS OBSERVED.


RELATIVE HUMIDITY (PERCENT)
 HIGHEST    85
 LOWEST     49
 AVERAGE    67

..........................................................


THE MIAMI CLIMATE NORMALS FOR TOMORROW
                         NORMAL    RECORD    YEAR
 MAXIMUM TEMPERATURE (F)   91        97      2007
 MINIMUM TEMPERATURE (F)   78        70      1959
                                             1936
                                             1908


SUNRISE AND SUNSET
AUGUST  4 2015........SUNRISE   649 AM EDT   SUNSET   805 PM EDT
AUGUST  5 2015........SUNRISE   649 AM EDT   SUNSET   805 PM EDT


-  INDICATES NEGATIVE NUMBERS.
R  INDICATES RECORD WAS SET OR TIED.
MM INDICATES DATA IS MISSING.
T  INDICATES TRACE AMOUNT.




$$
