000
CDUS42 KMFL 300832
CLIMIA


CLIMATE REPORT
NATIONAL WEATHER SERVICE MIAMI, FL
431 AM EDT SUN AUG 30 2015


...................................

...THE MIAMI CLIMATE SUMMARY FOR AUGUST 29 2015...

CLIMATE NORMAL PERIOD 1981 TO 2010
CLIMATE RECORD PERIOD 1895 TO 2015


WEATHER ITEM   OBSERVED TIME   RECORD YEAR NORMAL DEPARTURE LAST
                VALUE   (LST)  VALUE       VALUE  FROM      YEAR
                                                  NORMAL
..................................................................
TEMPERATURE (F)
 YESTERDAY
  MAXIMUM         93   1257 PM  95    1952  90      3       92
  MINIMUM         80   1159 PM  69    1912  77      3       81
  AVERAGE         87                        84      3       87

PRECIPITATION (IN)
  YESTERDAY        0.14          7.26 1932   0.32  -0.18     0.00
  MONTH TO DATE    6.26                      8.25  -1.99     9.07
  SINCE JUN 1     15.77                     24.42  -8.65    38.98
  SINCE JAN 1     27.27                     39.77 -12.50    49.13

SNOWFALL (IN)
  YESTERDAY        0.0
  MONTH TO DATE    0.0
  SINCE JUN 1      0.0
  SINCE JUL 1      0.0
  SNOW DEPTH       0

DEGREE DAYS
 HEATING
  YESTERDAY        0                         0      0        0
  MONTH TO DATE    0                         0      0        0
  SINCE JUN 1      0                         0      0        0
  SINCE JUL 1      0                         0      0        0

 COOLING
  YESTERDAY       22                        19      3       22
  MONTH TO DATE  582                       559     23      581
  SINCE JUN 1   1766                      1683     83     1676
  SINCE JAN 1   3443                      3039    404     3250
..................................................................


WIND (MPH)
  HIGHEST WIND SPEED    26   HIGHEST WIND DIRECTION     E (100)
  HIGHEST GUST SPEED    32   HIGHEST GUST DIRECTION     E (90)
  AVERAGE WIND SPEED    11.0


SKY COVER
  POSSIBLE SUNSHINE  45 PERCENT
  AVERAGE SKY COVER 0.8


WEATHER CONDITIONS
 THE FOLLOWING WEATHER WAS RECORDED YESTERDAY.
  THUNDERSTORM
  RAIN
  LIGHT RAIN
  FOG


RELATIVE HUMIDITY (PERCENT)
 HIGHEST    88
 LOWEST     64
 AVERAGE    76

..........................................................


THE MIAMI CLIMATE NORMALS FOR TODAY
                         NORMAL    RECORD    YEAR
 MAXIMUM TEMPERATURE (F)   90        95      1981
                                             1951
 MINIMUM TEMPERATURE (F)   77        68      1942


SUNRISE AND SUNSET
AUGUST 30 2015........SUNRISE   700 AM EDT   SUNSET   743 PM EDT
AUGUST 31 2015........SUNRISE   701 AM EDT   SUNSET   742 PM EDT


-  INDICATES NEGATIVE NUMBERS.
R  INDICATES RECORD WAS SET OR TIED.
MM INDICATES DATA IS MISSING.
T  INDICATES TRACE AMOUNT.




$$
