000
CDUS42 KMFL 290839
CLIMIA


CLIMATE REPORT
NATIONAL WEATHER SERVICE MIAMI, FL
438 AM EDT SUN MAR 29 2015


...................................

...THE MIAMI CLIMATE SUMMARY FOR MARCH 28 2015...

CLIMATE NORMAL PERIOD 1981 TO 2010
CLIMATE RECORD PERIOD 1895 TO 2015


WEATHER ITEM   OBSERVED TIME   RECORD YEAR NORMAL DEPARTURE LAST
                VALUE   (LST)  VALUE       VALUE  FROM      YEAR
                                                  NORMAL
..................................................................
TEMPERATURE (F)
 YESTERDAY
  MAXIMUM         73   1228 PM  89    1946  81     -8       82
  MINIMUM         63    903 AM  52    1955  66     -3       71
                                      1897
  AVERAGE         68                        74     -6       77

PRECIPITATION (IN)
  YESTERDAY        0.00          2.52 1940   0.11  -0.11     0.00
  MONTH TO DATE    1.32                      2.66  -1.34     2.33
  SINCE NOV 1      9.06                     11.84  -2.78    15.80
  SINCE JAN 1      5.08                      6.53  -1.45     5.40

SNOWFALL (IN)
  YESTERDAY        0.0
  MONTH TO DATE    0.0
  SINCE MAR 1      0.0
  SINCE JUL 1      0.0
  SNOW DEPTH       0

DEGREE DAYS
 HEATING
  YESTERDAY        0                         0      0        0
  MONTH TO DATE    0                         8     -8        0
  SINCE MAR 1      0                         8     -8        0
  SINCE JUL 1     76                       124    -48       61

 COOLING
  YESTERDAY        3                         9     -6       12
  MONTH TO DATE  356                       220    136      251
  SINCE MAR 1    356                       220    136      251
  SINCE JAN 1    695                       542    153      672
..................................................................


WIND (MPH)
  HIGHEST WIND SPEED    17   HIGHEST WIND DIRECTION     N (340)
  HIGHEST GUST SPEED    26   HIGHEST GUST DIRECTION     N (350)
  AVERAGE WIND SPEED     8.3


SKY COVER
  POSSIBLE SUNSHINE  75 PERCENT
  AVERAGE SKY COVER 0.8


WEATHER CONDITIONS
 THE FOLLOWING WEATHER WAS RECORDED YESTERDAY.
  NO SIGNIFICANT WEATHER WAS OBSERVED.


RELATIVE HUMIDITY (PERCENT)
 HIGHEST    84
 LOWEST     34
 AVERAGE    59

..........................................................


THE MIAMI CLIMATE NORMALS FOR TODAY
                         NORMAL    RECORD    YEAR
 MAXIMUM TEMPERATURE (F)   81        90      1974
 MINIMUM TEMPERATURE (F)   66        52      1955
                                             1937


SUNRISE AND SUNSET
MARCH 29 2015.........SUNRISE   716 AM EDT   SUNSET   736 PM EDT
MARCH 30 2015.........SUNRISE   715 AM EDT   SUNSET   737 PM EDT


-  INDICATES NEGATIVE NUMBERS.
R  INDICATES RECORD WAS SET OR TIED.
MM INDICATES DATA IS MISSING.
T  INDICATES TRACE AMOUNT.




$$
