000
CDUS42 KMFL 120821
CLIMIA


CLIMATE REPORT
NATIONAL WEATHER SERVICE MIAMI, FL
421 AM EDT SAT JUL 12 2014


...................................

...THE MIAMI CLIMATE SUMMARY FOR JULY 11 2014...

CLIMATE NORMAL PERIOD 1981 TO 2010
CLIMATE RECORD PERIOD 1839 TO 2014


WEATHER ITEM   OBSERVED TIME   RECORD YEAR NORMAL DEPARTURE LAST
                VALUE   (LST)  VALUE       VALUE  FROM      YEAR
                                                  NORMAL
..................................................................
TEMPERATURE (F)
 YESTERDAY
  MAXIMUM         91    159 PM  95    2010  91      0       90
                                      1981
  MINIMUM         75    511 AM  69    1922  77     -2       77
  AVERAGE         83                        84     -1       84

PRECIPITATION (IN)
  YESTERDAY        0.92          1.94 1947   0.21   0.71      T
  MONTH TO DATE    3.09                      2.66   0.43     1.79
  SINCE JUN 1     22.71                     12.33  10.38     7.97
  SINCE JAN 1     32.86                     27.68   5.18    27.34

SNOWFALL (IN)
  YESTERDAY        0.0
  MONTH TO DATE    0.0
  SINCE JUN 1      0.0
  SINCE JUL 1      0.0
  SNOW DEPTH       0

DEGREE DAYS
 HEATING
  YESTERDAY        0                         0      0
  MONTH TO DATE    0                         0      0
  SINCE JUN 1      0                         0      0
  SINCE JUL 1      0                         0      0

 COOLING
  YESTERDAY       18                        19     -1
  MONTH TO DATE  205                       208     -3
  SINCE JUN 1    707                       740    -33
  SINCE JAN 1   2281                      2096    185
..................................................................


WIND (MPH)
  HIGHEST WIND SPEED    22   HIGHEST WIND DIRECTION    SE (140)
  HIGHEST GUST SPEED    26   HIGHEST GUST DIRECTION    SE (130)
  AVERAGE WIND SPEED     8.2


SKY COVER
  POSSIBLE SUNSHINE  87 PERCENT
  AVERAGE SKY COVER 0.6


WEATHER CONDITIONS
 THE FOLLOWING WEATHER WAS RECORDED YESTERDAY.
  THUNDERSTORM
  HEAVY RAIN
  RAIN
  LIGHT RAIN
  FOG


RELATIVE HUMIDITY (PERCENT)
 HIGHEST   100
 LOWEST     59
 AVERAGE    80

..........................................................


THE MIAMI CLIMATE NORMALS FOR TODAY
                         NORMAL    RECORD    YEAR
 MAXIMUM TEMPERATURE (F)   91        95      1981
 MINIMUM TEMPERATURE (F)   77        69      1934
                                             1922


SUNRISE AND SUNSET
JULY 12 2014..........SUNRISE   638 AM EDT   SUNSET   816 PM EDT
JULY 13 2014..........SUNRISE   638 AM EDT   SUNSET   815 PM EDT


-  INDICATES NEGATIVE NUMBERS.
R  INDICATES RECORD WAS SET OR TIED.
MM INDICATES DATA IS MISSING.
T  INDICATES TRACE AMOUNT.




$$
