000
CDUS42 KMFL 270825
CLIMIA


CLIMATE REPORT
NATIONAL WEATHER SERVICE MIAMI, FL
425 AM EDT FRI MAY 27 2016


...................................

...THE MIAMI CLIMATE SUMMARY FOR MAY 26 2016...

CLIMATE NORMAL PERIOD 1981 TO 2010
CLIMATE RECORD PERIOD 1895 TO 2016


WEATHER ITEM   OBSERVED TIME   RECORD YEAR NORMAL DEPARTURE LAST
                VALUE   (LST)  VALUE       VALUE  FROM      YEAR
                                                  NORMAL
..................................................................
TEMPERATURE (F)
 YESTERDAY
  MAXIMUM         85    139 PM  94    1949  88     -3       89
  MINIMUM         73    609 AM  65    1950  74     -1       80
                                      1908
  AVERAGE         79                        81     -2       85

PRECIPITATION (IN)
  YESTERDAY        0.09          2.92 1943   0.24  -0.15     0.03
  MONTH TO DATE    8.27                      4.08   4.19     1.53
  SINCE NOV 1     37.76                     19.40  18.36    14.62
  SINCE JAN 1     20.39                     14.09   6.30    10.64

SNOWFALL (IN)
  YESTERDAY        0.0
  MONTH TO DATE    0.0
  SINCE MAR 1      0.0
  SINCE JUL 1      0.0
  SNOW DEPTH       0

DEGREE DAYS
 HEATING
  YESTERDAY        0                         0      0        0
  MONTH TO DATE    0                         0      0        0
  SINCE MAR 1      0                        12    -12        0
  SINCE JUL 1     67                       128    -61       76

 COOLING
  YESTERDAY       14                        16     -2       20
  MONTH TO DATE  393                       380     13      416
  SINCE MAR 1   1124                       951    173     1256
  SINCE JAN 1   1381                      1273    108     1595
..................................................................


WIND (MPH)
  HIGHEST WIND SPEED    21   HIGHEST WIND DIRECTION     E (90)
  HIGHEST GUST SPEED    28   HIGHEST GUST DIRECTION     E (70)
  AVERAGE WIND SPEED     8.9


SKY COVER
  POSSIBLE SUNSHINE  MM
  AVERAGE SKY COVER 0.4


WEATHER CONDITIONS
 THE FOLLOWING WEATHER WAS RECORDED YESTERDAY.
  LIGHT RAIN


RELATIVE HUMIDITY (PERCENT)
 HIGHEST    82
 LOWEST     40
 AVERAGE    61

..........................................................


THE MIAMI CLIMATE NORMALS FOR TODAY
                         NORMAL    RECORD    YEAR
 MAXIMUM TEMPERATURE (F)   88        96      1902
 MINIMUM TEMPERATURE (F)   75        64      1937
                                             1908


SUNRISE AND SUNSET
MAY 27 2016...........SUNRISE   631 AM EDT   SUNSET   806 PM EDT
MAY 28 2016...........SUNRISE   630 AM EDT   SUNSET   807 PM EDT


-  INDICATES NEGATIVE NUMBERS.
R  INDICATES RECORD WAS SET OR TIED.
MM INDICATES DATA IS MISSING.
T  INDICATES TRACE AMOUNT.




$$
