000
CDUS42 KMFL 240829
CLIMIA


CLIMATE REPORT
NATIONAL WEATHER SERVICE MIAMI, FL
429 AM EDT WED AUG 24 2016


...................................

...THE MIAMI CLIMATE SUMMARY FOR AUGUST 23 2016...

CLIMATE NORMAL PERIOD 1981 TO 2010
CLIMATE RECORD PERIOD 1895 TO 2016


WEATHER ITEM   OBSERVED TIME   RECORD YEAR NORMAL DEPARTURE LAST
                VALUE   (LST)  VALUE       VALUE  FROM      YEAR
                                                  NORMAL
..................................................................
TEMPERATURE (F)
 YESTERDAY
  MAXIMUM         94    247 PM  96    1958  91      3       93
  MINIMUM         83    617 AM  70    1947  77      6       79
  AVERAGE         89                        84      5       86

PRECIPITATION (IN)
  YESTERDAY        0.00          2.57 1949   0.31  -0.31      T
  MONTH TO DATE   10.72                      6.38   4.34     5.25
  SINCE JUN 1     23.55                     22.55   1.00    14.76
  SINCE JAN 1     43.94                     37.90   6.04    26.26

SNOWFALL (IN)
  YESTERDAY        0.0
  MONTH TO DATE    0.0
  SINCE JUN 1      0.0
  SINCE JUL 1      0.0
  SNOW DEPTH       0

DEGREE DAYS
 HEATING
  YESTERDAY        0                         0      0        0
  MONTH TO DATE    0                         0      0        0
  SINCE JUN 1      0                         0      0        0
  SINCE JUL 1      0                         0      0        0

 COOLING
  YESTERDAY       24                        19      5       21
  MONTH TO DATE  439                       445     -6      461
  SINCE JUN 1   1620                      1569     51     1645
  SINCE JAN 1   3082                      2925    157     3322
..................................................................


WIND (MPH)
  HIGHEST WIND SPEED    18   HIGHEST WIND DIRECTION    NE (60)
  HIGHEST GUST SPEED    27   HIGHEST GUST DIRECTION     S (190)
  AVERAGE WIND SPEED     8.2


SKY COVER
  POSSIBLE SUNSHINE  84 PERCENT
  AVERAGE SKY COVER 0.5


WEATHER CONDITIONS
 THE FOLLOWING WEATHER WAS RECORDED YESTERDAY.
  NO SIGNIFICANT WEATHER WAS OBSERVED.


RELATIVE HUMIDITY (PERCENT)
 HIGHEST    88
 LOWEST     52
 AVERAGE    70

..........................................................


THE MIAMI CLIMATE NORMALS FOR TODAY
                         NORMAL    RECORD    YEAR
 MAXIMUM TEMPERATURE (F)   91        95      2010
 MINIMUM TEMPERATURE (F)   77        70      1906


SUNRISE AND SUNSET
AUGUST 24 2016........SUNRISE   658 AM EDT   SUNSET   748 PM EDT
AUGUST 25 2016........SUNRISE   659 AM EDT   SUNSET   747 PM EDT


-  INDICATES NEGATIVE NUMBERS.
R  INDICATES RECORD WAS SET OR TIED.
MM INDICATES DATA IS MISSING.
T  INDICATES TRACE AMOUNT.




$$
