000
CDUS43 KIND 300549
CLIMIE


CLIMATE REPORT
NATIONAL WEATHER SERVICE INDIANAPOLIS IN
147 AM EDT SUN AUG 30 2015


...................................

...THE MUNCIE IN CLIMATE SUMMARY FOR AUGUST 29 2015...

CLIMATE NORMAL PERIOD 1981 TO 2010
CLIMATE RECORD PERIOD 9999 TO 9999


WEATHER ITEM   OBSERVED TIME   NORMAL DEPARTURE LAST
                VALUE   (LST)  VALUE  FROM      YEAR
                                      NORMAL
......................................................
TEMPERATURE (F)
 YESTERDAY
  MAXIMUM         80    151 PM  82     -2       84
  MINIMUM         63    351 AM  60      3       65
  AVERAGE         72            71      1       75

PRECIPITATION (IN)
  YESTERDAY        T             0.11  -0.11     0.00
  MONTH TO DATE    2.13          3.08  -0.95     6.06
  SINCE JUN 1     16.68         12.12   4.56    13.65
  SINCE JAN 1     31.48         27.69   3.79    28.42

DEGREE DAYS
 HEATING
  YESTERDAY        0             0      0        0
  MONTH TO DATE   15             0     15        8
  SINCE JUN 1     43            27     16       34
  SINCE JUL 1     15             3     12       26

 COOLING
  YESTERDAY        7             7      0       10
  MONTH TO DATE  121           227   -106      219
  SINCE JUN 1    596           737   -141      617
  SINCE JAN 1    740           820    -80      732
......................................................


WIND (MPH)
  HIGHEST WIND SPEED    13   HIGHEST WIND DIRECTION    SW (210)
  HIGHEST GUST SPEED    18   HIGHEST GUST DIRECTION     S (170)
  AVERAGE WIND SPEED     5.6


SKY COVER
  AVERAGE SKY COVER 0.2


WEATHER CONDITIONS
 THE FOLLOWING WEATHER WAS RECORDED YESTERDAY.
  LIGHT RAIN


RELATIVE HUMIDITY (PERCENT)
 HIGHEST    84           300 AM
 LOWEST     62          1100 AM
 AVERAGE    73

..........................................................


THE MUNCIE IN CLIMATE NORMALS FOR TODAY
                         NORMAL
 MAXIMUM TEMPERATURE (F)   82
 MINIMUM TEMPERATURE (F)   60


SUNRISE AND SUNSET
AUGUST 30 2015........SUNRISE   707 AM EDT   SUNSET   817 PM EDT
AUGUST 31 2015........SUNRISE   708 AM EDT   SUNSET   815 PM EDT


-  INDICATES NEGATIVE NUMBERS.
R  INDICATES RECORD WAS SET OR TIED.
MM INDICATES DATA IS MISSING.
T  INDICATES TRACE AMOUNT.




$$
