457
CDUS43 KIND 050533
CLIMIE


CLIMATE REPORT
NATIONAL WEATHER SERVICE INDIANAPOLIS IN
132 AM EDT THU MAY 5 2016


...................................

...THE MUNCIE IN CLIMATE SUMMARY FOR MAY 4 2016...

CLIMATE NORMAL PERIOD 1981 TO 2010
CLIMATE RECORD PERIOD 9999 TO 9999


WEATHER ITEM   OBSERVED TIME   NORMAL DEPARTURE LAST
                VALUE   (LST)  VALUE  FROM      YEAR
                                      NORMAL
......................................................
TEMPERATURE (F)
 YESTERDAY
  MAXIMUM         56   1243 PM  68    -12       72
  MINIMUM         41   1159 PM  48     -7       61
  AVERAGE         49            58     -9       67

PRECIPITATION (IN)
  YESTERDAY        0.16          0.12   0.04     1.07
  MONTH TO DATE    0.54          0.48   0.06     1.07
  SINCE MAR 1      8.80          7.10   1.70     8.23
  SINCE JAN 1     11.91         11.64   0.27    11.17

DEGREE DAYS
 HEATING
  YESTERDAY       16             8      8        0
  MONTH TO DATE   34            34      0       14
  SINCE MAR 1    914          1243   -329     1249
  SINCE JUL 1   4505          5626  -1121     6114

 COOLING
  YESTERDAY        0             1     -1        2
  MONTH TO DATE    1             4     -3        4
  SINCE MAR 1     11            19     -8        7
  SINCE JAN 1     11            19     -8        7
......................................................


WIND (MPH)
  HIGHEST WIND SPEED    26   HIGHEST WIND DIRECTION    NW (310)
  HIGHEST GUST SPEED    35   HIGHEST GUST DIRECTION    NW (320)
  AVERAGE WIND SPEED    14.3


SKY COVER
  AVERAGE SKY COVER 0.9


WEATHER CONDITIONS
 THE FOLLOWING WEATHER WAS RECORDED YESTERDAY.
  RAIN
  LIGHT RAIN
  FOG


RELATIVE HUMIDITY (PERCENT)
 HIGHEST    83           900 AM
 LOWEST     61           700 PM
 AVERAGE    72

..........................................................


THE MUNCIE IN CLIMATE NORMALS FOR TODAY
                         NORMAL
 MAXIMUM TEMPERATURE (F)   69
 MINIMUM TEMPERATURE (F)   48


SUNRISE AND SUNSET
MAY  5 2016...........SUNRISE   636 AM EDT   SUNSET   841 PM EDT
MAY  6 2016...........SUNRISE   635 AM EDT   SUNSET   842 PM EDT


-  INDICATES NEGATIVE NUMBERS.
R  INDICATES RECORD WAS SET OR TIED.
MM INDICATES DATA IS MISSING.
T  INDICATES TRACE AMOUNT.




$$
