000
CDUS43 KIND 200532
CLIMIE


CLIMATE REPORT
NATIONAL WEATHER SERVICE INDIANAPOLIS IN
131 AM EDT SUN AUG 20 2017


...................................

...THE MUNCIE IN CLIMATE SUMMARY FOR AUGUST 19 2017...

CLIMATE NORMAL PERIOD 1981 TO 2010
CLIMATE RECORD PERIOD 9999 TO 9999


WEATHER ITEM   OBSERVED TIME   NORMAL DEPARTURE LAST
                VALUE   (LST)  VALUE  FROM      YEAR
                                      NORMAL
......................................................
TEMPERATURE (F)
 YESTERDAY
  MAXIMUM         84    403 PM  83      1       84
  MINIMUM         65   1159 PM  62      3       69
  AVERAGE         75            73      2       77

PRECIPITATION (IN)
  YESTERDAY        0.00          0.10  -0.10     0.94
  MONTH TO DATE    1.08          1.99  -0.91     6.64
  SINCE JUN 1     14.70         11.03   3.67    12.59
  SINCE JAN 1     34.27         26.60   7.67    26.66

DEGREE DAYS
 HEATING
  YESTERDAY        0             0      0        0
  MONTH TO DATE    0             0      0        0
  SINCE JUN 1      3            27    -24        6
  SINCE JUL 1      0             3     -3        3

 COOLING
  YESTERDAY       10             8      2       12
  MONTH TO DATE  137           154    -17      246
  SINCE JUN 1    707           664     43      867
  SINCE JAN 1    823           747     76      974
......................................................


WIND (MPH)
  HIGHEST WIND SPEED    10   HIGHEST WIND DIRECTION    NW (320)
  HIGHEST GUST SPEED    21   HIGHEST GUST DIRECTION     N (10)
  AVERAGE WIND SPEED     4.5


SKY COVER
  AVERAGE SKY COVER 0.1


WEATHER CONDITIONS
 THE FOLLOWING WEATHER WAS RECORDED YESTERDAY.
  NO SIGNIFICANT WEATHER WAS OBSERVED.


RELATIVE HUMIDITY (PERCENT)
 HIGHEST    93          1100 PM
 LOWEST     46           500 PM
 AVERAGE    70

..........................................................


THE MUNCIE IN CLIMATE NORMALS FOR TODAY
                         NORMAL
 MAXIMUM TEMPERATURE (F)   83
 MINIMUM TEMPERATURE (F)   62


SUNRISE AND SUNSET
AUGUST 20 2017........SUNRISE   658 AM EDT   SUNSET   831 PM EDT
AUGUST 21 2017........SUNRISE   659 AM EDT   SUNSET   830 PM EDT


-  INDICATES NEGATIVE NUMBERS.
R  INDICATES RECORD WAS SET OR TIED.
MM INDICATES DATA IS MISSING.
T  INDICATES TRACE AMOUNT.




$$
