000
CDUS43 KIND 010532
CLIMIE


CLIMATE REPORT
NATIONAL WEATHER SERVICE INDIANAPOLIS IN
131 AM EDT WED OCT 1 2014


...................................

...THE MUNCIE IN CLIMATE SUMMARY FOR SEPTEMBER 30 2014...

CLIMATE NORMAL PERIOD 1981 TO 2010
CLIMATE RECORD PERIOD 9999 TO 9999


WEATHER ITEM   OBSERVED TIME   NORMAL DEPARTURE LAST
                VALUE   (LST)  VALUE  FROM      YEAR
                                      NORMAL
......................................................
TEMPERATURE (F)
 YESTERDAY
  MAXIMUM         66    354 PM  71     -5       75
  MINIMUM         42   1152 PM  48     -6       57
  AVERAGE         54            59     -5       66

PRECIPITATION (IN)
  YESTERDAY        0.00          0.09  -0.09     0.00
  MONTH TO DATE    3.57          2.96   0.61     3.79
  SINCE SEP 1      3.57          2.96   0.61     3.79
  SINCE JAN 1     31.99         30.87   1.12    28.67

DEGREE DAYS
 HEATING
  YESTERDAY       11             7      4        0
  MONTH TO DATE  114            92     22       83
  SINCE SEP 1    114            91     23       83
  SINCE JUL 1    140           101     39      109

 COOLING
  YESTERDAY        0             2     -2        1
  MONTH TO DATE   67           105    -38      124
  SINCE SEP 1     67           105    -38      124
  SINCE JAN 1    822           939   -117      939
......................................................


WIND (MPH)
  HIGHEST WIND SPEED    13   HIGHEST WIND DIRECTION    NE (40)
  HIGHEST GUST SPEED    16   HIGHEST GUST DIRECTION     N (340)
  AVERAGE WIND SPEED     6.1


SKY COVER
  AVERAGE SKY COVER 0.4


WEATHER CONDITIONS
 THE FOLLOWING WEATHER WAS RECORDED YESTERDAY.
  FOG


RELATIVE HUMIDITY (PERCENT)
 HIGHEST   100           600 AM
 LOWEST     52           400 PM
 AVERAGE    76

..........................................................


THE MUNCIE IN CLIMATE NORMALS FOR TODAY
                         NORMAL
 MAXIMUM TEMPERATURE (F)   71
 MINIMUM TEMPERATURE (F)   48


SUNRISE AND SUNSET
OCTOBER  1 2014.......SUNRISE   738 AM EDT   SUNSET   724 PM EDT
OCTOBER  2 2014.......SUNRISE   739 AM EDT   SUNSET   722 PM EDT


-  INDICATES NEGATIVE NUMBERS.
R  INDICATES RECORD WAS SET OR TIED.
MM INDICATES DATA IS MISSING.
T  INDICATES TRACE AMOUNT.




$$
