000
CDUS43 KIND 210532
CLIMIE


CLIMATE REPORT
NATIONAL WEATHER SERVICE INDIANAPOLIS IN
131 AM EDT SUN SEP 21 2014


...................................

...THE MUNCIE IN CLIMATE SUMMARY FOR SEPTEMBER 20 2014...

CLIMATE NORMAL PERIOD 1981 TO 2010
CLIMATE RECORD PERIOD 9999 TO 9999


WEATHER ITEM   OBSERVED TIME   NORMAL DEPARTURE LAST
                VALUE   (LST)  VALUE  FROM      YEAR
                                      NORMAL
......................................................
TEMPERATURE (F)
 YESTERDAY
  MAXIMUM         80    327 PM  75      5       83
  MINIMUM         57    120 AM  52      5       66
  AVERAGE         69            64      5       75

PRECIPITATION (IN)
  YESTERDAY        0.23          0.09   0.14     0.69
  MONTH TO DATE    3.50          2.04   1.46     2.81
  SINCE SEP 1      3.50          2.04   1.46     2.81
  SINCE JAN 1     31.92         29.95   1.97    27.69

DEGREE DAYS
 HEATING
  YESTERDAY        0             4     -4        0
  MONTH TO DATE   75            37     38       41
  SINCE SEP 1     75            37     38       41
  SINCE JUL 1    101            47     54       67

 COOLING
  YESTERDAY        4             3      1       10
  MONTH TO DATE   63            87    -24      123
  SINCE SEP 1     63            87    -24      123
  SINCE JAN 1    818           921   -103      938
......................................................


WIND (MPH)
  HIGHEST WIND SPEED    22   HIGHEST WIND DIRECTION    SW (210)
  HIGHEST GUST SPEED    28   HIGHEST GUST DIRECTION    SW (210)
  AVERAGE WIND SPEED     8.5


SKY COVER
  AVERAGE SKY COVER 0.1


WEATHER CONDITIONS
 THE FOLLOWING WEATHER WAS RECORDED YESTERDAY.
  THUNDERSTORM
  RAIN
  LIGHT RAIN
  FOG


RELATIVE HUMIDITY (PERCENT)
 HIGHEST    86           600 AM
 LOWEST     23          1100 AM
 AVERAGE    55

..........................................................


THE MUNCIE IN CLIMATE NORMALS FOR TODAY
                         NORMAL
 MAXIMUM TEMPERATURE (F)   75
 MINIMUM TEMPERATURE (F)   52


SUNRISE AND SUNSET
SEPTEMBER 21 2014.....SUNRISE   728 AM EDT   SUNSET   740 PM EDT
SEPTEMBER 22 2014.....SUNRISE   729 AM EDT   SUNSET   739 PM EDT


-  INDICATES NEGATIVE NUMBERS.
R  INDICATES RECORD WAS SET OR TIED.
MM INDICATES DATA IS MISSING.
T  INDICATES TRACE AMOUNT.




$$
