000
CDUS43 KMKX 280650
CLIMKE


CLIMATE REPORT
NATIONAL WEATHER SERVICE IN MILWAUKEE
1250 AM CST SUN DEC 28 2014


...................................

...THE MILWAUKEE WI CLIMATE SUMMARY FOR DECEMBER 27 2014...

CLIMATE NORMAL PERIOD 1981 TO 2010
CLIMATE RECORD PERIOD 1871 TO 2014


WEATHER ITEM   OBSERVED TIME   RECORD YEAR NORMAL DEPARTURE LAST
                VALUE   (LST)  VALUE       VALUE  FROM      YEAR
                                                  NORMAL
..................................................................
TEMPERATURE (F)
 YESTERDAY
  MAXIMUM         50   1048 AM  55    1946  30     20       39
  MINIMUM         30   1159 PM -17    1886  17     13       15
  AVERAGE         40                        24     16       27

PRECIPITATION (IN)
  YESTERDAY        0.02          1.04 2008   0.05  -0.03     0.00
  MONTH TO DATE    1.03                      1.81  -0.78     1.69
  SINCE DEC 1      1.03                      1.81  -0.78     1.69
  SINCE JAN 1     32.11                     34.53  -2.42    39.92

SNOWFALL (IN)
  YESTERDAY        0.0           5.2  1887   0.4   -0.4      0.0
  MONTH TO DATE    0.5                       9.0   -8.5     18.1
  SINCE DEC 1      0.5                       9.0   -8.5     18.1
  SINCE JUL 1      5.3                      11.7   -6.4     20.1
  SNOW DEPTH       0

DEGREE DAYS
 HEATING
  YESTERDAY       25                        41    -16       38
  MONTH TO DATE  847                      1026   -179     1161
  SINCE DEC 1    847                      1026   -179     1161
  SINCE JUL 1   2418                      2391     27     2536

 COOLING
  YESTERDAY        0                         0      0        0
  MONTH TO DATE    0                         0      0        0
  SINCE DEC 1      0                         0      0        0
  SINCE JAN 1    464                       641   -177      688
..................................................................


WIND (MPH)
  HIGHEST WIND SPEED    30   HIGHEST WIND DIRECTION     W (250)
  HIGHEST GUST SPEED    42   HIGHEST GUST DIRECTION     W (280)
  AVERAGE WIND SPEED    14.1


SKY COVER
  POSSIBLE SUNSHINE  MM
  AVERAGE SKY COVER 1.0


WEATHER CONDITIONS
 THE FOLLOWING WEATHER WAS RECORDED YESTERDAY.
  LIGHT RAIN
  FOG


RELATIVE HUMIDITY (PERCENT)
 HIGHEST    89           600 AM
 LOWEST     64           600 PM
 AVERAGE    77

..........................................................


THE MILWAUKEE WI CLIMATE NORMALS FOR TODAY
                         NORMAL    RECORD    YEAR
 MAXIMUM TEMPERATURE (F)   30        62      1984
 MINIMUM TEMPERATURE (F)   17       -20      1880


SUNRISE AND SUNSET
DECEMBER 28 2014......SUNRISE   722 AM CST   SUNSET   424 PM CST
DECEMBER 29 2014......SUNRISE   722 AM CST   SUNSET   425 PM CST


-  INDICATES NEGATIVE NUMBERS.
R  INDICATES RECORD WAS SET OR TIED.
MM INDICATES DATA IS MISSING.
T  INDICATES TRACE AMOUNT.




$$
