000
CDUS43 KMKX 250649
CLIMKE


CLIMATE REPORT
NATIONAL WEATHER SERVICE IN MILWAUKEE
1248 AM CST SAT NOV 25 2017


...................................

...THE MILWAUKEE WI CLIMATE SUMMARY FOR NOVEMBER 24 2017...

CLIMATE NORMAL PERIOD 1981 TO 2010
CLIMATE RECORD PERIOD 1871 TO 2017


WEATHER ITEM   OBSERVED TIME   RECORD YEAR NORMAL DEPARTURE LAST
                VALUE   (LST)  VALUE       VALUE  FROM      YEAR
                                                  NORMAL
..................................................................
TEMPERATURE (F)
 YESTERDAY
  MAXIMUM         65R   223 PM  65    1931  42     23       43
  MINIMUM         35   1255 AM  -5    1950  28      7       37
  AVERAGE         50                        35     15       40

PRECIPITATION (IN)
  YESTERDAY        T             0.53 1973   0.09  -0.09     0.00
  MONTH TO DATE    1.37                      2.19  -0.82     0.71
  SINCE SEP 1      6.31                      8.02  -1.71     8.57
  SINCE JAN 1     33.63                     32.20   1.43    26.23

SNOWFALL (IN)
  YESTERDAY        0.0           2.7  1949   0.1   -0.1      0.0
  MONTH TO DATE    0.2                       1.4   -1.2       T
  SINCE SEP 1      0.2                       1.7   -1.5       T
  SINCE JUL 1      0.2                       1.7   -1.5       T
  SNOW DEPTH       0

DEGREE DAYS
 HEATING
  YESTERDAY       15                        30    -15       25
  MONTH TO DATE  643                       590     53      388
  SINCE SEP 1    969                      1149   -180      688
  SINCE JUL 1    978                      1175   -197      690

 COOLING
  YESTERDAY        0                         0      0        0
  MONTH TO DATE    0                         0      0        3
  SINCE SEP 1    162                        76     86      155
  SINCE JAN 1    772                       641    131      991
..................................................................


WIND (MPH)
  HIGHEST WIND SPEED    32   HIGHEST WIND DIRECTION    SW (210)
  HIGHEST GUST SPEED    40   HIGHEST GUST DIRECTION    SW (210)
  AVERAGE WIND SPEED    16.3


SKY COVER
  POSSIBLE SUNSHINE  MM
  AVERAGE SKY COVER 0.5


WEATHER CONDITIONS
 THE FOLLOWING WEATHER WAS RECORDED YESTERDAY.
  LIGHT RAIN


RELATIVE HUMIDITY (PERCENT)
 HIGHEST    70          1200 AM
 LOWEST     37           100 PM
 AVERAGE    54

..........................................................


THE MILWAUKEE WI CLIMATE NORMALS FOR TODAY
                         NORMAL    RECORD    YEAR
 MAXIMUM TEMPERATURE (F)   41        63      1908
 MINIMUM TEMPERATURE (F)   28         0      1950


SUNRISE AND SUNSET
NOVEMBER 25 2017......SUNRISE   656 AM CST   SUNSET   421 PM CST
NOVEMBER 26 2017......SUNRISE   658 AM CST   SUNSET   420 PM CST


-  INDICATES NEGATIVE NUMBERS.
R  INDICATES RECORD WAS SET OR TIED.
MM INDICATES DATA IS MISSING.
T  INDICATES TRACE AMOUNT.




$$
