000
CDUS43 KMKX 252146
CLIMKE


CLIMATE REPORT
NATIONAL WEATHER SERVICE IN MILWAUKEE
446 PM CDT SAT OCT 25 2014


...................................

...THE MILWAUKEE WI CLIMATE SUMMARY FOR OCTOBER 25 2014...
VALID TODAY AS OF 0400 PM LOCAL TIME.

CLIMATE NORMAL PERIOD 1981 TO 2010
CLIMATE RECORD PERIOD 1871 TO 2014


WEATHER ITEM   OBSERVED TIME   RECORD YEAR NORMAL DEPARTURE LAST
                VALUE   (LST)  VALUE       VALUE  FROM      YEAR
                                                  NORMAL
..................................................................
TEMPERATURE (F)
 TODAY
  MAXIMUM         69    244 PM  76    1899  56     13       51
  MINIMUM         55    201 AM  15    1887  40     15       32
  AVERAGE         62                        48     14       42

PRECIPITATION (IN)
  TODAY            0.00          1.14 1939   0.08  -0.08     0.00
  MONTH TO DATE    2.75                      2.12   0.63     2.62
  SINCE SEP 1      3.89                      5.30  -1.41     4.16
  SINCE JAN 1     29.18                     29.48  -0.30    34.29

SNOWFALL (IN)
  TODAY            0.0           1.0  1898   0.0    0.0      0.0
  MONTH TO DATE    0.0                       0.2   -0.2      0.0
  SINCE SEP 1      0.0                       0.2   -0.2      0.0
  SINCE JUL 1      0.0                       0.2   -0.2      0.0
  SNOW DEPTH       0

DEGREE DAYS
 HEATING
  TODAY            3                        17    -14       23
  MONTH TO DATE  332                       325      7      305
  SINCE SEP 1    481                       451     30      413
  SINCE JUL 1    507                       477     30      435

 COOLING
  TODAY            0                         0      0        0
  MONTH TO DATE    4                         3      1       10
  SINCE SEP 1     63                        72     -9      111
  SINCE JAN 1    464                       637   -173      688
..................................................................


WIND (MPH)
  HIGHEST WIND SPEED    24   HIGHEST WIND DIRECTION     W (280)
  HIGHEST GUST SPEED    34   HIGHEST GUST DIRECTION     W (280)
  AVERAGE WIND SPEED    12.7


SKY COVER
  POSSIBLE SUNSHINE  MM
  AVERAGE SKY COVER 0.3


WEATHER CONDITIONS
 THE FOLLOWING WEATHER WAS RECORDED TODAY.
  FOG
  HAZE


RELATIVE HUMIDITY (PERCENT)
 HIGHEST    86           300 AM
 LOWEST     17           200 PM
 AVERAGE    52

..........................................................


THE MILWAUKEE WI CLIMATE NORMALS FOR TOMORROW
                         NORMAL    RECORD    YEAR
 MAXIMUM TEMPERATURE (F)   56        81      1963
 MINIMUM TEMPERATURE (F)   40        20      1887


SUNRISE AND SUNSET
OCTOBER 25 2014.......SUNRISE   717 AM CDT   SUNSET   554 PM CDT
OCTOBER 26 2014.......SUNRISE   718 AM CDT   SUNSET   552 PM CDT


-  INDICATES NEGATIVE NUMBERS.
R  INDICATES RECORD WAS SET OR TIED.
MM INDICATES DATA IS MISSING.
T  INDICATES TRACE AMOUNT.




$$
