000
CDUS43 KMKX 100648
CLIMKE


CLIMATE REPORT
NATIONAL WEATHER SERVICE IN MILWAUKEE
1248 AM CST SAT DEC 10 2016


...................................

...THE MILWAUKEE WI CLIMATE SUMMARY FOR DECEMBER 9 2016...

CLIMATE NORMAL PERIOD 1981 TO 2010
CLIMATE RECORD PERIOD 1871 TO 2016


WEATHER ITEM   OBSERVED TIME   RECORD YEAR NORMAL DEPARTURE LAST
                VALUE   (LST)  VALUE       VALUE  FROM      YEAR
                                                  NORMAL
..................................................................
TEMPERATURE (F)
 YESTERDAY
  MAXIMUM         28    222 PM  60    1946  35     -7       51
  MINIMUM         20   1159 PM -19    1876  22     -2       39
  AVERAGE         24                        28     -4       45

PRECIPITATION (IN)
  YESTERDAY        0.00          0.72 1885   0.07  -0.07     0.00
  MONTH TO DATE    0.33                      0.69  -0.36     0.24
  SINCE DEC 1      0.33                      0.69  -0.36     0.24
  SINCE JAN 1     27.66                     33.41  -5.75    29.26

SNOWFALL (IN)
  YESTERDAY        0.0           5.0  1885   0.3   -0.3      0.0
  MONTH TO DATE    1.8                       2.7   -0.9      0.4
  SINCE DEC 1      1.8                       2.7   -0.9      0.4
  SINCE JUL 1      1.8                       5.4   -3.6      7.3
  SNOW DEPTH       0

DEGREE DAYS
 HEATING
  YESTERDAY       41                        37      4       20
  MONTH TO DATE  301                       316    -15      237
  SINCE DEC 1    301                       316    -15      237
  SINCE JUL 1   1131                      1681   -550     1276

 COOLING
  YESTERDAY        0                         0      0        0
  MONTH TO DATE    0                         0      0        0
  SINCE DEC 1      0                         0      0        0
  SINCE JAN 1    991                       641    350      622
..................................................................


WIND (MPH)
  HIGHEST WIND SPEED    18   HIGHEST WIND DIRECTION    NW (300)
  HIGHEST GUST SPEED    24   HIGHEST GUST DIRECTION    NW (300)
  AVERAGE WIND SPEED    10.2


SKY COVER
  POSSIBLE SUNSHINE  MM
  AVERAGE SKY COVER 0.4


WEATHER CONDITIONS
 THE FOLLOWING WEATHER WAS RECORDED YESTERDAY.
  NO SIGNIFICANT WEATHER WAS OBSERVED.


RELATIVE HUMIDITY (PERCENT)
 HIGHEST    74           300 AM
 LOWEST     42           200 PM
 AVERAGE    58

..........................................................


THE MILWAUKEE WI CLIMATE NORMALS FOR TODAY
                         NORMAL    RECORD    YEAR
 MAXIMUM TEMPERATURE (F)   34        58      1911
 MINIMUM TEMPERATURE (F)   22        -9      1919


SUNRISE AND SUNSET
DECEMBER 10 2016......SUNRISE   712 AM CST   SUNSET   417 PM CST
DECEMBER 11 2016......SUNRISE   713 AM CST   SUNSET   417 PM CST


-  INDICATES NEGATIVE NUMBERS.
R  INDICATES RECORD WAS SET OR TIED.
MM INDICATES DATA IS MISSING.
T  INDICATES TRACE AMOUNT.




$$
