000
CDUS43 KMKX 300641
CLIMKE


CLIMATE REPORT
NATIONAL WEATHER SERVICE IN MILWAUKEE
140 AM CDT TUE JUN 30 2015


...................................

...THE MILWAUKEE WI CLIMATE SUMMARY FOR JUNE 29 2015...

CLIMATE NORMAL PERIOD 1981 TO 2010
CLIMATE RECORD PERIOD 1871 TO 2015


WEATHER ITEM   OBSERVED TIME   RECORD YEAR NORMAL DEPARTURE LAST
                VALUE   (LST)  VALUE       VALUE  FROM      YEAR
                                                  NORMAL
..................................................................
TEMPERATURE (F)
 YESTERDAY
  MAXIMUM         73    156 PM 100    1931  79     -6       84
  MINIMUM         61    249 AM  46    1943  62     -1       69
                                      1885
  AVERAGE         67                        70     -3       77

PRECIPITATION (IN)
  YESTERDAY        T             2.34 1969   0.13  -0.13     0.16
  MONTH TO DATE    2.49                      3.77  -1.28     5.58
  SINCE JUN 1      2.49                      3.77  -1.28     5.58
  SINCE JAN 1     12.69                     16.41  -3.72    16.53

SNOWFALL (IN)
  YESTERDAY        0.0           0.0    MM   0.0    0.0      0.0
  MONTH TO DATE    0.0                       0.0    0.0      0.0
  SINCE JUN 1      0.0                       0.0    0.0      0.0
  SINCE JUL 1     43.0                      46.9   -3.9     63.4
  SNOW DEPTH       0

DEGREE DAYS
 HEATING
  YESTERDAY        0                         1     -1        0
  MONTH TO DATE  101                        83     18       74
  SINCE JUN 1    101                        83     18       74
  SINCE JUL 1   7196                      6893    303     7742

 COOLING
  YESTERDAY        2                         6     -4       12
  MONTH TO DATE   73                       113    -40       78
  SINCE JUN 1     73                       113    -40       78
  SINCE JAN 1     99                       143    -44       96
..................................................................


WIND (MPH)
  HIGHEST WIND SPEED    13   HIGHEST WIND DIRECTION    SE (140)
  HIGHEST GUST SPEED    16   HIGHEST GUST DIRECTION     E (110)
  AVERAGE WIND SPEED     4.9


SKY COVER
  POSSIBLE SUNSHINE  MM
  AVERAGE SKY COVER 0.7


WEATHER CONDITIONS
 THE FOLLOWING WEATHER WAS RECORDED YESTERDAY.
  LIGHT RAIN
  FOG


RELATIVE HUMIDITY (PERCENT)
 HIGHEST    93          1000 PM
 LOWEST     52          1200 AM
 AVERAGE    73

..........................................................


THE MILWAUKEE WI CLIMATE NORMALS FOR TODAY
                         NORMAL    RECORD    YEAR
 MAXIMUM TEMPERATURE (F)   79       100      1931
 MINIMUM TEMPERATURE (F)   62        43      1943


SUNRISE AND SUNSET
JUNE 30 2015..........SUNRISE   516 AM CDT   SUNSET   834 PM CDT
JULY  1 2015..........SUNRISE   516 AM CDT   SUNSET   834 PM CDT


-  INDICATES NEGATIVE NUMBERS.
R  INDICATES RECORD WAS SET OR TIED.
MM INDICATES DATA IS MISSING.
T  INDICATES TRACE AMOUNT.




$$
