998
CDUS43 KGRR 250521
CLIMKG


CLIMATE REPORT
NATIONAL WEATHER SERVICE GRAND RAPIDS, MI
121 AM EDT TUE APR 25 2017


...................................

...THE MUSKEGON MI CLIMATE SUMMARY FOR APRIL 24 2017...

CLIMATE NORMAL PERIOD 1981 TO 2010
CLIMATE RECORD PERIOD 1896 TO 2017


WEATHER ITEM   OBSERVED TIME   RECORD YEAR NORMAL DEPARTURE LAST
                VALUE   (LST)  VALUE       VALUE  FROM      YEAR
                                                  NORMAL
..................................................................
TEMPERATURE (F)
 YESTERDAY
  MAXIMUM         73    335 PM  81    1990  60     13       66
  MINIMUM         41    546 AM  24    1918  40      1       40
  AVERAGE         57                        50      7       53

PRECIPITATION (IN)
  YESTERDAY        0.00          1.71 1976   0.09  -0.09     0.03
  MONTH TO DATE    2.96                      2.32   0.64     1.35
  SINCE MAR 1      5.57                      4.57   1.00     6.29
  SINCE JAN 1     11.27                      8.43   2.84    10.50

SNOWFALL (IN)
  YESTERDAY        0.0           3.5  1980   0.0    0.0      0.0
  MONTH TO DATE    0.0                       2.3   -2.3      2.4
  SINCE MAR 1      4.5                      11.3   -6.8      7.3
  SINCE JUL 1     49.0                      93.7  -44.7     61.8
  SNOW DEPTH       0

DEGREE DAYS
 HEATING
  YESTERDAY        8                        15     -7       12
  MONTH TO DATE  357                       471   -114      482
  SINCE MAR 1   1261                      1401   -140     1257
  SINCE JUL 1   5126                      6133  -1007     5277

 COOLING
  YESTERDAY        0                         0      0        0
  MONTH TO DATE    0                         0      0        0
  SINCE MAR 1      0                         0      0        0
  SINCE JAN 1      0                         0      0        0
..................................................................


WIND (MPH)
  RESULTANT WIND SPEED   9   RESULTANT WIND DIRECTION   E (110)
  HIGHEST WIND SPEED    20   HIGHEST WIND DIRECTION     E (110)
  HIGHEST GUST SPEED    24   HIGHEST GUST DIRECTION     E (110)
  AVERAGE WIND SPEED     9.6


SKY COVER
  AVERAGE SKY COVER 0.4


WEATHER CONDITIONS
 THE FOLLOWING WEATHER WAS RECORDED YESTERDAY.
  NO SIGNIFICANT WEATHER WAS OBSERVED.


RELATIVE HUMIDITY (PERCENT)
 HIGHEST    82           400 AM
 LOWEST     22           100 PM
 AVERAGE    52

..........................................................


THE MUSKEGON MI CLIMATE NORMALS FOR TODAY
                         NORMAL    RECORD    YEAR
 MAXIMUM TEMPERATURE (F)   60        83      1942
 MINIMUM TEMPERATURE (F)   41        24      1967


SUNRISE AND SUNSET
APRIL 25 2017.........SUNRISE   647 AM EDT   SUNSET   840 PM EDT
APRIL 26 2017.........SUNRISE   645 AM EDT   SUNSET   841 PM EDT


-  INDICATES NEGATIVE NUMBERS.
R  INDICATES RECORD WAS SET OR TIED.
MM INDICATES DATA IS MISSING.
T  INDICATES TRACE AMOUNT.




$$
