290
CDUS43 KGRR 280520
CLIMKG


CLIMATE REPORT
NATIONAL WEATHER SERVICE GRAND RAPIDS, MI
120 AM EDT SUN MAY 28 2017


...................................

...THE MUSKEGON MI CLIMATE SUMMARY FOR MAY 27 2017...

CLIMATE NORMAL PERIOD 1981 TO 2010
CLIMATE RECORD PERIOD 1896 TO 2017


WEATHER ITEM   OBSERVED TIME   RECORD YEAR NORMAL DEPARTURE LAST
                VALUE   (LST)  VALUE       VALUE  FROM      YEAR
                                                  NORMAL
..................................................................
TEMPERATURE (F)
 YESTERDAY
  MAXIMUM         74    512 PM  86    2012  70      4       80
  MINIMUM         51    420 AM  27    1961  50      1       63
  AVERAGE         63                        60      3       72

PRECIPITATION (IN)
  YESTERDAY        0.00          1.11 1982   0.10  -0.10     0.13
  MONTH TO DATE    1.48                      2.85  -1.37     2.38
  SINCE MAR 1      8.76                      8.01   0.75     9.72
  SINCE JAN 1     14.46                     11.87   2.59    13.93

SNOWFALL (IN)
  YESTERDAY        0.0           T    1907   0.0    0.0      0.0
  MONTH TO DATE    0.0                       0.0    0.0      0.0
  SINCE MAR 1      4.5                      11.3   -6.8      7.3
  SINCE JUL 1     49.0                      93.7  -44.7     61.8
  SNOW DEPTH       0

DEGREE DAYS
 HEATING
  YESTERDAY        2                         6     -4        0
  MONTH TO DATE  261                       255      6      255
  SINCE MAR 1   1588                      1741   -153     1599
  SINCE JUL 1   5453                      6473  -1020     5619

 COOLING
  YESTERDAY        0                         1     -1        7
  MONTH TO DATE   17                        19     -2       25
  SINCE MAR 1     22                        23     -1       25
  SINCE JAN 1     22                        23     -1       25
..................................................................


WIND (MPH)
  RESULTANT WIND SPEED   3   RESULTANT WIND DIRECTION   W (280)
  HIGHEST WIND SPEED    15   HIGHEST WIND DIRECTION     W (260)
  HIGHEST GUST SPEED    20   HIGHEST GUST DIRECTION     W (270)
  AVERAGE WIND SPEED     4.5


SKY COVER
  AVERAGE SKY COVER 0.4


WEATHER CONDITIONS
 THE FOLLOWING WEATHER WAS RECORDED YESTERDAY.
  LIGHT RAIN
  FOG


RELATIVE HUMIDITY (PERCENT)
 HIGHEST    93           100 AM
 LOWEST     41           500 PM
 AVERAGE    67

..........................................................


THE MUSKEGON MI CLIMATE NORMALS FOR TODAY
                         NORMAL    RECORD    YEAR
 MAXIMUM TEMPERATURE (F)   71        89      2012
 MINIMUM TEMPERATURE (F)   51        31      1992


SUNRISE AND SUNSET
MAY 28 2017...........SUNRISE   610 AM EDT   SUNSET   915 PM EDT
MAY 29 2017...........SUNRISE   610 AM EDT   SUNSET   916 PM EDT


-  INDICATES NEGATIVE NUMBERS.
R  INDICATES RECORD WAS SET OR TIED.
MM INDICATES DATA IS MISSING.
T  INDICATES TRACE AMOUNT.




$$
