000
CDUS44 KMEG 232250
CLIMKL


CLIMATE REPORT
NATIONAL WEATHER SERVICE MEMPHIS TN
450 PM CST TUE JAN 23 2018


...................................

...THE JACKSON CLIMATE SUMMARY FOR JANUARY 23 2018...
VALID TODAY AS OF 0400 PM LOCAL TIME.

CLIMATE NORMAL PERIOD 1981 TO 2010
CLIMATE RECORD PERIOD 1948 TO 2018


WEATHER ITEM   OBSERVED TIME   RECORD YEAR NORMAL DEPARTURE LAST
                VALUE   (LST)  VALUE       VALUE  FROM      YEAR
                                                  NORMAL
..................................................................
TEMPERATURE (F)
 TODAY
  MAXIMUM         46    252 AM  73    1967  48     -2       55
  MINIMUM         38    735 AM -11    1963  28     10       34
  AVERAGE         42                        38      4       45

PRECIPITATION (IN)
  TODAY            0.00          1.35 1996   0.13  -0.13     0.00
  MONTH TO DATE    3.04                      2.95   0.09     2.92
  SINCE DEC 1      9.65                      8.30   1.35    10.10
  SINCE JAN 1      3.04                      2.95   0.09     2.92

DEGREE DAYS
 HEATING
  TODAY           23                        27     -4       20
  MONTH TO DATE  739                       621    118      412
  SINCE DEC 1   1499                      1372    127     1124
  SINCE JUL 1   2100                      2039     61     1508

 COOLING
  TODAY            0                         0      0        0
  MONTH TO DATE    0                         0      0        0
  SINCE DEC 1      0                         1     -1        2
  SINCE JAN 1      0                         0      0        0
..................................................................


WIND (MPH)
  HIGHEST WIND SPEED    20   HIGHEST WIND DIRECTION    NW (300)
  HIGHEST GUST SPEED    26   HIGHEST GUST DIRECTION     W (270)
  AVERAGE WIND SPEED    12.7


SKY COVER
  POSSIBLE SUNSHINE  MM
  AVERAGE SKY COVER 0.7


WEATHER CONDITIONS
 THE FOLLOWING WEATHER WAS RECORDED TODAY.
  NO SIGNIFICANT WEATHER WAS OBSERVED.


RELATIVE HUMIDITY (PERCENT)
 HIGHEST    70           600 AM
 LOWEST     53          1200 AM
 AVERAGE    62

..........................................................


THE JACKSON CLIMATE NORMALS FOR TOMORROW
                         NORMAL    RECORD    YEAR
 MAXIMUM TEMPERATURE (F)   48        78      1972
 MINIMUM TEMPERATURE (F)   28       -13      1963


SUNRISE AND SUNSET
JANUARY 23 2018.......SUNRISE   701 AM CST   SUNSET   514 PM CST
JANUARY 24 2018.......SUNRISE   701 AM CST   SUNSET   515 PM CST


-  INDICATES NEGATIVE NUMBERS.
R  INDICATES RECORD WAS SET OR TIED.
MM INDICATES DATA IS MISSING.
T  INDICATES TRACE AMOUNT.




$$
