686
CDUS44 KMEG 162255
CLIMKL


CLIMATE REPORT
NATIONAL WEATHER SERVICE MEMPHIS TN
455 PM CST MON JAN 16 2017


...................................

...THE JACKSON CLIMATE SUMMARY FOR JANUARY 16 2017...
VALID TODAY AS OF 0400 PM LOCAL TIME.

CLIMATE NORMAL PERIOD 1981 TO 2010
CLIMATE RECORD PERIOD 1948 TO 2017


WEATHER ITEM   OBSERVED TIME   RECORD YEAR NORMAL DEPARTURE LAST
                VALUE   (LST)  VALUE       VALUE  FROM      YEAR
                                                  NORMAL
..................................................................
TEMPERATURE (F)
 TODAY
  MAXIMUM         70    307 PM  76    1952  48     22       42
  MINIMUM         49    216 AM  -2    1982  28     21       31
  AVERAGE         60                        38     22       37

PRECIPITATION (IN)
  TODAY            T             1.18 2006   0.12  -0.12     0.00
  MONTH TO DATE    1.25                      2.04  -0.79     1.45
  SINCE DEC 1      8.43                      7.39   1.04     6.60
  SINCE JAN 1      1.25                      2.04  -0.79     1.45

DEGREE DAYS
 HEATING
  TODAY            5                        27    -22       28
  MONTH TO DATE  343                       432    -89      429
  SINCE DEC 1   1055                      1183   -128      872
  SINCE JUL 1   1439                      1850   -411     1347

 COOLING
  TODAY            0                         0      0        0
  MONTH TO DATE    0                         0      0        0
  SINCE DEC 1      2                         1      1        9
  SINCE JAN 1      0                         0      0        0
..................................................................


WIND (MPH)
  HIGHEST WIND SPEED    16   HIGHEST WIND DIRECTION     S (190)
  HIGHEST GUST SPEED    23   HIGHEST GUST DIRECTION     S (190)
  AVERAGE WIND SPEED     6.9


SKY COVER
  POSSIBLE SUNSHINE  MM
  AVERAGE SKY COVER 0.7


WEATHER CONDITIONS
 THE FOLLOWING WEATHER WAS RECORDED TODAY.
  LIGHT RAIN
  FOG


RELATIVE HUMIDITY (PERCENT)
 HIGHEST   100          1200 AM
 LOWEST     68          1100 AM
 AVERAGE    84

..........................................................


THE JACKSON CLIMATE NORMALS FOR TOMORROW
                         NORMAL    RECORD    YEAR
 MAXIMUM TEMPERATURE (F)   48        72      2012
 MINIMUM TEMPERATURE (F)   28        -6      1982


SUNRISE AND SUNSET
JANUARY 16 2017.......SUNRISE   704 AM CST   SUNSET   507 PM CST
JANUARY 17 2017.......SUNRISE   704 AM CST   SUNSET   508 PM CST


-  INDICATES NEGATIVE NUMBERS.
R  INDICATES RECORD WAS SET OR TIED.
MM INDICATES DATA IS MISSING.
T  INDICATES TRACE AMOUNT.




$$
