000
CDUS44 KMEG 200635
CLIMKL


CLIMATE REPORT
NATIONAL WEATHER SERVICE MEMPHIS TN
135 AM CDT THU JUL 20 2017


...................................

...THE JACKSON CLIMATE SUMMARY FOR JULY 19 2017...

CLIMATE NORMAL PERIOD 1981 TO 2010
CLIMATE RECORD PERIOD 1948 TO 2017


WEATHER ITEM   OBSERVED TIME   RECORD YEAR NORMAL DEPARTURE LAST
                VALUE   (LST)  VALUE       VALUE  FROM      YEAR
                                                  NORMAL
..................................................................
TEMPERATURE (F)
 YESTERDAY
  MAXIMUM         95    337 PM 102    1980  91      4       96
  MINIMUM         69    428 AM  55    2009  69      0       72
  AVERAGE         82                        80      2       84

PRECIPITATION (IN)
  YESTERDAY        0.00          2.59 2003   0.15  -0.15     0.00
  MONTH TO DATE    2.66                      2.81  -0.15     0.79
  SINCE JUN 1      4.70                      7.65  -2.95     3.09
  SINCE JAN 1     27.35                     31.19  -3.84    28.33

DEGREE DAYS
 HEATING
  YESTERDAY        0                         0      0        0
  MONTH TO DATE    0                         0      0        0
  SINCE JUN 1      0                         2     -2        0
  SINCE JUL 1      0                         0      0        0

 COOLING
  YESTERDAY       17                        15      2       19
  MONTH TO DATE  297                       278     19      314
  SINCE JUN 1    642                       617     25      737
  SINCE JAN 1    910                       832     78      921
..................................................................


WIND (MPH)
  HIGHEST WIND SPEED    10   HIGHEST WIND DIRECTION    NW (330)
  HIGHEST GUST SPEED    14   HIGHEST GUST DIRECTION    NW (330)
  AVERAGE WIND SPEED     2.8


SKY COVER
  POSSIBLE SUNSHINE  MM
  AVERAGE SKY COVER 0.1


WEATHER CONDITIONS
 THE FOLLOWING WEATHER WAS RECORDED YESTERDAY.
  FOG


RELATIVE HUMIDITY (PERCENT)
 HIGHEST   100          1200 AM
 LOWEST     49           200 PM
 AVERAGE    75

..........................................................


THE JACKSON CLIMATE NORMALS FOR TODAY
                         NORMAL    RECORD    YEAR
 MAXIMUM TEMPERATURE (F)   91       102      1986
 MINIMUM TEMPERATURE (F)   69        56      2009


SUNRISE AND SUNSET
JULY 20 2017..........SUNRISE   555 AM CDT   SUNSET   809 PM CDT
JULY 21 2017..........SUNRISE   556 AM CDT   SUNSET   808 PM CDT


-  INDICATES NEGATIVE NUMBERS.
R  INDICATES RECORD WAS SET OR TIED.
MM INDICATES DATA IS MISSING.
T  INDICATES TRACE AMOUNT.




$$
