000
CDUS44 KMEG 280748
CLIMKL


CLIMATE REPORT
NATIONAL WEATHER SERVICE MEMPHIS TN
147 AM CST FRI NOV 28 2014


...................................

...THE JACKSON CLIMATE SUMMARY FOR NOVEMBER 27 2014...

CLIMATE NORMAL PERIOD 1981 TO 2010
CLIMATE RECORD PERIOD 1948 TO 2014


WEATHER ITEM   OBSERVED TIME   RECORD YEAR NORMAL DEPARTURE LAST
                VALUE   (LST)  VALUE       VALUE  FROM      YEAR
                                                  NORMAL
..................................................................
TEMPERATURE (F)
 YESTERDAY
  MAXIMUM         40    107 PM  78    1989  56    -16       34
  MINIMUM         26    834 PM  15    2013  35     -9       15
  AVERAGE         33                        46    -13       25

PRECIPITATION (IN)
  YESTERDAY        0.00          3.82 1968   0.18  -0.18     0.00
  MONTH TO DATE    2.18                      4.33  -2.15     1.83
  SINCE SEP 1     11.52                     11.48   0.04     8.48
  SINCE JAN 1     55.18                     47.35   7.83    53.57

SNOWFALL (IN)
  YESTERDAY        0.0           0.3  1980   0.0    0.0      0.0
  MONTH TO DATE    0.1                       0.1    0.0       T
  SINCE SEP 1      0.1                       0.1    0.0       T
  SINCE JUL 1      0.1                       0.1    0.0       T
  SNOW DEPTH       0

DEGREE DAYS
 HEATING
  YESTERDAY       32                        19     13       40
  MONTH TO DATE  587                       392    195      499
  SINCE SEP 1    756                       606    150      704
  SINCE JUL 1    756                       606    150      704

 COOLING
  YESTERDAY        0                         0      0        0
  MONTH TO DATE    0                         2     -2        0
  SINCE SEP 1    291                       270     21      308
  SINCE JAN 1   1608                      1693    -85     1592
..................................................................


WIND (MPH)
  HIGHEST WIND SPEED    21   HIGHEST WIND DIRECTION     N (340)
  HIGHEST GUST SPEED    29   HIGHEST GUST DIRECTION    NW (330)
  AVERAGE WIND SPEED     8.5


SKY COVER
  POSSIBLE SUNSHINE  MM
  AVERAGE SKY COVER 0.8


WEATHER CONDITIONS
 THE FOLLOWING WEATHER WAS RECORDED YESTERDAY.
  NO SIGNIFICANT WEATHER WAS OBSERVED.


RELATIVE HUMIDITY (PERCENT)
 HIGHEST    85          1200 AM
 LOWEST     59           100 PM
 AVERAGE    72

..........................................................


THE JACKSON CLIMATE NORMALS FOR TODAY
                         NORMAL    RECORD    YEAR
 MAXIMUM TEMPERATURE (F)   56        75      1998
 MINIMUM TEMPERATURE (F)   35        14      2013


SUNRISE AND SUNSET
NOVEMBER 28 2014......SUNRISE   644 AM CST   SUNSET   443 PM CST
NOVEMBER 29 2014......SUNRISE   645 AM CST   SUNSET   443 PM CST


-  INDICATES NEGATIVE NUMBERS.
R  INDICATES RECORD WAS SET OR TIED.
MM INDICATES DATA IS MISSING.
T  INDICATES TRACE AMOUNT.




$$
