306
CDUS44 KMEG 280645
CLIMKL


CLIMATE REPORT
NATIONAL WEATHER SERVICE MEMPHIS TN
144 AM CDT TUE MAR 28 2017


...................................

...THE JACKSON CLIMATE SUMMARY FOR MARCH 27 2017...

CLIMATE NORMAL PERIOD 1981 TO 2010
CLIMATE RECORD PERIOD 1948 TO 2017


WEATHER ITEM   OBSERVED TIME   RECORD YEAR NORMAL DEPARTURE LAST
                VALUE   (LST)  VALUE       VALUE  FROM      YEAR
                                                  NORMAL
..................................................................
TEMPERATURE (F)
 YESTERDAY
  MAXIMUM         76   1131 AM  82    2012  66     10       73
  MINIMUM         52   1224 AM  19    1955  42     10       47
  AVERAGE         64                        54     10       60

PRECIPITATION (IN)
  YESTERDAY        0.92          2.21 2005   0.16   0.76     0.46
  MONTH TO DATE    7.58                      4.08   3.50     9.52
  SINCE MAR 1      7.58                      4.08   3.50     9.52
  SINCE JAN 1     12.41                     12.32   0.09    15.14

DEGREE DAYS
 HEATING
  YESTERDAY        1                        11    -10        5
  MONTH TO DATE  349                       402    -53      285
  SINCE MAR 1    349                       402    -53      285
  SINCE JUL 1   2389                      3286   -897     2653

 COOLING
  YESTERDAY        0                         1     -1        0
  MONTH TO DATE    7                         3      4        6
  SINCE MAR 1      7                         3      4        6
  SINCE JAN 1      9                         4      5        6
..................................................................


WIND (MPH)
  HIGHEST WIND SPEED    23   HIGHEST WIND DIRECTION     S (200)
  HIGHEST GUST SPEED    35   HIGHEST GUST DIRECTION     S (200)
  AVERAGE WIND SPEED     7.5


SKY COVER
  POSSIBLE SUNSHINE  MM
  AVERAGE SKY COVER 0.5


WEATHER CONDITIONS
 THE FOLLOWING WEATHER WAS RECORDED YESTERDAY.
  THUNDERSTORM
  HEAVY RAIN
  RAIN
  LIGHT RAIN
  HAIL
  FOG
  FOG W/VISIBILITY <= 1/4 MILE


RELATIVE HUMIDITY (PERCENT)
 HIGHEST   100           700 PM
 LOWEST     68          1200 PM
 AVERAGE    84

..........................................................


THE JACKSON CLIMATE NORMALS FOR TODAY
                         NORMAL    RECORD    YEAR
 MAXIMUM TEMPERATURE (F)   67        84      1989
 MINIMUM TEMPERATURE (F)   42        24      1955


SUNRISE AND SUNSET
MARCH 28 2017.........SUNRISE   648 AM CDT   SUNSET   714 PM CDT
MARCH 29 2017.........SUNRISE   646 AM CDT   SUNSET   715 PM CDT


-  INDICATES NEGATIVE NUMBERS.
R  INDICATES RECORD WAS SET OR TIED.
MM INDICATES DATA IS MISSING.
T  INDICATES TRACE AMOUNT.


$$
