000
CDUS44 KMEG 062253
CLIMKL


CLIMATE REPORT
NATIONAL WEATHER SERVICE MEMPHIS TN
452 PM CST TUE DEC 6 2016


...................................

...THE JACKSON CLIMATE SUMMARY FOR DECEMBER 6 2016...
VALID TODAY AS OF 0400 PM LOCAL TIME.

CLIMATE NORMAL PERIOD 1981 TO 2010
CLIMATE RECORD PERIOD 1948 TO 2016


WEATHER ITEM   OBSERVED TIME   RECORD YEAR NORMAL DEPARTURE LAST
                VALUE   (LST)  VALUE       VALUE  FROM      YEAR
                                                  NORMAL
..................................................................
TEMPERATURE (F)
 TODAY
  MAXIMUM         48    354 AM  75    1998  53     -5       64
  MINIMUM         45    951 AM   4    1976  33     12       29
  AVERAGE         47                        43      4       47

PRECIPITATION (IN)
  TODAY            0.80          1.60 1957   0.18   0.62     0.00
  MONTH TO DATE    1.19                      1.09   0.10     0.29
  SINCE DEC 1      1.19                      1.09   0.10     0.29
  SINCE JAN 1     40.74                     49.01  -8.27    43.36

SNOWFALL (IN)
  TODAY            0.0

DEGREE DAYS
 HEATING
  TODAY           18                        22     -4       18
  MONTH TO DATE  123                       129     -6      129
  SINCE DEC 1    123                       129     -6      129
  SINCE JUL 1    507                       796   -289      604

 COOLING
  TODAY            0                         0      0        0
  MONTH TO DATE    0                         0      0        0
  SINCE DEC 1      0                         0      0        0
  SINCE JAN 1   2092                      1697    395     1855
..................................................................


WIND (MPH)
  HIGHEST WIND SPEED    17   HIGHEST WIND DIRECTION    NW (300)
  HIGHEST GUST SPEED    21   HIGHEST GUST DIRECTION    NW (300)
  AVERAGE WIND SPEED     8.5


SKY COVER
  POSSIBLE SUNSHINE  MM
  AVERAGE SKY COVER 0.9


WEATHER CONDITIONS
 THE FOLLOWING WEATHER WAS RECORDED TODAY.
  HEAVY RAIN
  RAIN
  LIGHT RAIN
  FOG


RELATIVE HUMIDITY (PERCENT)
 HIGHEST   100           100 AM
 LOWEST     82           400 PM
 AVERAGE    91

..........................................................


THE JACKSON CLIMATE NORMALS FOR TOMORROW
                         NORMAL    RECORD    YEAR
 MAXIMUM TEMPERATURE (F)   53        72      1980
                                             1966
 MINIMUM TEMPERATURE (F)   33        10      1950


SUNRISE AND SUNSET
DECEMBER  6 2016......SUNRISE   651 AM CST   SUNSET   442 PM CST
DECEMBER  7 2016......SUNRISE   652 AM CST   SUNSET   442 PM CST


-  INDICATES NEGATIVE NUMBERS.
R  INDICATES RECORD WAS SET OR TIED.
MM INDICATES DATA IS MISSING.
T  INDICATES TRACE AMOUNT.




$$
