073
CDUS44 KMEG 310641
CLIMKL


CLIMATE REPORT
NATIONAL WEATHER SERVICE MEMPHIS TN
141 AM CDT TUE MAY 31 2016


...................................

...THE JACKSON CLIMATE SUMMARY FOR MAY 30 2016...

CLIMATE NORMAL PERIOD 1981 TO 2010
CLIMATE RECORD PERIOD 1948 TO 2016


WEATHER ITEM   OBSERVED TIME   RECORD YEAR NORMAL DEPARTURE LAST
                VALUE   (LST)  VALUE       VALUE  FROM      YEAR
                                                  NORMAL
..................................................................
TEMPERATURE (F)
 YESTERDAY
  MAXIMUM         89    239 PM  97    1977  83      6       84
  MINIMUM         65    509 AM  43    1984  61      4       68
  AVERAGE         77                        72      5       76

PRECIPITATION (IN)
  YESTERDAY        0.00          2.28 2004   0.19  -0.19     1.40
  MONTH TO DATE    3.77                      5.51  -1.74     5.32
  SINCE MAR 1     19.62                     15.12   4.50    15.32
  SINCE JAN 1     25.24                     23.36   1.88    21.21

SNOWFALL (IN)
  YESTERDAY        0.0          MM      MM   0.0    0.0      0.0
  MONTH TO DATE    0.0                       0.0    0.0      0.0
  SINCE MAR 1      T                         0.4   -0.4      4.4
  SINCE JUL 1      1.5                       4.6   -3.1      5.9
  SNOW DEPTH       0

DEGREE DAYS
 HEATING
  YESTERDAY        0                         0      0        0
  MONTH TO DATE   64                        46     18       39
  SINCE MAR 1    511                       688   -177      664
  SINCE JUL 1   2879                      3572   -693     3837

 COOLING
  YESTERDAY       12                         8      4       11
  MONTH TO DATE  129                       149    -20      166
  SINCE MAR 1    173                       207    -34      227
  SINCE JAN 1    173                       208    -35      227
..................................................................


WIND (MPH)
  HIGHEST WIND SPEED    12   HIGHEST WIND DIRECTION     E (80)
  HIGHEST GUST SPEED    14   HIGHEST GUST DIRECTION     E (80)
  AVERAGE WIND SPEED     2.5


SKY COVER
  POSSIBLE SUNSHINE  MM
  AVERAGE SKY COVER 0.1


WEATHER CONDITIONS
 THE FOLLOWING WEATHER WAS RECORDED YESTERDAY.
  FOG
  FOG W/VISIBILITY <= 1/4 MILE


RELATIVE HUMIDITY (PERCENT)
 HIGHEST    93           200 AM
 LOWEST     34           200 PM
 AVERAGE    64

..........................................................


THE JACKSON CLIMATE NORMALS FOR TODAY
                         NORMAL    RECORD    YEAR
 MAXIMUM TEMPERATURE (F)   84        95      1988
                                             1953
                                             1951
 MINIMUM TEMPERATURE (F)   61        45      1984


SUNRISE AND SUNSET
MAY 31 2016...........SUNRISE   542 AM CDT   SUNSET   806 PM CDT
JUNE  1 2016..........SUNRISE   541 AM CDT   SUNSET   806 PM CDT


-  INDICATES NEGATIVE NUMBERS.
R  INDICATES RECORD WAS SET OR TIED.
MM INDICATES DATA IS MISSING.
T  INDICATES TRACE AMOUNT.




$$
