000
CDUS42 KMLB 220628
CLIMLB


CLIMATE REPORT
NATIONAL WEATHER SERVICE MELBOURNE FL
226 AM EDT MON SEP 22 2014


...................................

...THE MELBOURNE CLIMATE SUMMARY FOR SEPTEMBER 21 2014...

CLIMATE NORMAL PERIOD 1981 TO 2010
CLIMATE RECORD PERIOD 1939 TO 2014


WEATHER ITEM   OBSERVED TIME   RECORD YEAR NORMAL DEPARTURE LAST
                VALUE   (LST)  VALUE       VALUE  FROM      YEAR
                                                  NORMAL
..................................................................
TEMPERATURE (F)
 YESTERDAY
  MAXIMUM         86   1106 AM  95    1937  88     -2       86
  MINIMUM         71    641 AM  57    1938  73     -2       71
  AVERAGE         79                        80     -1       79

PRECIPITATION (IN)
  YESTERDAY        0.64          3.85 2005   0.26   0.38     0.26
  MONTH TO DATE    4.98                      5.37  -0.39     1.97
  SINCE SEP 1      4.98                      5.37  -0.39     1.97
  SINCE JAN 1     42.81                     39.22   3.59    33.16

SNOWFALL (IN)
  YESTERDAY        0.0
  MONTH TO DATE    0.0
  SINCE JUL 1      0.0

DEGREE DAYS
 HEATING
  YESTERDAY        0                         0      0        0
  MONTH TO DATE    0                         0      0        0
  SINCE SEP 1      0                         0      0        0
  SINCE JUL 1      0                         0      0        0

 COOLING
  YESTERDAY       14                        15     -1       14
  MONTH TO DATE  341                       333      8      360
  SINCE SEP 1    341                       333      8      360
  SINCE JAN 1   2828                      2559    269     2809
..................................................................


WIND (MPH)
  HIGHEST WIND SPEED    12   HIGHEST WIND DIRECTION     S (170)
  HIGHEST GUST SPEED    14   HIGHEST GUST DIRECTION    NE (50)
  AVERAGE WIND SPEED     4.1


SKY COVER
  AVERAGE SKY COVER 0.3


WEATHER CONDITIONS
 THE FOLLOWING WEATHER WAS RECORDED YESTERDAY.
  HEAVY RAIN
  RAIN
  LIGHT RAIN
  FOG


RELATIVE HUMIDITY (PERCENT)
 HIGHEST    94          1000 PM
 LOWEST     70          1100 AM
 AVERAGE    82

..........................................................


THE MELBOURNE CLIMATE NORMALS FOR TODAY
                         NORMAL    RECORD    YEAR
 MAXIMUM TEMPERATURE (F)   88        94      1990
                                             1942
 MINIMUM TEMPERATURE (F)   73        65      1979


SUNRISE AND SUNSET
SEPTEMBER 22 2014.....SUNRISE   711 AM EDT   SUNSET   719 PM EDT
SEPTEMBER 23 2014.....SUNRISE   711 AM EDT   SUNSET   718 PM EDT


-  INDICATES NEGATIVE NUMBERS.
R  INDICATES RECORD WAS SET OR TIED.
MM INDICATES DATA IS MISSING.
T  INDICATES TRACE AMOUNT.




$$
