000
CDUS42 KMLB 240632
CLIMLB


CLIMATE REPORT
NATIONAL WEATHER SERVICE MELBOURNE FL
129 AM EST FRI FEB 24 2017


...................................

...THE MELBOURNE CLIMATE SUMMARY FOR FEBRUARY 23 2017...

CLIMATE NORMAL PERIOD 1981 TO 2010
CLIMATE RECORD PERIOD 1939 TO 2017


WEATHER ITEM   OBSERVED TIME   RECORD YEAR NORMAL DEPARTURE LAST
                VALUE   (LST)  VALUE       VALUE  FROM      YEAR
                                                  NORMAL
..................................................................
TEMPERATURE (F)
 YESTERDAY
  MAXIMUM         78    235 PM  90    1961  74      4       81
  MINIMUM         59    626 AM  28    1978  53      6       62
  AVERAGE         69                        64      5       72

PRECIPITATION (IN)
  YESTERDAY        0.00          3.39 1966   0.09  -0.09     0.01
  MONTH TO DATE    3.43                      2.04   1.39     2.01
  SINCE DEC 1      5.21                      6.88  -1.67    13.53
  SINCE JAN 1      4.89                      4.31   0.58     9.84

SNOWFALL (IN)
  YESTERDAY        0.0
  MONTH TO DATE    0.0
  SINCE JUL 1      0.0

DEGREE DAYS
 HEATING
  YESTERDAY        0                         4     -4        0
  MONTH TO DATE   30                       104    -74      103
  SINCE DEC 1    159                       431   -272      281
  SINCE JUL 1    178                       473   -295      286

 COOLING
  YESTERDAY        4                         2      2        7
  MONTH TO DATE   63                        46     17       49
  SINCE DEC 1    317                       166    151      369
  SINCE JAN 1    141                        90     51       85
..................................................................


WIND (MPH)
  HIGHEST WIND SPEED    10   HIGHEST WIND DIRECTION    NE (40)
  HIGHEST GUST SPEED    14   HIGHEST GUST DIRECTION     W (290)
  AVERAGE WIND SPEED     5.7


SKY COVER
  AVERAGE SKY COVER 0.6


WEATHER CONDITIONS
 THE FOLLOWING WEATHER WAS RECORDED YESTERDAY.
  FOG
  FOG W/VISIBILITY <= 1/4 MILE


RELATIVE HUMIDITY (PERCENT)
 HIGHEST   100           200 AM
 LOWEST     60           300 PM
 AVERAGE    80

..........................................................


THE MELBOURNE CLIMATE NORMALS FOR TODAY
                         NORMAL    RECORD    YEAR
 MAXIMUM TEMPERATURE (F)   75        92      1962
 MINIMUM TEMPERATURE (F)   53        29      1989


SUNRISE AND SUNSET
FEBRUARY 24 2017......SUNRISE   652 AM EST   SUNSET   620 PM EST
FEBRUARY 25 2017......SUNRISE   651 AM EST   SUNSET   620 PM EST


-  INDICATES NEGATIVE NUMBERS.
R  INDICATES RECORD WAS SET OR TIED.
MM INDICATES DATA IS MISSING.
T  INDICATES TRACE AMOUNT.




$$
