000
CDUS42 KMLB 240625
CLIMLB


CLIMATE REPORT
NATIONAL WEATHER SERVICE MELBOURNE FL
225 AM EDT SAT JUN 24 2017


...................................

...THE MELBOURNE CLIMATE SUMMARY FOR JUNE 23 2017...

CLIMATE NORMAL PERIOD 1981 TO 2010
CLIMATE RECORD PERIOD 1939 TO 2017


WEATHER ITEM   OBSERVED TIME   RECORD YEAR NORMAL DEPARTURE LAST
                VALUE   (LST)  VALUE       VALUE  FROM      YEAR
                                                  NORMAL
..................................................................
TEMPERATURE (F)
 YESTERDAY
  MAXIMUM         90    211 PM  96    1998  90      0       89
  MINIMUM         77    535 AM  67    1995  72      5       76
                                      1982
                                      1976
  AVERAGE         84                        81      3       83

PRECIPITATION (IN)
  YESTERDAY        0.00          5.24 2000   0.22  -0.22     0.00
  MONTH TO DATE    6.12                      5.14   0.98     6.98
  SINCE JUN 1      6.12                      5.14   0.98     6.98
  SINCE JAN 1     14.46                     18.64  -4.18    28.95

SNOWFALL (IN)
  YESTERDAY        0.0
  MONTH TO DATE    0.0
  SINCE JUL 1      0.0

DEGREE DAYS
 HEATING
  YESTERDAY        0                         0      0        0
  MONTH TO DATE    0                         0      0        0
  SINCE JUN 1      0                         0      0        0
  SINCE JUL 1    220                       577   -357      341

 COOLING
  YESTERDAY       19                        16      3       18
  MONTH TO DATE  383                       351     32      382
  SINCE JUN 1    383                       351     32      382
  SINCE JAN 1   1530                      1077    453     1315
..................................................................


WIND (MPH)
  HIGHEST WIND SPEED    20   HIGHEST WIND DIRECTION     E (110)
  HIGHEST GUST SPEED    25   HIGHEST GUST DIRECTION    SE (150)
  AVERAGE WIND SPEED    10.3


SKY COVER
  AVERAGE SKY COVER 0.3


WEATHER CONDITIONS
 THE FOLLOWING WEATHER WAS RECORDED YESTERDAY.
  NO SIGNIFICANT WEATHER WAS OBSERVED.


RELATIVE HUMIDITY (PERCENT)
 HIGHEST    91           400 AM
 LOWEST     59          1200 PM
 AVERAGE    75

..........................................................


THE MELBOURNE CLIMATE NORMALS FOR TODAY
                         NORMAL    RECORD    YEAR
 MAXIMUM TEMPERATURE (F)   90        99      1944
 MINIMUM TEMPERATURE (F)   72        64      1976


SUNRISE AND SUNSET
JUNE 24 2017..........SUNRISE   627 AM EDT   SUNSET   823 PM EDT
JUNE 25 2017..........SUNRISE   628 AM EDT   SUNSET   823 PM EDT


-  INDICATES NEGATIVE NUMBERS.
R  INDICATES RECORD WAS SET OR TIED.
MM INDICATES DATA IS MISSING.
T  INDICATES TRACE AMOUNT.




$$
