303
CDUS42 KMLB 160626
CLIMLB


CLIMATE REPORT
NATIONAL WEATHER SERVICE MELBOURNE FL
226 AM EDT WED AUG 16 2017


...................................

...THE MELBOURNE CLIMATE SUMMARY FOR AUGUST 15 2017...

CLIMATE NORMAL PERIOD 1981 TO 2010
CLIMATE RECORD PERIOD 1939 TO 2017


WEATHER ITEM   OBSERVED TIME   RECORD YEAR NORMAL DEPARTURE LAST
                VALUE   (LST)  VALUE       VALUE  FROM      YEAR
                                                  NORMAL
..................................................................
TEMPERATURE (F)
 YESTERDAY
  MAXIMUM         97    202 PM  98    1963  91      6       91
  MINIMUM         78    612 AM  67    1976  73      5       81
  AVERAGE         88                        82      6       86

PRECIPITATION (IN)
  YESTERDAY        0.01          1.37 2011   0.25  -0.24     0.00
  MONTH TO DATE    2.42                      3.70  -1.28     2.80
  SINCE JUN 1     16.46                     16.37   0.09    12.80
  SINCE JAN 1     24.80                     29.87  -5.07    34.77

SNOWFALL (IN)
  YESTERDAY        0.0
  MONTH TO DATE    0.0
  SINCE JUL 1      0.0

DEGREE DAYS
 HEATING
  YESTERDAY        0                         0      0        0
  MONTH TO DATE    0                         0      0        0
  SINCE JUN 1      0                         0      0        0
  SINCE JUL 1      0                         0      0        0

 COOLING
  YESTERDAY       23                        17      6       21
  MONTH TO DATE  301                       255     46      283
  SINCE JUN 1   1427                      1233    194     1404
  SINCE JAN 1   2574                      1959    615     2337
..................................................................


WIND (MPH)
  HIGHEST WIND SPEED    17   HIGHEST WIND DIRECTION    SE (140)
  HIGHEST GUST SPEED    22   HIGHEST GUST DIRECTION    SE (130)
  AVERAGE WIND SPEED     6.4


SKY COVER
  AVERAGE SKY COVER 0.4


WEATHER CONDITIONS
 THE FOLLOWING WEATHER WAS RECORDED YESTERDAY.
  THUNDERSTORM
  LIGHT RAIN


RELATIVE HUMIDITY (PERCENT)
 HIGHEST    97           300 AM
 LOWEST     45           200 PM
 AVERAGE    71

..........................................................


THE MELBOURNE CLIMATE NORMALS FOR TODAY
                         NORMAL    RECORD    YEAR
 MAXIMUM TEMPERATURE (F)   91        96      1957
 MINIMUM TEMPERATURE (F)   73        69      1996
                                             1973
                                             1959


SUNRISE AND SUNSET
AUGUST 16 2017........SUNRISE   653 AM EDT   SUNSET   800 PM EDT
AUGUST 17 2017........SUNRISE   654 AM EDT   SUNSET   759 PM EDT


-  INDICATES NEGATIVE NUMBERS.
R  INDICATES RECORD WAS SET OR TIED.
MM INDICATES DATA IS MISSING.
T  INDICATES TRACE AMOUNT.




$$
