000
CDUS42 KMLB 180628
CLIMLB


CLIMATE REPORT
NATIONAL WEATHER SERVICE MELBOURNE FL
128 AM EST MON DEC 18 2017


...................................

...THE MELBOURNE CLIMATE SUMMARY FOR DECEMBER 17 2017...

CLIMATE NORMAL PERIOD 1981 TO 2010
CLIMATE RECORD PERIOD 1939 TO 2017


WEATHER ITEM   OBSERVED TIME   RECORD YEAR NORMAL DEPARTURE LAST
                VALUE   (LST)  VALUE       VALUE  FROM      YEAR
                                                  NORMAL
..................................................................
TEMPERATURE (F)
 YESTERDAY
  MAXIMUM         80    124 PM  86    2015  73      7       81
  MINIMUM         55    412 AM  29    1968  53      2       66
  AVERAGE         68                        63      5       74

PRECIPITATION (IN)
  YESTERDAY        0.00          0.99 1974   0.09  -0.09      T
  MONTH TO DATE    1.07                      1.44  -0.37     0.21
  SINCE DEC 1      1.07                      1.44  -0.37     0.21
  SINCE JAN 1     65.73                     50.87  14.86    59.53

SNOWFALL (IN)
  YESTERDAY        0.0
  MONTH TO DATE    0.0
  SINCE JUL 1      0.0

DEGREE DAYS
 HEATING
  YESTERDAY        0                         5     -5        0
  MONTH TO DATE   52                        61     -9        7
  SINCE DEC 1     52                        61     -9        7
  SINCE JUL 1     65                       103    -38       26

 COOLING
  YESTERDAY        3                         2      1        9
  MONTH TO DATE   69                        47     22       98
  SINCE DEC 1     69                        47     22       98
  SINCE JAN 1   4155                      3242    913     3826
..................................................................


WIND (MPH)
  HIGHEST WIND SPEED    14   HIGHEST WIND DIRECTION    SE (130)
  HIGHEST GUST SPEED    17   HIGHEST GUST DIRECTION    SE (140)
  AVERAGE WIND SPEED     5.0


SKY COVER
  AVERAGE SKY COVER 0.1


WEATHER CONDITIONS
 THE FOLLOWING WEATHER WAS RECORDED YESTERDAY.
  FOG


RELATIVE HUMIDITY (PERCENT)
 HIGHEST   100           400 AM
 LOWEST     58           100 PM
 AVERAGE    79

..........................................................


THE MELBOURNE CLIMATE NORMALS FOR TODAY
                         NORMAL    RECORD    YEAR
 MAXIMUM TEMPERATURE (F)   73        88      1961
 MINIMUM TEMPERATURE (F)   52        35      1988


SUNRISE AND SUNSET
DECEMBER 18 2017......SUNRISE   708 AM EST   SUNSET   530 PM EST
DECEMBER 19 2017......SUNRISE   709 AM EST   SUNSET   531 PM EST


-  INDICATES NEGATIVE NUMBERS.
R  INDICATES RECORD WAS SET OR TIED.
MM INDICATES DATA IS MISSING.
T  INDICATES TRACE AMOUNT.




$$
