000
CDUS42 KMLB 272021
CLIMLB


CLIMATE REPORT
NATIONAL WEATHER SERVICE MELBOURNE FL
420 PM EDT MON MAR 27 2017


...................................

...THE MELBOURNE CLIMATE SUMMARY FOR MARCH 27 2017...
VALID TODAY AS OF 0400 PM LOCAL TIME.

CLIMATE NORMAL PERIOD 1981 TO 2010
CLIMATE RECORD PERIOD 1939 TO 2017


WEATHER ITEM   OBSERVED TIME   RECORD YEAR NORMAL DEPARTURE LAST
                VALUE   (LST)  VALUE       VALUE  FROM      YEAR
                                                  NORMAL
..................................................................
TEMPERATURE (F)
 TODAY
  MAXIMUM         82    202 PM  92    2011  78      4       87
  MINIMUM         59    635 AM  39    2013  57      2       74
  AVERAGE         71                        67      4       81

PRECIPITATION (IN)
  TODAY            0.00          1.57 1943   0.10  -0.10     0.10
  MONTH TO DATE    0.41                      2.88  -2.47     2.29
  SINCE MAR 1      0.41                      2.88  -2.47     2.29
  SINCE JAN 1      5.30                      7.68  -2.38    12.15

SNOWFALL (IN)
  TODAY            0.0
  MONTH TO DATE    0.0
  SINCE JUL 1      0.0

DEGREE DAYS
 HEATING
  TODAY            0                         1     -1        0
  MONTH TO DATE   39                        66    -27       17
  SINCE MAR 1     39                        66    -27       17
  SINCE JUL 1    217                       555   -338      338

 COOLING
  TODAY            6                         4      2       16
  MONTH TO DATE  145                        83     62      192
  SINCE MAR 1    145                        83     62      192
  SINCE JAN 1    323                       181    142      282
..................................................................


WIND (MPH)
  HIGHEST WIND SPEED    14   HIGHEST WIND DIRECTION    NE (60)
  HIGHEST GUST SPEED    19   HIGHEST GUST DIRECTION    NE (60)
  AVERAGE WIND SPEED     6.5


SKY COVER
  AVERAGE SKY COVER 0.2


WEATHER CONDITIONS
 THE FOLLOWING WEATHER WAS RECORDED TODAY.
  NO SIGNIFICANT WEATHER WAS OBSERVED.


RELATIVE HUMIDITY (PERCENT)
 HIGHEST   100           700 AM
 LOWEST     45          1100 AM
 AVERAGE    73

..........................................................


THE MELBOURNE CLIMATE NORMALS FOR TOMORROW
                         NORMAL    RECORD    YEAR
 MAXIMUM TEMPERATURE (F)   78        93      1994
 MINIMUM TEMPERATURE (F)   57        40      2013


SUNRISE AND SUNSET
MARCH 27 2017.........SUNRISE   718 AM EDT   SUNSET   738 PM EDT
MARCH 28 2017.........SUNRISE   717 AM EDT   SUNSET   738 PM EDT


-  INDICATES NEGATIVE NUMBERS.
R  INDICATES RECORD WAS SET OR TIED.
MM INDICATES DATA IS MISSING.
T  INDICATES TRACE AMOUNT.




$$
