000
CDUS42 KMLB 222022
CLIMLB


CLIMATE REPORT
NATIONAL WEATHER SERVICE MELBOURNE FL
421 PM EDT MON MAY 22 2017


...................................

...THE MELBOURNE CLIMATE SUMMARY FOR MAY 22 2017...
VALID TODAY AS OF 0400 PM LOCAL TIME.

CLIMATE NORMAL PERIOD 1981 TO 2010
CLIMATE RECORD PERIOD 1939 TO 2017


WEATHER ITEM   OBSERVED TIME   RECORD YEAR NORMAL DEPARTURE LAST
                VALUE   (LST)  VALUE       VALUE  FROM      YEAR
                                                  NORMAL
..................................................................
TEMPERATURE (F)
 TODAY
  MAXIMUM         89    119 PM  95    1998  87      2       91
                                      1962
                                      1961
  MINIMUM         74    605 AM  56    1994  69      5       69
  AVERAGE         82                        78      4       80

PRECIPITATION (IN)
  TODAY            0.00          3.16 1976   0.13  -0.13     0.00
  MONTH TO DATE    1.88                      1.95  -0.07     6.99
  SINCE MAR 1      2.52                      7.36  -4.84    11.41
  SINCE JAN 1      7.41                     12.16  -4.75    21.27

SNOWFALL (IN)
  TODAY            0.0
  MONTH TO DATE    0.0
  SINCE JUL 1      0.0

DEGREE DAYS
 HEATING
  TODAY            0                         0      0        0
  MONTH TO DATE    0                         0      0        0
  SINCE MAR 1     42                        87    -45       20
  SINCE JUL 1    220                       576   -356      341

 COOLING
  TODAY           17                        13      4       15
  MONTH TO DATE  299                       231     68      246
  SINCE MAR 1    823                       508    315      716
  SINCE JAN 1   1001                       606    395      806
..................................................................


WIND (MPH)
  HIGHEST WIND SPEED    20   HIGHEST WIND DIRECTION     E (110)
  HIGHEST GUST SPEED    25   HIGHEST GUST DIRECTION     E (110)
  AVERAGE WIND SPEED     6.9


SKY COVER
  AVERAGE SKY COVER 0.3


WEATHER CONDITIONS
 THE FOLLOWING WEATHER WAS RECORDED TODAY.
  NO SIGNIFICANT WEATHER WAS OBSERVED.


RELATIVE HUMIDITY (PERCENT)
 HIGHEST    87           500 AM
 LOWEST     48          1000 AM
 AVERAGE    68

..........................................................


THE MELBOURNE CLIMATE NORMALS FOR TOMORROW
                         NORMAL    RECORD    YEAR
 MAXIMUM TEMPERATURE (F)   87        95      1961
 MINIMUM TEMPERATURE (F)   69        57      1994


SUNRISE AND SUNSET
MAY 22 2017...........SUNRISE   629 AM EDT   SUNSET   810 PM EDT
MAY 23 2017...........SUNRISE   629 AM EDT   SUNSET   810 PM EDT


-  INDICATES NEGATIVE NUMBERS.
R  INDICATES RECORD WAS SET OR TIED.
MM INDICATES DATA IS MISSING.
T  INDICATES TRACE AMOUNT.




$$
