000
CDUS42 KMLB 290642
CLIMLB


CLIMATE REPORT
NATIONAL WEATHER SERVICE MELBOURNE FL
231 AM EDT SUN MAR 29 2015


...................................

...THE MELBOURNE CLIMATE SUMMARY FOR MARCH 28 2015...

CLIMATE NORMAL PERIOD 1981 TO 2010
CLIMATE RECORD PERIOD 1939 TO 2015


WEATHER ITEM   OBSERVED TIME   RECORD YEAR NORMAL DEPARTURE LAST
                VALUE   (LST)  VALUE       VALUE  FROM      YEAR
                                                  NORMAL
..................................................................
TEMPERATURE (F)
 YESTERDAY
  MAXIMUM         70    338 PM  93    1994  78     -8       79
  MINIMUM         51    641 AM  40    2013  57     -6       68
  AVERAGE         61                        67     -6       74

PRECIPITATION (IN)
  YESTERDAY        0.00          2.42 1996   0.10  -0.10      T
  MONTH TO DATE    0.43                      2.98  -2.55     1.22
  SINCE MAR 1      0.43                      2.98  -2.55     1.22
  SINCE JAN 1      6.54                      7.78  -1.24     8.28

SNOWFALL (IN)
  YESTERDAY        0.0
  MONTH TO DATE    0.0
  SINCE JUL 1      0.0

DEGREE DAYS
 HEATING
  YESTERDAY        4                         1      3        0
  MONTH TO DATE    5                        67    -62       46
  SINCE MAR 1      5                        67    -62       46
  SINCE JUL 1    415                       556   -141      352

 COOLING
  YESTERDAY        0                         4     -4        9
  MONTH TO DATE  236                        87    149      101
  SINCE MAR 1    236                        87    149      101
  SINCE JAN 1    334                       185    149      269
..................................................................


WIND (MPH)
  HIGHEST WIND SPEED    25   HIGHEST WIND DIRECTION     W (280)
  HIGHEST GUST SPEED    34   HIGHEST GUST DIRECTION     W (290)
  AVERAGE WIND SPEED    10.9


SKY COVER
  AVERAGE SKY COVER 0.0


WEATHER CONDITIONS
 THE FOLLOWING WEATHER WAS RECORDED YESTERDAY.
  NO SIGNIFICANT WEATHER WAS OBSERVED.


RELATIVE HUMIDITY (PERCENT)
 HIGHEST    78          1200 AM
 LOWEST     20           200 PM
 AVERAGE    49

..........................................................


THE MELBOURNE CLIMATE NORMALS FOR TODAY
                         NORMAL    RECORD    YEAR
 MAXIMUM TEMPERATURE (F)   78        90      1974
                                             1961
 MINIMUM TEMPERATURE (F)   57        43      1983
                                             1955


SUNRISE AND SUNSET
MARCH 29 2015.........SUNRISE   717 AM EDT   SUNSET   739 PM EDT
MARCH 30 2015.........SUNRISE   715 AM EDT   SUNSET   739 PM EDT


-  INDICATES NEGATIVE NUMBERS.
R  INDICATES RECORD WAS SET OR TIED.
MM INDICATES DATA IS MISSING.
T  INDICATES TRACE AMOUNT.




$$
