000
CDUS42 KMLB 062117
CLIMLB


CLIMATE REPORT
NATIONAL WEATHER SERVICE MELBOURNE FL
416 PM EST FRI MAR 6 2015


...................................

...THE MELBOURNE CLIMATE SUMMARY FOR MARCH 6 2015...
VALID TODAY AS OF 0400 PM LOCAL TIME.

CLIMATE NORMAL PERIOD 1981 TO 2010
CLIMATE RECORD PERIOD 1939 TO 2015


WEATHER ITEM   OBSERVED TIME   RECORD YEAR NORMAL DEPARTURE LAST
                VALUE   (LST)  VALUE       VALUE  FROM      YEAR
                                                  NORMAL
..................................................................
TEMPERATURE (F)
 TODAY
  MAXIMUM         77   1254 PM  90    1938  76      1       75
  MINIMUM         65   1007 AM  35    1962  54     11       65
  AVERAGE         71                        65      6       70

PRECIPITATION (IN)
  TODAY            0.00          1.72 1988   0.10  -0.10     0.16
  MONTH TO DATE    T                         0.59  -0.59     0.16
  SINCE MAR 1      T                         0.59  -0.59     0.16
  SINCE JAN 1      6.11                      5.39   0.72     7.22

SNOWFALL (IN)
  TODAY            0.0
  MONTH TO DATE    0.0
  SINCE JUL 1      0.0

DEGREE DAYS
 HEATING
  TODAY            0                         3     -3        0
  MONTH TO DATE    0                        18    -18        1
  SINCE MAR 1      0                        18    -18        1
  SINCE JUL 1    410                       507    -97      307

 COOLING
  TODAY            6                         3      3        5
  MONTH TO DATE   48                        17     31       20
  SINCE MAR 1     48                        17     31       20
  SINCE JAN 1    146                       115     31      188
..................................................................


WIND (MPH)
  HIGHEST WIND SPEED    17   HIGHEST WIND DIRECTION     N (10)
  HIGHEST GUST SPEED    22   HIGHEST GUST DIRECTION     N (10)
  AVERAGE WIND SPEED     8.0


SKY COVER
  AVERAGE SKY COVER 0.5


WEATHER CONDITIONS
 THE FOLLOWING WEATHER WAS RECORDED TODAY.
  FOG
  HAZE


RELATIVE HUMIDITY (PERCENT)
 HIGHEST   100           300 AM
 LOWEST     64           100 PM
 AVERAGE    82

..........................................................


THE MELBOURNE CLIMATE NORMALS FOR TOMORROW
                         NORMAL    RECORD    YEAR
 MAXIMUM TEMPERATURE (F)   76        89      2008
                                             2003
                                             1996
 MINIMUM TEMPERATURE (F)   54        38      2010


SUNRISE AND SUNSET
MARCH  6 2015.........SUNRISE   642 AM EST   SUNSET   626 PM EST
MARCH  7 2015.........SUNRISE   641 AM EST   SUNSET   626 PM EST


-  INDICATES NEGATIVE NUMBERS.
R  INDICATES RECORD WAS SET OR TIED.
MM INDICATES DATA IS MISSING.
T  INDICATES TRACE AMOUNT.




$$
