000
CDUS42 KMLB 280627
CLIMLB


CLIMATE REPORT
NATIONAL WEATHER SERVICE MELBOURNE FL
126 AM EST FRI NOV 28 2014


...................................

...THE MELBOURNE CLIMATE SUMMARY FOR NOVEMBER 27 2014...

CLIMATE NORMAL PERIOD 1981 TO 2010
CLIMATE RECORD PERIOD 1939 TO 2014


WEATHER ITEM   OBSERVED TIME   RECORD YEAR NORMAL DEPARTURE LAST
                VALUE   (LST)  VALUE       VALUE  FROM      YEAR
                                                  NORMAL
..................................................................
TEMPERATURE (F)
 YESTERDAY
  MAXIMUM         72    350 PM  88    1948  77     -5       75
  MINIMUM         45    714 AM  38    1956  57    -12       47
                                      1949
  AVERAGE         59                        67     -8       61

PRECIPITATION (IN)
  YESTERDAY        0.00          0.52 1974   0.09  -0.09     0.18
  MONTH TO DATE    3.08                      2.62   0.46     4.61
  SINCE SEP 1     17.43                     15.32   2.11     9.41
  SINCE JAN 1     55.26                     49.17   6.09    40.60

SNOWFALL (IN)
  YESTERDAY        0.0
  MONTH TO DATE    0.0
  SINCE JUL 1      0.0

DEGREE DAYS
 HEATING
  YESTERDAY        6                         2      4        4
  MONTH TO DATE   53                        32     21        4
  SINCE SEP 1     53                        36     17        4
  SINCE JUL 1     53                        36     17        4

 COOLING
  YESTERDAY        0                         4     -4        0
  MONTH TO DATE  120                       146    -26      263
  SINCE SEP 1    955                       957     -2     1142
  SINCE JAN 1   3442                      3183    259     3591
..................................................................


WIND (MPH)
  HIGHEST WIND SPEED    22   HIGHEST WIND DIRECTION     W (280)
  HIGHEST GUST SPEED    25   HIGHEST GUST DIRECTION     W (280)
  AVERAGE WIND SPEED    10.2


SKY COVER
  AVERAGE SKY COVER 0.0


WEATHER CONDITIONS
 THE FOLLOWING WEATHER WAS RECORDED YESTERDAY.
  FOG


RELATIVE HUMIDITY (PERCENT)
 HIGHEST   100          1200 AM
 LOWEST     42           500 PM
 AVERAGE    71

..........................................................


THE MELBOURNE CLIMATE NORMALS FOR TODAY
                         NORMAL    RECORD    YEAR
 MAXIMUM TEMPERATURE (F)   76        88      1976
                                             1948
 MINIMUM TEMPERATURE (F)   57        35      1938


SUNRISE AND SUNSET
NOVEMBER 28 2014......SUNRISE   654 AM EST   SUNSET   526 PM EST
NOVEMBER 29 2014......SUNRISE   655 AM EST   SUNSET   526 PM EST


-  INDICATES NEGATIVE NUMBERS.
R  INDICATES RECORD WAS SET OR TIED.
MM INDICATES DATA IS MISSING.
T  INDICATES TRACE AMOUNT.




$$
