000
CDUS43 KDVN 222131
CLIMLI


CLIMATE REPORT
NATIONAL WEATHER SERVICE QUAD CITIES IA IL
431 PM CDT FRI SEP 22 2017


...................................

...THE MOLINE IL CLIMATE SUMMARY FOR SEPTEMBER 22 2017...
VALID TODAY AS OF 0400 PM LOCAL TIME.

CLIMATE NORMAL PERIOD 1981 TO 2010
CLIMATE RECORD PERIOD 1872 TO 2017


WEATHER ITEM   OBSERVED TIME   RECORD YEAR NORMAL DEPARTURE LAST
                VALUE   (LST)  VALUE       VALUE  FROM      YEAR
                                                  NORMAL
..................................................................
TEMPERATURE (F)
 TODAY
  MAXIMUM         93    259 PM  95    1937  74     19       88
  MINIMUM         72    629 AM  32    1995  51     21       66
  AVERAGE         83                        63     20       77

PRECIPITATION (IN)
  TODAY            0.00          1.62 2000   0.10  -0.10     0.00
  MONTH TO DATE    2.28                      2.34  -0.06     0.89
  SINCE SEP 1      2.28                      2.34  -0.06     0.89
  SINCE JAN 1     28.40                     29.50  -1.10    30.31

SNOWFALL (IN)
  TODAY            0.0          MM      MM   0.0    0.0      0.0
  MONTH TO DATE    0.0                       0.0    0.0      0.0
  SINCE SEP 1      0.0                       0.0    0.0      0.0
  SINCE JUL 1      0.0                       0.0    0.0      0.0
  SNOW DEPTH       0

DEGREE DAYS
 HEATING
  TODAY            0                         5     -5        0
  MONTH TO DATE   27                        48    -21        1
  SINCE SEP 1     27                        48    -21        1
  SINCE JUL 1     28                        56    -28        2

 COOLING
  TODAY           18                         2     16       12
  MONTH TO DATE   99                        93      6      160
  SINCE SEP 1     99                        93      6      160
  SINCE JAN 1    910                       976    -66     1233
..................................................................


WIND (MPH)
  HIGHEST WIND SPEED    15   HIGHEST WIND DIRECTION     S (190)
  HIGHEST GUST SPEED    21   HIGHEST GUST DIRECTION     S (200)
  AVERAGE WIND SPEED     7.1


SKY COVER
  POSSIBLE SUNSHINE  MM
  AVERAGE SKY COVER 0.0


WEATHER CONDITIONS
 THE FOLLOWING WEATHER WAS RECORDED TODAY.
  NO SIGNIFICANT WEATHER WAS OBSERVED.


RELATIVE HUMIDITY (PERCENT)
 HIGHEST    84          1200 AM
 LOWEST     39           200 PM
 AVERAGE    62

..........................................................


THE MOLINE IL CLIMATE NORMALS FOR TOMORROW
                         NORMAL    RECORD    YEAR
 MAXIMUM TEMPERATURE (F)   74        91      2007
                                             1937
                                             1891
 MINIMUM TEMPERATURE (F)   51        31      1995


SUNRISE AND SUNSET
SEPTEMBER 22 2017.....SUNRISE   650 AM CDT   SUNSET   659 PM CDT
SEPTEMBER 23 2017.....SUNRISE   651 AM CDT   SUNSET   657 PM CDT


-  INDICATES NEGATIVE NUMBERS.
R  INDICATES RECORD WAS SET OR TIED.
MM INDICATES DATA IS MISSING.
T  INDICATES TRACE AMOUNT.




$$
