000
CDUS43 KDVN 081016
CLIMLI


CLIMATE REPORT
NATIONAL WEATHER SERVICE QUAD CITIES IA IL
416 AM CST MON FEB 8 2016


...................................

...THE MOLINE IL CLIMATE SUMMARY FOR FEBRUARY 7 2016...

CLIMATE NORMAL PERIOD 1981 TO 2010
CLIMATE RECORD PERIOD 1872 TO 2016


WEATHER ITEM   OBSERVED TIME   RECORD YEAR NORMAL DEPARTURE LAST
                VALUE   (LST)  VALUE       VALUE  FROM      YEAR
                                                  NORMAL
..................................................................
TEMPERATURE (F)
 YESTERDAY
  MAXIMUM         47    306 PM  59    2009  33     14       44
  MINIMUM         33    749 PM -17    1977  16     17       15
  AVERAGE         40                        24     16       30

PRECIPITATION (IN)
  YESTERDAY        0.00          0.74 2013   0.05  -0.05     0.00
  MONTH TO DATE    0.60                      0.31   0.29     1.09
  SINCE DEC 1      5.24                      3.98   1.26     3.36
  SINCE JAN 1      1.04                      1.80  -0.76     2.64

SNOWFALL (IN)
  YESTERDAY        0.0          MM      MM   0.3   -0.3      0.0
  MONTH TO DATE    0.6                       2.0   -1.4     14.5
  SINCE DEC 1      5.6                      20.7  -15.1     29.6
  SINCE JUL 1     15.5                      21.9   -6.4     34.2
  SNOW DEPTH       0

DEGREE DAYS
 HEATING
  YESTERDAY       25                        41    -16       35
  MONTH TO DATE  230                       289    -59      343
  SINCE DEC 1   2298                      2792   -494     2689
  SINCE JUL 1   3261                      4023   -762     4194

 COOLING
  YESTERDAY        0                         0      0        0
  MONTH TO DATE    0                         0      0        0
  SINCE DEC 1      0                         0      0        0
  SINCE JAN 1      0                         0      0        0
..................................................................


WIND (MPH)
  HIGHEST WIND SPEED    23   HIGHEST WIND DIRECTION    NW (300)
  HIGHEST GUST SPEED    30   HIGHEST GUST DIRECTION    NW (300)
  AVERAGE WIND SPEED    14.0


SKY COVER
  POSSIBLE SUNSHINE  MM
  AVERAGE SKY COVER 0.1


WEATHER CONDITIONS
 THE FOLLOWING WEATHER WAS RECORDED YESTERDAY.
  NO SIGNIFICANT WEATHER WAS OBSERVED.


RELATIVE HUMIDITY (PERCENT)
 HIGHEST    75           800 PM
 LOWEST     45           200 PM
 AVERAGE    60

..........................................................


THE MOLINE IL CLIMATE NORMALS FOR TODAY
                         NORMAL    RECORD    YEAR
 MAXIMUM TEMPERATURE (F)   33        63      1990
 MINIMUM TEMPERATURE (F)   16       -20      1895


SUNRISE AND SUNSET
FEBRUARY  8 2016......SUNRISE   706 AM CST   SUNSET   526 PM CST
FEBRUARY  9 2016......SUNRISE   705 AM CST   SUNSET   528 PM CST


-  INDICATES NEGATIVE NUMBERS.
R  INDICATES RECORD WAS SET OR TIED.
MM INDICATES DATA IS MISSING.
T  INDICATES TRACE AMOUNT.




$$
