000
CDUS43 KDVN 180909
CLIMLI


CLIMATE REPORT
NATIONAL WEATHER SERVICE QUAD CITIES IA IL
408 AM CDT THU SEP 18 2014


...................................

...THE MOLINE IL CLIMATE SUMMARY FOR SEPTEMBER 17 2014...

CLIMATE NORMAL PERIOD 1981 TO 2010
CLIMATE RECORD PERIOD 1872 TO 2014


WEATHER ITEM   OBSERVED TIME   RECORD YEAR NORMAL DEPARTURE LAST
                VALUE   (LST)  VALUE       VALUE  FROM      YEAR
                                                  NORMAL
..................................................................
TEMPERATURE (F)
 YESTERDAY
  MAXIMUM         71    444 PM  96    1927  77     -6       70
  MINIMUM         44    225 AM  35    1937  53     -9       46
  AVERAGE         58                        65     -7       58

PRECIPITATION (IN)
  YESTERDAY        0.00          2.40 1978   0.10  -0.10     0.00
  MONTH TO DATE    5.56                      1.83   3.73     0.51
  SINCE SEP 1      5.56                      1.83   3.73     0.51
  SINCE JAN 1     34.13                     28.99   5.14    33.12

SNOWFALL (IN)
  YESTERDAY        0.0          MM      MM   0.0    0.0      0.0
  MONTH TO DATE    0.0                       0.0    0.0      0.0
  SINCE SEP 1      0.0                       0.0    0.0      0.0
  SINCE JUL 1      0.0                       0.0    0.0      0.0
  SNOW DEPTH       0

DEGREE DAYS
 HEATING
  YESTERDAY        7                         3      4        7
  MONTH TO DATE   84                        28     56       33
  SINCE SEP 1     84                        28     56       33
  SINCE JUL 1     89                        36     53       44

 COOLING
  YESTERDAY        0                         3     -3        0
  MONTH TO DATE   49                        80    -31      126
  SINCE SEP 1     49                        80    -31      126
  SINCE JAN 1    815                       963   -148      940
..................................................................


WIND (MPH)
  HIGHEST WIND SPEED    12   HIGHEST WIND DIRECTION    SE (150)
  HIGHEST GUST SPEED    13   HIGHEST GUST DIRECTION    SE (150)
  AVERAGE WIND SPEED     1.6


SKY COVER
  POSSIBLE SUNSHINE  MM
  AVERAGE SKY COVER 0.3


WEATHER CONDITIONS
 THE FOLLOWING WEATHER WAS RECORDED YESTERDAY.
  FOG


RELATIVE HUMIDITY (PERCENT)
 HIGHEST    93           700 AM
 LOWEST     51           300 PM
 AVERAGE    72

..........................................................


THE MOLINE IL CLIMATE NORMALS FOR TODAY
                         NORMAL    RECORD    YEAR
 MAXIMUM TEMPERATURE (F)   76        92      2007
                                             1954
                                             1947
 MINIMUM TEMPERATURE (F)   53        35      1929


SUNRISE AND SUNSET
SEPTEMBER 18 2014.....SUNRISE   645 AM CDT   SUNSET   706 PM CDT
SEPTEMBER 19 2014.....SUNRISE   646 AM CDT   SUNSET   704 PM CDT


-  INDICATES NEGATIVE NUMBERS.
R  INDICATES RECORD WAS SET OR TIED.
MM INDICATES DATA IS MISSING.
T  INDICATES TRACE AMOUNT.




$$
