000
CDUS43 KDVN 172222
CLIMLI


CLIMATE REPORT
NATIONAL WEATHER SERVICE QUAD CITIES IA IL
421 PM CST WED JAN 17 2018


...................................

...THE MOLINE IL CLIMATE SUMMARY FOR JANUARY 17 2018...
VALID TODAY AS OF 0400 PM LOCAL TIME.

CLIMATE NORMAL PERIOD 1981 TO 2010
CLIMATE RECORD PERIOD 1872 TO 2018


WEATHER ITEM   OBSERVED TIME   RECORD YEAR NORMAL DEPARTURE LAST
                VALUE   (LST)  VALUE       VALUE  FROM      YEAR
                                                  NORMAL
..................................................................
TEMPERATURE (F)
 TODAY
  MAXIMUM         23    359 PM  62    1894  31     -8       38
  MINIMUM         -2    637 AM -22    1977  14    -16       34
  AVERAGE         11                        22    -11       36

PRECIPITATION (IN)
  TODAY            0.00          0.55 1900   0.04  -0.04     0.00
  MONTH TO DATE    0.28                      0.85  -0.57     1.07
  SINCE DEC 1      0.80                      3.03  -2.23     2.69
  SINCE JAN 1      0.28                      0.85  -0.57     1.07

SNOWFALL (IN)
  TODAY            0.0          MM      MM   0.3   -0.3      0.0
  MONTH TO DATE    2.2                       5.2   -3.0       T
  SINCE DEC 1     11.8                      14.5   -2.7     13.8
  SINCE JUL 1     11.8                      15.7   -3.9     13.8
  SNOW DEPTH       1

DEGREE DAYS
 HEATING
  TODAY           54                        43     11       29
  MONTH TO DATE  882                       720    162      693
  SINCE DEC 1   2048                      1910    138     1869
  SINCE JUL 1   3121                      3141    -20     2650

 COOLING
  TODAY            0                         0      0        0
  MONTH TO DATE    0                         0      0        0
  SINCE DEC 1      0                         0      0        0
  SINCE JAN 1      0                         0      0        0
..................................................................


WIND (MPH)
  HIGHEST WIND SPEED    18   HIGHEST WIND DIRECTION     W (250)
  HIGHEST GUST SPEED    21   HIGHEST GUST DIRECTION     W (250)
  AVERAGE WIND SPEED     8.9


SKY COVER
  POSSIBLE SUNSHINE  MM
  AVERAGE SKY COVER 0.0


WEATHER CONDITIONS
 THE FOLLOWING WEATHER WAS RECORDED TODAY.
  NO SIGNIFICANT WEATHER WAS OBSERVED.


RELATIVE HUMIDITY (PERCENT)
 HIGHEST    87           100 AM
 LOWEST     62           100 PM
 AVERAGE    75

..........................................................


THE MOLINE IL CLIMATE NORMALS FOR TOMORROW
                         NORMAL    RECORD    YEAR
 MAXIMUM TEMPERATURE (F)   31        56      1996
 MINIMUM TEMPERATURE (F)   14       -22      1994


SUNRISE AND SUNSET
JANUARY 17 2018.......SUNRISE   725 AM CST   SUNSET   500 PM CST
JANUARY 18 2018.......SUNRISE   724 AM CST   SUNSET   501 PM CST


-  INDICATES NEGATIVE NUMBERS.
R  INDICATES RECORD WAS SET OR TIED.
MM INDICATES DATA IS MISSING.
T  INDICATES TRACE AMOUNT.




$$
