000
CDUS43 KDVN 290905
CLIMLI


CLIMATE REPORT
NATIONAL WEATHER SERVICE QUAD CITIES IA IL
405 AM CDT MON MAY 29 2017


...................................

...THE MOLINE IL CLIMATE SUMMARY FOR MAY 28 2017...

CLIMATE NORMAL PERIOD 1981 TO 2010
CLIMATE RECORD PERIOD 1872 TO 2017


WEATHER ITEM   OBSERVED TIME   RECORD YEAR NORMAL DEPARTURE LAST
                VALUE   (LST)  VALUE       VALUE  FROM      YEAR
                                                  NORMAL
..................................................................
TEMPERATURE (F)
 YESTERDAY
  MAXIMUM         80    305 PM  95    2006  77      3       84
  MINIMUM         59    258 AM  36    1992  55      4       69
  AVERAGE         70                        66      4       77

PRECIPITATION (IN)
  YESTERDAY        0.00          2.35 1996   0.14  -0.14     0.12
  MONTH TO DATE    2.82                      3.88  -1.06     3.04
  SINCE MAR 1     11.94                     10.33   1.61     8.39
  SINCE JAN 1     14.35                     13.42   0.93     9.72

SNOWFALL (IN)
  YESTERDAY        0.0          MM      MM   0.0    0.0      0.0
  MONTH TO DATE    0.0                       0.0    0.0      0.0
  SINCE MAR 1      5.9                       4.9    1.0      2.9
  SINCE JUL 1     22.4                      31.6   -9.2     24.1
  SNOW DEPTH       0

DEGREE DAYS
 HEATING
  YESTERDAY        0                         3     -3        0
  MONTH TO DATE  160                       154      6      158
  SINCE MAR 1   1222                      1379   -157     1174
  SINCE JUL 1   5025                      6177  -1152     5163

 COOLING
  YESTERDAY        5                         3      2       12
  MONTH TO DATE   46                        52     -6       62
  SINCE MAR 1     60                        66     -6       73
  SINCE JAN 1     60                        66     -6       73
..................................................................


WIND (MPH)
  HIGHEST WIND SPEED    21   HIGHEST WIND DIRECTION    NW (310)
  HIGHEST GUST SPEED    31   HIGHEST GUST DIRECTION     W (260)
  AVERAGE WIND SPEED     8.1


SKY COVER
  POSSIBLE SUNSHINE  MM
  AVERAGE SKY COVER 0.4


WEATHER CONDITIONS
 THE FOLLOWING WEATHER WAS RECORDED YESTERDAY.
  THUNDERSTORM
  FOG


RELATIVE HUMIDITY (PERCENT)
 HIGHEST    97           100 AM
 LOWEST     32           400 PM
 AVERAGE    65

..........................................................


THE MOLINE IL CLIMATE NORMALS FOR TODAY
                         NORMAL    RECORD    YEAR
 MAXIMUM TEMPERATURE (F)   77        99      1934
 MINIMUM TEMPERATURE (F)   55        34      1965


SUNRISE AND SUNSET
MAY 29 2017...........SUNRISE   532 AM CDT   SUNSET   827 PM CDT
MAY 30 2017...........SUNRISE   532 AM CDT   SUNSET   828 PM CDT


-  INDICATES NEGATIVE NUMBERS.
R  INDICATES RECORD WAS SET OR TIED.
MM INDICATES DATA IS MISSING.
T  INDICATES TRACE AMOUNT.




$$
