000
CDUS43 KDVN 242130
CLIMLI


CLIMATE REPORT
NATIONAL WEATHER SERVICE QUAD CITIES IA IL
430 PM CDT THU APR 24 2014


...................................

...THE MOLINE IL CLIMATE SUMMARY FOR APRIL 24 2014...
VALID TODAY AS OF 0400 PM LOCAL TIME.

CLIMATE NORMAL PERIOD 1981 TO 2010
CLIMATE RECORD PERIOD 1872 TO 2014


WEATHER ITEM   OBSERVED TIME   RECORD YEAR NORMAL DEPARTURE LAST
                VALUE   (LST)  VALUE       VALUE  FROM      YEAR
                                                  NORMAL
..................................................................
TEMPERATURE (F)
 TODAY
  MAXIMUM         65   1054 AM  86    1939  66     -1       53
  MINIMUM         44    433 AM  23    1956  44      0       35
                                      1910
  AVERAGE         55                        55      0       44

PRECIPITATION (IN)
  TODAY            0.07          2.26 1965   0.13  -0.06      T
  MONTH TO DATE    1.82                      2.80  -0.98     7.20
  SINCE MAR 1      2.73                      5.66  -2.93     9.77
  SINCE JAN 1      6.75                      8.75  -2.00    15.17

SNOWFALL (IN)
  TODAY            0.0          MM      MM   0.0    0.0      0.0
  MONTH TO DATE    T                         0.9   -0.9       T
  SINCE MAR 1     10.3                       4.9    5.4     10.6
  SINCE JUL 1     65.1                      31.6   33.5     34.5
  SNOW DEPTH       0

DEGREE DAYS
 HEATING
  TODAY           10                        11     -1       21
  MONTH TO DATE  385                       362     23      443
  SINCE MAR 1   1411                      1166    245     1477
  SINCE JUL 1   7081                      5964   1117     6110

 COOLING
  TODAY            0                         1     -1        0
  MONTH TO DATE    5                         8     -3        0
  SINCE MAR 1      5                         9     -4        0
  SINCE JAN 1      5                         9     -4        0
..................................................................


WIND (MPH)
  HIGHEST WIND SPEED    28   HIGHEST WIND DIRECTION     S (160)
  HIGHEST GUST SPEED    35   HIGHEST GUST DIRECTION    SE (150)
  AVERAGE WIND SPEED    15.8


SKY COVER
  POSSIBLE SUNSHINE  MM
  AVERAGE SKY COVER 0.4


WEATHER CONDITIONS
 THE FOLLOWING WEATHER WAS RECORDED TODAY.
  THUNDERSTORM
  RAIN


RELATIVE HUMIDITY (PERCENT)
 HIGHEST    76          1200 AM
 LOWEST     42          1000 AM
 AVERAGE    59

..........................................................


THE MOLINE IL CLIMATE NORMALS FOR TOMORROW
                         NORMAL    RECORD    YEAR
 MAXIMUM TEMPERATURE (F)   66        93      1986
 MINIMUM TEMPERATURE (F)   44        22      1934


SUNRISE AND SUNSET
APRIL 24 2014.........SUNRISE   609 AM CDT   SUNSET   752 PM CDT
APRIL 25 2014.........SUNRISE   607 AM CDT   SUNSET   753 PM CDT


-  INDICATES NEGATIVE NUMBERS.
R  INDICATES RECORD WAS SET OR TIED.
MM INDICATES DATA IS MISSING.
T  INDICATES TRACE AMOUNT.




$$
