077
CDUS43 KDVN 012127
CLIMLI


CLIMATE REPORT
NATIONAL WEATHER SERVICE QUAD CITIES IA IL
426 PM CDT SUN MAY 1 2016


...................................

...THE MOLINE IL CLIMATE SUMMARY FOR MAY 1 2016...
VALID TODAY AS OF 0400 PM LOCAL TIME.

CLIMATE NORMAL PERIOD 1981 TO 2010
CLIMATE RECORD PERIOD 1872 TO 2016


WEATHER ITEM   OBSERVED TIME   RECORD YEAR NORMAL DEPARTURE LAST
                VALUE   (LST)  VALUE       VALUE  FROM      YEAR
                                                  NORMAL
..................................................................
TEMPERATURE (F)
 TODAY
  MAXIMUM         52    235 PM  90    1952  68    -16       70
  MINIMUM         47    445 AM  30    1909  46      1       32
  AVERAGE         50                        57     -7       51

PRECIPITATION (IN)
  TODAY            0.01          2.08 1973   0.13  -0.12     0.00
  MONTH TO DATE    0.01                      0.13  -0.12     0.00
  SINCE MAR 1      5.36                      6.58  -1.22     2.37
  SINCE JAN 1      6.69                      9.67  -2.98     5.30

SNOWFALL (IN)
  TODAY            0.0          MM      MM   0.0    0.0      0.0
  MONTH TO DATE    0.0                       0.0    0.0      0.0
  SINCE MAR 1      2.9                       4.9   -2.0      0.1
  SINCE JUL 1     24.1                      31.6   -7.5     39.1
  SNOW DEPTH       0

DEGREE DAYS
 HEATING
  TODAY           15                         9      6       14
  MONTH TO DATE   15                         9      6       14
  SINCE MAR 1   1031                      1234   -203     1227
  SINCE JUL 1   5020                      6032  -1012     6485

 COOLING
  TODAY            0                         1     -1        0
  MONTH TO DATE    0                         1     -1        0
  SINCE MAR 1     11                        15     -4        0
  SINCE JAN 1     11                        15     -4        0
..................................................................


WIND (MPH)
  HIGHEST WIND SPEED    17   HIGHEST WIND DIRECTION    NE (60)
  HIGHEST GUST SPEED    20   HIGHEST GUST DIRECTION    NE (60)
  AVERAGE WIND SPEED    10.0


SKY COVER
  POSSIBLE SUNSHINE  MM
  AVERAGE SKY COVER 1.0


WEATHER CONDITIONS
 THE FOLLOWING WEATHER WAS RECORDED TODAY.
  LIGHT RAIN
  FOG
  HAZE


RELATIVE HUMIDITY (PERCENT)
 HIGHEST    93          1200 AM
 LOWEST     80          1100 AM
 AVERAGE    87

..........................................................


THE MOLINE IL CLIMATE NORMALS FOR TOMORROW
                         NORMAL    RECORD    YEAR
 MAXIMUM TEMPERATURE (F)   68        89      1968
 MINIMUM TEMPERATURE (F)   46        28      2005


SUNRISE AND SUNSET
MAY  1 2016...........SUNRISE   558 AM CDT   SUNSET   800 PM CDT
MAY  2 2016...........SUNRISE   557 AM CDT   SUNSET   801 PM CDT


-  INDICATES NEGATIVE NUMBERS.
R  INDICATES RECORD WAS SET OR TIED.
MM INDICATES DATA IS MISSING.
T  INDICATES TRACE AMOUNT.




$$
