000
CDUS43 KDVN 280905
CLIMLI


CLIMATE REPORT
NATIONAL WEATHER SERVICE QUAD CITIES IA IL
404 AM CDT SAT MAR 28 2015


...................................

...THE MOLINE IL CLIMATE SUMMARY FOR MARCH 27 2015...

CLIMATE NORMAL PERIOD 1981 TO 2010
CLIMATE RECORD PERIOD 1872 TO 2015


WEATHER ITEM   OBSERVED TIME   RECORD YEAR NORMAL DEPARTURE LAST
                VALUE   (LST)  VALUE       VALUE  FROM      YEAR
                                                  NORMAL
..................................................................
TEMPERATURE (F)
 YESTERDAY
  MAXIMUM         39    409 PM  83    1945  54    -15       53
  MINIMUM         20   1143 PM  13    1964  34    -14       36
  AVERAGE         30                        44    -14       45

PRECIPITATION (IN)
  YESTERDAY        0.00          1.52 1880   0.09  -0.09     0.16
  MONTH TO DATE    0.83                      2.46  -1.63     0.87
  SINCE MAR 1      0.83                      2.46  -1.63     0.87
  SINCE JAN 1      3.76                      5.55  -1.79     4.89

SNOWFALL (IN)
  YESTERDAY        0.0          MM      MM   0.1   -0.1      0.0
  MONTH TO DATE    0.1                       3.7   -3.6     10.3
  SINCE MAR 1      0.1                       3.7   -3.6     10.3
  SINCE JUL 1     39.1                      30.4    8.7     65.1
  SNOW DEPTH       0

DEGREE DAYS
 HEATING
  YESTERDAY       35                        21     14       20
  MONTH TO DATE  761                       724     37      949
  SINCE MAR 1    761                       724     37      949
  SINCE JUL 1   6019                      5522    497     6619

 COOLING
  YESTERDAY        0                         0      0        0
  MONTH TO DATE    0                         0      0        0
  SINCE MAR 1      0                         0      0        0
  SINCE JAN 1      0                         0      0        0
..................................................................


WIND (MPH)
  HIGHEST WIND SPEED    17   HIGHEST WIND DIRECTION    NE (30)
  HIGHEST GUST SPEED    22   HIGHEST GUST DIRECTION     N (20)
  AVERAGE WIND SPEED     7.6


SKY COVER
  POSSIBLE SUNSHINE  MM
  AVERAGE SKY COVER 0.3


WEATHER CONDITIONS
 THE FOLLOWING WEATHER WAS RECORDED YESTERDAY.
  NO SIGNIFICANT WEATHER WAS OBSERVED.


RELATIVE HUMIDITY (PERCENT)
 HIGHEST    74           900 PM
 LOWEST     27           300 PM
 AVERAGE    51

..........................................................


THE MOLINE IL CLIMATE NORMALS FOR TODAY
                         NORMAL    RECORD    YEAR
 MAXIMUM TEMPERATURE (F)   55        81      1910
 MINIMUM TEMPERATURE (F)   34        11      1970


SUNRISE AND SUNSET
MARCH 28 2015.........SUNRISE   652 AM CDT   SUNSET   723 PM CDT
MARCH 29 2015.........SUNRISE   651 AM CDT   SUNSET   724 PM CDT


-  INDICATES NEGATIVE NUMBERS.
R  INDICATES RECORD WAS SET OR TIED.
MM INDICATES DATA IS MISSING.
T  INDICATES TRACE AMOUNT.




$$
