000
CDUS45 KBYZ 011036
CLIMLS


CLIMATE REPORT
NATIONAL WEATHER SERVICE BILLINGS MT
335 AM MST SUN FEB 1 2015


...................................

...THE MILES CITY MT CLIMATE SUMMARY FOR JANUARY 31 2015...

CLIMATE NORMAL PERIOD 1981 TO 2010
CLIMATE RECORD PERIOD 1937 TO 2015


WEATHER ITEM   OBSERVED TIME   RECORD YEAR NORMAL DEPARTURE LAST
                VALUE   (LST)  VALUE       VALUE  FROM      YEAR
                                                  NORMAL
..................................................................
TEMPERATURE (F)
 YESTERDAY
  MAXIMUM         30   1056 AM  72    1992  32     -2       18
  MINIMUM          2   1159 PM -26    1956  10     -8       -8
  AVERAGE         16                        21     -5        5

PRECIPITATION (IN)
  YESTERDAY        0.01          0.17        0.01   0.00      T
  MONTH TO DATE    0.22                      0.32  -0.10     0.14
  SINCE OCT 1      1.23                      1.92  -0.69     1.82
  SINCE JAN 1      0.22                      0.32  -0.10     0.14

DEGREE DAYS
 HEATING
  YESTERDAY       49                        44      5       60
  MONTH TO DATE 1337                      1410    -73     1306
  SINCE DEC 1   2538                      2797   -259     2917
  SINCE JUL 1   4368                      4596   -228     4624

 COOLING
  YESTERDAY        0                         0      0        0
  MONTH TO DATE    0                         0      0        0
  SINCE DEC 1      0                         0      0        0
  SINCE JAN 1      0                         0      0        0
..................................................................


WIND (MPH)
  HIGHEST WIND SPEED    26   HIGHEST WIND DIRECTION    NE (40)
  HIGHEST GUST SPEED    32   HIGHEST GUST DIRECTION    NE (30)
  AVERAGE WIND SPEED    13.8


SKY COVER
  POSSIBLE SUNSHINE  MM
  AVERAGE SKY COVER 0.6


WEATHER CONDITIONS
 THE FOLLOWING WEATHER WAS RECORDED YESTERDAY.
  LIGHT SNOW
  FOG


RELATIVE HUMIDITY (PERCENT)
 HIGHEST    96           700 AM
 LOWEST     80           900 PM
 AVERAGE    88

..........................................................


THE MILES CITY MT CLIMATE NORMALS FOR TODAY
                         NORMAL    RECORD    YEAR
 MAXIMUM TEMPERATURE (F)   32        61      1995
 MINIMUM TEMPERATURE (F)   11       -30      1996


SUNRISE AND SUNSET
FEBRUARY  1 2015......SUNRISE   727 AM MST   SUNSET   508 PM MST
FEBRUARY  2 2015......SUNRISE   726 AM MST   SUNSET   509 PM MST


-  INDICATES NEGATIVE NUMBERS.
R  INDICATES RECORD WAS SET OR TIED.
MM INDICATES DATA IS MISSING.
T  INDICATES TRACE AMOUNT.





&&

THIS IS AN AUTOMATED...UNATTENDED WEATHER STATION AND MAY
UNDERESTIMATE WINTER PRECIPITATION.

$$
