000
CDUS45 KBYZ 280932
CLIMLS


CLIMATE REPORT
NATIONAL WEATHER SERVICE BILLINGS MT
331 AM MDT MON JUL 28 2014


...................................

...THE MILES CITY MT CLIMATE SUMMARY FOR JULY 27 2014...

CLIMATE NORMAL PERIOD 1981 TO 2010
CLIMATE RECORD PERIOD 1937 TO 2014


WEATHER ITEM   OBSERVED TIME   RECORD YEAR NORMAL DEPARTURE LAST
                VALUE   (LST)  VALUE       VALUE  FROM      YEAR
                                                  NORMAL
..................................................................
TEMPERATURE (F)
 YESTERDAY
  MAXIMUM         86    406 PM 104    2006  90     -4       85
                                      1998
  MINIMUM         52    505 AM  51    1969  61     -9       56
  AVERAGE         69                        76     -7       71

PRECIPITATION (IN)
  YESTERDAY        0.00          1.14 1993   0.04  -0.04     0.00
  MONTH TO DATE    0.09                      1.45  -1.36     0.62
  SINCE OCT 1     11.45                     10.26   1.19    13.18
  SINCE JAN 1      9.77                      8.66   1.11    11.65

SNOWFALL (IN)
  YESTERDAY       MM
  MONTH TO DATE   MM
  SINCE JUN 1     MM
  SINCE JUL 1     MM
  SNOW DEPTH      MM

DEGREE DAYS
 HEATING
  YESTERDAY        0                         0      0        0
  MONTH TO DATE    1                        10     -9        0
  SINCE JUN 1     95                        99     -4       59
  SINCE JUL 1      1                        10     -9        0

 COOLING
  YESTERDAY        4                        11     -7        6
  MONTH TO DATE  241                       247     -6      295
  SINCE JUN 1    278                       354    -76      388
  SINCE JAN 1    312                       374    -62      401
..................................................................


WIND (MPH)
  HIGHEST WIND SPEED    15   HIGHEST WIND DIRECTION    NE (30)
  HIGHEST GUST SPEED    23   HIGHEST GUST DIRECTION     N (10)
  AVERAGE WIND SPEED     7.9


SKY COVER
  POSSIBLE SUNSHINE  MM
  AVERAGE SKY COVER 0.0


WEATHER CONDITIONS
 THE FOLLOWING WEATHER WAS RECORDED YESTERDAY.
  NO SIGNIFICANT WEATHER WAS OBSERVED.


RELATIVE HUMIDITY (PERCENT)
 HIGHEST    83           500 AM
 LOWEST     23           200 PM
 AVERAGE    53

..........................................................


THE MILES CITY MT CLIMATE NORMALS FOR TODAY
                         NORMAL    RECORD    YEAR
 MAXIMUM TEMPERATURE (F)   90       108      1999
                                             1947
 MINIMUM TEMPERATURE (F)   61        52      2009
                                             1971


SUNRISE AND SUNSET
JULY 28 2014..........SUNRISE   540 AM MDT   SUNSET   839 PM MDT
JULY 29 2014..........SUNRISE   541 AM MDT   SUNSET   838 PM MDT


-  INDICATES NEGATIVE NUMBERS.
R  INDICATES RECORD WAS SET OR TIED.
MM INDICATES DATA IS MISSING.
T  INDICATES TRACE AMOUNT.





&&

THIS IS AN AUTOMATED...UNATTENDED WEATHER STATION AND MAY
UNDERESTIMATE WINTER PRECIPITATION.

$$
