000
CDUS45 KBYZ 180718
CLIMLS


CLIMATE REPORT
NATIONAL WEATHER SERVICE BILLINGS MT
1218 AM MST SUN FEB 18 2018


...................................

...THE MILES CITY MT CLIMATE SUMMARY FOR FEBRUARY 17 2018...

CLIMATE NORMAL PERIOD 1981 TO 2010
CLIMATE RECORD PERIOD 1937 TO 2018


WEATHER ITEM   OBSERVED TIME   RECORD YEAR NORMAL DEPARTURE LAST
                VALUE   (LST)  VALUE       VALUE  FROM      YEAR
                                                  NORMAL
..................................................................
TEMPERATURE (F)
 YESTERDAY
  MAXIMUM         24    226 AM  62    1995  36    -12       57
  MINIMUM         12    702 AM -28    1938  14     -2       36
  AVERAGE         18                        25     -7       47

PRECIPITATION (IN)
  YESTERDAY        0.01          0.43 1970   0.01   0.00     0.00
  MONTH TO DATE    0.53                      0.12   0.41     0.02
  SINCE OCT 1      1.96                      2.04  -0.08     1.18
  SINCE JAN 1      0.77                      0.44   0.33     0.09

DEGREE DAYS
 HEATING
  YESTERDAY       47                        40      7       18
  MONTH TO DATE 1004                       716    288      703
  SINCE DEC 1   3873                      3513    360     3912
  SINCE JUL 1   5616                      5312    304     5227

 COOLING
  YESTERDAY        0                         0      0        0
  MONTH TO DATE    0                         0      0        0
  SINCE DEC 1      0                         0      0        0
  SINCE JAN 1      0                         0      0        0
..................................................................


WIND (MPH)
  HIGHEST WIND SPEED    16   HIGHEST WIND DIRECTION     N (340)
  HIGHEST GUST SPEED    21   HIGHEST GUST DIRECTION     N (340)
  AVERAGE WIND SPEED     8.3


SKY COVER
  POSSIBLE SUNSHINE  MM
  AVERAGE SKY COVER 0.9


WEATHER CONDITIONS
 THE FOLLOWING WEATHER WAS RECORDED YESTERDAY.
  LIGHT SNOW
  FOG
  HAZE


RELATIVE HUMIDITY (PERCENT)
 HIGHEST    96          1200 AM
 LOWEST     62           800 PM
 AVERAGE    79

..........................................................


THE MILES CITY MT CLIMATE NORMALS FOR TODAY
                         NORMAL    RECORD    YEAR
 MAXIMUM TEMPERATURE (F)   36        69      2016
 MINIMUM TEMPERATURE (F)   14       -19      1959


SUNRISE AND SUNSET
FEBRUARY 18 2018......SUNRISE   702 AM MST   SUNSET   534 PM MST
FEBRUARY 19 2018......SUNRISE   700 AM MST   SUNSET   535 PM MST


-  INDICATES NEGATIVE NUMBERS.
R  INDICATES RECORD WAS SET OR TIED.
MM INDICATES DATA IS MISSING.
T  INDICATES TRACE AMOUNT.




$$
