000
CDUS45 KBYZ 210933
CLIMLS


CLIMATE REPORT
NATIONAL WEATHER SERVICE BILLINGS MT
332 AM MDT TUE OCT 21 2014


...................................

...THE MILES CITY MT CLIMATE SUMMARY FOR OCTOBER 20 2014...

CLIMATE NORMAL PERIOD 1981 TO 2010
CLIMATE RECORD PERIOD 1937 TO 2014


WEATHER ITEM   OBSERVED TIME   RECORD YEAR NORMAL DEPARTURE LAST
                VALUE   (LST)  VALUE       VALUE  FROM      YEAR
                                                  NORMAL
..................................................................
TEMPERATURE (F)
 YESTERDAY
  MAXIMUM         77    357 PM  82    2003  57     20       49
  MINIMUM         44    700 AM  13    1987  32     12       39
  AVERAGE         61                        45     16       44

PRECIPITATION (IN)
  YESTERDAY        0.00          0.80 1949   0.03  -0.03     0.01
  MONTH TO DATE    0.39                      0.67  -0.28     0.77
  SINCE OCT 1      0.39                      0.67  -0.28     0.77
  SINCE JAN 1     12.67                     11.51   1.16    16.20

SNOWFALL (IN)
  YESTERDAY       MM
  MONTH TO DATE   MM
  SINCE SEP 1     MM
  SINCE JUL 1     MM
  SNOW DEPTH      MM

DEGREE DAYS
 HEATING
  YESTERDAY        4                        20    -16       21
  MONTH TO DATE  240                       325    -85      364
  SINCE SEP 1    432                       527    -95      467
  SINCE JUL 1    466                       561    -95      467

 COOLING
  YESTERDAY        0                         0      0        0
  MONTH TO DATE    0                         0      0        0
  SINCE SEP 1     53                        56     -3      142
  SINCE JAN 1    648                       728    -80      877
..................................................................


WIND (MPH)
  HIGHEST WIND SPEED    17   HIGHEST WIND DIRECTION    SE (150)
  HIGHEST GUST SPEED    22   HIGHEST GUST DIRECTION    SE (140)
  AVERAGE WIND SPEED     7.7


SKY COVER
  POSSIBLE SUNSHINE  MM
  AVERAGE SKY COVER 0.0


WEATHER CONDITIONS
 THE FOLLOWING WEATHER WAS RECORDED YESTERDAY.
  NO SIGNIFICANT WEATHER WAS OBSERVED.


RELATIVE HUMIDITY (PERCENT)
 HIGHEST    76           700 AM
 LOWEST     23           300 PM
 AVERAGE    50

..........................................................


THE MILES CITY MT CLIMATE NORMALS FOR TODAY
                         NORMAL    RECORD    YEAR
 MAXIMUM TEMPERATURE (F)   57        84      2003
 MINIMUM TEMPERATURE (F)   32        19      1949


SUNRISE AND SUNSET
OCTOBER 21 2014.......SUNRISE   729 AM MDT   SUNSET   606 PM MDT
OCTOBER 22 2014.......SUNRISE   731 AM MDT   SUNSET   604 PM MDT


-  INDICATES NEGATIVE NUMBERS.
R  INDICATES RECORD WAS SET OR TIED.
MM INDICATES DATA IS MISSING.
T  INDICATES TRACE AMOUNT.





&&

THIS IS AN AUTOMATED...UNATTENDED WEATHER STATION AND MAY
UNDERESTIMATE WINTER PRECIPITATION.

$$
