335
CDUS45 KBYZ 202338
CLIMLS


CLIMATE REPORT
NATIONAL WEATHER SERVICE BILLINGS MT
436 PM MST MON FEB 20 2017


...................................

...THE MILES CITY MT CLIMATE SUMMARY FOR FEBRUARY 20 2017...
VALID TODAY AS OF 0400 PM LOCAL TIME.

CLIMATE NORMAL PERIOD 1981 TO 2010
CLIMATE RECORD PERIOD 1937 TO 2017


WEATHER ITEM   OBSERVED TIME   RECORD YEAR NORMAL DEPARTURE LAST
                VALUE   (LST)  VALUE       VALUE  FROM      YEAR
                                                  NORMAL
..................................................................
TEMPERATURE (F)
 TODAY
  MAXIMUM         59    353 PM  66    1995  37     22       50
  MINIMUM         35    721 AM -29    1959  14     21       28
  AVERAGE         47                        26     21       39

PRECIPITATION (IN)
  TODAY            0.00          0.25 1968   0.01  -0.01     0.04
  MONTH TO DATE    0.02                      0.15  -0.13     0.35
  SINCE OCT 1      1.18                      2.07  -0.89     1.95
  SINCE JAN 1      0.09                      0.47  -0.38     0.69

DEGREE DAYS
 HEATING
  TODAY           18                        39    -21       26
  MONTH TO DATE  765                       835    -70      552
  SINCE DEC 1   3974                      3632    342     3025
  SINCE JUL 1   5289                      5431   -142     4453

 COOLING
  TODAY            0                         0      0        0
  MONTH TO DATE    0                         0      0        0
  SINCE DEC 1      0                         0      0        0
  SINCE JAN 1      0                         0      0        0
..................................................................


WIND (MPH)
  HIGHEST WIND SPEED    16   HIGHEST WIND DIRECTION     W (260)
  HIGHEST GUST SPEED    19   HIGHEST GUST DIRECTION    SE (140)
  AVERAGE WIND SPEED     8.9


SKY COVER
  POSSIBLE SUNSHINE  MM
  AVERAGE SKY COVER 0.2


WEATHER CONDITIONS
 THE FOLLOWING WEATHER WAS RECORDED TODAY.
  NO SIGNIFICANT WEATHER WAS OBSERVED.


RELATIVE HUMIDITY (PERCENT)
 HIGHEST    85           300 AM
 LOWEST     26           100 PM
 AVERAGE    56

..........................................................


THE MILES CITY MT CLIMATE NORMALS FOR TOMORROW
                         NORMAL    RECORD    YEAR
 MAXIMUM TEMPERATURE (F)   37        70      1995
 MINIMUM TEMPERATURE (F)   15       -18      2011


SUNRISE AND SUNSET
FEBRUARY 20 2017......SUNRISE   658 AM MST   SUNSET   537 PM MST
FEBRUARY 21 2017......SUNRISE   656 AM MST   SUNSET   538 PM MST


-  INDICATES NEGATIVE NUMBERS.
R  INDICATES RECORD WAS SET OR TIED.
MM INDICATES DATA IS MISSING.
T  INDICATES TRACE AMOUNT.





&&

THIS IS AN AUTOMATED...UNATTENDED WEATHER STATION AND MAY
UNDERESTIMATE WINTER PRECIPITATION.

$$
