000
CDUS45 KBYZ 230724
CLIMLS


CLIMATE REPORT
NATIONAL WEATHER SERVICE BILLINGS MT
123 AM MDT SAT SEP 23 2017


...................................

...THE MILES CITY MT CLIMATE SUMMARY FOR SEPTEMBER 22 2017...

CLIMATE NORMAL PERIOD 1981 TO 2010
CLIMATE RECORD PERIOD 1937 TO 2017


WEATHER ITEM   OBSERVED TIME   RECORD YEAR NORMAL DEPARTURE LAST
                VALUE   (LST)  VALUE       VALUE  FROM      YEAR
                                                  NORMAL
..................................................................
TEMPERATURE (F)
 YESTERDAY
  MAXIMUM         51   1227 AM  97    1938  71    -20       59
  MINIMUM         44   1159 PM  27    1995  43      1       52
  AVERAGE         48                        57     -9       56

PRECIPITATION (IN)
  YESTERDAY        T             0.93 2006   0.03  -0.03     0.30
  MONTH TO DATE    1.36                      0.77   0.59     1.36
  SINCE OCT 1      5.78                     12.13  -6.35    13.28
  SINCE JAN 1      4.69                     10.53  -5.84    12.02

DEGREE DAYS
 HEATING
  YESTERDAY       17                         9      8        9
  MONTH TO DATE  130                       117     13      103
  SINCE SEP 1    130                       117     13      103
  SINCE JUL 1    134                       151    -17      117

 COOLING
  YESTERDAY        0                         1     -1        0
  MONTH TO DATE   91                        53     38       48
  SINCE SEP 1     91                        53     38       48
  SINCE JAN 1    985                       725    260      859
..................................................................


WIND (MPH)
  HIGHEST WIND SPEED    22   HIGHEST WIND DIRECTION     N (360)
  HIGHEST GUST SPEED    25   HIGHEST GUST DIRECTION    NE (40)
  AVERAGE WIND SPEED    10.6


SKY COVER
  POSSIBLE SUNSHINE  MM
  AVERAGE SKY COVER 1.0


WEATHER CONDITIONS
 THE FOLLOWING WEATHER WAS RECORDED YESTERDAY.
  NO SIGNIFICANT WEATHER WAS OBSERVED.


RELATIVE HUMIDITY (PERCENT)
 HIGHEST    76           900 PM
 LOWEST     56          1200 AM
 AVERAGE    66

..........................................................


THE MILES CITY MT CLIMATE NORMALS FOR TODAY
                         NORMAL    RECORD    YEAR
 MAXIMUM TEMPERATURE (F)   70        98      1992
 MINIMUM TEMPERATURE (F)   43        26      1965


SUNRISE AND SUNSET
SEPTEMBER 23 2017.....SUNRISE   652 AM MDT   SUNSET   658 PM MDT
SEPTEMBER 24 2017.....SUNRISE   653 AM MDT   SUNSET   656 PM MDT


-  INDICATES NEGATIVE NUMBERS.
R  INDICATES RECORD WAS SET OR TIED.
MM INDICATES DATA IS MISSING.
T  INDICATES TRACE AMOUNT.




$$
