000
CDUS41 KCAR 022029
CLIMLT


CLIMATE REPORT
NATIONAL WEATHER SERVICE CARIBOU, ME
428 PM EDT TUE SEP 2 2014


...................................

...THE MILLINOCKET ME CLIMATE SUMMARY FOR SEPTEMBER 2 2014...
VALID TODAY AS OF 0400 PM LOCAL TIME.

CLIMATE NORMAL PERIOD 1981 TO 2010
CLIMATE RECORD PERIOD 1903 TO 2014


WEATHER ITEM   OBSERVED TIME   RECORD YEAR NORMAL DEPARTURE LAST
                VALUE   (LST)  VALUE       VALUE  FROM      YEAR
                                                  NORMAL
..................................................................
TEMPERATURE (F)
 TODAY
  MAXIMUM         73    257 PM  92    1937  73      0       67
  MINIMUM         66    629 AM  35    1906  52     14       60
  AVERAGE         70                        62      8       64

PRECIPITATION (IN)
  TODAY            0.00          1.69 1965   0.11  -0.11     1.34
  MONTH TO DATE    0.01                      0.21  -0.20     1.34
  SINCE SEP 1      0.01                      0.21  -0.20     1.34
  SINCE JAN 1     25.15                     27.14  -1.99    26.83

SNOWFALL (IN)
  TODAY           MM            MM      MM  MM     MM       MM
  MONTH TO DATE   MM                        MM     MM       MM
  SINCE SEP 1     MM                        MM     MM       MM
  SINCE JUL 1     MM                        MM     MM       MM
  SNOW DEPTH      MM

DEGREE DAYS
 HEATING
  TODAY            0                         4     -4        1
  MONTH TO DATE    0                         8     -8        1
  SINCE SEP 1      0                         8     -8        1
  SINCE JUL 1     28                        87    -59       46

 COOLING
  TODAY            5                         2      3        0
  MONTH TO DATE   14                         4     10        8
  SINCE SEP 1     14                         4     10        8
  SINCE JAN 1    342                       255     87      360
..................................................................


WIND (MPH)
  HIGHEST WIND SPEED     8   HIGHEST WIND DIRECTION     S (170)
  HIGHEST GUST SPEED    16   HIGHEST GUST DIRECTION     S (160)
  AVERAGE WIND SPEED     3.4


SKY COVER
  POSSIBLE SUNSHINE  MM
  AVERAGE SKY COVER 1.0


WEATHER CONDITIONS
 THE FOLLOWING WEATHER WAS RECORDED TODAY.
  FOG


RELATIVE HUMIDITY (PERCENT)
 HIGHEST   100           300 AM
 LOWEST     79           100 PM
 AVERAGE    90

..........................................................


THE MILLINOCKET ME CLIMATE NORMALS FOR TOMORROW
                         NORMAL    RECORD    YEAR
 MAXIMUM TEMPERATURE (F)   73        93      1999
 MINIMUM TEMPERATURE (F)   51        34      1938


SUNRISE AND SUNSET
SEPTEMBER  2 2014.....SUNRISE   557 AM EDT   SUNSET   711 PM EDT
SEPTEMBER  3 2014.....SUNRISE   558 AM EDT   SUNSET   709 PM EDT


-  INDICATES NEGATIVE NUMBERS.
R  INDICATES RECORD WAS SET OR TIED.
MM INDICATES DATA IS MISSING.
T  INDICATES TRACE AMOUNT.




$$
