000
CDUS41 KCAR 210526
CLIMLT


CLIMATE REPORT
NATIONAL WEATHER SERVICE CARIBOU, ME
1226 AM EST TUE NOV 21 2017


...................................

...THE MILLINOCKET ME CLIMATE SUMMARY FOR NOVEMBER 20 2017...

CLIMATE NORMAL PERIOD 1981 TO 2010
CLIMATE RECORD PERIOD 1903 TO 2017


WEATHER ITEM   OBSERVED TIME   RECORD YEAR NORMAL DEPARTURE LAST
                VALUE   (LST)  VALUE       VALUE  FROM      YEAR
                                                  NORMAL
..................................................................
TEMPERATURE (F)
 YESTERDAY
  MAXIMUM         30    100 AM  69    1953  40    -10       49
  MINIMUM         15   1110 PM   5    1986  26    -11       39
  AVERAGE         23                        33    -10       44

PRECIPITATION (IN)
  YESTERDAY        T             1.55 2003   0.17  -0.17     0.13
  MONTH TO DATE    1.89                      2.79  -0.90     1.67
  SINCE SEP 1     12.51                     10.58   1.93     5.63
  SINCE JAN 1     37.15                     37.51  -0.36    28.63

SNOWFALL (IN)
  YESTERDAY       MM            MM      MM  MM     MM       MM
  MONTH TO DATE   MM                        MM     MM       MM
  SINCE SEP 1     MM                        MM     MM       MM
  SINCE JUL 1     MM                        MM     MM       MM
  SNOW DEPTH      MM

DEGREE DAYS
 HEATING
  YESTERDAY       42                        32     10       21
  MONTH TO DATE  606                       567     39      474
  SINCE SEP 1   1093                      1422   -329     1183
  SINCE JUL 1   1192                      1501   -309     1223

 COOLING
  YESTERDAY        0                         0      0        0
  MONTH TO DATE    0                         0      0        0
  SINCE SEP 1     47                        17     30       43
  SINCE JAN 1    263                       268     -5      350
..................................................................


WIND (MPH)
  HIGHEST WIND SPEED    29   HIGHEST WIND DIRECTION    NW (300)
  HIGHEST GUST SPEED    40   HIGHEST GUST DIRECTION    NW (300)
  AVERAGE WIND SPEED    14.1


SKY COVER
  POSSIBLE SUNSHINE  MM
  AVERAGE SKY COVER 0.7


WEATHER CONDITIONS
 THE FOLLOWING WEATHER WAS RECORDED YESTERDAY.
  LIGHT SNOW


RELATIVE HUMIDITY (PERCENT)
 HIGHEST    69           300 AM
 LOWEST     50          1200 PM
 AVERAGE    60

..........................................................


THE MILLINOCKET ME CLIMATE NORMALS FOR TODAY
                         NORMAL    RECORD    YEAR
 MAXIMUM TEMPERATURE (F)   39        63      1991
 MINIMUM TEMPERATURE (F)   26         6      1962
                                             1959
                                             1933


SUNRISE AND SUNSET
NOVEMBER 21 2017......SUNRISE   643 AM EST   SUNSET   358 PM EST
NOVEMBER 22 2017......SUNRISE   644 AM EST   SUNSET   358 PM EST


-  INDICATES NEGATIVE NUMBERS.
R  INDICATES RECORD WAS SET OR TIED.
MM INDICATES DATA IS MISSING.
T  INDICATES TRACE AMOUNT.




$$
