000
CDUS41 KCAR 260527
CLIMLT


CLIMATE REPORT
NATIONAL WEATHER SERVICE CARIBOU, ME
1227 AM EST MON JAN 26 2015


...................................

...THE MILLINOCKET ME CLIMATE SUMMARY FOR JANUARY 25 2015...

CLIMATE NORMAL PERIOD 1981 TO 2010
CLIMATE RECORD PERIOD 1903 TO 2015


WEATHER ITEM   OBSERVED TIME   RECORD YEAR NORMAL DEPARTURE LAST
                VALUE   (LST)  VALUE       VALUE  FROM      YEAR
                                                  NORMAL
..................................................................
TEMPERATURE (F)
 YESTERDAY
  MAXIMUM         31    840 AM  49    2010  23      8       32
                                      1996
  MINIMUM          7   1159 PM -24    1918   3      4       -2
  AVERAGE         19                        13      6       15

PRECIPITATION (IN)
  YESTERDAY        T             1.95 1938   0.08  -0.08     0.20
  MONTH TO DATE    1.21                      2.42  -1.21     3.45
  SINCE DEC 1      7.21                      5.95   1.26     5.69
  SINCE JAN 1      1.21                      2.42  -1.21     3.45

SNOWFALL (IN)
  YESTERDAY       MM            MM      MM  MM     MM       MM
  MONTH TO DATE   MM                        MM     MM       MM
  SINCE DEC 1     MM                        MM     MM       MM
  SINCE JUL 1     MM                        MM     MM       MM
  SNOW DEPTH      MM

DEGREE DAYS
 HEATING
  YESTERDAY       46                        52     -6       50
  MONTH TO DATE 1301                      1274     27     1202
  SINCE DEC 1   2490                      2596   -106     2666
  SINCE JUL 1   4086                      4439   -353     4358

 COOLING
  YESTERDAY        0                         0      0        0
  MONTH TO DATE    0                         0      0        0
  SINCE DEC 1      0                         0      0        0
  SINCE JAN 1      0                         0      0        0
..................................................................


WIND (MPH)
  HIGHEST WIND SPEED    25   HIGHEST WIND DIRECTION    NW (300)
  HIGHEST GUST SPEED    37   HIGHEST GUST DIRECTION    NW (310)
  AVERAGE WIND SPEED    13.4


SKY COVER
  POSSIBLE SUNSHINE  MM
  AVERAGE SKY COVER 0.3


WEATHER CONDITIONS
 THE FOLLOWING WEATHER WAS RECORDED YESTERDAY.
  LIGHT SNOW


RELATIVE HUMIDITY (PERCENT)
 HIGHEST    72           600 AM
 LOWEST     45          1100 AM
 AVERAGE    59

..........................................................


THE MILLINOCKET ME CLIMATE NORMALS FOR TODAY
                         NORMAL    RECORD    YEAR
 MAXIMUM TEMPERATURE (F)   23        49      2010
 MINIMUM TEMPERATURE (F)    3       -26      1920


SUNRISE AND SUNSET
JANUARY 26 2015.......SUNRISE   703 AM EST   SUNSET   432 PM EST
JANUARY 27 2015.......SUNRISE   702 AM EST   SUNSET   433 PM EST


-  INDICATES NEGATIVE NUMBERS.
R  INDICATES RECORD WAS SET OR TIED.
MM INDICATES DATA IS MISSING.
T  INDICATES TRACE AMOUNT.




$$
