000
CDUS41 KCAR 140533
CLIMLT


CLIMATE REPORT
NATIONAL WEATHER SERVICE CARIBOU, ME
129 AM EDT MON JUL 14 2014


...................................

...THE MILLINOCKET ME CLIMATE SUMMARY FOR JULY 13 2014...

CLIMATE NORMAL PERIOD 1981 TO 2010
CLIMATE RECORD PERIOD 1903 TO 2014


WEATHER ITEM   OBSERVED TIME   RECORD YEAR NORMAL DEPARTURE LAST
                VALUE   (LST)  VALUE       VALUE  FROM      YEAR
                                                  NORMAL
..................................................................
TEMPERATURE (F)
 YESTERDAY
  MAXIMUM         83    131 PM  93    1943  79      4       88
  MINIMUM         60    435 AM  43    1940  58      2       51
  AVERAGE         72                        68      4       70

PRECIPITATION (IN)
  YESTERDAY        0.09          1.66 1960   0.13  -0.04     0.00
  MONTH TO DATE    1.94                      1.77   0.17     0.29
  SINCE JUN 1      6.51                      5.84   0.67     6.00
  SINCE JAN 1     20.41                     20.91  -0.50    17.16

SNOWFALL (IN)
  YESTERDAY       MM            MM      MM  MM     MM       MM
  MONTH TO DATE   MM                        MM     MM       MM
  SINCE JUN 1     MM                        MM     MM       MM
  SINCE JUL 1     MM                        MM     MM       MM
  SNOW DEPTH      MM

DEGREE DAYS
 HEATING
  YESTERDAY        0                         1     -1        0
  MONTH TO DATE    6                        13     -7        3
  SINCE JUN 1     82                       129    -47      104
  SINCE JUL 1      6                        13     -7        3

 COOLING
  YESTERDAY        7                         4      3        5
  MONTH TO DATE   89                        49     40      101
  SINCE JUN 1    147                        98     49      162
  SINCE JAN 1    149                       104     45      170
..................................................................


WIND (MPH)
  HIGHEST WIND SPEED    14   HIGHEST WIND DIRECTION     S (170)
  HIGHEST GUST SPEED    22   HIGHEST GUST DIRECTION    SW (240)
  AVERAGE WIND SPEED     5.2


SKY COVER
  POSSIBLE SUNSHINE  MM
  AVERAGE SKY COVER 0.5


WEATHER CONDITIONS
 THE FOLLOWING WEATHER WAS RECORDED YESTERDAY.
  RAIN
  LIGHT RAIN
  FOG


RELATIVE HUMIDITY (PERCENT)
 HIGHEST    90           400 AM
 LOWEST     58           100 PM
 AVERAGE    74

..........................................................


THE MILLINOCKET ME CLIMATE NORMALS FOR TODAY
                         NORMAL    RECORD    YEAR
 MAXIMUM TEMPERATURE (F)   79        94      2012
 MINIMUM TEMPERATURE (F)   58        44      1970


SUNRISE AND SUNSET
JULY 14 2014..........SUNRISE   459 AM EDT   SUNSET   822 PM EDT
JULY 15 2014..........SUNRISE   500 AM EDT   SUNSET   821 PM EDT


-  INDICATES NEGATIVE NUMBERS.
R  INDICATES RECORD WAS SET OR TIED.
MM INDICATES DATA IS MISSING.
T  INDICATES TRACE AMOUNT.




$$
