911
CDUS41 KCAR 072126
CLIMLT


CLIMATE REPORT
NATIONAL WEATHER SERVICE CARIBOU, ME
426 PM EST WED DEC 7 2016


...................................

...THE MILLINOCKET ME CLIMATE SUMMARY FOR DECEMBER 7 2016...
VALID TODAY AS OF 0400 PM LOCAL TIME.

CLIMATE NORMAL PERIOD 1981 TO 2010
CLIMATE RECORD PERIOD 1903 TO 2016


WEATHER ITEM   OBSERVED TIME   RECORD YEAR NORMAL DEPARTURE LAST
                VALUE   (LST)  VALUE       VALUE  FROM      YEAR
                                                  NORMAL
..................................................................
TEMPERATURE (F)
 TODAY
  MAXIMUM         28    134 PM  57    1998  33     -5       46
  MINIMUM         13    112 AM -13    1991  19     -6       27
  AVERAGE         21                        26     -5       37

PRECIPITATION (IN)
  TODAY            T             1.51 1983   0.13  -0.13     0.00
  MONTH TO DATE    0.74                      1.02  -0.28     1.04
  SINCE DEC 1      0.74                      1.02  -0.28     1.04
  SINCE JAN 1     30.95                     40.17  -9.22    39.73

SNOWFALL (IN)
  TODAY           MM            MM      MM  MM     MM       MM
  MONTH TO DATE   MM                        MM     MM       MM
  SINCE DEC 1     MM                        MM     MM       MM
  SINCE JUL 1     MM                        MM     MM       MM
  SNOW DEPTH      MM

DEGREE DAYS
 HEATING
  TODAY           44                        39      5       28
  MONTH TO DATE  270                       265      5      203
  SINCE DEC 1    270                       265      5      203
  SINCE JUL 1   1820                      2108   -288     1744

 COOLING
  TODAY            0                         0      0        0
  MONTH TO DATE    0                         0      0        0
  SINCE DEC 1      0                         0      0        0
  SINCE JAN 1    350                       268     82      400
..................................................................


WIND (MPH)
  HIGHEST WIND SPEED     7   HIGHEST WIND DIRECTION     S (160)
  HIGHEST GUST SPEED    11   HIGHEST GUST DIRECTION    SE (140)
  AVERAGE WIND SPEED     1.1


SKY COVER
  POSSIBLE SUNSHINE  MM
  AVERAGE SKY COVER 0.4


WEATHER CONDITIONS
 THE FOLLOWING WEATHER WAS RECORDED TODAY.
  LIGHT SNOW
  FOG


RELATIVE HUMIDITY (PERCENT)
 HIGHEST    96           200 AM
 LOWEST     81          1100 AM
 AVERAGE    89

..........................................................


THE MILLINOCKET ME CLIMATE NORMALS FOR TOMORROW
                         NORMAL    RECORD    YEAR
 MAXIMUM TEMPERATURE (F)   33        52      1927
 MINIMUM TEMPERATURE (F)   18       -16      1964


SUNRISE AND SUNSET
DECEMBER  7 2016......SUNRISE   702 AM EST   SUNSET   351 PM EST
DECEMBER  8 2016......SUNRISE   703 AM EST   SUNSET   351 PM EST


-  INDICATES NEGATIVE NUMBERS.
R  INDICATES RECORD WAS SET OR TIED.
MM INDICATES DATA IS MISSING.
T  INDICATES TRACE AMOUNT.




$$
