000
CDUS41 KCAR 230528
CLIMLT


CLIMATE REPORT
NATIONAL WEATHER SERVICE CARIBOU, ME
1228 AM EST SUN NOV 23 2014


...................................

...THE MILLINOCKET ME CLIMATE SUMMARY FOR NOVEMBER 22 2014...

CLIMATE NORMAL PERIOD 1981 TO 2010
CLIMATE RECORD PERIOD 1903 TO 2014


WEATHER ITEM   OBSERVED TIME   RECORD YEAR NORMAL DEPARTURE LAST
                VALUE   (LST)  VALUE       VALUE  FROM      YEAR
                                                  NORMAL
..................................................................
TEMPERATURE (F)
 YESTERDAY
  MAXIMUM         32   1159 PM  64    1903  39     -7       41
  MINIMUM         12    512 AM   2    1978  25    -13       24
  AVERAGE         22                        32    -10       33

PRECIPITATION (IN)
  YESTERDAY        0.00          3.00 2005   0.17  -0.17      T
  MONTH TO DATE    1.00                      3.12  -2.12     1.85
  SINCE SEP 1      7.39                     10.91  -3.52     7.99
  SINCE JAN 1     32.53                     37.84  -5.31    33.48

SNOWFALL (IN)
  YESTERDAY       MM            MM      MM  MM     MM       MM
  MONTH TO DATE   MM                        MM     MM       MM
  SINCE SEP 1     MM                        MM     MM       MM
  SINCE JUL 1     MM                        MM     MM       MM
  SNOW DEPTH      MM

DEGREE DAYS
 HEATING
  YESTERDAY       43                        33     10       32
  MONTH TO DATE  606                       632    -26      624
  SINCE SEP 1   1299                      1487   -188     1329
  SINCE JUL 1   1327                      1566   -239     1374

 COOLING
  YESTERDAY        0                         0      0        0
  MONTH TO DATE    0                         0      0        0
  SINCE SEP 1     47                        17     30       28
  SINCE JAN 1    375                       268    107      380
..................................................................


WIND (MPH)
  HIGHEST WIND SPEED    15   HIGHEST WIND DIRECTION    NW (300)
  HIGHEST GUST SPEED    21   HIGHEST GUST DIRECTION     W (290)
  AVERAGE WIND SPEED     4.3


SKY COVER
  POSSIBLE SUNSHINE  MM
  AVERAGE SKY COVER 0.6


WEATHER CONDITIONS
 THE FOLLOWING WEATHER WAS RECORDED YESTERDAY.
  NO SIGNIFICANT WEATHER WAS OBSERVED.


RELATIVE HUMIDITY (PERCENT)
 HIGHEST    73           400 AM
 LOWEST     47           200 PM
 AVERAGE    60

..........................................................


THE MILLINOCKET ME CLIMATE NORMALS FOR TODAY
                         NORMAL    RECORD    YEAR
 MAXIMUM TEMPERATURE (F)   39        62      1953
 MINIMUM TEMPERATURE (F)   25        -2      1964


SUNRISE AND SUNSET
NOVEMBER 23 2014......SUNRISE   645 AM EST   SUNSET   357 PM EST
NOVEMBER 24 2014......SUNRISE   646 AM EST   SUNSET   356 PM EST


-  INDICATES NEGATIVE NUMBERS.
R  INDICATES RECORD WAS SET OR TIED.
MM INDICATES DATA IS MISSING.
T  INDICATES TRACE AMOUNT.




$$
