486
CDUS41 KCAR 242028
CLIMLT


CLIMATE REPORT
NATIONAL WEATHER SERVICE CARIBOU, ME
427 PM EDT TUE MAY 24 2016


...................................

...THE MILLINOCKET ME CLIMATE SUMMARY FOR MAY 24 2016...
VALID TODAY AS OF 0400 PM LOCAL TIME.

CLIMATE NORMAL PERIOD 1981 TO 2010
CLIMATE RECORD PERIOD 1903 TO 2016


WEATHER ITEM   OBSERVED TIME   RECORD YEAR NORMAL DEPARTURE LAST
                VALUE   (LST)  VALUE       VALUE  FROM      YEAR
                                                  NORMAL
..................................................................
TEMPERATURE (F)
 TODAY
  MAXIMUM         72    247 PM  96    1977  67      5       75
  MINIMUM         49    442 AM  27    1956  44      5       45
  AVERAGE         61                        56      5       60

PRECIPITATION (IN)
  TODAY            0.00          1.12 2013   0.11  -0.11      T
  MONTH TO DATE    2.05                      2.50  -0.45     2.64
  SINCE MAR 1      8.07                      9.12  -1.05     6.56
  SINCE JAN 1     13.38                     14.23  -0.85     9.79

SNOWFALL (IN)
  TODAY           MM            MM      MM  MM     MM       MM
  MONTH TO DATE   MM                        MM     MM       MM
  SINCE MAR 1     MM                        MM     MM       MM
  SINCE JUL 1     MM                        MM     MM       MM
  SNOW DEPTH      MM

DEGREE DAYS
 HEATING
  TODAY            4                        10     -6        5
  MONTH TO DATE  294                       310    -16      230
  SINCE MAR 1   2168                      2179    -11     2237
  SINCE JUL 1   7132                      8231  -1099     8282

 COOLING
  TODAY            0                         0      0        0
  MONTH TO DATE    0                         0      0        1
  SINCE MAR 1      0                         0      0        1
  SINCE JAN 1      0                         0      0        1
..................................................................


WIND (MPH)
  HIGHEST WIND SPEED    13   HIGHEST WIND DIRECTION     E (100)
  HIGHEST GUST SPEED    16   HIGHEST GUST DIRECTION     E (100)
  AVERAGE WIND SPEED     2.9


SKY COVER
  POSSIBLE SUNSHINE  MM
  AVERAGE SKY COVER 0.2


WEATHER CONDITIONS
 THE FOLLOWING WEATHER WAS RECORDED TODAY.
  FOG


RELATIVE HUMIDITY (PERCENT)
 HIGHEST    93           200 AM
 LOWEST     53          1100 AM
 AVERAGE    73

..........................................................


THE MILLINOCKET ME CLIMATE NORMALS FOR TOMORROW
                         NORMAL    RECORD    YEAR
 MAXIMUM TEMPERATURE (F)   68        94      1977
 MINIMUM TEMPERATURE (F)   45        28      1956


SUNRISE AND SUNSET
MAY 24 2016...........SUNRISE   454 AM EDT   SUNSET   810 PM EDT
MAY 25 2016...........SUNRISE   453 AM EDT   SUNSET   811 PM EDT


-  INDICATES NEGATIVE NUMBERS.
R  INDICATES RECORD WAS SET OR TIED.
MM INDICATES DATA IS MISSING.
T  INDICATES TRACE AMOUNT.




$$
