000
CDUS44 KSHV 292153
CLIMLU


CLIMATE REPORT
NATIONAL WEATHER SERVICE SHREVEPORT, LA
453 PM CDT FRI APR 29 2016


...................................

...THE MONROE CLIMATE SUMMARY FOR APRIL 29 2016...
VALID TODAY AS OF 0400 PM LOCAL TIME.

CLIMATE NORMAL PERIOD 1981 TO 2010
CLIMATE RECORD PERIOD 1930 TO 2016


WEATHER ITEM   OBSERVED TIME   RECORD YEAR NORMAL DEPARTURE LAST
                VALUE   (LST)  VALUE       VALUE  FROM      YEAR
                                                  NORMAL
..................................................................
TEMPERATURE (F)
 TODAY
  MAXIMUM         79    957 AM  92    1970  81     -2       76
  MINIMUM         69    245 PM  41    1965  58     11       50
  AVERAGE         74                        70      4       63

PRECIPITATION (IN)
  TODAY            0.84          2.99 1953   0.14   0.70     0.00
  MONTH TO DATE    9.10                      4.35   4.75     4.73
  SINCE DEC 1     47.28                     24.00  23.28    22.95
  SINCE JAN 1     40.89                     18.71  22.18    18.47

SNOWFALL (IN)
  TODAY            0.0
  MONTH TO DATE    0.0
  SINCE MAR 1      0.0
  SINCE JUL 1      T
  SNOW DEPTH       0

DEGREE DAYS
 HEATING
  TODAY            0                         1     -1        2
  MONTH TO DATE   34                        80    -46       44
  SINCE MAR 1    166                       330   -164      308
  SINCE JUL 1   1594                      2224   -630     2512

 COOLING
  TODAY            9                         5      4        0
  MONTH TO DATE   91                        97     -6      126
  SINCE MAR 1    132                       129      3      142
  SINCE JAN 1    140                       140      0      142
..................................................................


WIND (MPH)
  HIGHEST WIND SPEED    31   HIGHEST WIND DIRECTION    NW (330)
  HIGHEST GUST SPEED    35   HIGHEST GUST DIRECTION    NW (330)
  AVERAGE WIND SPEED     8.2


SKY COVER
  POSSIBLE SUNSHINE  MM
  AVERAGE SKY COVER 0.8


WEATHER CONDITIONS
 THE FOLLOWING WEATHER WAS RECORDED TODAY.
  THUNDERSTORM
  HEAVY RAIN
  LIGHT RAIN
  FOG


RELATIVE HUMIDITY (PERCENT)
 HIGHEST    93           300 AM
 LOWEST     74          1000 AM
 AVERAGE    84

..........................................................


THE MONROE CLIMATE NORMALS FOR TOMORROW
                         NORMAL    RECORD    YEAR
 MAXIMUM TEMPERATURE (F)   82        93      1987
 MINIMUM TEMPERATURE (F)   58        41      1965


SUNRISE AND SUNSET
APRIL 29 2016.........SUNRISE   623 AM CDT   SUNSET   748 PM CDT
APRIL 30 2016.........SUNRISE   622 AM CDT   SUNSET   749 PM CDT


-  INDICATES NEGATIVE NUMBERS.
R  INDICATES RECORD WAS SET OR TIED.
MM INDICATES DATA IS MISSING.
T  INDICATES TRACE AMOUNT.




$$
