000
CDUS44 KSHV 302158
CLIMLU


CLIMATE REPORT
NATIONAL WEATHER SERVICE SHREVEPORT, LA
456 PM CDT SAT JUL 30 2016


...................................

...THE MONROE CLIMATE SUMMARY FOR JULY 30 2016...
VALID TODAY AS OF 0400 PM LOCAL TIME.

CLIMATE NORMAL PERIOD 1981 TO 2010
CLIMATE RECORD PERIOD 1930 TO 2016


WEATHER ITEM   OBSERVED TIME   RECORD YEAR NORMAL DEPARTURE LAST
                VALUE   (LST)  VALUE       VALUE  FROM      YEAR
                                                  NORMAL
..................................................................
TEMPERATURE (F)
 TODAY
  MAXIMUM         93   1257 PM 106    1930  95     -2      100
  MINIMUM         75    552 AM  62    2014  72      3       75
  AVERAGE         84                        83      1       88

PRECIPITATION (IN)
  TODAY            0.01          1.27 1977   0.10  -0.09     0.28
  MONTH TO DATE    5.78                      3.47   2.31     1.21
  SINCE DEC 1     60.32                     37.49  22.83    35.65
  SINCE JAN 1     53.93                     32.20  21.73    31.17

DEGREE DAYS
 HEATING
  TODAY            0                         0      0        0
  MONTH TO DATE    0                         0      0        0
  SINCE JUN 1      0                         0      0        0
  SINCE JUL 1      0                         0      0        0

 COOLING
  TODAY           19                        18      1       23
  MONTH TO DATE  582                       540     42      597
  SINCE JUN 1   1073                      1006     67     1073
  SINCE JAN 1   1454                      1441     13     1495
..................................................................


WIND (MPH)
  HIGHEST WIND SPEED    14   HIGHEST WIND DIRECTION     W (270)
  HIGHEST GUST SPEED    18   HIGHEST GUST DIRECTION     W (260)
  AVERAGE WIND SPEED     5.3


SKY COVER
  POSSIBLE SUNSHINE  MM
  AVERAGE SKY COVER 0.2


WEATHER CONDITIONS
 THE FOLLOWING WEATHER WAS RECORDED TODAY.
  LIGHT RAIN
  HAZE


RELATIVE HUMIDITY (PERCENT)
 HIGHEST    94           300 AM
 LOWEST     56          1200 PM
 AVERAGE    75

..........................................................


THE MONROE CLIMATE NORMALS FOR TOMORROW
                         NORMAL    RECORD    YEAR
 MAXIMUM TEMPERATURE (F)   95       104      1930
 MINIMUM TEMPERATURE (F)   72        61      1971


SUNRISE AND SUNSET
JULY 30 2016..........SUNRISE   622 AM CDT   SUNSET   807 PM CDT
JULY 31 2016..........SUNRISE   622 AM CDT   SUNSET   806 PM CDT


-  INDICATES NEGATIVE NUMBERS.
R  INDICATES RECORD WAS SET OR TIED.
MM INDICATES DATA IS MISSING.
T  INDICATES TRACE AMOUNT.




$$
