000
CDUS44 KSHV 230750
CLIMLU


CLIMATE REPORT
NATIONAL WEATHER SERVICE SHREVEPORT, LA
247 AM CDT FRI JUN 23 2017


...................................

...THE MONROE CLIMATE SUMMARY FOR JUNE 22 2017...

CLIMATE NORMAL PERIOD 1981 TO 2010
CLIMATE RECORD PERIOD 1930 TO 2017


WEATHER ITEM   OBSERVED TIME   RECORD YEAR NORMAL DEPARTURE LAST
                VALUE   (LST)  VALUE       VALUE  FROM      YEAR
                                                  NORMAL
..................................................................
TEMPERATURE (F)
 YESTERDAY
  MAXIMUM         85    359 PM 103    1953  93     -8       92
  MINIMUM         75    244 AM  61    1976  71      4       74
                                      1961
                                      1902
  AVERAGE         80                        82     -2       83

PRECIPITATION (IN)
  YESTERDAY        0.28          2.00 1918   0.16   0.12     0.00
  MONTH TO DATE    5.83                      3.39   2.44     4.09
  SINCE DEC 1     36.29                     32.73   3.56    54.21
  SINCE JAN 1     31.46                     27.44   4.02    47.82

SNOWFALL (IN)
  YESTERDAY        0.0
  MONTH TO DATE    0.0
  SINCE JUN 1      0.0
  SINCE JUL 1      0.2
  SNOW DEPTH       0

DEGREE DAYS
 HEATING
  YESTERDAY        0                         0      0        0
  MONTH TO DATE    0                         0      0        0
  SINCE JUN 1      0                         0      0        0
  SINCE JUL 1   1400                      2230   -830     1595

 COOLING
  YESTERDAY       15                        17     -2       18
  MONTH TO DATE  299                       329    -30      344
  SINCE JUN 1    299                       329    -30      344
  SINCE JAN 1    817                       764     53      725
..................................................................


WIND (MPH)
  HIGHEST WIND SPEED    23   HIGHEST WIND DIRECTION     S (180)
  HIGHEST GUST SPEED    34   HIGHEST GUST DIRECTION     S (180)
  AVERAGE WIND SPEED    11.5


SKY COVER
  POSSIBLE SUNSHINE  MM
  AVERAGE SKY COVER 0.9


WEATHER CONDITIONS
 THE FOLLOWING WEATHER WAS RECORDED YESTERDAY.
  HEAVY RAIN
  RAIN
  LIGHT RAIN
  FOG
  HAZE


RELATIVE HUMIDITY (PERCENT)
 HIGHEST    94          1200 AM
 LOWEST     70           900 AM
 AVERAGE    82

..........................................................


THE MONROE CLIMATE NORMALS FOR TODAY
                         NORMAL    RECORD    YEAR
 MAXIMUM TEMPERATURE (F)   93       101      2009
 MINIMUM TEMPERATURE (F)   71        57      1902


SUNRISE AND SUNSET
JUNE 23 2017..........SUNRISE   602 AM CDT   SUNSET   819 PM CDT
JUNE 24 2017..........SUNRISE   602 AM CDT   SUNSET   819 PM CDT


-  INDICATES NEGATIVE NUMBERS.
R  INDICATES RECORD WAS SET OR TIED.
MM INDICATES DATA IS MISSING.
T  INDICATES TRACE AMOUNT.




$$
