000
CDUS44 KSHV 280754
CLIMLU


CLIMATE REPORT
NATIONAL WEATHER SERVICE SHREVEPORT, LA
250 AM CDT THU MAY 28 2015


...................................

...THE MONROE CLIMATE SUMMARY FOR MAY 27 2015...

CLIMATE NORMAL PERIOD 1981 TO 2010
CLIMATE RECORD PERIOD 1930 TO 2015


WEATHER ITEM   OBSERVED TIME   RECORD YEAR NORMAL DEPARTURE LAST
                VALUE   (LST)  VALUE       VALUE  FROM      YEAR
                                                  NORMAL
..................................................................
TEMPERATURE (F)
 YESTERDAY
  MAXIMUM         81    350 PM  97    1964  88     -7       82
  MINIMUM         69   1049 PM  50    1961  66      3       69
  AVERAGE         75                        77     -2       76

PRECIPITATION (IN)
  YESTERDAY        0.35          2.22 1954   0.17   0.18     0.69
  MONTH TO DATE    6.95                      4.54   2.41     6.05
  SINCE DEC 1     29.90                     28.69   1.21    26.46
  SINCE JAN 1     25.42                     23.40   2.02    23.20

SNOWFALL (IN)
  YESTERDAY        0.0
  MONTH TO DATE    0.0
  SINCE MAR 1      0.4
  SINCE JUL 1      3.9
  SNOW DEPTH       0

DEGREE DAYS
 HEATING
  YESTERDAY        0                         0      0        0
  MONTH TO DATE    3                         3      0       23
  SINCE MAR 1    311                       333    -22      513
  SINCE JUL 1   2515                      2227    288     2839

 COOLING
  YESTERDAY       10                        12     -2       11
  MONTH TO DATE  229                       239    -10      198
  SINCE MAR 1    373                       375     -2      284
  SINCE JAN 1    373                       386    -13      286
..................................................................


WIND (MPH)
  HIGHEST WIND SPEED    13   HIGHEST WIND DIRECTION    NW (320)
  HIGHEST GUST SPEED    19   HIGHEST GUST DIRECTION     S (180)
  AVERAGE WIND SPEED     3.1


SKY COVER
  POSSIBLE SUNSHINE  MM
  AVERAGE SKY COVER 0.5


WEATHER CONDITIONS
 THE FOLLOWING WEATHER WAS RECORDED YESTERDAY.
  THUNDERSTORM
  RAIN
  LIGHT RAIN
  FOG


RELATIVE HUMIDITY (PERCENT)
 HIGHEST   100           900 AM
 LOWEST     69           400 PM
 AVERAGE    85

..........................................................


THE MONROE CLIMATE NORMALS FOR TODAY
                         NORMAL    RECORD    YEAR
 MAXIMUM TEMPERATURE (F)   88        95      2012
                                             2011
 MINIMUM TEMPERATURE (F)   66        47      1961


SUNRISE AND SUNSET
MAY 28 2015...........SUNRISE   603 AM CDT   SUNSET   808 PM CDT
MAY 29 2015...........SUNRISE   603 AM CDT   SUNSET   809 PM CDT


-  INDICATES NEGATIVE NUMBERS.
R  INDICATES RECORD WAS SET OR TIED.
MM INDICATES DATA IS MISSING.
T  INDICATES TRACE AMOUNT.




$$
