000
CDUS44 KSHV 212140
CLIMLU


CLIMATE REPORT
NATIONAL WEATHER SERVICE SHREVEPORT, LA
436 PM CDT MON AUG 21 2017


...................................

...THE MONROE CLIMATE SUMMARY FOR AUGUST 21 2017...
VALID TODAY AS OF 0400 PM LOCAL TIME.

CLIMATE NORMAL PERIOD 1981 TO 2010
CLIMATE RECORD PERIOD 1930 TO 2017


WEATHER ITEM   OBSERVED TIME   RECORD YEAR NORMAL DEPARTURE LAST
                VALUE   (LST)  VALUE       VALUE  FROM      YEAR
                                                  NORMAL
..................................................................
TEMPERATURE (F)
 TODAY
  MAXIMUM         95    205 PM 104    1980  94      1       87
  MINIMUM         75    536 AM  58    1927  71      4       76
  AVERAGE         85                        83      2       82

PRECIPITATION (IN)
  TODAY            0.00          1.75 1901   0.11  -0.11      T
  MONTH TO DATE    5.83                      2.09   3.74     4.83
  SINCE DEC 1     48.50                     39.68   8.82    66.12
  SINCE JAN 1     43.67                     34.39   9.28    59.73

DEGREE DAYS
 HEATING
  TODAY            0                         0      0        0
  MONTH TO DATE    0                         0      0        0
  SINCE JUN 1      0                         0      0        0
  SINCE JUL 1      0                         0      0        0

 COOLING
  TODAY           20                        18      2       17
  MONTH TO DATE  380                       378      2      391
  SINCE JUN 1   1370                      1403    -33     1481
  SINCE JAN 1   1888                      1838     50     1862
..................................................................


WIND (MPH)
  HIGHEST WIND SPEED    12   HIGHEST WIND DIRECTION     S (180)
  HIGHEST GUST SPEED    15   HIGHEST GUST DIRECTION     S (180)
  AVERAGE WIND SPEED     0.8


SKY COVER
  POSSIBLE SUNSHINE  MM
  AVERAGE SKY COVER 0.3


WEATHER CONDITIONS
 THE FOLLOWING WEATHER WAS RECORDED TODAY.
  THUNDERSTORM
  FOG
  HAZE


RELATIVE HUMIDITY (PERCENT)
 HIGHEST   100           400 AM
 LOWEST     49           200 PM
 AVERAGE    75

..........................................................


THE MONROE CLIMATE NORMALS FOR TOMORROW
                         NORMAL    RECORD    YEAR
 MAXIMUM TEMPERATURE (F)   94       102      2011
                                             1910
                                             1906
 MINIMUM TEMPERATURE (F)   71        55      1961


SUNRISE AND SUNSET
AUGUST 21 2017........SUNRISE   636 AM CDT   SUNSET   746 PM CDT
AUGUST 22 2017........SUNRISE   637 AM CDT   SUNSET   745 PM CDT


-  INDICATES NEGATIVE NUMBERS.
R  INDICATES RECORD WAS SET OR TIED.
MM INDICATES DATA IS MISSING.
T  INDICATES TRACE AMOUNT.




$$
