000
CDUS44 KSHV 180735
CLIMLU


CLIMATE REPORT
NATIONAL WEATHER SERVICE SHREVEPORT, LA
233 AM CDT FRI APR 18 2014


...................................

...THE MONROE CLIMATE SUMMARY FOR APRIL 17 2014...

CLIMATE NORMAL PERIOD 1981 TO 2010
CLIMATE RECORD PERIOD 1930 TO 2014


WEATHER ITEM   OBSERVED TIME   RECORD YEAR NORMAL DEPARTURE LAST
                VALUE   (LST)  VALUE       VALUE  FROM      YEAR
                                                  NORMAL
..................................................................
TEMPERATURE (F)
 YESTERDAY
  MAXIMUM         67   1233 PM  90    1981  78    -11       86
  MINIMUM         40    553 AM  39    1999  54    -14       71
  AVERAGE         54                        66    -12       79

PRECIPITATION (IN)
  YESTERDAY        0.02          1.26 1950   0.14  -0.12      T
  MONTH TO DATE    7.88                      2.49   5.39     4.31
  SINCE DEC 1     19.91                     22.14  -2.23    25.25
  SINCE JAN 1     16.65                     16.85  -0.20    20.52

SNOWFALL (IN)
  YESTERDAY        0.0
  MONTH TO DATE    0.0
  SINCE MAR 1      0.0
  SINCE JUL 1      0.5
  SNOW DEPTH       0

DEGREE DAYS
 HEATING
  YESTERDAY       11                         2      9        0
  MONTH TO DATE  104                        63     41       86
  SINCE MAR 1    478                       313    165      451
  SINCE JUL 1   2804                      2207    597     2113

 COOLING
  YESTERDAY        0                         3     -3       14
  MONTH TO DATE   35                        44     -9       54
  SINCE MAR 1     42                        76    -34       62
  SINCE JAN 1     44                        87    -43       75
..................................................................


WIND (MPH)
  HIGHEST WIND SPEED    14   HIGHEST WIND DIRECTION     S (180)
  HIGHEST GUST SPEED    23   HIGHEST GUST DIRECTION     E (110)
  AVERAGE WIND SPEED     1.6


SKY COVER
  POSSIBLE SUNSHINE  MM
  AVERAGE SKY COVER 0.3


WEATHER CONDITIONS
 THE FOLLOWING WEATHER WAS RECORDED YESTERDAY.
  FOG


RELATIVE HUMIDITY (PERCENT)
 HIGHEST   100           600 AM
 LOWEST     52          1100 AM
 AVERAGE    76

..........................................................


THE MONROE CLIMATE NORMALS FOR TODAY
                         NORMAL    RECORD    YEAR
 MAXIMUM TEMPERATURE (F)   79        93      1987
 MINIMUM TEMPERATURE (F)   54        39      2001
                                             1999


SUNRISE AND SUNSET
APRIL 18 2014.........SUNRISE   635 AM CDT   SUNSET   740 PM CDT
APRIL 19 2014.........SUNRISE   634 AM CDT   SUNSET   741 PM CDT


-  INDICATES NEGATIVE NUMBERS.
R  INDICATES RECORD WAS SET OR TIED.
MM INDICATES DATA IS MISSING.
T  INDICATES TRACE AMOUNT.




$$
