012
CDUS44 KSHV 180753
CLIMLU


CLIMATE REPORT
NATIONAL WEATHER SERVICE SHREVEPORT, LA
252 AM CDT WED OCT 18 2017


...................................

...THE MONROE CLIMATE SUMMARY FOR OCTOBER 17 2017...

CLIMATE NORMAL PERIOD 1981 TO 2010
CLIMATE RECORD PERIOD 1930 TO 2017


WEATHER ITEM   OBSERVED TIME   RECORD YEAR NORMAL DEPARTURE LAST
                VALUE   (LST)  VALUE       VALUE  FROM      YEAR
                                                  NORMAL
..................................................................
TEMPERATURE (F)
 YESTERDAY
  MAXIMUM         77    236 PM  95    1910  79     -2       87
  MINIMUM         44    618 AM  33    1977  53     -9       66
                                      1952
  AVERAGE         61                        66     -5       77

PRECIPITATION (IN)
  YESTERDAY        0.00          1.12 1966   0.17  -0.17     0.00
  MONTH TO DATE    T                         2.52  -2.52     0.02
  SINCE DEC 1     52.36                     46.92   5.44    66.84
  SINCE JAN 1     47.53                     41.63   5.90    60.45

SNOWFALL (IN)
  YESTERDAY        0.0
  MONTH TO DATE    0.0
  SINCE SEP 1      0.0
  SINCE JUL 1      0.0
  SNOW DEPTH       0

DEGREE DAYS
 HEATING
  YESTERDAY        4                         3      1        0
  MONTH TO DATE    8                        28    -20        0
  SINCE SEP 1      8                        34    -26        0
  SINCE JUL 1      8                        34    -26        0

 COOLING
  YESTERDAY        0                         3     -3       12
  MONTH TO DATE  160                        85     75      135
  SINCE SEP 1    516                       442     74      588
  SINCE JAN 1   2543                      2449     94     2642
..................................................................


WIND (MPH)
  HIGHEST WIND SPEED    14   HIGHEST WIND DIRECTION    NE (40)
  HIGHEST GUST SPEED    18   HIGHEST GUST DIRECTION    NE (50)
  AVERAGE WIND SPEED     4.7


SKY COVER
  POSSIBLE SUNSHINE  MM
  AVERAGE SKY COVER 0.0


WEATHER CONDITIONS
 THE FOLLOWING WEATHER WAS RECORDED YESTERDAY.
  NO SIGNIFICANT WEATHER WAS OBSERVED.


RELATIVE HUMIDITY (PERCENT)
 HIGHEST    89           900 PM
 LOWEST     33           300 PM
 AVERAGE    61

..........................................................


THE MONROE CLIMATE NORMALS FOR TODAY
                         NORMAL    RECORD    YEAR
 MAXIMUM TEMPERATURE (F)   79        95      1910
 MINIMUM TEMPERATURE (F)   52        32      1948


SUNRISE AND SUNSET
OCTOBER 18 2017.......SUNRISE   714 AM CDT   SUNSET   631 PM CDT
OCTOBER 19 2017.......SUNRISE   715 AM CDT   SUNSET   630 PM CDT


-  INDICATES NEGATIVE NUMBERS.
R  INDICATES RECORD WAS SET OR TIED.
MM INDICATES DATA IS MISSING.
T  INDICATES TRACE AMOUNT.




$$
