000
CDUS44 KSHV 042158
CLIMLU


CLIMATE REPORT
NATIONAL WEATHER SERVICE SHREVEPORT, LA
457 PM CDT SAT JUL 4 2015


...................................

...THE MONROE CLIMATE SUMMARY FOR JULY 4 2015...
VALID TODAY AS OF 0400 PM LOCAL TIME.

CLIMATE NORMAL PERIOD 1981 TO 2010
CLIMATE RECORD PERIOD 1930 TO 2015


WEATHER ITEM   OBSERVED TIME   RECORD YEAR NORMAL DEPARTURE LAST
                VALUE   (LST)  VALUE       VALUE  FROM      YEAR
                                                  NORMAL
..................................................................
TEMPERATURE (F)
 TODAY
  MAXIMUM         86    259 PM 102    1933  94     -8       86
  MINIMUM         71    952 AM  63    2013  72     -1       65
  AVERAGE         79                        83     -4       76

PRECIPITATION (IN)
  TODAY            0.05          1.81 1988   0.14  -0.09     0.00
  MONTH TO DATE    0.05                      0.57  -0.52     0.09
  SINCE DEC 1     34.49                     34.59  -0.10    33.19
  SINCE JAN 1     30.01                     29.30   0.71    29.93

DEGREE DAYS
 HEATING
  TODAY            0                         0      0        0
  MONTH TO DATE    0                         0      0        0
  SINCE JUN 1      0                         0      0        0
  SINCE JUL 1      0                         0      0        0

 COOLING
  TODAY           14                        18     -4       11
  MONTH TO DATE   67                        72     -5       63
  SINCE JUN 1    543                       538      5      539
  SINCE JAN 1    965                       973     -8      869
..................................................................


WIND (MPH)
  HIGHEST WIND SPEED    20   HIGHEST WIND DIRECTION     N (340)
  HIGHEST GUST SPEED    27   HIGHEST GUST DIRECTION     N (350)
  AVERAGE WIND SPEED     8.9


SKY COVER
  POSSIBLE SUNSHINE  MM
  AVERAGE SKY COVER 0.3


WEATHER CONDITIONS
 THE FOLLOWING WEATHER WAS RECORDED TODAY.
  LIGHT RAIN
  FOG


RELATIVE HUMIDITY (PERCENT)
 HIGHEST    94           600 AM
 LOWEST     55           200 PM
 AVERAGE    75

..........................................................


THE MONROE CLIMATE NORMALS FOR TOMORROW
                         NORMAL    RECORD    YEAR
 MAXIMUM TEMPERATURE (F)   94       100      1931
 MINIMUM TEMPERATURE (F)   72        62      2013


SUNRISE AND SUNSET
JULY  4 2015..........SUNRISE   606 AM CDT   SUNSET   819 PM CDT
JULY  5 2015..........SUNRISE   606 AM CDT   SUNSET   819 PM CDT


-  INDICATES NEGATIVE NUMBERS.
R  INDICATES RECORD WAS SET OR TIED.
MM INDICATES DATA IS MISSING.
T  INDICATES TRACE AMOUNT.




$$
