000
CDUS44 KSHV 162247
CLIMLU


CLIMATE REPORT
NATIONAL WEATHER SERVICE SHREVEPORT, LA
447 PM CST SAT DEC 16 2017


...................................

...THE MONROE CLIMATE SUMMARY FOR DECEMBER 16 2017...
VALID TODAY AS OF 0400 PM LOCAL TIME.

CLIMATE NORMAL PERIOD 1981 TO 2010
CLIMATE RECORD PERIOD 1930 TO 2017


WEATHER ITEM   OBSERVED TIME   RECORD YEAR NORMAL DEPARTURE LAST
                VALUE   (LST)  VALUE       VALUE  FROM      YEAR
                                                  NORMAL
..................................................................
TEMPERATURE (F)
 TODAY
  MAXIMUM         MM        MM  84    1924  59     MM       66
  MINIMUM         27    547 AM  15    1989  37    -10       30
  AVERAGE         MM                        48     MM       48

PRECIPITATION (IN)
  TODAY            0.00          2.39 1971   0.18  -0.18      T
  MONTH TO DATE    1.58                      2.79  -1.21     3.75
  SINCE DEC 1      1.58                      2.79  -1.21     3.75
  SINCE JAN 1     51.98                     51.52   0.46    67.36

SNOWFALL (IN)
  TODAY            0.0
  MONTH TO DATE    0.0
  SINCE DEC 1      0.0
  SINCE JUL 1      0.0
  SNOW DEPTH       0

DEGREE DAYS
 HEATING
  TODAY           MM                        17     MM       17
  MONTH TO DATE  233                       254    -21      281
  SINCE DEC 1    233                       254    -21      281
  SINCE JUL 1    537                       626    -89      494

 COOLING
  TODAY           MM                         0     MM        0
  MONTH TO DATE    2                         0      2        0
  SINCE DEC 1      2                         0      2        0
  SINCE JAN 1   2626                      2508    118     2732
..................................................................


WIND (MPH)
  HIGHEST WIND SPEED     9   HIGHEST WIND DIRECTION     S (170)
  HIGHEST GUST SPEED    13   HIGHEST GUST DIRECTION     S (160)
  AVERAGE WIND SPEED     3.7


SKY COVER
  POSSIBLE SUNSHINE  MM
  AVERAGE SKY COVER 0.1


WEATHER CONDITIONS
 THE FOLLOWING WEATHER WAS RECORDED TODAY.
  NO SIGNIFICANT WEATHER WAS OBSERVED.


RELATIVE HUMIDITY (PERCENT)
 HIGHEST    92           200 AM
 LOWEST     18           400 PM
 AVERAGE    55

..........................................................


THE MONROE CLIMATE NORMALS FOR TOMORROW
                         NORMAL    RECORD    YEAR
 MAXIMUM TEMPERATURE (F)   58        89      1908
 MINIMUM TEMPERATURE (F)   37        17      1972
                                             1932


SUNRISE AND SUNSET
DECEMBER 16 2017......SUNRISE   703 AM CST   SUNSET   505 PM CST
DECEMBER 17 2017......SUNRISE   704 AM CST   SUNSET   505 PM CST


-  INDICATES NEGATIVE NUMBERS.
R  INDICATES RECORD WAS SET OR TIED.
MM INDICATES DATA IS MISSING.
T  INDICATES TRACE AMOUNT.




$$
