180
CDUS46 KPQR 162328
CLIMMV


CLIMATE REPORT
NATIONAL WEATHER SERVICE PORTLAND OREGON
428 PM PDT WED AUG 16 2017


...................................

...THE MCMINNVILLE OR CLIMATE SUMMARY FOR AUGUST 16 2017...
VALID TODAY AS OF 0400 PM LOCAL TIME.

CLIMATE NORMAL PERIOD 1981 TO 2010
CLIMATE RECORD PERIOD 1894 TO 2017


WEATHER ITEM   OBSERVED TIME   RECORD YEAR NORMAL DEPARTURE LAST
                VALUE   (LST)  VALUE       VALUE  FROM      YEAR
                                                  NORMAL
..................................................................
TEMPERATURE (F)
 TODAY
  MAXIMUM         86    243 PM 108    1927  82      4       90
  MINIMUM         50    541 AM  38    1955  51     -1       54
  AVERAGE         68                        66      2       72

PRECIPITATION (IN)
  TODAY            0.00                      0.02  -0.02     0.00
  MONTH TO DATE    0.19                      0.23  -0.04     0.26
  SINCE OCT 1     53.51                     38.01  15.50    49.80
  SINCE JAN 1     29.70                     21.98   7.72    24.73

DEGREE DAYS
 HEATING
  TODAY            0                                         0
  MONTH TO DATE    4                                        13
  SINCE JUN 1    109                                       131
  SINCE JUL 1      9                                        30

 COOLING
  TODAY            3                                         7
  MONTH TO DATE  126                                        79
  SINCE JUN 1    300                                       240
  SINCE JAN 1    324                                       259
..................................................................


WIND (MPH)
  HIGHEST WIND SPEED     7   HIGHEST WIND DIRECTION    NW (320)
  HIGHEST GUST SPEED    11   HIGHEST GUST DIRECTION    NW (330)
  AVERAGE WIND SPEED     1.4


SKY COVER
  POSSIBLE SUNSHINE  MM
  AVERAGE SKY COVER 0.0


WEATHER CONDITIONS
 THE FOLLOWING WEATHER WAS RECORDED TODAY.
  NO SIGNIFICANT WEATHER WAS OBSERVED.


RELATIVE HUMIDITY (PERCENT)
 HIGHEST   100           400 AM
 LOWEST     32           200 PM
 AVERAGE    66

..........................................................


THE MCMINNVILLE OR CLIMATE NORMALS FOR TOMORROW
                         NORMAL    RECORD    YEAR
 MAXIMUM TEMPERATURE (F)   82       102      1977
 MINIMUM TEMPERATURE (F)   51        34      1970


SUNRISE AND SUNSET
AUGUST 16 2017........SUNRISE   515 AM PST   SUNSET   717 PM PST
AUGUST 17 2017........SUNRISE   517 AM PST   SUNSET   715 PM PST


-  INDICATES NEGATIVE NUMBERS.
R  INDICATES RECORD WAS SET OR TIED.
MM INDICATES DATA IS MISSING.
T  INDICATES TRACE AMOUNT.




$$
