000
CDUS46 KPQR 301141
CLIMMV


CLIMATE REPORT
NATIONAL WEATHER SERVICE PORTLAND OREGON
340 AM PST FRI JAN 30 2015


...................................

...THE MCMINNVILLE OR CLIMATE SUMMARY FOR JANUARY 29 2015...

CLIMATE NORMAL PERIOD 1981 TO 2010
CLIMATE RECORD PERIOD 1894 TO 2015


WEATHER ITEM   OBSERVED TIME   RECORD YEAR NORMAL DEPARTURE LAST
                VALUE   (LST)  VALUE       VALUE  FROM      YEAR
                                                  NORMAL
..................................................................
TEMPERATURE (F)
 YESTERDAY
  MAXIMUM         58    230 PM  64    1958  49      9       56
  MINIMUM         41   1159 PM   7    1969  35      6       42
  AVERAGE         50                        42      8       49

PRECIPITATION (IN)
  YESTERDAY        0.00          1.97 2004   0.16  -0.16     0.12
  MONTH TO DATE    3.31                      5.77  -2.46     2.63
  SINCE OCT 1     19.55                     21.80  -2.25     7.59
  SINCE JAN 1      3.31                      5.77  -2.46     2.63

DEGREE DAYS
 HEATING
  YESTERDAY       15                        23     -8       16
  MONTH TO DATE  600                       702   -102      688
  SINCE JUL 1   1990                      2707   -717     2728

 COOLING
  YESTERDAY        0                         0      0        0
  MONTH TO DATE    0                         0      0        0
  SINCE JAN 1      0                         0      0        0
..................................................................


WIND (MPH)
  HIGHEST WIND SPEED    10   HIGHEST WIND DIRECTION     N (350)
  HIGHEST GUST SPEED    12   HIGHEST GUST DIRECTION     N (340)
  AVERAGE WIND SPEED     4.4


SKY COVER
  POSSIBLE SUNSHINE  MM
  AVERAGE SKY COVER 0.1


WEATHER CONDITIONS
 THE FOLLOWING WEATHER WAS RECORDED YESTERDAY.
  FOG


RELATIVE HUMIDITY (PERCENT)
 HIGHEST   100          1200 AM
 LOWEST     57           400 PM
 AVERAGE    79

..........................................................


THE MCMINNVILLE OR CLIMATE NORMALS FOR TODAY
                         NORMAL    RECORD    YEAR
 MAXIMUM TEMPERATURE (F)   49        63      1924
 MINIMUM TEMPERATURE (F)   35        11      1956


SUNRISE AND SUNSET
JANUARY 30 2015.......SUNRISE   735 AM PST   SUNSET   517 PM PST
JANUARY 31 2015.......SUNRISE   734 AM PST   SUNSET   518 PM PST


-  INDICATES NEGATIVE NUMBERS.
R  INDICATES RECORD WAS SET OR TIED.
MM INDICATES DATA IS MISSING.
T  INDICATES TRACE AMOUNT.




$$
