150
CDUS46 KPQR 150221
CLIMMV


CLIMATE REPORT
NATIONAL WEATHER SERVICE PORTLAND OREGON
621 PM PST THU DEC 14 2017


...................................

...THE MCMINNVILLE OR CLIMATE SUMMARY FOR DECEMBER 14 2017...
VALID TODAY AS OF 0600 PM LOCAL TIME.

CLIMATE NORMAL PERIOD 1981 TO 2010
CLIMATE RECORD PERIOD 1894 TO 2017


WEATHER ITEM   OBSERVED TIME   RECORD YEAR NORMAL DEPARTURE LAST
                VALUE   (LST)  VALUE       VALUE  FROM      YEAR
                                                  NORMAL
..................................................................
TEMPERATURE (F)
 TODAY
  MAXIMUM         46    250 PM  63    1924  45      1       35
  MINIMUM         36    808 AM -16    1919  34      2       28
  AVERAGE         41                        40      1       32

PRECIPITATION (IN)
  TODAY            0.00                      0.21  -0.21      T
  MONTH TO DATE    0.55                      2.70  -2.15     3.32
  SINCE OCT 1     12.71                     12.64   0.07    21.63
  SINCE JAN 1     44.45                     36.35   8.10    46.90

DEGREE DAYS
 HEATING
  TODAY           24                                        33
  MONTH TO DATE  339                                       353
  SINCE DEC 1    339                                       353
  SINCE JUL 1   1312                                      1255

 COOLING
  TODAY            0                                         0
  MONTH TO DATE    0                                         0
  SINCE DEC 1      0                                         0
  SINCE JAN 1    507                                       363
..................................................................


WIND (MPH)
  HIGHEST WIND SPEED    15   HIGHEST WIND DIRECTION     N (350)
  HIGHEST GUST SPEED    20   HIGHEST GUST DIRECTION     N (340)
  AVERAGE WIND SPEED     8.3


SKY COVER
  POSSIBLE SUNSHINE  MM
  AVERAGE SKY COVER 0.0


WEATHER CONDITIONS
 THE FOLLOWING WEATHER WAS RECORDED TODAY.
  NO SIGNIFICANT WEATHER WAS OBSERVED.


RELATIVE HUMIDITY (PERCENT)
 HIGHEST    76           400 AM
 LOWEST     53           200 PM
 AVERAGE    65

..........................................................


THE MCMINNVILLE OR CLIMATE NORMALS FOR TOMORROW
                         NORMAL    RECORD    YEAR
 MAXIMUM TEMPERATURE (F)   45        65      1930
 MINIMUM TEMPERATURE (F)   34         2      1919


SUNRISE AND SUNSET
DECEMBER 14 2017......SUNRISE   744 AM PST   SUNSET   431 PM PST
DECEMBER 15 2017......SUNRISE   745 AM PST   SUNSET   431 PM PST


-  INDICATES NEGATIVE NUMBERS.
R  INDICATES RECORD WAS SET OR TIED.
MM INDICATES DATA IS MISSING.
T  INDICATES TRACE AMOUNT.




$$
