000
CDUS46 KPQR 071142
CLIMMV


CLIMATE REPORT
NATIONAL WEATHER SERVICE PORTLAND OREGON
342 AM PST WED DEC 7 2016


...................................

...THE MCMINNVILLE OR CLIMATE SUMMARY FOR DECEMBER 6 2016...

CLIMATE NORMAL PERIOD 1981 TO 2010
CLIMATE RECORD PERIOD 1894 TO 2016


WEATHER ITEM   OBSERVED TIME   RECORD YEAR NORMAL DEPARTURE LAST
                VALUE   (LST)  VALUE       VALUE  FROM      YEAR
                                                  NORMAL
..................................................................
TEMPERATURE (F)
 YESTERDAY
  MAXIMUM         40    330 PM  63    1921  46     -6       55
  MINIMUM         26   1158 PM  18    1972  35     -9       45
  AVERAGE         33                        41     -8       50

PRECIPITATION (IN)
  YESTERDAY        0.00          2.00 1923   0.19  -0.19     0.88
  MONTH TO DATE    1.19                      1.15   0.04     3.20
  SINCE OCT 1     19.50                     11.09   8.41    12.92
  SINCE JAN 1     44.77                     34.80   9.97    31.02

DEGREE DAYS
 HEATING
  YESTERDAY       32                        24      8       15
  MONTH TO DATE  149                       142      7      120
  SINCE JUL 1   1051                      1364   -313     1086

 COOLING
  YESTERDAY        0                         0      0        0
  MONTH TO DATE    0                         0      0        0
  SINCE JAN 1    363                       215    148      530
..................................................................


WIND (MPH)
  HIGHEST WIND SPEED    12   HIGHEST WIND DIRECTION     N (10)
  HIGHEST GUST SPEED    13   HIGHEST GUST DIRECTION     N (10)
  AVERAGE WIND SPEED     4.9


SKY COVER
  POSSIBLE SUNSHINE  MM
  AVERAGE SKY COVER 0.6


WEATHER CONDITIONS
 THE FOLLOWING WEATHER WAS RECORDED YESTERDAY.
  FOG
  FOG W/VISIBILITY <= 1/4 MILE


RELATIVE HUMIDITY (PERCENT)
 HIGHEST   100          1200 AM
 LOWEST     76           100 PM
 AVERAGE    88

..........................................................


THE MCMINNVILLE OR CLIMATE NORMALS FOR TODAY
                         NORMAL    RECORD    YEAR
 MAXIMUM TEMPERATURE (F)   46        63      2015
                                             1925
 MINIMUM TEMPERATURE (F)   35         9      1972


SUNRISE AND SUNSET
DECEMBER  7 2016......SUNRISE   738 AM PST   SUNSET   430 PM PST
DECEMBER  8 2016......SUNRISE   739 AM PST   SUNSET   430 PM PST


-  INDICATES NEGATIVE NUMBERS.
R  INDICATES RECORD WAS SET OR TIED.
MM INDICATES DATA IS MISSING.
T  INDICATES TRACE AMOUNT.




$$
