319
CDUS46 KPQR 261150
CLIMMV


CLIMATE REPORT
NATIONAL WEATHER SERVICE PORTLAND OREGON
450 AM PDT SUN MAR 26 2017


...................................

...THE MCMINNVILLE OR CLIMATE SUMMARY FOR MARCH 25 2017...

CLIMATE NORMAL PERIOD 1981 TO 2010
CLIMATE RECORD PERIOD 1894 TO 2017


WEATHER ITEM   OBSERVED TIME   RECORD YEAR NORMAL DEPARTURE LAST
                VALUE   (LST)  VALUE       VALUE  FROM      YEAR
                                                  NORMAL
..................................................................
TEMPERATURE (F)
 YESTERDAY
  MAXIMUM         53    353 PM  72    1966  58     -5       55
  MINIMUM         36    621 AM  19    1920  38     -2       40
  AVERAGE         45                        48     -3       48

PRECIPITATION (IN)
  YESTERDAY        0.02          3.00 1916   0.12  -0.10     0.05
  MONTH TO DATE    6.13                      3.32   2.81     6.21
  SINCE OCT 1     45.12                     29.89  15.23    43.72
  SINCE JAN 1     21.31                     13.86   7.45    18.65

DEGREE DAYS
 HEATING
  YESTERDAY       20                        17      3       17
  MONTH TO DATE  445                       471    -26      402
  SINCE JUL 1   3741                      3850   -109     3162

 COOLING
  YESTERDAY        0                         0      0        0
  MONTH TO DATE    0                         0      0        0
  SINCE JAN 1      0                         0      0        0
..................................................................


WIND (MPH)
  HIGHEST WIND SPEED    22   HIGHEST WIND DIRECTION     W (250)
  HIGHEST GUST SPEED    25   HIGHEST GUST DIRECTION     W (250)
  AVERAGE WIND SPEED     5.1


SKY COVER
  POSSIBLE SUNSHINE  MM
  AVERAGE SKY COVER 0.7


WEATHER CONDITIONS
 THE FOLLOWING WEATHER WAS RECORDED YESTERDAY.
  LIGHT RAIN
  FOG


RELATIVE HUMIDITY (PERCENT)
 HIGHEST    93           600 AM
 LOWEST     63           300 PM
 AVERAGE    78

..........................................................


THE MCMINNVILLE OR CLIMATE NORMALS FOR TODAY
                         NORMAL    RECORD    YEAR
 MAXIMUM TEMPERATURE (F)   58        81      1923
 MINIMUM TEMPERATURE (F)   38        15      1920


SUNRISE AND SUNSET
MARCH 26 2017.........SUNRISE   604 AM PST   SUNSET   633 PM PST
MARCH 27 2017.........SUNRISE   602 AM PST   SUNSET   635 PM PST


-  INDICATES NEGATIVE NUMBERS.
R  INDICATES RECORD WAS SET OR TIED.
MM INDICATES DATA IS MISSING.
T  INDICATES TRACE AMOUNT.




$$
