551
CDUS46 KPQR 301145
CLIMMV


CLIMATE REPORT
NATIONAL WEATHER SERVICE PORTLAND OREGON
443 AM PDT MON MAY 30 2016


...................................

...THE MCMINNVILLE OR CLIMATE SUMMARY FOR MAY 29 2016...

CLIMATE NORMAL PERIOD 1981 TO 2010
CLIMATE RECORD PERIOD 1894 TO 2016


WEATHER ITEM   OBSERVED TIME   RECORD YEAR NORMAL DEPARTURE LAST
                VALUE   (LST)  VALUE       VALUE  FROM      YEAR
                                                  NORMAL
..................................................................
TEMPERATURE (F)
 YESTERDAY
  MAXIMUM         71    538 PM  99    1983  70      1       79
  MINIMUM         47    121 AM  29    1951  45      2       52
  AVERAGE         59                        57      2       66

PRECIPITATION (IN)
  YESTERDAY        0.00          0.35 1991   0.07  -0.07     0.00
  MONTH TO DATE    0.87                      2.11  -1.24     0.89
  SINCE OCT 1     47.63                     35.62  12.01    31.77
  SINCE JAN 1     22.56                     19.59   2.97    15.53

DEGREE DAYS
 HEATING
  YESTERDAY        6                         8     -2        0
  MONTH TO DATE  170                       288   -118      182
  SINCE JUL 1   3699                      4686   -987     3528

 COOLING
  YESTERDAY        0                         0      0        1
  MONTH TO DATE    5                         0      5        4
  SINCE JAN 1     16                         0     16        4
..................................................................


WIND (MPH)
  HIGHEST WIND SPEED    13   HIGHEST WIND DIRECTION     N (10)
  HIGHEST GUST SPEED    15   HIGHEST GUST DIRECTION     N (10)
  AVERAGE WIND SPEED     3.6


SKY COVER
  POSSIBLE SUNSHINE  MM
  AVERAGE SKY COVER 0.6


WEATHER CONDITIONS
 THE FOLLOWING WEATHER WAS RECORDED YESTERDAY.
  NO SIGNIFICANT WEATHER WAS OBSERVED.


RELATIVE HUMIDITY (PERCENT)
 HIGHEST    93           200 AM
 LOWEST     40           400 PM
 AVERAGE    67

..........................................................


THE MCMINNVILLE OR CLIMATE NORMALS FOR TODAY
                         NORMAL    RECORD    YEAR
 MAXIMUM TEMPERATURE (F)   70        97      1922
 MINIMUM TEMPERATURE (F)   45        33      1966


SUNRISE AND SUNSET
MAY 30 2016...........SUNRISE   429 AM PST   SUNSET   752 PM PST
MAY 31 2016...........SUNRISE   429 AM PST   SUNSET   753 PM PST


-  INDICATES NEGATIVE NUMBERS.
R  INDICATES RECORD WAS SET OR TIED.
MM INDICATES DATA IS MISSING.
T  INDICATES TRACE AMOUNT.




$$
