040
CDUS46 KPQR 281154
CLIMMV


CLIMATE REPORT
NATIONAL WEATHER SERVICE PORTLAND OREGON
454 AM PDT WED SEP 28 2016


...................................

...THE MCMINNVILLE OR CLIMATE SUMMARY FOR SEPTEMBER 27 2016...

CLIMATE NORMAL PERIOD 1981 TO 2010
CLIMATE RECORD PERIOD 1894 TO 2016


WEATHER ITEM   OBSERVED TIME   RECORD YEAR NORMAL DEPARTURE LAST
                VALUE   (LST)  VALUE       VALUE  FROM      YEAR
                                                  NORMAL
..................................................................
TEMPERATURE (F)
 YESTERDAY
  MAXIMUM         77    400 PM  95    1967  72      5       72
  MINIMUM         51    643 AM  31    1908  45      6       39
  AVERAGE         64                        58      6       56

PRECIPITATION (IN)
  YESTERDAY        0.00          0.90 1927   0.07  -0.07     0.00
  MONTH TO DATE    0.46                      1.18  -0.72     1.20
  SINCE OCT 1     50.33                     39.54  10.79    34.34
  SINCE JAN 1     25.26                     23.51   1.75    18.10

DEGREE DAYS
 HEATING
  YESTERDAY        1                         7     -6        9
  MONTH TO DATE   98                       107     -9      107
  SINCE JUL 1    134                       192    -58      112

 COOLING
  YESTERDAY        0                         0      0        0
  MONTH TO DATE   14                        31    -17       31
  SINCE JAN 1    363                       215    148      525
..................................................................


WIND (MPH)
  HIGHEST WIND SPEED    15   HIGHEST WIND DIRECTION     N (10)
  HIGHEST GUST SPEED    29   HIGHEST GUST DIRECTION     E (90)
  AVERAGE WIND SPEED     6.0


SKY COVER
  POSSIBLE SUNSHINE  MM
  AVERAGE SKY COVER 0.1


WEATHER CONDITIONS
 THE FOLLOWING WEATHER WAS RECORDED YESTERDAY.
  FOG
  FOG W/VISIBILITY <= 1/4 MILE


RELATIVE HUMIDITY (PERCENT)
 HIGHEST    96           500 AM
 LOWEST     36           500 PM
 AVERAGE    66

..........................................................


THE MCMINNVILLE OR CLIMATE NORMALS FOR TODAY
                         NORMAL    RECORD    YEAR
 MAXIMUM TEMPERATURE (F)   71        96      2003
 MINIMUM TEMPERATURE (F)   45        31      1902


SUNRISE AND SUNSET
SEPTEMBER 28 2016.....SUNRISE   608 AM PST   SUNSET   557 PM PST
SEPTEMBER 29 2016.....SUNRISE   609 AM PST   SUNSET   555 PM PST


-  INDICATES NEGATIVE NUMBERS.
R  INDICATES RECORD WAS SET OR TIED.
MM INDICATES DATA IS MISSING.
T  INDICATES TRACE AMOUNT.




$$
