594
CDUS46 KPQR 271211
CLIMMV


CLIMATE REPORT
NATIONAL WEATHER SERVICE PORTLAND OREGON
511 AM PDT SAT AUG 27 2016


...................................

...THE MCMINNVILLE OR CLIMATE SUMMARY FOR AUGUST 26 2016...

CLIMATE NORMAL PERIOD 1981 TO 2010
CLIMATE RECORD PERIOD 1894 TO 2016


WEATHER ITEM   OBSERVED TIME   RECORD YEAR NORMAL DEPARTURE LAST
                VALUE   (LST)  VALUE       VALUE  FROM      YEAR
                                                  NORMAL
..................................................................
TEMPERATURE (F)
 YESTERDAY
  MAXIMUM         98    319 PM  99    1924  81     17       88
  MINIMUM         55    515 AM  34    1957  50      5       49
  AVERAGE         77                        66     11       69

PRECIPITATION (IN)
  YESTERDAY        0.00          0.88 1901   0.02  -0.02     0.00
  MONTH TO DATE    0.26                      0.44  -0.18      T
  SINCE OCT 1     49.80                     38.22  11.58    32.44
  SINCE JAN 1     24.73                     22.19   2.54    16.20

DEGREE DAYS
 HEATING
  YESTERDAY        0                         2     -2        0
  MONTH TO DATE   16                        29    -13        0
  SINCE JUL 1     33                        73    -40        5

 COOLING
  YESTERDAY       12                         2     10        4
  MONTH TO DATE  157                        71     86      134
  SINCE JAN 1    337                       171    166      480
..................................................................


WIND (MPH)
  HIGHEST WIND SPEED    14   HIGHEST WIND DIRECTION    NW (310)
  HIGHEST GUST SPEED    18   HIGHEST GUST DIRECTION    NW (320)
  AVERAGE WIND SPEED     5.3


SKY COVER
  POSSIBLE SUNSHINE  MM
  AVERAGE SKY COVER 0.0


WEATHER CONDITIONS
 THE FOLLOWING WEATHER WAS RECORDED YESTERDAY.
  NO SIGNIFICANT WEATHER WAS OBSERVED.


RELATIVE HUMIDITY (PERCENT)
 HIGHEST    77           500 AM
 LOWEST     13           100 PM
 AVERAGE    45

..........................................................


THE MCMINNVILLE OR CLIMATE NORMALS FOR TODAY
                         NORMAL    RECORD    YEAR
 MAXIMUM TEMPERATURE (F)   81       100      1922
 MINIMUM TEMPERATURE (F)   50        33      1957


SUNRISE AND SUNSET
AUGUST 27 2016........SUNRISE   529 AM PST   SUNSET   658 PM PST
AUGUST 28 2016........SUNRISE   530 AM PST   SUNSET   656 PM PST


-  INDICATES NEGATIVE NUMBERS.
R  INDICATES RECORD WAS SET OR TIED.
MM INDICATES DATA IS MISSING.
T  INDICATES TRACE AMOUNT.




$$
