956
CDUS46 KPQR 302326
CLIMMV


CLIMATE REPORT
NATIONAL WEATHER SERVICE PORTLAND OREGON
426 PM PDT SUN APR 30 2017


...................................

...THE MCMINNVILLE OR CLIMATE SUMMARY FOR APRIL 30 2017...
VALID TODAY AS OF 0400 PM LOCAL TIME.

CLIMATE NORMAL PERIOD 1981 TO 2010
CLIMATE RECORD PERIOD 1894 TO 2017


WEATHER ITEM   OBSERVED TIME   RECORD YEAR NORMAL DEPARTURE LAST
                VALUE   (LST)  VALUE       VALUE  FROM      YEAR
                                                  NORMAL
..................................................................
TEMPERATURE (F)
 TODAY
  MAXIMUM         60    245 PM  85    2014  64     -4       70
  MINIMUM         47    534 AM  27    1964  41      6       38
  AVERAGE         54                        52      2       54

PRECIPITATION (IN)
  TODAY            0.02                      0.07  -0.05     0.00
  MONTH TO DATE    4.40                      2.91   1.49     2.90
  SINCE OCT 1     50.51                     33.51  17.00    46.76
  SINCE JAN 1     26.70                     17.48   9.22    21.69

DEGREE DAYS
 HEATING
  TODAY           11                                        11
  MONTH TO DATE  447                                       281
  SINCE MAR 1    984                                       769
  SINCE JUL 1   4280                                      3529

 COOLING
  TODAY            0                                         0
  MONTH TO DATE    0                                        11
  SINCE MAR 1      0                                        11
  SINCE JAN 1      0                                        11
..................................................................


WIND (MPH)
  HIGHEST WIND SPEED    15   HIGHEST WIND DIRECTION    SW (230)
  HIGHEST GUST SPEED    18   HIGHEST GUST DIRECTION     W (260)
  AVERAGE WIND SPEED     6.3


SKY COVER
  POSSIBLE SUNSHINE  MM
  AVERAGE SKY COVER 0.8


WEATHER CONDITIONS
 THE FOLLOWING WEATHER WAS RECORDED TODAY.
  LIGHT RAIN
  FOG


RELATIVE HUMIDITY (PERCENT)
 HIGHEST    93           200 AM
 LOWEST     44           300 PM
 AVERAGE    69

..........................................................


THE MCMINNVILLE OR CLIMATE NORMALS FOR TOMORROW
                         NORMAL    RECORD    YEAR
 MAXIMUM TEMPERATURE (F)   65        88      2014
 MINIMUM TEMPERATURE (F)   41        24      1954


SUNRISE AND SUNSET
APRIL 30 2017.........SUNRISE   502 AM PST   SUNSET   718 PM PST
MAY  1 2017...........SUNRISE   501 AM PST   SUNSET   719 PM PST


-  INDICATES NEGATIVE NUMBERS.
R  INDICATES RECORD WAS SET OR TIED.
MM INDICATES DATA IS MISSING.
T  INDICATES TRACE AMOUNT.




$$
