619
CDUS46 KPQR 251142
CLIMMV


CLIMATE REPORT
NATIONAL WEATHER SERVICE PORTLAND OREGON
441 AM PDT SUN JUN 25 2017


...................................

...THE MCMINNVILLE OR CLIMATE SUMMARY FOR JUNE 24 2017...

CLIMATE NORMAL PERIOD 1981 TO 2010
CLIMATE RECORD PERIOD 1894 TO 2017


WEATHER ITEM   OBSERVED TIME   RECORD YEAR NORMAL DEPARTURE LAST
                VALUE   (LST)  VALUE       VALUE  FROM      YEAR
                                                  NORMAL
..................................................................
TEMPERATURE (F)
 YESTERDAY
  MAXIMUM         98    415 PM 110    1925  75     23       69
  MINIMUM         66    445 AM  33    1971  48     18       50
  AVERAGE         82                        62     20       60

PRECIPITATION (IN)
  YESTERDAY        0.00          0.74 1958   0.04  -0.04      T
  MONTH TO DATE    0.84                      1.30  -0.46     1.56
  SINCE OCT 1     53.31                     37.05  16.26    49.19
  SINCE JAN 1     29.50                     21.02   8.48    24.12

DEGREE DAYS
 HEATING
  YESTERDAY        0                         4     -4        5
  MONTH TO DATE   97                       147    -50      100
  SINCE JUL 1   4602                      4849   -247     3804

 COOLING
  YESTERDAY       17                         1     16        0
  MONTH TO DATE   39                         5     34       52
  SINCE JAN 1     63                        11     52       71
..................................................................


WIND (MPH)
  HIGHEST WIND SPEED    16   HIGHEST WIND DIRECTION     N (20)
  HIGHEST GUST SPEED    22   HIGHEST GUST DIRECTION     N (10)
  AVERAGE WIND SPEED    10.2


SKY COVER
  POSSIBLE SUNSHINE  MM
  AVERAGE SKY COVER 0.0


WEATHER CONDITIONS
 THE FOLLOWING WEATHER WAS RECORDED YESTERDAY.
  NO SIGNIFICANT WEATHER WAS OBSERVED.


RELATIVE HUMIDITY (PERCENT)
 HIGHEST    45           500 AM
 LOWEST     17           300 PM
 AVERAGE    31

..........................................................


THE MCMINNVILLE OR CLIMATE NORMALS FOR TODAY
                         NORMAL    RECORD    YEAR
 MAXIMUM TEMPERATURE (F)   75       107      1925
 MINIMUM TEMPERATURE (F)   48        35      1920


SUNRISE AND SUNSET
JUNE 25 2017..........SUNRISE   426 AM PST   SUNSET   804 PM PST
JUNE 26 2017..........SUNRISE   427 AM PST   SUNSET   804 PM PST


-  INDICATES NEGATIVE NUMBERS.
R  INDICATES RECORD WAS SET OR TIED.
MM INDICATES DATA IS MISSING.
T  INDICATES TRACE AMOUNT.




$$
