000
CDUS44 KMOB 142248
CLIMOB


CLIMATE REPORT
NATIONAL WEATHER SERVICE MOBILE AL
546 PM CDT SUN SEP 14 2014


...................................

...THE MOBILE CLIMATE SUMMARY FOR SEPTEMBER 14 2014...
VALID TODAY AS OF 0500 PM LOCAL TIME.

CLIMATE NORMAL PERIOD 1981 TO 2010
CLIMATE RECORD PERIOD 1842 TO 2014


WEATHER ITEM   OBSERVED TIME   RECORD YEAR NORMAL DEPARTURE LAST
                VALUE   (LST)  VALUE       VALUE  FROM      YEAR
                                                  NORMAL
..................................................................
TEMPERATURE (F)
 TODAY
  MAXIMUM         92    337 PM  96    1995  88      4       86
                                      1980
                                      1972
  MINIMUM         68    614 AM  52    1902  69     -1       71
  AVERAGE         80                        78      2       79

PRECIPITATION (IN)
  TODAY            0.00          4.40 1952   0.18  -0.18     0.00
  MONTH TO DATE    2.10                      2.45  -0.35     2.90
  SINCE MAR 1     52.38                     38.84  13.54    40.42
  SINCE JAN 1     59.50                     49.61   9.89    54.60

DEGREE DAYS
 COOLING
  TODAY           15                        13      2       14
  MONTH TO DATE  232                       203     29      236
  SINCE SEP 1    232                       203     29      236
  SINCE JAN 1   1980                      2130   -150     2066
..................................................................


WIND (MPH)
  HIGHEST WIND SPEED    12   HIGHEST WIND DIRECTION     N (20)
  HIGHEST GUST SPEED    15   HIGHEST GUST DIRECTION     N (20)
  AVERAGE WIND SPEED     6.0


SKY COVER
  POSSIBLE SUNSHINE  MM
  AVERAGE SKY COVER 0.2


WEATHER CONDITIONS
 THE FOLLOWING WEATHER WAS RECORDED TODAY.
  FOG
  HAZE


RELATIVE HUMIDITY (PERCENT)
 HIGHEST    97           200 AM
 LOWEST     52           200 PM
 AVERAGE    75

..........................................................


THE MOBILE CLIMATE NORMALS FOR TOMORROW
                         NORMAL    RECORD    YEAR
 MAXIMUM TEMPERATURE (F)   87        97      1972
 MINIMUM TEMPERATURE (F)   69        54      1985


SUNRISE AND SUNSET
SEPTEMBER 14 2014.....SUNRISE   637 AM CDT   SUNSET   700 PM CDT
SEPTEMBER 15 2014.....SUNRISE   637 AM CDT   SUNSET   658 PM CDT


-  INDICATES NEGATIVE NUMBERS.
R  INDICATES RECORD WAS SET OR TIED.
MM INDICATES DATA IS MISSING.
T  INDICATES TRACE AMOUNT.




$$
