000
CDUS44 KMOB 050645
CLIMOB


CLIMATE REPORT
NATIONAL WEATHER SERVICE MOBILE AL
145 AM CDT WED AUG 5 2015


...................................

...THE MOBILE CLIMATE SUMMARY FOR AUGUST 4 2015...

CLIMATE NORMAL PERIOD 1981 TO 2010
CLIMATE RECORD PERIOD 1842 TO 2015


WEATHER ITEM   OBSERVED TIME   RECORD YEAR NORMAL DEPARTURE LAST
                VALUE   (LST)  VALUE       VALUE  FROM      YEAR
                                                  NORMAL
..................................................................
TEMPERATURE (F)
 YESTERDAY
  MAXIMUM         92    119 PM  98    2011  91      1       91
                                      1951
  MINIMUM         74    548 AM  68    1998  73      1       71
                                      1969
                                      1892
  AVERAGE         83                        82      1       81

PRECIPITATION (IN)
  YESTERDAY        0.00          4.08 1876   0.25  -0.25     0.00
  MONTH TO DATE    0.00                      1.04  -1.04      T
  SINCE MAR 1     37.81                     30.47   7.34    47.45
  SINCE JAN 1     43.86                     41.24   2.62    54.57

DEGREE DAYS
 COOLING
  YESTERDAY       18                        17      1       16
  MONTH TO DATE   75                        68      7       60
  SINCE JUN 1   1131                      1034     97      933
  SINCE JAN 1   1731                      1479    252     1271
..................................................................


WIND (MPH)
  HIGHEST WIND SPEED    17   HIGHEST WIND DIRECTION     S (180)
  HIGHEST GUST SPEED    25   HIGHEST GUST DIRECTION    NW (320)
  AVERAGE WIND SPEED     5.1


SKY COVER
  POSSIBLE SUNSHINE  MM
  AVERAGE SKY COVER 0.3


WEATHER CONDITIONS
 THE FOLLOWING WEATHER WAS RECORDED YESTERDAY.
  THUNDERSTORM
  FOG


RELATIVE HUMIDITY (PERCENT)
 HIGHEST   100           200 AM
 LOWEST     52          1200 PM
 AVERAGE    76

..........................................................


THE MOBILE CLIMATE NORMALS FOR TODAY
                         NORMAL    RECORD    YEAR
 MAXIMUM TEMPERATURE (F)   91       101      1947
 MINIMUM TEMPERATURE (F)   73        68      1950


SUNRISE AND SUNSET
AUGUST  5 2015........SUNRISE   613 AM CDT   SUNSET   744 PM CDT
AUGUST  6 2015........SUNRISE   614 AM CDT   SUNSET   744 PM CDT


-  INDICATES NEGATIVE NUMBERS.
R  INDICATES RECORD WAS SET OR TIED.
MM INDICATES DATA IS MISSING.
T  INDICATES TRACE AMOUNT.




$$
