000
CDUS44 KMOB 020645
CLIMOB


CLIMATE REPORT
NATIONAL WEATHER SERVICE MOBILE AL
1245 AM CST MON MAR 2 2015


...................................

...THE MOBILE CLIMATE SUMMARY FOR MARCH 1 2015...

CLIMATE NORMAL PERIOD 1981 TO 2010
CLIMATE RECORD PERIOD 1842 TO 2015


WEATHER ITEM   OBSERVED TIME   RECORD YEAR NORMAL DEPARTURE LAST
                VALUE   (LST)  VALUE       VALUE  FROM      YEAR
                                                  NORMAL
..................................................................
TEMPERATURE (F)
 YESTERDAY
  MAXIMUM         59    535 PM  82    2012  68     -9       73
  MINIMUM         48    737 AM  25    1920  46      2       51
  AVERAGE         54                        57     -3       62

PRECIPITATION (IN)
  YESTERDAY        0.20          3.23 1877   0.19   0.01     0.00
  MONTH TO DATE    0.20                      0.19   0.01     0.00
  SINCE MAR 1      0.20                      0.19   0.01     0.00
  SINCE JAN 1      6.25                     10.96  -4.71     7.12

SNOWFALL (IN)
  YESTERDAY       MM            MM      MM   0.0   MM        0.0
  MONTH TO DATE   MM                         0.0   MM        0.0
  SINCE MAR 1     MM                         0.0   MM        0.0
  SINCE JUL 1      T                         0.1   -0.1      1.3
  SNOW DEPTH       0

DEGREE DAYS
 HEATING
  YESTERDAY       11                         9      2        3
  MONTH TO DATE   11                         9      2        3
  SINCE MAR 1     11                         9      2        3
  SINCE JUL 1   1713                      1451    262     1706

 COOLING
  YESTERDAY        0                         1     -1        0
  MONTH TO DATE    0                         1     -1        0
  SINCE MAR 1      0                         1     -1        0
  SINCE JAN 1      4                        17    -13       12
..................................................................


WIND (MPH)
  HIGHEST WIND SPEED    15   HIGHEST WIND DIRECTION    SE (120)
  HIGHEST GUST SPEED    18   HIGHEST GUST DIRECTION     E (110)
  AVERAGE WIND SPEED     8.0


SKY COVER
  POSSIBLE SUNSHINE  MM
  AVERAGE SKY COVER 1.0


WEATHER CONDITIONS
 THE FOLLOWING WEATHER WAS RECORDED YESTERDAY.
  LIGHT RAIN
  FOG


RELATIVE HUMIDITY (PERCENT)
 HIGHEST   100           200 AM
 LOWEST     87           500 PM
 AVERAGE    94

..........................................................


THE MOBILE CLIMATE NORMALS FOR TODAY
                         NORMAL    RECORD    YEAR
 MAXIMUM TEMPERATURE (F)   68        82      2006
 MINIMUM TEMPERATURE (F)   47        23      1980


SUNRISE AND SUNSET
MARCH  2 2015.........SUNRISE   619 AM CST   SUNSET   552 PM CST
MARCH  3 2015.........SUNRISE   617 AM CST   SUNSET   553 PM CST


-  INDICATES NEGATIVE NUMBERS.
R  INDICATES RECORD WAS SET OR TIED.
MM INDICATES DATA IS MISSING.
T  INDICATES TRACE AMOUNT.




$$
