539
CDUS44 KMOB 280725
CLIMOB


CLIMATE REPORT
NATIONAL WEATHER SERVICE MOBILE AL
215 AM CDT THU APR 28 2016


...................................

...THE MOBILE CLIMATE SUMMARY FOR APRIL 27 2016...

CLIMATE NORMAL PERIOD 1981 TO 2010
CLIMATE RECORD PERIOD 1842 TO 2016


WEATHER ITEM   OBSERVED TIME   RECORD YEAR NORMAL DEPARTURE LAST
                VALUE   (LST)  VALUE       VALUE  FROM      YEAR
                                                  NORMAL
..................................................................
TEMPERATURE (F)
 YESTERDAY
  MAXIMUM         83   1112 AM  89    1989  80      3       72
                                      1987
                                      1905
  MINIMUM         66   1017 PM  42    1992  58      8       60
  AVERAGE         75                        69      6       66

PRECIPITATION (IN)
  YESTERDAY        0.52          3.50 1964   0.15   0.37     0.66
  MONTH TO DATE    4.66                      4.34   0.32    13.67
  SINCE MAR 1     14.82                     10.48   4.34    17.63
  SINCE JAN 1     24.27                     21.25   3.02    23.68

DEGREE DAYS
 HEATING
  YESTERDAY        0                         1     -1        0
  MONTH TO DATE   21                        59    -38        3
  SINCE MAR 1    117                       248   -131      117
  SINCE JUL 1   1215                      1690   -475     1819

 COOLING
  YESTERDAY       10                         5      5        1
  MONTH TO DATE   74                        87    -13      176
  SINCE MAR 1    144                       126     18      272
  SINCE JAN 1    158                       142     16      276
..................................................................


WIND (MPH)
  HIGHEST WIND SPEED    24   HIGHEST WIND DIRECTION     W (290)
  HIGHEST GUST SPEED    36   HIGHEST GUST DIRECTION     W (290)
  AVERAGE WIND SPEED     7.7


SKY COVER
  POSSIBLE SUNSHINE  MM
  AVERAGE SKY COVER 0.6


WEATHER CONDITIONS
 THE FOLLOWING WEATHER WAS RECORDED YESTERDAY.
  THUNDERSTORM
  HEAVY RAIN
  RAIN
  LIGHT RAIN
  FOG
  HAZE


RELATIVE HUMIDITY (PERCENT)
 HIGHEST   100          1200 AM
 LOWEST     69          1000 AM
 AVERAGE    85

..........................................................


THE MOBILE CLIMATE NORMALS FOR TODAY
                         NORMAL    RECORD    YEAR
 MAXIMUM TEMPERATURE (F)   80        91      1971
 MINIMUM TEMPERATURE (F)   59        42      1992


SUNRISE AND SUNSET
APRIL 28 2016.........SUNRISE   611 AM CDT   SUNSET   730 PM CDT
APRIL 29 2016.........SUNRISE   611 AM CDT   SUNSET   730 PM CDT


-  INDICATES NEGATIVE NUMBERS.
R  INDICATES RECORD WAS SET OR TIED.
MM INDICATES DATA IS MISSING.
T  INDICATES TRACE AMOUNT.




$$
