000
CDUS44 KMOB 240645
CLIMOB


CLIMATE REPORT
NATIONAL WEATHER SERVICE MOBILE AL
145 AM CDT SUN JUL 24 2016


...................................

...THE MOBILE CLIMATE SUMMARY FOR JULY 23 2016...

CLIMATE NORMAL PERIOD 1981 TO 2010
CLIMATE RECORD PERIOD 1842 TO 2016


WEATHER ITEM   OBSERVED TIME   RECORD YEAR NORMAL DEPARTURE LAST
                VALUE   (LST)  VALUE       VALUE  FROM      YEAR
                                                  NORMAL
..................................................................
TEMPERATURE (F)
 YESTERDAY
  MAXIMUM         92    127 PM 100    1976  91      1       94
                                      1924
  MINIMUM         73    539 AM  62    1947  73      0       78
  AVERAGE         83                        82      1       86

PRECIPITATION (IN)
  YESTERDAY        0.00          4.02 1937   0.23  -0.23     0.00
  MONTH TO DATE    5.41                      5.35   0.06     5.36
  SINCE MAR 1     31.59                     27.53   4.06    36.33
  SINCE JAN 1     41.04                     38.30   2.74    42.38

DEGREE DAYS
 COOLING
  YESTERDAY       18                        17      1       21
  MONTH TO DATE  419                       389     30      421
  SINCE JUN 1    899                       833     66      899
  SINCE JAN 1   1358                      1278     80     1499
..................................................................


WIND (MPH)
  HIGHEST WIND SPEED    14   HIGHEST WIND DIRECTION     S (170)
  HIGHEST GUST SPEED    16   HIGHEST GUST DIRECTION     S (170)
  AVERAGE WIND SPEED     3.8


SKY COVER
  POSSIBLE SUNSHINE  MM
  AVERAGE SKY COVER 0.5


WEATHER CONDITIONS
 THE FOLLOWING WEATHER WAS RECORDED YESTERDAY.
  FOG


RELATIVE HUMIDITY (PERCENT)
 HIGHEST    94          1200 AM
 LOWEST     59          1200 PM
 AVERAGE    77

..........................................................


THE MOBILE CLIMATE NORMALS FOR TODAY
                         NORMAL    RECORD    YEAR
 MAXIMUM TEMPERATURE (F)   91       103      1952
 MINIMUM TEMPERATURE (F)   73        68      1904


SUNRISE AND SUNSET
JULY 24 2016..........SUNRISE   606 AM CDT   SUNSET   753 PM CDT
JULY 25 2016..........SUNRISE   607 AM CDT   SUNSET   752 PM CDT


-  INDICATES NEGATIVE NUMBERS.
R  INDICATES RECORD WAS SET OR TIED.
MM INDICATES DATA IS MISSING.
T  INDICATES TRACE AMOUNT.




$$
