000
CDUS44 KMOB 290659
CLIMOB


CLIMATE REPORT
NATIONAL WEATHER SERVICE MOBILE AL
1259 AM CST THU JAN 29 2015


...................................

...THE MOBILE CLIMATE SUMMARY FOR JANUARY 28 2015...

CLIMATE NORMAL PERIOD 1981 TO 2010
CLIMATE RECORD PERIOD 1842 TO 2015


WEATHER ITEM   OBSERVED TIME   RECORD YEAR NORMAL DEPARTURE LAST
                VALUE   (LST)  VALUE       VALUE  FROM      YEAR
                                                  NORMAL
..................................................................
TEMPERATURE (F)
 YESTERDAY
  MAXIMUM         67    354 PM  80    1957  61      6       43
  MINIMUM         39    657 AM  18    1986  40     -1       23
                                      1897
  AVERAGE         53                        51      2       33

PRECIPITATION (IN)
  YESTERDAY        0.00          1.44 1903   0.19  -0.19     0.45
                                      1883
  MONTH TO DATE    3.89                      5.09  -1.20     2.92
  SINCE MAR 1     69.48                     60.47   9.01    58.02
  SINCE JAN 1      3.89                      5.09  -1.20     2.92

SNOWFALL (IN)
  YESTERDAY        0.0          MM      MM   0.0    0.0      1.3
  MONTH TO DATE    0.0                       0.0    0.0      1.3
  SINCE MAR 1      0.0                       0.1   -0.1      1.3
  SINCE JUL 1      0.0                       T      0.0      1.3
  SNOW DEPTH       0

DEGREE DAYS
 HEATING
  YESTERDAY       12                        14     -2       32
  MONTH TO DATE  464                       417     47      594
  SINCE DEC 1    781                       821    -40      988
  SINCE JUL 1   1174                      1079     95     1272

 COOLING
  YESTERDAY        0                         0      0        0
  MONTH TO DATE    3                         0      3        0
  SINCE DEC 1      6                        15     -9       27
  SINCE JAN 1      3                         0      3        0
..................................................................


WIND (MPH)
  HIGHEST WIND SPEED    13   HIGHEST WIND DIRECTION    NE (50)
  HIGHEST GUST SPEED    15   HIGHEST GUST DIRECTION     N (20)
  AVERAGE WIND SPEED     4.9


SKY COVER
  POSSIBLE SUNSHINE  MM
  AVERAGE SKY COVER 0.1


WEATHER CONDITIONS
 THE FOLLOWING WEATHER WAS RECORDED YESTERDAY.
  NO SIGNIFICANT WEATHER WAS OBSERVED.


RELATIVE HUMIDITY (PERCENT)
 HIGHEST    79           600 AM
 LOWEST     20           300 PM
 AVERAGE    50

..........................................................


THE MOBILE CLIMATE NORMALS FOR TODAY
                         NORMAL    RECORD    YEAR
 MAXIMUM TEMPERATURE (F)   62        79      1957
 MINIMUM TEMPERATURE (F)   41        19      1966


SUNRISE AND SUNSET
JANUARY 29 2015.......SUNRISE   646 AM CST   SUNSET   526 PM CST
JANUARY 30 2015.......SUNRISE   646 AM CST   SUNSET   527 PM CST


-  INDICATES NEGATIVE NUMBERS.
R  INDICATES RECORD WAS SET OR TIED.
MM INDICATES DATA IS MISSING.
T  INDICATES TRACE AMOUNT.




$$
