000
CDUS44 KMOB 092332
CLIMOB


CLIMATE REPORT
NATIONAL WEATHER SERVICE MOBILE AL
532 PM CST FRI DEC 9 2016


...................................

...THE MOBILE CLIMATE SUMMARY FOR DECEMBER 9 2016...
VALID TODAY AS OF 0500 PM LOCAL TIME.

CLIMATE NORMAL PERIOD 1981 TO 2010
CLIMATE RECORD PERIOD 1842 TO 2016


WEATHER ITEM   OBSERVED TIME   RECORD YEAR NORMAL DEPARTURE LAST
                VALUE   (LST)  VALUE       VALUE  FROM      YEAR
                                                  NORMAL
..................................................................
TEMPERATURE (F)
 TODAY
  MAXIMUM         50    300 PM  80    1986  64    -14       72
  MINIMUM         33    727 AM  22    2010  43    -10       45
                                      1917
  AVERAGE         42                        54    -12       59

PRECIPITATION (IN)
  TODAY            0.00          2.78 1952   0.16  -0.16     0.00
  MONTH TO DATE    3.42                      1.45   1.97      T
  SINCE MAR 1     48.23                     51.77  -3.54    62.94
  SINCE JAN 1     57.68                     62.54  -4.86    68.99

DEGREE DAYS
 HEATING
  TODAY           23                        12     11        6
  MONTH TO DATE   90                       101    -11       82
  SINCE DEC 1     90                       101    -11       82
  SINCE JUL 1    224                       359   -135      208

 COOLING
  TODAY            0                         0      0        0
  MONTH TO DATE    0                         8     -8        6
  SINCE DEC 1      0                         8     -8        6
  SINCE JAN 1   2807                      2511    296     2807
..................................................................


WIND (MPH)
  HIGHEST WIND SPEED    20   HIGHEST WIND DIRECTION     N (20)
  HIGHEST GUST SPEED    26   HIGHEST GUST DIRECTION    NE (30)
  AVERAGE WIND SPEED    13.8


SKY COVER
  POSSIBLE SUNSHINE  MM
  AVERAGE SKY COVER 0.1


WEATHER CONDITIONS
 THE FOLLOWING WEATHER WAS RECORDED TODAY.
  NO SIGNIFICANT WEATHER WAS OBSERVED.


RELATIVE HUMIDITY (PERCENT)
 HIGHEST    61           600 AM
 LOWEST     26           100 PM
 AVERAGE    44

..........................................................


THE MOBILE CLIMATE NORMALS FOR TOMORROW
                         NORMAL    RECORD    YEAR
 MAXIMUM TEMPERATURE (F)   64        80      2012
                                             1972
                                             1943
 MINIMUM TEMPERATURE (F)   43        22      1995


SUNRISE AND SUNSET
DECEMBER  9 2016......SUNRISE   639 AM CST   SUNSET   452 PM CST
DECEMBER 10 2016......SUNRISE   640 AM CST   SUNSET   452 PM CST


-  INDICATES NEGATIVE NUMBERS.
R  INDICATES RECORD WAS SET OR TIED.
MM INDICATES DATA IS MISSING.
T  INDICATES TRACE AMOUNT.




$$
