000
CDUS44 KMOB 092255
CLIMOB


CLIMATE REPORT
NATIONAL WEATHER SERVICE MOBILE AL
554 PM CDT WED JUL 9 2014


...................................

...THE MOBILE CLIMATE SUMMARY FOR JULY 9 2014...
VALID TODAY AS OF 0500 PM LOCAL TIME.

CLIMATE NORMAL PERIOD 1981 TO 2010
CLIMATE RECORD PERIOD 1842 TO 2014


WEATHER ITEM   OBSERVED TIME   RECORD YEAR NORMAL DEPARTURE LAST
                VALUE   (LST)  VALUE       VALUE  FROM      YEAR
                                                  NORMAL
..................................................................
TEMPERATURE (F)
 TODAY
  MAXIMUM         89   1042 AM 100    1881  91     -2       91
                                      1879
  MINIMUM         73   1219 PM  66    1988  73      0       70
  AVERAGE         81                        82     -1       81

PRECIPITATION (IN)
  TODAY            0.02          3.17 1970   0.24  -0.22     0.00
  MONTH TO DATE    0.02                      2.08  -2.06     4.87
  SINCE MAR 1     39.55                     24.26  15.29    23.34
  SINCE JAN 1     46.67                     35.03  11.64    37.52

DEGREE DAYS
 COOLING
  TODAY           16                        17     -1       16
  MONTH TO DATE  141                       151    -10      121
  SINCE JUN 1    551                       595    -44      607
  SINCE JAN 1    889                      1040   -151      971
..................................................................


WIND (MPH)
  HIGHEST WIND SPEED    21   HIGHEST WIND DIRECTION     W (260)
  HIGHEST GUST SPEED    33   HIGHEST GUST DIRECTION     W (280)
  AVERAGE WIND SPEED     5.4


SKY COVER
  POSSIBLE SUNSHINE  MM
  AVERAGE SKY COVER 0.5


WEATHER CONDITIONS
 THE FOLLOWING WEATHER WAS RECORDED TODAY.
  THUNDERSTORM
  RAIN
  LIGHT RAIN
  FOG


RELATIVE HUMIDITY (PERCENT)
 HIGHEST   100           300 AM
 LOWEST     59          1000 AM
 AVERAGE    80

..........................................................


THE MOBILE CLIMATE NORMALS FOR TOMORROW
                         NORMAL    RECORD    YEAR
 MAXIMUM TEMPERATURE (F)   91        99      1879
 MINIMUM TEMPERATURE (F)   73        65      1983
                                             1947


SUNRISE AND SUNSET
JULY  9 2014..........SUNRISE   557 AM CDT   SUNSET   759 PM CDT
JULY 10 2014..........SUNRISE   558 AM CDT   SUNSET   759 PM CDT


-  INDICATES NEGATIVE NUMBERS.
R  INDICATES RECORD WAS SET OR TIED.
MM INDICATES DATA IS MISSING.
T  INDICATES TRACE AMOUNT.




$$
