000
CDUS44 KMOB 260645
CLIMOB


CLIMATE REPORT
NATIONAL WEATHER SERVICE MOBILE AL
145 AM CDT WED APR 26 2017


...................................

...THE MOBILE CLIMATE SUMMARY FOR APRIL 25 2017...

CLIMATE NORMAL PERIOD 1981 TO 2010
CLIMATE RECORD PERIOD 1842 TO 2017


WEATHER ITEM   OBSERVED TIME   RECORD YEAR NORMAL DEPARTURE LAST
                VALUE   (LST)  VALUE       VALUE  FROM      YEAR
                                                  NORMAL
..................................................................
TEMPERATURE (F)
 YESTERDAY
  MAXIMUM         82    205 PM  88    1989  80      2       82
  MINIMUM         52    520 AM  39    1910  58     -6       62
  AVERAGE         67                        69     -2       72

PRECIPITATION (IN)
  YESTERDAY        0.00          5.34 1881   0.15  -0.15     0.00
  MONTH TO DATE    3.34                      4.03  -0.69     4.14
  SINCE MAR 1      6.48                     10.17  -3.69    14.30
  SINCE JAN 1     18.69                     20.94  -2.25    23.75

DEGREE DAYS
 HEATING
  YESTERDAY        0                         1     -1        0
  MONTH TO DATE   23                        57    -34       21
  SINCE MAR 1    142                       246   -104      117
  SINCE JUL 1    913                      1688   -775     1215

 COOLING
  YESTERDAY        2                         5     -3        7
  MONTH TO DATE  113                        77     36       56
  SINCE MAR 1    208                       116     92      126
  SINCE JAN 1    283                       132    151      140
..................................................................


WIND (MPH)
  HIGHEST WIND SPEED    17   HIGHEST WIND DIRECTION    SW (210)
  HIGHEST GUST SPEED    24   HIGHEST GUST DIRECTION    SW (210)
  AVERAGE WIND SPEED     5.6


SKY COVER
  POSSIBLE SUNSHINE  MM
  AVERAGE SKY COVER 0.3


WEATHER CONDITIONS
 THE FOLLOWING WEATHER WAS RECORDED YESTERDAY.
  NO SIGNIFICANT WEATHER WAS OBSERVED.


RELATIVE HUMIDITY (PERCENT)
 HIGHEST    96           500 AM
 LOWEST     39           300 PM
 AVERAGE    68

..........................................................


THE MOBILE CLIMATE NORMALS FOR TODAY
                         NORMAL    RECORD    YEAR
 MAXIMUM TEMPERATURE (F)   80        89      1989
                                             1945
 MINIMUM TEMPERATURE (F)   58        46      1992
                                             1983
                                             1910


SUNRISE AND SUNSET
APRIL 26 2017.........SUNRISE   614 AM CDT   SUNSET   728 PM CDT
APRIL 27 2017.........SUNRISE   613 AM CDT   SUNSET   729 PM CDT


-  INDICATES NEGATIVE NUMBERS.
R  INDICATES RECORD WAS SET OR TIED.
MM INDICATES DATA IS MISSING.
T  INDICATES TRACE AMOUNT.




$$
