000
CDUS44 KMOB 222347
CLIMOB


CLIMATE REPORT
NATIONAL WEATHER SERVICE MOBILE AL
544 PM CST MON DEC 22 2014


...................................

...THE MOBILE CLIMATE SUMMARY FOR DECEMBER 22 2014...
VALID TODAY AS OF 0500 PM LOCAL TIME.

CLIMATE NORMAL PERIOD 1981 TO 2010
CLIMATE RECORD PERIOD 1842 TO 2014


WEATHER ITEM   OBSERVED TIME   RECORD YEAR NORMAL DEPARTURE LAST
                VALUE   (LST)  VALUE       VALUE  FROM      YEAR
                                                  NORMAL
..................................................................
TEMPERATURE (F)
 TODAY
  MAXIMUM         71    247 PM  79    1884  62      9       73
  MINIMUM         54    705 AM  13    1989  41     13       51
  AVERAGE         63                        51     12       62

PRECIPITATION (IN)
  TODAY            0.03          4.29 1911   0.16  -0.13     3.45
  MONTH TO DATE    1.90                      3.52  -1.62     4.57
  SINCE MAR 1     62.22                     53.84   8.38    52.30
  SINCE JAN 1     69.34                     64.61   4.73    66.48

DEGREE DAYS
 HEATING
  TODAY            2                        14    -12        3
  MONTH TO DATE  218                       273    -55      214
  SINCE DEC 1    218                       273    -55      214
  SINCE JUL 1    611                       531     80      498

 COOLING
  TODAY            0                         0      0        0
  MONTH TO DATE    1                         8     -7       27
  SINCE DEC 1      1                         8     -7       27
  SINCE JAN 1   2305                      2511   -206     2522
..................................................................


WIND (MPH)
  HIGHEST WIND SPEED    17   HIGHEST WIND DIRECTION    SE (140)
  HIGHEST GUST SPEED    22   HIGHEST GUST DIRECTION     S (180)
  AVERAGE WIND SPEED     8.2


SKY COVER
  POSSIBLE SUNSHINE  MM
  AVERAGE SKY COVER 1.0


WEATHER CONDITIONS
 THE FOLLOWING WEATHER WAS RECORDED TODAY.
  LIGHT RAIN
  FOG


RELATIVE HUMIDITY (PERCENT)
 HIGHEST   100          1200 AM
 LOWEST     87          1200 PM
 AVERAGE    94

..........................................................


THE MOBILE CLIMATE NORMALS FOR TOMORROW
                         NORMAL    RECORD    YEAR
 MAXIMUM TEMPERATURE (F)   61        79      1970
 MINIMUM TEMPERATURE (F)   41         9      1989


SUNRISE AND SUNSET
DECEMBER 22 2014......SUNRISE   647 AM CST   SUNSET   457 PM CST
DECEMBER 23 2014......SUNRISE   647 AM CST   SUNSET   457 PM CST


-  INDICATES NEGATIVE NUMBERS.
R  INDICATES RECORD WAS SET OR TIED.
MM INDICATES DATA IS MISSING.
T  INDICATES TRACE AMOUNT.




$$
