609
CDUS46 KSTO 250858
CLIMOD


CLIMATE REPORT
NATIONAL WEATHER SERVICE SACRAMENTO, CA
157 AM PDT MON SEP 25 2017


...................................

...THE MODESTO CA CLIMATE SUMMARY FOR SEPTEMBER 24 2017...

CLIMATE NORMAL PERIOD 1981 TO 2010
CLIMATE RECORD PERIOD 1931 TO 2017


WEATHER ITEM   OBSERVED TIME   RECORD YEAR NORMAL DEPARTURE LAST
                VALUE   (LST)  VALUE       VALUE  FROM      YEAR
                                                  NORMAL
..................................................................
TEMPERATURE (F)
 YESTERDAY
  MAXIMUM         83    357 PM 103    1997  87     -4       88
  MINIMUM         50    526 AM  43    1931  58     -8       56
  AVERAGE         67

PRECIPITATION (IN)
  YESTERDAY        0.00          0.58 1986   0.01  -0.01     0.00
  MONTH TO DATE    T                         0.17  -0.17      T
  SINCE OCT 1     16.93                     13.02   3.91    15.61
  SINCE JAN 1     11.90                      8.94   2.96    11.20

SNOWFALL (IN)
  YESTERDAY        0.0          MM      MM
  MONTH TO DATE    0.0
  SINCE SEP 1      0.0
  SINCE JUL 1      0.0
  SNOW DEPTH       0

DEGREE DAYS
 HEATING
  YESTERDAY        0                         0      0        0
  MONTH TO DATE    3                         0      3        3
  SINCE SEP 1      3                         0      3        3
  SINCE JUL 1      3                         0      3        3

 COOLING
  YESTERDAY        2                         8     -6        7
  MONTH TO DATE  285                       234     51      224
  SINCE SEP 1    285                       234     51      224
  SINCE JAN 1   2020                      1570    450     1841
..................................................................


WIND (MPH)
  RESULTANT WIND SPEED   2   RESULTANT WIND DIRECTION  NW (310)
  HIGHEST WIND SPEED    13   HIGHEST WIND DIRECTION    NW (300)
  HIGHEST GUST SPEED    17   HIGHEST GUST DIRECTION    NW (310)


SKY COVER
  POSSIBLE SUNSHINE  MM
  AVERAGE SKY COVER 0.0


WEATHER CONDITIONS
 THE FOLLOWING WEATHER WAS RECORDED YESTERDAY.
  NO SIGNIFICANT WEATHER WAS OBSERVED.


RELATIVE HUMIDITY (PERCENT)
 HIGHEST    71           500 AM
 LOWEST     15           300 PM
 AVERAGE    43

..........................................................


THE MODESTO CA CLIMATE NORMALS FOR TODAY
                         NORMAL    RECORD    YEAR
 MAXIMUM TEMPERATURE (F)   87       100      1963
 MINIMUM TEMPERATURE (F)   58        44      1949


SUNRISE AND SUNSET
SEPTEMBER 25 2017.....SUNRISE   654 AM PDT   SUNSET   655 PM PDT
SEPTEMBER 26 2017.....SUNRISE   655 AM PDT   SUNSET   654 PM PDT


-  INDICATES NEGATIVE NUMBERS.
R  INDICATES RECORD WAS SET OR TIED.
MM INDICATES DATA IS MISSING.
T  INDICATES TRACE AMOUNT.




$$
