000
CDUS46 KSTO 080834
CLIMOD


CLIMATE REPORT
NATIONAL WEATHER SERVICE SACRAMENTO, CA
1233 AM PST MON FEB 8 2016


...................................

...THE MODESTO CA CLIMATE SUMMARY FOR FEBRUARY 7 2016...

CLIMATE NORMAL PERIOD 1981 TO 2010
CLIMATE RECORD PERIOD 1931 TO 2016


WEATHER ITEM   OBSERVED TIME   RECORD YEAR NORMAL DEPARTURE LAST
                VALUE   (LST)  VALUE       VALUE  FROM      YEAR
                                                  NORMAL
..................................................................
TEMPERATURE (F)
 YESTERDAY
  MAXIMUM         68    353 PM  74    1987  61      7       70
  MINIMUM         39    724 AM  25    1989  42     -3       57
  AVERAGE         54

PRECIPITATION (IN)
  YESTERDAY        0.00          1.53 1998   0.09  -0.09     0.36
  MONTH TO DATE    T                         0.64  -0.64     0.46
  SINCE OCT 1      9.44                      7.33   2.11     7.86
  SINCE JAN 1      5.03                      3.25   1.78     0.46

SNOWFALL (IN)
  YESTERDAY        0.0          MM      MM
  MONTH TO DATE    0.0
  SINCE DEC 1      0.0
  SINCE JUL 1      0.0
  SNOW DEPTH       0

DEGREE DAYS
 HEATING
  YESTERDAY       11                        14     -3        1
  MONTH TO DATE  109                       100      9       55
  SINCE DEC 1   1068                      1171   -103      934
  SINCE JUL 1   1439                      1532    -93     1232

 COOLING
  YESTERDAY        0                         0      0        0
  MONTH TO DATE    0                         0      0        0
  SINCE DEC 1      0                         0      0        0
  SINCE JAN 1      0                         0      0        0
..................................................................


WIND (MPH)
  RESULTANT WIND SPEED   2   RESULTANT WIND DIRECTION  SE (130)
  HIGHEST WIND SPEED     6   HIGHEST WIND DIRECTION    SE (120)
  HIGHEST GUST SPEED     9   HIGHEST GUST DIRECTION     S (190)


SKY COVER
  POSSIBLE SUNSHINE  MM
  AVERAGE SKY COVER 0.0


WEATHER CONDITIONS
 THE FOLLOWING WEATHER WAS RECORDED YESTERDAY.
  FOG
  FOG W/VISIBILITY <= 1/4 MILE
  HAZE


RELATIVE HUMIDITY (PERCENT)
 HIGHEST    96           200 AM
 LOWEST     42           400 PM
 AVERAGE    69

..........................................................


THE MODESTO CA CLIMATE NORMALS FOR TODAY
                         NORMAL    RECORD    YEAR
 MAXIMUM TEMPERATURE (F)   61        76      2006
 MINIMUM TEMPERATURE (F)   42        27      1949


SUNRISE AND SUNSET
FEBRUARY  8 2016......SUNRISE   701 AM PST   SUNSET   535 PM PST
FEBRUARY  9 2016......SUNRISE   700 AM PST   SUNSET   536 PM PST


-  INDICATES NEGATIVE NUMBERS.
R  INDICATES RECORD WAS SET OR TIED.
MM INDICATES DATA IS MISSING.
T  INDICATES TRACE AMOUNT.




$$
