000
CDUS46 KSTO 260843
CLIMOD


CLIMATE REPORT
NATIONAL WEATHER SERVICE SACRAMENTO, CA
143 AM PDT WED JUL 26 2017


...................................

...THE MODESTO CA CLIMATE SUMMARY FOR JULY 25 2017...

CLIMATE NORMAL PERIOD 1981 TO 2010
CLIMATE RECORD PERIOD 1931 TO 2017


WEATHER ITEM   OBSERVED TIME   RECORD YEAR NORMAL DEPARTURE LAST
                VALUE   (LST)  VALUE       VALUE  FROM      YEAR
                                                  NORMAL
..................................................................
TEMPERATURE (F)
 YESTERDAY
  MAXIMUM         95    328 PM 111    2006  96     -1      102
  MINIMUM         62    527 AM  52    1955  63     -1       68
  AVERAGE         79

PRECIPITATION (IN)
  YESTERDAY        0.00          0.03 1946   0.00   0.00     0.00
  MONTH TO DATE    0.00                      0.00   0.00     0.00
  SINCE OCT 1     16.93                     12.83   4.10    15.61
  SINCE JAN 1     11.90                      8.75   3.15    11.20

SNOWFALL (IN)
  YESTERDAY        0.0          MM      MM
  MONTH TO DATE    0.0
  SINCE JUN 1      0.0
  SINCE JUL 1      0.0
  SNOW DEPTH       0

DEGREE DAYS
 HEATING
  YESTERDAY        0                         0      0        0
  MONTH TO DATE    0                         0      0        0
  SINCE JUN 1      6                         3      3        2
  SINCE JUL 1      0                         0      0        0

 COOLING
  YESTERDAY       14                        14      0       20
  MONTH TO DATE  460                       350    110      364
  SINCE JUN 1    863                       649    214      793
  SINCE JAN 1   1085                       848    237     1041
..................................................................


WIND (MPH)
  RESULTANT WIND SPEED   6   RESULTANT WIND DIRECTION  NW (330)
  HIGHEST WIND SPEED    15   HIGHEST WIND DIRECTION    NW (330)
  HIGHEST GUST SPEED    20   HIGHEST GUST DIRECTION    NW (320)


SKY COVER
  POSSIBLE SUNSHINE  MM
  AVERAGE SKY COVER 0.0


WEATHER CONDITIONS
 THE FOLLOWING WEATHER WAS RECORDED YESTERDAY.
  NO SIGNIFICANT WEATHER WAS OBSERVED.


RELATIVE HUMIDITY (PERCENT)
 HIGHEST    78           500 AM
 LOWEST     26           200 PM
 AVERAGE    52

..........................................................


THE MODESTO CA CLIMATE NORMALS FOR TODAY
                         NORMAL    RECORD    YEAR
 MAXIMUM TEMPERATURE (F)   96       108      1975
 MINIMUM TEMPERATURE (F)   63        52      1955


SUNRISE AND SUNSET
JULY 26 2017..........SUNRISE   603 AM PDT   SUNSET   817 PM PDT
JULY 27 2017..........SUNRISE   604 AM PDT   SUNSET   816 PM PDT


-  INDICATES NEGATIVE NUMBERS.
R  INDICATES RECORD WAS SET OR TIED.
MM INDICATES DATA IS MISSING.
T  INDICATES TRACE AMOUNT.




$$
