000
CDUS46 KSTO 060838
CLIMOD


CLIMATE REPORT
NATIONAL WEATHER SERVICE SACRAMENTO, CA
1237 AM PST TUE DEC 6 2016


...................................

...THE MODESTO CA CLIMATE SUMMARY FOR DECEMBER 5 2016...

CLIMATE NORMAL PERIOD 1981 TO 2010
CLIMATE RECORD PERIOD 1931 TO 2016


WEATHER ITEM   OBSERVED TIME   RECORD YEAR NORMAL DEPARTURE LAST
                VALUE   (LST)  VALUE       VALUE  FROM      YEAR
                                                  NORMAL
..................................................................
TEMPERATURE (F)
 YESTERDAY
  MAXIMUM         54    401 PM  75    1995  58     -4       58
  MINIMUM         37    643 AM  26    2013  41     -4       36
  AVERAGE         46

PRECIPITATION (IN)
  YESTERDAY        0.00          0.68 1997   0.06  -0.06     0.00
  MONTH TO DATE    0.00                      0.27  -0.27     0.29
  SINCE OCT 1      2.99                      2.31   0.68     2.71
  SINCE JAN 1     14.19                     11.34   2.85     5.56

SNOWFALL (IN)
  YESTERDAY        0.0          MM      MM
  MONTH TO DATE    0.0
  SINCE DEC 1      0.0
  SINCE JUL 1      0.0
  SNOW DEPTH       0

DEGREE DAYS
 HEATING
  YESTERDAY       19                        16      3       18
  MONTH TO DATE   79                        77      2       81
  SINCE DEC 1     79                        77      2       81
  SINCE JUL 1    292                       438   -146      452

 COOLING
  YESTERDAY        0                         0      0        0
  MONTH TO DATE    0                         0      0        0
  SINCE DEC 1      0                         0      0        0
  SINCE JAN 1   1982                      1699    283     2087
..................................................................


WIND (MPH)
  RESULTANT WIND SPEED   2   RESULTANT WIND DIRECTION  NW (330)
  HIGHEST WIND SPEED    13   HIGHEST WIND DIRECTION    NW (300)
  HIGHEST GUST SPEED    15   HIGHEST GUST DIRECTION    NW (300)


SKY COVER
  POSSIBLE SUNSHINE  MM
  AVERAGE SKY COVER 0.2


WEATHER CONDITIONS
 THE FOLLOWING WEATHER WAS RECORDED YESTERDAY.
  FOG
  FOG W/VISIBILITY <= 1/4 MILE
  HAZE


RELATIVE HUMIDITY (PERCENT)
 HIGHEST    92           400 AM
 LOWEST     66           200 PM
 AVERAGE    79

..........................................................


THE MODESTO CA CLIMATE NORMALS FOR TODAY
                         NORMAL    RECORD    YEAR
 MAXIMUM TEMPERATURE (F)   58        71      2014
 MINIMUM TEMPERATURE (F)   40        24      2009


SUNRISE AND SUNSET
DECEMBER  6 2016......SUNRISE   705 AM PST   SUNSET   445 PM PST
DECEMBER  7 2016......SUNRISE   706 AM PST   SUNSET   445 PM PST


-  INDICATES NEGATIVE NUMBERS.
R  INDICATES RECORD WAS SET OR TIED.
MM INDICATES DATA IS MISSING.
T  INDICATES TRACE AMOUNT.




$$
