000
CDUS46 KSTO 180037
CLIMOD


CLIMATE REPORT
NATIONAL WEATHER SERVICE SACRAMENTO, CA
536 PM PDT WED SEP 17 2014


...................................

...THE MODESTO CA CLIMATE SUMMARY FOR SEPTEMBER 17 2014...
VALID TODAY AS OF 0500 PM LOCAL TIME.

CLIMATE NORMAL PERIOD 1981 TO 2010
CLIMATE RECORD PERIOD 1931 TO 2014


WEATHER ITEM   OBSERVED TIME   RECORD YEAR NORMAL DEPARTURE LAST
                VALUE   (LST)  VALUE       VALUE  FROM      YEAR
                                                  NORMAL
..................................................................
TEMPERATURE (F)
 TODAY
  MAXIMUM         93    320 PM 102    1984  89      4       83
  MINIMUM         63    543 AM  46    1959  59      4       57
  AVERAGE         78

PRECIPITATION (IN)
  TODAY            0.00          0.74 1950   0.01  -0.01     0.00
  MONTH TO DATE    0.00                      0.09  -0.09     0.00
  SINCE JUL 1      0.00                      0.11  -0.11     0.00
  SINCE JAN 1      5.51                      8.86  -3.35     3.21

SNOWFALL (IN)
  TODAY            0.0          MM      MM
  MONTH TO DATE    0.0
  SINCE SEP 1      0.0
  SINCE JUL 1      0.0

DEGREE DAYS
 HEATING
  TODAY            0                         0      0        0
  MONTH TO DATE    0                         0      0        0
  SINCE SEP 1      0                         0      0        0
  SINCE JUL 1      0                         0      0        0

 COOLING
  TODAY           13                         9      4        5
  MONTH TO DATE  215                       175     40      198
  SINCE SEP 1    215                       175     40      198
  SINCE JAN 1   1644                      1511    133     1670
..................................................................


WIND (MPH)
  RESULTANT WIND SPEED   4   RESULTANT WIND DIRECTION  NW (330)
  HIGHEST WIND SPEED    10   HIGHEST WIND DIRECTION    NW (330)
  HIGHEST GUST SPEED    13   HIGHEST GUST DIRECTION    NW (320)


SKY COVER
  POSSIBLE SUNSHINE  MM
  AVERAGE SKY COVER 0.0


WEATHER CONDITIONS
 THE FOLLOWING WEATHER WAS RECORDED TODAY.
  NO SIGNIFICANT WEATHER WAS OBSERVED.


RELATIVE HUMIDITY (PERCENT)
 HIGHEST    67           500 AM
 LOWEST     26           300 PM
 AVERAGE    47

..........................................................


THE MODESTO CA CLIMATE NORMALS FOR TOMORROW
                         NORMAL    RECORD    YEAR
 MAXIMUM TEMPERATURE (F)   89       102      1984
 MINIMUM TEMPERATURE (F)   59        44      1965


SUNRISE AND SUNSET
SEPTEMBER 17 2014.....SUNRISE   647 AM PDT   SUNSET   708 PM PDT
SEPTEMBER 18 2014.....SUNRISE   648 AM PDT   SUNSET   707 PM PDT


-  INDICATES NEGATIVE NUMBERS.
R  INDICATES RECORD WAS SET OR TIED.
MM INDICATES DATA IS MISSING.
T  INDICATES TRACE AMOUNT.




$$
