000
CDUS46 KSTO 270846
CLIMOD


CLIMATE REPORT
NATIONAL WEATHER SERVICE SACRAMENTO, CA
1244 AM PST THU NOV 27 2014


...................................

...THE MODESTO CA CLIMATE SUMMARY FOR NOVEMBER 26 2014...

CLIMATE NORMAL PERIOD 1981 TO 2010
CLIMATE RECORD PERIOD 1931 TO 2014


WEATHER ITEM   OBSERVED TIME   RECORD YEAR NORMAL DEPARTURE LAST
                VALUE   (LST)  VALUE       VALUE  FROM      YEAR
                                                  NORMAL
..................................................................
TEMPERATURE (F)
 YESTERDAY
  MAXIMUM         69    313 PM  73    1959  61      8       61
  MINIMUM         39    654 AM  29    1952  42     -3       38
  AVERAGE         54

PRECIPITATION (IN)
  YESTERDAY        0.00          0.76 1997   0.05  -0.05     0.00
  MONTH TO DATE    0.43                      1.15  -0.72     1.11
  SINCE JUL 1      1.41                      2.11  -0.70     1.24
  SINCE JAN 1      6.92                     10.86  -3.94     4.45

SNOWFALL (IN)
  YESTERDAY        0.0           0.0  2002
                                      2001
  MONTH TO DATE    0.0
  SINCE SEP 1      0.0
  SINCE JUL 1      0.0
  SNOW DEPTH       0

DEGREE DAYS
 HEATING
  YESTERDAY       11                        13     -2       15
  MONTH TO DATE  221                       241    -20      253
  SINCE SEP 1    249                       304    -55      329
  SINCE JUL 1    249                       304    -55      329

 COOLING
  YESTERDAY        0                         0      0        0
  MONTH TO DATE    0                         0      0        0
  SINCE SEP 1    426                       360     66      246
  SINCE JAN 1   1855                      1696    159     1718
..................................................................


WIND (MPH)
  RESULTANT WIND SPEED   1   RESULTANT WIND DIRECTION   E (110)
  HIGHEST WIND SPEED     7   HIGHEST WIND DIRECTION     E (110)
  HIGHEST GUST SPEED     8   HIGHEST GUST DIRECTION     S (160)


SKY COVER
  POSSIBLE SUNSHINE  MM
  AVERAGE SKY COVER 0.0


WEATHER CONDITIONS
 THE FOLLOWING WEATHER WAS RECORDED YESTERDAY.
  FOG
  FOG W/VISIBILITY <= 1/4 MILE
  HAZE


RELATIVE HUMIDITY (PERCENT)
 HIGHEST    96           400 AM
 LOWEST     42           200 PM
 AVERAGE    69

..........................................................


THE MODESTO CA CLIMATE NORMALS FOR TODAY
                         NORMAL    RECORD    YEAR
 MAXIMUM TEMPERATURE (F)   61        74      1959
 MINIMUM TEMPERATURE (F)   42        28      1952


SUNRISE AND SUNSET
NOVEMBER 27 2014......SUNRISE   656 AM PST   SUNSET   446 PM PST
NOVEMBER 28 2014......SUNRISE   657 AM PST   SUNSET   446 PM PST


-  INDICATES NEGATIVE NUMBERS.
R  INDICATES RECORD WAS SET OR TIED.
MM INDICATES DATA IS MISSING.
T  INDICATES TRACE AMOUNT.




$$
