000
CDUS46 KSTO 300851
CLIMOD


CLIMATE REPORT
NATIONAL WEATHER SERVICE SACRAMENTO, CA
148 AM PDT TUE MAY 30 2017


...................................

...THE MODESTO CA CLIMATE SUMMARY FOR MAY 29 2017...

CLIMATE NORMAL PERIOD 1981 TO 2010
CLIMATE RECORD PERIOD 1931 TO 2017


WEATHER ITEM   OBSERVED TIME   RECORD YEAR NORMAL DEPARTURE LAST
                VALUE   (LST)  VALUE       VALUE  FROM      YEAR
                                                  NORMAL
..................................................................
TEMPERATURE (F)
 YESTERDAY
  MAXIMUM         86    254 PM 104    1984  86      0       94
  MINIMUM         59    519 AM  44    1961  57      2       62
  AVERAGE         73

PRECIPITATION (IN)
  YESTERDAY        0.00          0.14 1936   0.02  -0.02     0.00
  MONTH TO DATE    0.01                      0.61  -0.60     0.25
  SINCE OCT 1     16.79                     12.69   4.10    15.61
  SINCE JAN 1     11.76                      8.61   3.15    11.20

SNOWFALL (IN)
  YESTERDAY        0.0          MM      MM
  MONTH TO DATE    0.0
  SINCE MAR 1      0.0
  SINCE JUL 1      0.0
  SNOW DEPTH       0

DEGREE DAYS
 HEATING
  YESTERDAY        0                         0      0        0
  MONTH TO DATE   22                        33    -11       16
  SINCE MAR 1    292                       399   -107      242
  SINCE JUL 1   1808                      2167   -359     1834

 COOLING
  YESTERDAY        8                         7      1       13
  MONTH TO DATE  194                       141     53      163
  SINCE MAR 1    211                       185     26      217
  SINCE JAN 1    211                       185     26      217
..................................................................


WIND (MPH)
  RESULTANT WIND SPEED  10   RESULTANT WIND DIRECTION  NW (330)
  HIGHEST WIND SPEED    15   HIGHEST WIND DIRECTION    NW (320)
  HIGHEST GUST SPEED    20   HIGHEST GUST DIRECTION    NW (330)


SKY COVER
  POSSIBLE SUNSHINE  MM
  AVERAGE SKY COVER 0.0


WEATHER CONDITIONS
 THE FOLLOWING WEATHER WAS RECORDED YESTERDAY.
  NO SIGNIFICANT WEATHER WAS OBSERVED.


RELATIVE HUMIDITY (PERCENT)
 HIGHEST    75           500 AM
 LOWEST     35           300 PM
 AVERAGE    55

..........................................................


THE MODESTO CA CLIMATE NORMALS FOR TODAY
                         NORMAL    RECORD    YEAR
 MAXIMUM TEMPERATURE (F)   86       103      1950
 MINIMUM TEMPERATURE (F)   57        45      1962


SUNRISE AND SUNSET
MAY 30 2017...........SUNRISE   545 AM PDT   SUNSET   819 PM PDT
MAY 31 2017...........SUNRISE   544 AM PDT   SUNSET   819 PM PDT


-  INDICATES NEGATIVE NUMBERS.
R  INDICATES RECORD WAS SET OR TIED.
MM INDICATES DATA IS MISSING.
T  INDICATES TRACE AMOUNT.




$$
