000
CDUS46 KSTO 220036
CLIMOD


CLIMATE REPORT
NATIONAL WEATHER SERVICE SACRAMENTO, CA
435 PM PST SAT JAN 21 2017


...................................

...THE MODESTO CA CLIMATE SUMMARY FOR JANUARY 21 2017...
VALID TODAY AS OF 0400 PM LOCAL TIME.

CLIMATE NORMAL PERIOD 1981 TO 2010
CLIMATE RECORD PERIOD 1931 TO 2017


WEATHER ITEM   OBSERVED TIME   RECORD YEAR NORMAL DEPARTURE LAST
                VALUE   (LST)  VALUE       VALUE  FROM      YEAR
                                                  NORMAL
..................................................................
TEMPERATURE (F)
 TODAY
  MAXIMUM         55    357 PM  68    1950  56     -1       58
  MINIMUM         44    656 AM  21    1937  40      4       49
  AVERAGE         50

PRECIPITATION (IN)
  TODAY            0.12          1.74 1967   0.08   0.04     0.00
  MONTH TO DATE    5.15                      1.74   3.41     4.37
  SINCE OCT 1     10.18                      5.82   4.36     8.78
  SINCE JAN 1      5.15                      1.74   3.41     4.37

SNOWFALL (IN)
  TODAY           MM             0.0  2002
  MONTH TO DATE    0.0
  SINCE DEC 1      0.0
  SINCE JUL 1      0.0

DEGREE DAYS
 HEATING
  TODAY           15                        17     -2       11
  MONTH TO DATE  335                       374    -39      299
  SINCE DEC 1    851                       910    -59      836
  SINCE JUL 1   1064                      1271   -207     1207

 COOLING
  TODAY            0                         0      0        0
  MONTH TO DATE    0                         0      0        0
  SINCE DEC 1      0                         0      0        0
  SINCE JAN 1      0                         0      0        0
..................................................................


WIND (MPH)
  RESULTANT WIND SPEED   7   RESULTANT WIND DIRECTION  SE (140)
  HIGHEST WIND SPEED    15   HIGHEST WIND DIRECTION    SE (150)
  HIGHEST GUST SPEED    22   HIGHEST GUST DIRECTION     S (160)


SKY COVER
  POSSIBLE SUNSHINE  MM
  AVERAGE SKY COVER 0.8


WEATHER CONDITIONS
 THE FOLLOWING WEATHER WAS RECORDED TODAY.
  LIGHT RAIN
  FOG


RELATIVE HUMIDITY (PERCENT)
 HIGHEST    92           600 AM
 LOWEST     61           100 PM
 AVERAGE    77

..........................................................


THE MODESTO CA CLIMATE NORMALS FOR TOMORROW
                         NORMAL    RECORD    YEAR
 MAXIMUM TEMPERATURE (F)   56        70      1970
 MINIMUM TEMPERATURE (F)   40        22      1937


SUNRISE AND SUNSET
JANUARY 21 2017.......SUNRISE   715 AM PST   SUNSET   516 PM PST
JANUARY 22 2017.......SUNRISE   714 AM PST   SUNSET   517 PM PST


-  INDICATES NEGATIVE NUMBERS.
R  INDICATES RECORD WAS SET OR TIED.
MM INDICATES DATA IS MISSING.
T  INDICATES TRACE AMOUNT.




$$
