434
CDUS43 KBIS 280725
CLIMOT


CLIMATE REPORT
NATIONAL WEATHER SERVICE BISMARCK ND
224 AM CDT THU JUL 28 2016


...................................

...THE MINOT ND CLIMATE SUMMARY FOR JULY 27 2016...

CLIMATE NORMAL PERIOD 1981 TO 2010
CLIMATE RECORD PERIOD 1897 TO 2016


WEATHER ITEM   OBSERVED TIME   RECORD YEAR NORMAL DEPARTURE LAST
                VALUE   (LST)  VALUE       VALUE  FROM      YEAR
                                                  NORMAL
..................................................................
TEMPERATURE (F)
 YESTERDAY
  MAXIMUM         80    144 PM 108    1931  83     -3       92
  MINIMUM         58    522 AM  40    1925  58      0       59
  AVERAGE         69                        71     -2       76

PRECIPITATION (IN)
  YESTERDAY        0.00          1.06 1993   0.06  -0.06     0.01
  MONTH TO DATE    2.72                      2.19   0.53     2.03
  SINCE JUN 1      5.46                      5.77  -0.31     6.06
  SINCE JAN 1     10.61                     11.16  -0.55    10.19

DEGREE DAYS
 COOLING
  YESTERDAY        4                         6     -2       11
  MONTH TO DATE  209                       144     65      178
  SINCE JUN 1    340                       217    123      252
  SINCE JAN 1    380                       233    147      259
..................................................................


WIND (MPH)
  HIGHEST WIND SPEED    14   HIGHEST WIND DIRECTION    NE (50)
  HIGHEST GUST SPEED    17   HIGHEST GUST DIRECTION    NE (60)
  AVERAGE WIND SPEED     5.8


SKY COVER
  POSSIBLE SUNSHINE  MM
  AVERAGE SKY COVER 0.5


WEATHER CONDITIONS
 THE FOLLOWING WEATHER WAS RECORDED YESTERDAY.
  NO SIGNIFICANT WEATHER WAS OBSERVED.


RELATIVE HUMIDITY (PERCENT)
 HIGHEST    93           200 AM
 LOWEST     48           100 PM
 AVERAGE    71

..........................................................


THE MINOT ND CLIMATE NORMALS FOR TODAY
                         NORMAL    RECORD    YEAR
 MAXIMUM TEMPERATURE (F)   83       104      1917
 MINIMUM TEMPERATURE (F)   58        41      1925


SUNRISE AND SUNSET
JULY 28 2016..........SUNRISE   616 AM CDT   SUNSET   926 PM CDT
JULY 29 2016..........SUNRISE   617 AM CDT   SUNSET   925 PM CDT


-  INDICATES NEGATIVE NUMBERS.
R  INDICATES RECORD WAS SET OR TIED.
MM INDICATES DATA IS MISSING.
T  INDICATES TRACE AMOUNT.




$$
