724
CDUS43 KBIS 070859
CLIMOT


CLIMATE REPORT
NATIONAL WEATHER SERVICE BISMARCK ND
259 AM CST WED DEC 7 2016


...................................

...THE MINOT ND CLIMATE SUMMARY FOR DECEMBER 6 2016...

CLIMATE NORMAL PERIOD 1981 TO 2010
CLIMATE RECORD PERIOD 1897 TO 2016


WEATHER ITEM   OBSERVED TIME   RECORD YEAR NORMAL DEPARTURE LAST
                VALUE   (LST)  VALUE       VALUE  FROM      YEAR
                                                  NORMAL
..................................................................
TEMPERATURE (F)
 YESTERDAY
  MAXIMUM         20   1215 AM  66    1939  26     -6       53
  MINIMUM          5    832 PM -23    1994  10     -5       26
                                      1908
  AVERAGE         13                        18     -5       40

PRECIPITATION (IN)
  YESTERDAY        0.38R         0.31 1979   0.01   0.37     0.00
  MONTH TO DATE    0.43                      0.08   0.35     0.00
  SINCE DEC 1      0.43                      0.08   0.35     0.00
  SINCE JAN 1     18.54                     16.89   1.65    14.35

DEGREE DAYS
 HEATING
  YESTERDAY       52                        47      5       25
  MONTH TO DATE  249                       275    -26      168
  SINCE DEC 1    249                       275    -26      168
  SINCE JUL 1   1764                      2333   -569     1869
..................................................................


WIND (MPH)
  HIGHEST WIND SPEED    44   HIGHEST WIND DIRECTION     W (280)
  HIGHEST GUST SPEED    53   HIGHEST GUST DIRECTION     W (290)
  AVERAGE WIND SPEED    34.7


SKY COVER
  POSSIBLE SUNSHINE  MM
  AVERAGE SKY COVER 1.0


WEATHER CONDITIONS
 THE FOLLOWING WEATHER WAS RECORDED YESTERDAY.
  HEAVY SNOW
  SNOW
  LIGHT SNOW
  FOG
  FOG W/VISIBILITY <= 1/4 MILE


RELATIVE HUMIDITY (PERCENT)
 HIGHEST    92           400 AM
 LOWEST     80           300 PM
 AVERAGE    86

..........................................................


THE MINOT ND CLIMATE NORMALS FOR TODAY
                         NORMAL    RECORD    YEAR
 MAXIMUM TEMPERATURE (F)   26        57      1939
 MINIMUM TEMPERATURE (F)   10       -25      1927


SUNRISE AND SUNSET
DECEMBER  7 2016......SUNRISE   822 AM CST   SUNSET   451 PM CST
DECEMBER  8 2016......SUNRISE   823 AM CST   SUNSET   451 PM CST


-  INDICATES NEGATIVE NUMBERS.
R  INDICATES RECORD WAS SET OR TIED.
MM INDICATES DATA IS MISSING.
T  INDICATES TRACE AMOUNT.




$$
