000
CDUS43 KBIS 290725
CLIMOT


CLIMATE REPORT
NATIONAL WEATHER SERVICE BISMARCK ND
224 AM CDT TUE JUL 29 2014


...................................

...THE MINOT ND CLIMATE SUMMARY FOR JULY 28 2014...

CLIMATE NORMAL PERIOD 1981 TO 2010
CLIMATE RECORD PERIOD 1905 TO 2014


WEATHER ITEM   OBSERVED TIME   RECORD YEAR NORMAL DEPARTURE LAST
                VALUE   (LST)  VALUE       VALUE  FROM      YEAR
                                                  NORMAL
..................................................................
TEMPERATURE (F)
 YESTERDAY
  MAXIMUM         76    352 PM 104    1917  83     -7       75
  MINIMUM         51    554 AM  41    1925  58     -7       42
  AVERAGE         64                        71     -7       59

PRECIPITATION (IN)
  YESTERDAY        0.00          0.86 1970   0.06  -0.06     0.00
  MONTH TO DATE    1.63                      2.25  -0.62     4.15
  SINCE JUN 1      6.97                      5.83   1.14     8.75
  SINCE JAN 1     10.78                     11.22  -0.44    17.12

DEGREE DAYS
 COOLING
  YESTERDAY        0                         6     -6        0
  MONTH TO DATE  100                       150    -50      123
  SINCE JUN 1    122                       223   -101      187
  SINCE JAN 1    163                       239    -76      197
..................................................................


WIND (MPH)
  HIGHEST WIND SPEED    10   HIGHEST WIND DIRECTION     N (350)
  HIGHEST GUST SPEED    17   HIGHEST GUST DIRECTION    NW (320)
  AVERAGE WIND SPEED     3.6


SKY COVER
  POSSIBLE SUNSHINE  MM
  AVERAGE SKY COVER 0.2


WEATHER CONDITIONS
 THE FOLLOWING WEATHER WAS RECORDED YESTERDAY.
  NO SIGNIFICANT WEATHER WAS OBSERVED.


RELATIVE HUMIDITY (PERCENT)
 HIGHEST    93           100 AM
 LOWEST     46           300 PM
 AVERAGE    70

..........................................................


THE MINOT ND CLIMATE NORMALS FOR TODAY
                         NORMAL    RECORD    YEAR
 MAXIMUM TEMPERATURE (F)   83       102      1975
 MINIMUM TEMPERATURE (F)   58        37      1918


SUNRISE AND SUNSET
JULY 29 2014..........SUNRISE   617 AM CDT   SUNSET   926 PM CDT
JULY 30 2014..........SUNRISE   618 AM CDT   SUNSET   924 PM CDT


-  INDICATES NEGATIVE NUMBERS.
R  INDICATES RECORD WAS SET OR TIED.
MM INDICATES DATA IS MISSING.
T  INDICATES TRACE AMOUNT.




$$
