000
CDUS43 KBIS 250019
CLIMOT


CLIMATE REPORT
NATIONAL WEATHER SERVICE BISMARCK ND
618 PM CST SAT JAN 24 2015


...................................

...THE MINOT ND CLIMATE SUMMARY FOR JANUARY 24 2015...
VALID TODAY AS OF 0600 PM LOCAL TIME.

CLIMATE NORMAL PERIOD 1981 TO 2010
CLIMATE RECORD PERIOD 1905 TO 2015


WEATHER ITEM   OBSERVED TIME   RECORD YEAR NORMAL DEPARTURE LAST
                VALUE   (LST)  VALUE       VALUE  FROM      YEAR
                                                  NORMAL
..................................................................
TEMPERATURE (F)
 TODAY
  MAXIMUM         36    912 AM  52    1942  21     15       38
  MINIMUM         31    330 PM -42    1920   4     27       21
  AVERAGE         34                        12     22       30

PRECIPITATION (IN)
  TODAY            0.14          0.28 1972   0.01   0.13      T
  MONTH TO DATE    0.19                      0.41  -0.22     0.09
  SINCE DEC 1      0.20                      0.79  -0.59     0.27
  SINCE JAN 1      0.19                      0.41  -0.22     0.09

DEGREE DAYS
 HEATING
  TODAY           31                        52    -21       35
  MONTH TO DATE 1203                      1271    -68     1228
  SINCE DEC 1   2638                      2808   -170     3113
  SINCE JUL 1   4817                      4866    -49     5168

 COOLING
  TODAY            0                         0      0        0
  MONTH TO DATE    0                         0      0        0
  SINCE DEC 1      0                         0      0        0
  SINCE JAN 1      0                         0      0        0
..................................................................


WIND (MPH)
  RESULTANT WIND SPEED   5   RESULTANT WIND DIRECTION   W (260)
  HIGHEST WIND SPEED    20   HIGHEST WIND DIRECTION    SW (240)
  HIGHEST GUST SPEED    23   HIGHEST GUST DIRECTION    SW (240)
  AVERAGE WIND SPEED     8.1


SKY COVER
  POSSIBLE SUNSHINE  MM
  AVERAGE SKY COVER 0.6


WEATHER CONDITIONS
 THE FOLLOWING WEATHER WAS RECORDED TODAY.
  RAIN
  LIGHT RAIN
  LIGHT SNOW
  FOG


RELATIVE HUMIDITY (PERCENT)
 HIGHEST    92           200 PM
 LOWEST     75          1200 AM
 AVERAGE    84

..........................................................


THE MINOT ND CLIMATE NORMALS FOR TOMORROW
                         NORMAL    RECORD    YEAR
 MAXIMUM TEMPERATURE (F)   21        54      1906
 MINIMUM TEMPERATURE (F)    4       -34      1929


SUNRISE AND SUNSET
JANUARY 24 2015.......SUNRISE   823 AM CST   SUNSET   532 PM CST
JANUARY 25 2015.......SUNRISE   822 AM CST   SUNSET   533 PM CST


-  INDICATES NEGATIVE NUMBERS.
R  INDICATES RECORD WAS SET OR TIED.
MM INDICATES DATA IS MISSING.
T  INDICATES TRACE AMOUNT.




$$
