000
CDUS43 KBIS 190728
CLIMOT


CLIMATE REPORT
NATIONAL WEATHER SERVICE BISMARCK ND
226 AM CDT SAT AUG 19 2017


...................................

...THE MINOT ND CLIMATE SUMMARY FOR AUGUST 18 2017...

CLIMATE NORMAL PERIOD 1981 TO 2010
CLIMATE RECORD PERIOD 1897 TO 2017


WEATHER ITEM   OBSERVED TIME   RECORD YEAR NORMAL DEPARTURE LAST
                VALUE   (LST)  VALUE       VALUE  FROM      YEAR
                                                  NORMAL
..................................................................
TEMPERATURE (F)
 YESTERDAY
  MAXIMUM         83    511 PM  99    1906  81      2       83
  MINIMUM         58    632 AM  35    1910  56      2       63
  AVERAGE         71                        68      3       73

PRECIPITATION (IN)
  YESTERDAY        0.08          1.13 2016   0.06   0.02     1.13
  MONTH TO DATE    2.27                      1.20   1.07     1.23
  SINCE JUN 1      3.96                      7.21  -3.25     6.70
  SINCE JAN 1      5.33                     12.60  -7.27    11.85

DEGREE DAYS
 COOLING
  YESTERDAY        6                         5      1        8
  MONTH TO DATE   44                       103    -59      194
  SINCE JUN 1    447                       345    102      570
  SINCE JAN 1    450                       361     89      610
..................................................................


WIND (MPH)
  HIGHEST WIND SPEED    18   HIGHEST WIND DIRECTION     W (280)
  HIGHEST GUST SPEED    24   HIGHEST GUST DIRECTION     W (290)
  AVERAGE WIND SPEED     7.3


SKY COVER
  POSSIBLE SUNSHINE  MM
  AVERAGE SKY COVER 0.0


WEATHER CONDITIONS
 THE FOLLOWING WEATHER WAS RECORDED YESTERDAY.
  THUNDERSTORM
  LIGHT RAIN


RELATIVE HUMIDITY (PERCENT)
 HIGHEST    93           600 AM
 LOWEST     30           100 PM
 AVERAGE    62

..........................................................


THE MINOT ND CLIMATE NORMALS FOR TODAY
                         NORMAL    RECORD    YEAR
 MAXIMUM TEMPERATURE (F)   81        97      1933
 MINIMUM TEMPERATURE (F)   55        22      1914


SUNRISE AND SUNSET
AUGUST 19 2017........SUNRISE   645 AM CDT   SUNSET   851 PM CDT
AUGUST 20 2017........SUNRISE   647 AM CDT   SUNSET   849 PM CDT


-  INDICATES NEGATIVE NUMBERS.
R  INDICATES RECORD WAS SET OR TIED.
MM INDICATES DATA IS MISSING.
T  INDICATES TRACE AMOUNT.




$$
