000
CDUS41 KPHI 230635
CLIMPO


CLIMATE REPORT
NATIONAL WEATHER SERVICE MOUNT HOLLY NJ
134 AM EST THU FEB 23 2017


...................................

...THE MOUNT POCONO PA CLIMATE SUMMARY FOR FEBRUARY 22 2017...

CLIMATE NORMAL PERIOD 1981 TO 2010
CLIMATE RECORD PERIOD 1901 TO 2017


WEATHER ITEM   OBSERVED TIME   RECORD YEAR NORMAL DEPARTURE LAST
                VALUE   (LST)  VALUE       VALUE  FROM      YEAR
                                                  NORMAL
..................................................................
TEMPERATURE (F)
 YESTERDAY
  MAXIMUM         55    440 PM  56    1997  36     19       42
  MINIMUM         36   1034 PM -14    1907  19     17       27
  AVERAGE         46                        27     19       35

PRECIPITATION (IN)
  YESTERDAY        T             1.37 1951   0.09  -0.09     0.00
  MONTH TO DATE    1.27                      1.83  -0.56     2.82
  SINCE DEC 1      6.39                      8.55  -2.16     9.88
  SINCE JAN 1      4.20                      4.68  -0.48     6.05

DEGREE DAYS
 HEATING
  YESTERDAY       19                        38    -19       30
  MONTH TO DATE  783                       871    -88      844
  SINCE DEC 1   3084                      3323   -239     2808
  SINCE JUL 1   4477                      4902   -425     4075

 COOLING
  YESTERDAY        0                         0      0        0
  MONTH TO DATE    0                         0      0        0
  SINCE DEC 1      0                         0      0        0
  SINCE JAN 1      0                         0      0        0
..................................................................


WIND (MPH)
  HIGHEST WIND SPEED    12   HIGHEST WIND DIRECTION     W (260)
  HIGHEST GUST SPEED    18   HIGHEST GUST DIRECTION    SW (220)
  AVERAGE WIND SPEED     4.6


SKY COVER
  POSSIBLE SUNSHINE  MM
  AVERAGE SKY COVER 0.6


WEATHER CONDITIONS
 THE FOLLOWING WEATHER WAS RECORDED YESTERDAY.
  LIGHT RAIN


RELATIVE HUMIDITY (PERCENT)
 HIGHEST    92          1000 PM
 LOWEST     55           400 PM
 AVERAGE    74

..........................................................


THE MOUNT POCONO PA CLIMATE NORMALS FOR TODAY
                         NORMAL    RECORD    YEAR
 MAXIMUM TEMPERATURE (F)   36        60      1977
 MINIMUM TEMPERATURE (F)   19       -13      1908


SUNRISE AND SUNSET
FEBRUARY 23 2017......SUNRISE   645 AM EST   SUNSET   546 PM EST
FEBRUARY 24 2017......SUNRISE   643 AM EST   SUNSET   547 PM EST


-  INDICATES NEGATIVE NUMBERS.
R  INDICATES RECORD WAS SET OR TIED.
MM INDICATES DATA IS MISSING.
T  INDICATES TRACE AMOUNT.




$$
