000
CDUS41 KPHI 010634
CLIMPO


CLIMATE REPORT
NATIONAL WEATHER SERVICE MOUNT HOLLY NJ
234 AM EDT MON SEP 1 2014


...................................

...THE MOUNT POCONO PA CLIMATE SUMMARY FOR AUGUST 31 2014...

CLIMATE NORMAL PERIOD 1981 TO 2010
CLIMATE RECORD PERIOD 1901 TO 2014


WEATHER ITEM   OBSERVED TIME   RECORD YEAR NORMAL DEPARTURE LAST
                VALUE   (LST)  VALUE       VALUE  FROM      YEAR
                                                  NORMAL
..................................................................
TEMPERATURE (F)
 YESTERDAY
  MAXIMUM         79    214 PM  92    1953  73      6       79
  MINIMUM         66    234 AM  33    1965  55     11       68
  AVERAGE         73                        64      9       74

PRECIPITATION (IN)
  YESTERDAY        T             4.25 1940   0.11  -0.11      T
  MONTH TO DATE    2.52                      4.46  -1.94     5.64
  SINCE JUN 1      9.66                     13.48  -3.82    21.64
  SINCE JAN 1     28.42                     30.98  -2.56    35.65

SNOWFALL (IN)
  YESTERDAY       MM            MM      MM  MM     MM       MM
  MONTH TO DATE   MM                        MM     MM       MM
  SINCE JUN 1     MM                        MM     MM       MM
  SINCE JUL 1     MM                        MM     MM       MM
  SNOW DEPTH      MM

DEGREE DAYS
 HEATING
  YESTERDAY        0                         2     -2        0
  MONTH TO DATE   52                        39     13       53
  SINCE JUN 1    131                       163    -32      140
  SINCE JUL 1     76                        63     13       64

 COOLING
  YESTERDAY        8                         2      6        9
  MONTH TO DATE   43                        94    -51       80
  SINCE JUN 1    211                       277    -66      387
  SINCE JAN 1    218                       296    -78      419
..................................................................


WIND (MPH)
  HIGHEST WIND SPEED    16   HIGHEST WIND DIRECTION     W (280)
  HIGHEST GUST SPEED    21   HIGHEST GUST DIRECTION    SW (230)
  AVERAGE WIND SPEED     8.3


SKY COVER
  POSSIBLE SUNSHINE  MM
  AVERAGE SKY COVER 0.8


WEATHER CONDITIONS
 THE FOLLOWING WEATHER WAS RECORDED YESTERDAY.
  LIGHT RAIN
  FOG
  FOG W/VISIBILITY <= 1/4 MILE
  HAZE


RELATIVE HUMIDITY (PERCENT)
 HIGHEST   100           500 AM
 LOWEST     69           200 PM
 AVERAGE    85

..........................................................


THE MOUNT POCONO PA CLIMATE NORMALS FOR TODAY
                         NORMAL    RECORD    YEAR
 MAXIMUM TEMPERATURE (F)   73        92      1953
 MINIMUM TEMPERATURE (F)   55        37      1926


SUNRISE AND SUNSET
SEPTEMBER  1 2014.....SUNRISE   628 AM EDT   SUNSET   734 PM EDT
SEPTEMBER  2 2014.....SUNRISE   629 AM EDT   SUNSET   733 PM EDT


-  INDICATES NEGATIVE NUMBERS.
R  INDICATES RECORD WAS SET OR TIED.
MM INDICATES DATA IS MISSING.
T  INDICATES TRACE AMOUNT.




$$
