000
CDUS41 KPHI 230629
CLIMPO


CLIMATE REPORT
NATIONAL WEATHER SERVICE MOUNT HOLLY NJ
229 AM EDT THU MAR 23 2017


...................................

...THE MOUNT POCONO PA CLIMATE SUMMARY FOR MARCH 22 2017...

CLIMATE NORMAL PERIOD 1981 TO 2010
CLIMATE RECORD PERIOD 1901 TO 2017


WEATHER ITEM   OBSERVED TIME   RECORD YEAR NORMAL DEPARTURE LAST
                VALUE   (LST)  VALUE       VALUE  FROM      YEAR
                                                  NORMAL
..................................................................
TEMPERATURE (F)
 YESTERDAY
  MAXIMUM         35    114 AM  73    2012  44     -9       50
                                      1938
  MINIMUM         13   1159 PM   2    1965  27    -14       22
  AVERAGE         24                        35    -11       36

PRECIPITATION (IN)
  YESTERDAY        T             2.74 1980   0.16  -0.16     0.00
  MONTH TO DATE    2.06                      2.41  -0.35     0.52
  SINCE MAR 1      2.06                      2.41  -0.35     0.52
  SINCE JAN 1      7.02                      7.67  -0.65     8.50

DEGREE DAYS
 HEATING
  YESTERDAY       41                        30     11       29
  MONTH TO DATE  844                       727    117      561
  SINCE MAR 1    844                       727    117      561
  SINCE JUL 1   5447                      5850   -403     4846

 COOLING
  YESTERDAY        0                         0      0        0
  MONTH TO DATE    0                         0      0        0
  SINCE MAR 1      0                         0      0        0
  SINCE JAN 1      0                         0      0        0
..................................................................


WIND (MPH)
  HIGHEST WIND SPEED    33   HIGHEST WIND DIRECTION    NW (320)
  HIGHEST GUST SPEED    47   HIGHEST GUST DIRECTION    NW (310)
  AVERAGE WIND SPEED    19.8


SKY COVER
  POSSIBLE SUNSHINE  MM
  AVERAGE SKY COVER 0.2


WEATHER CONDITIONS
 THE FOLLOWING WEATHER WAS RECORDED YESTERDAY.
  LIGHT SNOW
  FOG


RELATIVE HUMIDITY (PERCENT)
 HIGHEST    69           200 AM
 LOWEST     39           400 PM
 AVERAGE    54

..........................................................


THE MOUNT POCONO PA CLIMATE NORMALS FOR TODAY
                         NORMAL    RECORD    YEAR
 MAXIMUM TEMPERATURE (F)   45        72      2012
 MINIMUM TEMPERATURE (F)   27        -8      1912


SUNRISE AND SUNSET
MARCH 23 2017.........SUNRISE   659 AM EDT   SUNSET   717 PM EDT
MARCH 24 2017.........SUNRISE   658 AM EDT   SUNSET   718 PM EDT


-  INDICATES NEGATIVE NUMBERS.
R  INDICATES RECORD WAS SET OR TIED.
MM INDICATES DATA IS MISSING.
T  INDICATES TRACE AMOUNT.




$$
