126
CDUS41 KPHI 270545
CLIMPO


CLIMATE REPORT
NATIONAL WEATHER SERVICE MOUNT HOLLY NJ
145 AM EDT THU JUL 27 2017


...................................

...THE MOUNT POCONO PA CLIMATE SUMMARY FOR JULY 26 2017...

CLIMATE NORMAL PERIOD 1981 TO 2010
CLIMATE RECORD PERIOD 1901 TO 2017


WEATHER ITEM   OBSERVED TIME   RECORD YEAR NORMAL DEPARTURE LAST
                VALUE   (LST)  VALUE       VALUE  FROM      YEAR
                                                  NORMAL
..................................................................
TEMPERATURE (F)
 YESTERDAY
  MAXIMUM         71    333 PM  89    1949  78     -7       83
  MINIMUM         56    606 AM  38    1920  58     -2       64
  AVERAGE         64                        68     -4       74

PRECIPITATION (IN)
  YESTERDAY        0.00          2.56 1916   0.17  -0.17     0.00
  MONTH TO DATE    5.63                      3.72   1.91     3.80
  SINCE JUN 1      9.43                      8.10   1.33     5.58
  SINCE JAN 1     26.33                     25.60   0.73    23.01

DEGREE DAYS
 HEATING
  YESTERDAY        1                         1      0        0
  MONTH TO DATE    8                        26    -18       16
  SINCE JUN 1    135                       126      9      108
  SINCE JUL 1      8                        26    -18       16

 COOLING
  YESTERDAY        0                         4     -4        9
  MONTH TO DATE   99                       103     -4      132
  SINCE JUN 1    160                       165     -5      157
  SINCE JAN 1    178                       184     -6      186
..................................................................


WIND (MPH)
  HIGHEST WIND SPEED    12   HIGHEST WIND DIRECTION    SE (150)
  HIGHEST GUST SPEED    14   HIGHEST GUST DIRECTION     S (200)
  AVERAGE WIND SPEED     5.9


SKY COVER
  POSSIBLE SUNSHINE  MM
  AVERAGE SKY COVER 0.7


WEATHER CONDITIONS
 THE FOLLOWING WEATHER WAS RECORDED YESTERDAY.
  FOG


RELATIVE HUMIDITY (PERCENT)
 HIGHEST   100          1200 AM
 LOWEST     66           300 PM
 AVERAGE    83

..........................................................


THE MOUNT POCONO PA CLIMATE NORMALS FOR TODAY
                         NORMAL    RECORD    YEAR
 MAXIMUM TEMPERATURE (F)   78        91      1955
 MINIMUM TEMPERATURE (F)   58        39      1977


SUNRISE AND SUNSET
JULY 27 2017..........SUNRISE   553 AM EDT   SUNSET   823 PM EDT
JULY 28 2017..........SUNRISE   554 AM EDT   SUNSET   822 PM EDT


-  INDICATES NEGATIVE NUMBERS.
R  INDICATES RECORD WAS SET OR TIED.
MM INDICATES DATA IS MISSING.
T  INDICATES TRACE AMOUNT.




$$
