000
CDUS41 KPHI 290630
CLIMPO


CLIMATE REPORT
NATIONAL WEATHER SERVICE MOUNT HOLLY NJ
227 AM EDT MON MAY 29 2017


...................................

...THE MOUNT POCONO PA CLIMATE SUMMARY FOR MAY 28 2017...

CLIMATE NORMAL PERIOD 1981 TO 2010
CLIMATE RECORD PERIOD 1901 TO 2017


WEATHER ITEM   OBSERVED TIME   RECORD YEAR NORMAL DEPARTURE LAST
                VALUE   (LST)  VALUE       VALUE  FROM      YEAR
                                                  NORMAL
..................................................................
TEMPERATURE (F)
 YESTERDAY
  MAXIMUM         69   1214 PM  86    2012  68      1       85
  MINIMUM         51   1159 PM  30    1983  49      2       62
  AVERAGE         60                        58      2       74

PRECIPITATION (IN)
  YESTERDAY        0.09          1.53 2002   0.16  -0.07     0.54
  MONTH TO DATE    3.17                      3.89  -0.72     3.96
  SINCE MAR 1     11.02                     11.74  -0.72     7.50
  SINCE JAN 1     15.98                     17.00  -1.02    15.48

DEGREE DAYS
 HEATING
  YESTERDAY        5                         7     -2        0
  MONTH TO DATE  347                       300     47      394
  SINCE MAR 1   1892                      1871     21     1767
  SINCE JUL 1   6495                      6994   -499     6052

 COOLING
  YESTERDAY        0                         1     -1        9
  MONTH TO DATE   15                        10      5       15
  SINCE MAR 1     18                        14      4       15
  SINCE JAN 1     18                        14      4       15
..................................................................


WIND (MPH)
  HIGHEST WIND SPEED    16   HIGHEST WIND DIRECTION    SE (150)
  HIGHEST GUST SPEED    21   HIGHEST GUST DIRECTION     S (160)
  AVERAGE WIND SPEED     7.5


SKY COVER
  POSSIBLE SUNSHINE  MM
  AVERAGE SKY COVER 0.8


WEATHER CONDITIONS
 THE FOLLOWING WEATHER WAS RECORDED YESTERDAY.
  LIGHT RAIN
  HAZE


RELATIVE HUMIDITY (PERCENT)
 HIGHEST   100          1200 AM
 LOWEST     63          1100 AM
 AVERAGE    82

..........................................................


THE MOUNT POCONO PA CLIMATE NORMALS FOR TODAY
                         NORMAL    RECORD    YEAR
 MAXIMUM TEMPERATURE (F)   69        89      1911
 MINIMUM TEMPERATURE (F)   49        28      1936


SUNRISE AND SUNSET
MAY 29 2017...........SUNRISE   533 AM EDT   SUNSET   826 PM EDT
MAY 30 2017...........SUNRISE   532 AM EDT   SUNSET   827 PM EDT


-  INDICATES NEGATIVE NUMBERS.
R  INDICATES RECORD WAS SET OR TIED.
MM INDICATES DATA IS MISSING.
T  INDICATES TRACE AMOUNT.




$$
