000
CDUS41 KPHI 030630
CLIMPO


CLIMATE REPORT
NATIONAL WEATHER SERVICE MOUNT HOLLY NJ
229 AM EDT FRI JUL 3 2015


...................................

...THE MOUNT POCONO PA CLIMATE SUMMARY FOR JULY 2 2015...

CLIMATE NORMAL PERIOD 1981 TO 2010
CLIMATE RECORD PERIOD 1901 TO 2015


WEATHER ITEM   OBSERVED TIME   RECORD YEAR NORMAL DEPARTURE LAST
                VALUE   (LST)  VALUE       VALUE  FROM      YEAR
                                                  NORMAL
..................................................................
TEMPERATURE (F)
 YESTERDAY
  MAXIMUM         74    226 PM  93    1911  77     -3       85
  MINIMUM         54    305 AM  37    1940  58     -4       67
  AVERAGE         64                        68     -4       76

PRECIPITATION (IN)
  YESTERDAY        0.00          2.41 1930   0.12  -0.12     1.11
  MONTH TO DATE    0.54                      0.25   0.29     1.11
  SINCE JUN 1      9.31                      4.63   4.68     4.56
  SINCE JAN 1     20.31                     22.13  -1.82    23.32

SNOWFALL (IN)
  YESTERDAY       MM            MM      MM  MM     MM       MM
  MONTH TO DATE   MM                        MM     MM       MM
  SINCE JUN 1     MM                        MM     MM       MM
  SINCE JUL 1     MM                        MM     MM       MM
  SNOW DEPTH      MM

DEGREE DAYS
 HEATING
  YESTERDAY        1                         1      0        0
  MONTH TO DATE    1                         2     -1        0
  SINCE JUN 1     85                       102    -17       55
  SINCE JUL 1      1                         2     -1        0

 COOLING
  YESTERDAY        0                         4     -4       11
  MONTH TO DATE    1                         7     -6       21
  SINCE JUN 1     67                        69     -2       81
  SINCE JAN 1    124                        88     36       88
..................................................................


WIND (MPH)
  HIGHEST WIND SPEED     9   HIGHEST WIND DIRECTION     N (340)
  HIGHEST GUST SPEED    12   HIGHEST GUST DIRECTION    SE (150)
  AVERAGE WIND SPEED     4.4


SKY COVER
  POSSIBLE SUNSHINE  MM
  AVERAGE SKY COVER 0.3


WEATHER CONDITIONS
 THE FOLLOWING WEATHER WAS RECORDED YESTERDAY.
  FOG


RELATIVE HUMIDITY (PERCENT)
 HIGHEST    93           100 AM
 LOWEST     49           200 PM
 AVERAGE    71

..........................................................


THE MOUNT POCONO PA CLIMATE NORMALS FOR TODAY
                         NORMAL    RECORD    YEAR
 MAXIMUM TEMPERATURE (F)   78       103      1911
 MINIMUM TEMPERATURE (F)   58        35      1918


SUNRISE AND SUNSET
JULY  3 2015..........SUNRISE   534 AM EDT   SUNSET   838 PM EDT
JULY  4 2015..........SUNRISE   534 AM EDT   SUNSET   837 PM EDT


-  INDICATES NEGATIVE NUMBERS.
R  INDICATES RECORD WAS SET OR TIED.
MM INDICATES DATA IS MISSING.
T  INDICATES TRACE AMOUNT.




$$
