000
CDUS41 KPHI 190635
CLIMPO


CLIMATE REPORT
NATIONAL WEATHER SERVICE MOUNT HOLLY NJ
235 AM EDT FRI SEP 19 2014


...................................

...THE MOUNT POCONO PA CLIMATE SUMMARY FOR SEPTEMBER 18 2014...

CLIMATE NORMAL PERIOD 1981 TO 2010
CLIMATE RECORD PERIOD 1901 TO 2014


WEATHER ITEM   OBSERVED TIME   RECORD YEAR NORMAL DEPARTURE LAST
                VALUE   (LST)  VALUE       VALUE  FROM      YEAR
                                                  NORMAL
..................................................................
TEMPERATURE (F)
 YESTERDAY
  MAXIMUM         68    242 PM  84    1991  67      1       65
  MINIMUM         39    308 AM  30    1990  49    -10       35
  AVERAGE         54                        58     -4       50

PRECIPITATION (IN)
  YESTERDAY        0.00          5.41 2012   0.17  -0.17     0.00
  MONTH TO DATE    0.87                      3.03  -2.16     1.17
  SINCE SEP 1      0.87                      3.03  -2.16     1.17
  SINCE JAN 1     29.29                     34.01  -4.72    36.82

SNOWFALL (IN)
  YESTERDAY       MM            MM      MM  MM     MM       MM
  MONTH TO DATE   MM                        MM     MM       MM
  SINCE SEP 1     MM                        MM     MM       MM
  SINCE JUL 1     MM                        MM     MM       MM
  SNOW DEPTH      MM

DEGREE DAYS
 HEATING
  YESTERDAY       11                         7      4       15
  MONTH TO DATE   94                        86      8      127
  SINCE SEP 1     94                        86      8      127
  SINCE JUL 1    170                       149     21      191

 COOLING
  YESTERDAY        0                         0      0        0
  MONTH TO DATE   33                        13     20       40
  SINCE SEP 1     33                        13     20       40
  SINCE JAN 1    251                       309    -58      459
..................................................................


WIND (MPH)
  HIGHEST WIND SPEED    14   HIGHEST WIND DIRECTION     N (360)
  HIGHEST GUST SPEED    19   HIGHEST GUST DIRECTION     N (10)
  AVERAGE WIND SPEED     4.2


SKY COVER
  POSSIBLE SUNSHINE  MM
  AVERAGE SKY COVER 0.3


WEATHER CONDITIONS
 THE FOLLOWING WEATHER WAS RECORDED YESTERDAY.
  NO SIGNIFICANT WEATHER WAS OBSERVED.


RELATIVE HUMIDITY (PERCENT)
 HIGHEST    83          1100 PM
 LOWEST     37           300 PM
 AVERAGE    60

..........................................................


THE MOUNT POCONO PA CLIMATE NORMALS FOR TODAY
                         NORMAL    RECORD    YEAR
 MAXIMUM TEMPERATURE (F)   66        86      1983
 MINIMUM TEMPERATURE (F)   49        28      1929


SUNRISE AND SUNSET
SEPTEMBER 19 2014.....SUNRISE   646 AM EDT   SUNSET   704 PM EDT
SEPTEMBER 20 2014.....SUNRISE   647 AM EDT   SUNSET   702 PM EDT


-  INDICATES NEGATIVE NUMBERS.
R  INDICATES RECORD WAS SET OR TIED.
MM INDICATES DATA IS MISSING.
T  INDICATES TRACE AMOUNT.




$$
