000
CDUS41 KPHI 300629
CLIMPO


CLIMATE REPORT
NATIONAL WEATHER SERVICE MOUNT HOLLY NJ
228 AM EDT MON MAR 30 2015


...................................

...THE MOUNT POCONO PA CLIMATE SUMMARY FOR MARCH 29 2015...

CLIMATE NORMAL PERIOD 1981 TO 2010
CLIMATE RECORD PERIOD 1901 TO 2015


WEATHER ITEM   OBSERVED TIME   RECORD YEAR NORMAL DEPARTURE LAST
                VALUE   (LST)  VALUE       VALUE  FROM      YEAR
                                                  NORMAL
..................................................................
TEMPERATURE (F)
 YESTERDAY
  MAXIMUM         38    453 PM  79    1945  47     -9       44
  MINIMUM         15    637 AM   7    1959  29    -14       36
  AVERAGE         27                        38    -11       40

PRECIPITATION (IN)
  YESTERDAY        0.00          1.17 2014   0.16  -0.16     1.17
  MONTH TO DATE    1.72                      3.51  -1.79     1.73
  SINCE MAR 1      1.72                      3.51  -1.79     1.73
  SINCE JAN 1      5.07                      8.77  -3.70     8.12

SNOWFALL (IN)
  YESTERDAY       MM            MM      MM  MM     MM       MM
  MONTH TO DATE   MM                        MM     MM       MM
  SINCE MAR 1     MM                        MM     MM       MM
  SINCE JUL 1     MM                        MM     MM       MM
  SNOW DEPTH      MM

DEGREE DAYS
 HEATING
  YESTERDAY       38                        27     11       25
  MONTH TO DATE 1064                       923    141     1118
  SINCE MAR 1   1064                       923    141     1118
  SINCE JUL 1   6499                      6046    453     6545

 COOLING
  YESTERDAY        0                         0      0        0
  MONTH TO DATE    0                         0      0        0
  SINCE MAR 1      0                         0      0        0
  SINCE JAN 1      0                         0      0        0
..................................................................


WIND (MPH)
  HIGHEST WIND SPEED    20   HIGHEST WIND DIRECTION    NW (330)
  HIGHEST GUST SPEED    28   HIGHEST GUST DIRECTION    NW (330)
  AVERAGE WIND SPEED    10.5


SKY COVER
  POSSIBLE SUNSHINE  MM
  AVERAGE SKY COVER 0.1


WEATHER CONDITIONS
 THE FOLLOWING WEATHER WAS RECORDED YESTERDAY.
  NO SIGNIFICANT WEATHER WAS OBSERVED.


RELATIVE HUMIDITY (PERCENT)
 HIGHEST    73           700 AM
 LOWEST     21           400 PM
 AVERAGE    47

..........................................................


THE MOUNT POCONO PA CLIMATE NORMALS FOR TODAY
                         NORMAL    RECORD    YEAR
 MAXIMUM TEMPERATURE (F)   48        81      1910
 MINIMUM TEMPERATURE (F)   30         7      1970


SUNRISE AND SUNSET
MARCH 30 2015.........SUNRISE   649 AM EDT   SUNSET   724 PM EDT
MARCH 31 2015.........SUNRISE   647 AM EDT   SUNSET   725 PM EDT


-  INDICATES NEGATIVE NUMBERS.
R  INDICATES RECORD WAS SET OR TIED.
MM INDICATES DATA IS MISSING.
T  INDICATES TRACE AMOUNT.




$$
