000
CDUS41 KPHI 242130
CLIMPO


CLIMATE REPORT
NATIONAL WEATHER SERVICE MOUNT HOLLY NJ
530 PM EDT SUN MAY 24 2015


...................................

...THE MOUNT POCONO PA CLIMATE SUMMARY FOR MAY 24 2015...
VALID TODAY AS OF 0500 PM LOCAL TIME.

CLIMATE NORMAL PERIOD 1981 TO 2010
CLIMATE RECORD PERIOD 1901 TO 2015


WEATHER ITEM   OBSERVED TIME   RECORD YEAR NORMAL DEPARTURE LAST
                VALUE   (LST)  VALUE       VALUE  FROM      YEAR
                                                  NORMAL
..................................................................
TEMPERATURE (F)
 TODAY
  MAXIMUM         75    335 PM  84    1992  67      8       66
  MINIMUM         43    508 AM  26    1905  47     -4       48
  AVERAGE         59                        57      2       57

PRECIPITATION (IN)
  TODAY            0.00          1.69 1979   0.18  -0.18     0.04
  MONTH TO DATE    0.55                      3.20  -2.65     4.29
  SINCE MAR 1      5.78                     11.05  -5.27    12.35
  SINCE JAN 1      9.13                     16.31  -7.18    18.74

SNOWFALL (IN)
  TODAY           MM            MM      MM  MM     MM       MM
  MONTH TO DATE   MM                        MM     MM       MM
  SINCE MAR 1     MM                        MM     MM       MM
  SINCE JUL 1     MM                        MM     MM       MM
  SNOW DEPTH      MM

DEGREE DAYS
 HEATING
  TODAY            6                         8     -2        8
  MONTH TO DATE  168                       269   -101      218
  SINCE MAR 1   1859                      1840     19     1992
  SINCE JUL 1   7294                      6963    331     7419

 COOLING
  TODAY            0                         1     -1        0
  MONTH TO DATE   23                         6     17        3
  SINCE MAR 1     23                        10     13        3
  SINCE JAN 1     23                        10     13        3
..................................................................


WIND (MPH)
  HIGHEST WIND SPEED    18   HIGHEST WIND DIRECTION     W (270)
  HIGHEST GUST SPEED    23   HIGHEST GUST DIRECTION     W (270)
  AVERAGE WIND SPEED     9.1


SKY COVER
  POSSIBLE SUNSHINE  MM
  AVERAGE SKY COVER 0.0


WEATHER CONDITIONS
 THE FOLLOWING WEATHER WAS RECORDED TODAY.
  NO SIGNIFICANT WEATHER WAS OBSERVED.


RELATIVE HUMIDITY (PERCENT)
 HIGHEST    70           500 AM
 LOWEST     19           200 PM
 AVERAGE    45

..........................................................


THE MOUNT POCONO PA CLIMATE NORMALS FOR TOMORROW
                         NORMAL    RECORD    YEAR
 MAXIMUM TEMPERATURE (F)   67        85      2007
 MINIMUM TEMPERATURE (F)   48        25      1956


SUNRISE AND SUNSET
MAY 24 2015...........SUNRISE   536 AM EDT   SUNSET   821 PM EDT
MAY 25 2015...........SUNRISE   535 AM EDT   SUNSET   822 PM EDT


-  INDICATES NEGATIVE NUMBERS.
R  INDICATES RECORD WAS SET OR TIED.
MM INDICATES DATA IS MISSING.
T  INDICATES TRACE AMOUNT.




$$
