000
CDUS41 KPHI 270627
CLIMPO


CLIMATE REPORT
NATIONAL WEATHER SERVICE MOUNT HOLLY NJ
227 AM EDT WED AUG 27 2014


...................................

...THE MOUNT POCONO PA CLIMATE SUMMARY FOR AUGUST 26 2014...

CLIMATE NORMAL PERIOD 1981 TO 2010
CLIMATE RECORD PERIOD 1901 TO 2014


WEATHER ITEM   OBSERVED TIME   RECORD YEAR NORMAL DEPARTURE LAST
                VALUE   (LST)  VALUE       VALUE  FROM      YEAR
                                                  NORMAL
..................................................................
TEMPERATURE (F)
 YESTERDAY
  MAXIMUM         80    229 PM  93    1948  75      5       78
  MINIMUM         53    535 AM  39    1977  56     -3       61
  AVERAGE         67                        65      2       70

PRECIPITATION (IN)
  YESTERDAY        0.00          2.30 1928   0.14  -0.14     0.29
  MONTH TO DATE    2.47                      3.96  -1.49     4.67
  SINCE JUN 1      9.61                     12.98  -3.37    20.67
  SINCE JAN 1     28.37                     30.48  -2.11    34.68

SNOWFALL (IN)
  YESTERDAY       MM            MM      MM  MM     MM       MM
  MONTH TO DATE   MM                        MM     MM       MM
  SINCE JUN 1     MM                        MM     MM       MM
  SINCE JUL 1     MM                        MM     MM       MM
  SNOW DEPTH      MM

DEGREE DAYS
 HEATING
  YESTERDAY        0                         2     -2        0
  MONTH TO DATE   39                        29     10       53
  SINCE JUN 1    118                       151    -33      140
  SINCE JUL 1     63                        51     12       64

 COOLING
  YESTERDAY        2                         2      0        5
  MONTH TO DATE   29                        88    -59       47
  SINCE JUN 1    197                       271    -74      354
  SINCE JAN 1    204                       290    -86      386
..................................................................


WIND (MPH)
  HIGHEST WIND SPEED    12   HIGHEST WIND DIRECTION     S (200)
  HIGHEST GUST SPEED    15   HIGHEST GUST DIRECTION     S (190)
  AVERAGE WIND SPEED     4.4


SKY COVER
  POSSIBLE SUNSHINE  MM
  AVERAGE SKY COVER 0.1


WEATHER CONDITIONS
 THE FOLLOWING WEATHER WAS RECORDED YESTERDAY.
  NO SIGNIFICANT WEATHER WAS OBSERVED.


RELATIVE HUMIDITY (PERCENT)
 HIGHEST    93           100 AM
 LOWEST     48          1200 PM
 AVERAGE    71

..........................................................


THE MOUNT POCONO PA CLIMATE NORMALS FOR TODAY
                         NORMAL    RECORD    YEAR
 MAXIMUM TEMPERATURE (F)   75        92      1948
 MINIMUM TEMPERATURE (F)   56        34      1910


SUNRISE AND SUNSET
AUGUST 27 2014........SUNRISE   623 AM EDT   SUNSET   742 PM EDT
AUGUST 28 2014........SUNRISE   624 AM EDT   SUNSET   741 PM EDT


-  INDICATES NEGATIVE NUMBERS.
R  INDICATES RECORD WAS SET OR TIED.
MM INDICATES DATA IS MISSING.
T  INDICATES TRACE AMOUNT.




$$
