000
CDUS41 KBTV 060600
CLIMPV


CLIMATE REPORT
NATIONAL WEATHER SERVICE BURLINGTON VT
158 AM EDT MON JUL 6 2015


...................................

...THE MONTPELIER VT CLIMATE SUMMARY FOR JULY 5 2015...

CLIMATE NORMAL PERIOD 1981 TO 2010
CLIMATE RECORD PERIOD 1948 TO 2015


WEATHER ITEM   OBSERVED TIME   RECORD YEAR NORMAL DEPARTURE LAST
                VALUE   (LST)  VALUE       VALUE  FROM      YEAR
                                                  NORMAL
..................................................................
TEMPERATURE (F)
 YESTERDAY
  MAXIMUM         76    415 PM  90    2010  78     -2       77
  MINIMUM         51    400 AM  42    1979  55     -4       56
  AVERAGE         64                        67     -3       67

PRECIPITATION (IN)
  YESTERDAY        0.00          1.04        0.12  -0.12     0.00
  MONTH TO DATE    0.62                      0.57   0.05     0.57
  SINCE JUN 1      9.67                      4.37   5.30     4.59
  SINCE JAN 1     20.37                     17.28   3.09    17.19

DEGREE DAYS
 HEATING
  YESTERDAY        1                         2     -1        0
  MONTH TO DATE   19                        10      9        2
  SINCE JUN 1    181                       131     50      102
  SINCE JUL 1     19                        10      9        2

 COOLING
  YESTERDAY        0                         3     -3        2
  MONTH TO DATE    1                        15    -14       37
  SINCE JUN 1     13                        68    -55       67
  SINCE JAN 1     47                        78    -31       68
..................................................................


WIND (MPH)
  HIGHEST WIND SPEED    13   HIGHEST WIND DIRECTION     N (350)
  HIGHEST GUST SPEED    16   HIGHEST GUST DIRECTION     N (350)
  AVERAGE WIND SPEED     3.5


SKY COVER
  AVERAGE SKY COVER 0.4


WEATHER CONDITIONS
 THE FOLLOWING WEATHER WAS RECORDED YESTERDAY.
  FOG
  FOG W/VISIBILITY <= 1/4 MILE


RELATIVE HUMIDITY (PERCENT)
 HIGHEST   100           100 AM
 LOWEST     54           100 PM
 AVERAGE    77

..........................................................


THE MONTPELIER VT CLIMATE NORMALS FOR TODAY
                         NORMAL    RECORD    YEAR
 MAXIMUM TEMPERATURE (F)   78        91      2010
                                             1993
 MINIMUM TEMPERATURE (F)   55        38      1962


SUNRISE AND SUNSET
JULY  6 2015..........SUNRISE   513 AM EDT   SUNSET   836 PM EDT
JULY  7 2015..........SUNRISE   514 AM EDT   SUNSET   836 PM EDT


-  INDICATES NEGATIVE NUMBERS.
R  INDICATES RECORD WAS SET OR TIED.
MM INDICATES DATA IS MISSING.
T  INDICATES TRACE AMOUNT.




$$
