000
CDUS41 KBTV 220526
CLIMPV


CLIMATE REPORT
NATIONAL WEATHER SERVICE BURLINGTON VT
124 AM EDT MON MAY 22 2017


...................................

...THE MONTPELIER VT CLIMATE SUMMARY FOR MAY 21 2017...

CLIMATE NORMAL PERIOD 1981 TO 2010
CLIMATE RECORD PERIOD 1948 TO 2017


WEATHER ITEM   OBSERVED TIME   RECORD YEAR NORMAL DEPARTURE LAST
                VALUE   (LST)  VALUE       VALUE  FROM      YEAR
                                                  NORMAL
..................................................................
TEMPERATURE (F)
 YESTERDAY
  MAXIMUM         68    345 PM  86    2009  67      1       73
                                      1977
  MINIMUM         33    405 AM  26    1964  44    -11       39
  AVERAGE         51                        55     -4       56

PRECIPITATION (IN)
  YESTERDAY        0.01          1.84        0.10  -0.09     0.00
  MONTH TO DATE    3.36                      2.20   1.16     2.07
  SINCE MAR 1      9.17                      7.25   1.92     6.84
  SINCE JAN 1     13.09                     11.74   1.35    12.01

DEGREE DAYS
 HEATING
  YESTERDAY       14                        10      4        9
  MONTH TO DATE  306                       271     35      330
  SINCE MAR 1   2141                      2067     74     2091
  SINCE JUL 1   7362                      7975   -613     7245

 COOLING
  YESTERDAY        0                         0      0        0
  MONTH TO DATE   14                         0     14        0
  SINCE MAR 1     17                         1     16        0
  SINCE JAN 1     17                         1     16        0
..................................................................


WIND (MPH)
  HIGHEST WIND SPEED    14   HIGHEST WIND DIRECTION     S (170)
  HIGHEST GUST SPEED    20   HIGHEST GUST DIRECTION     S (170)
  AVERAGE WIND SPEED     5.4


SKY COVER
  AVERAGE SKY COVER 0.3


WEATHER CONDITIONS
 THE FOLLOWING WEATHER WAS RECORDED YESTERDAY.
  LIGHT RAIN


RELATIVE HUMIDITY (PERCENT)
 HIGHEST   100           300 AM
 LOWEST     29           400 PM
 AVERAGE    65

..........................................................


THE MONTPELIER VT CLIMATE NORMALS FOR TODAY
                         NORMAL    RECORD    YEAR
 MAXIMUM TEMPERATURE (F)   68        90      1994
 MINIMUM TEMPERATURE (F)   44        29      2002


SUNRISE AND SUNSET
MAY 22 2017...........SUNRISE   517 AM EDT   SUNSET   818 PM EDT
MAY 23 2017...........SUNRISE   516 AM EDT   SUNSET   819 PM EDT


-  INDICATES NEGATIVE NUMBERS.
R  INDICATES RECORD WAS SET OR TIED.
MM INDICATES DATA IS MISSING.
T  INDICATES TRACE AMOUNT.




$$
