000
CDUS41 KBTV 240526
CLIMPV


CLIMATE REPORT
NATIONAL WEATHER SERVICE BURLINGTON VT
123 AM EDT THU AUG 24 2017


...................................

...THE MONTPELIER VT CLIMATE SUMMARY FOR AUGUST 23 2017...

CLIMATE NORMAL PERIOD 1981 TO 2010
CLIMATE RECORD PERIOD 1948 TO 2017


WEATHER ITEM   OBSERVED TIME   RECORD YEAR NORMAL DEPARTURE LAST
                VALUE   (LST)  VALUE       VALUE  FROM      YEAR
                                                  NORMAL
..................................................................
TEMPERATURE (F)
 YESTERDAY
  MAXIMUM         72    358 PM  84    1972  76     -4       74
  MINIMUM         53   1159 PM  37    1988  53      0       46
  AVERAGE         63                        64     -1       60

PRECIPITATION (IN)
  YESTERDAY        0.00          1.94        0.11  -0.11     0.00
  MONTH TO DATE    3.07                      3.19  -0.12     5.28
  SINCE JUN 1     16.39                     11.07   5.32    12.06
  SINCE JAN 1     31.59                     23.98   7.61    24.34

DEGREE DAYS
 HEATING
  YESTERDAY        2                         3     -1        5
  MONTH TO DATE   30                        43    -13       18
  SINCE JUN 1    222                       204     18      182
  SINCE JUL 1     76                        83     -7       50

 COOLING
  YESTERDAY        0                         2     -2        0
  MONTH TO DATE   46                        62    -16       86
  SINCE JUN 1    179                       220    -41      221
  SINCE JAN 1    196                       230    -34      250
..................................................................


WIND (MPH)
  HIGHEST WIND SPEED    16   HIGHEST WIND DIRECTION     W (290)
  HIGHEST GUST SPEED    26   HIGHEST GUST DIRECTION     W (280)
  AVERAGE WIND SPEED     7.1


SKY COVER
  AVERAGE SKY COVER 0.5


WEATHER CONDITIONS
 THE FOLLOWING WEATHER WAS RECORDED YESTERDAY.
  NO SIGNIFICANT WEATHER WAS OBSERVED.


RELATIVE HUMIDITY (PERCENT)
 HIGHEST    93           100 AM
 LOWEST     49           300 PM
 AVERAGE    71

..........................................................


THE MONTPELIER VT CLIMATE NORMALS FOR TODAY
                         NORMAL    RECORD    YEAR
 MAXIMUM TEMPERATURE (F)   76        86      1950
 MINIMUM TEMPERATURE (F)   53        40      1987


SUNRISE AND SUNSET
AUGUST 24 2017........SUNRISE   604 AM EDT   SUNSET   740 PM EDT
AUGUST 25 2017........SUNRISE   605 AM EDT   SUNSET   738 PM EDT


-  INDICATES NEGATIVE NUMBERS.
R  INDICATES RECORD WAS SET OR TIED.
MM INDICATES DATA IS MISSING.
T  INDICATES TRACE AMOUNT.




$$
