000
CDUS41 KBTV 190531
CLIMPV


CLIMATE REPORT
NATIONAL WEATHER SERVICE BURLINGTON VT
130 AM EDT FRI SEP 19 2014


...................................

...THE MONTPELIER VT CLIMATE SUMMARY FOR SEPTEMBER 18 2014...

CLIMATE NORMAL PERIOD 1981 TO 2010
CLIMATE RECORD PERIOD 1948 TO 2014


WEATHER ITEM   OBSERVED TIME   RECORD YEAR NORMAL DEPARTURE LAST
                VALUE   (LST)  VALUE       VALUE  FROM      YEAR
                                                  NORMAL
..................................................................
TEMPERATURE (F)
 YESTERDAY
  MAXIMUM         55    110 PM  85    1955  68    -13       70
  MINIMUM         34   1147 PM  29    1950  45    -11       36
  AVERAGE         45                        57    -12       53

PRECIPITATION (IN)
  YESTERDAY        T             1.73        0.11  -0.11     0.01
  MONTH TO DATE    1.47                      1.72  -0.25     3.62
  SINCE SEP 1      1.47                      1.72  -0.25     3.62
  SINCE JAN 1     26.56                     26.52   0.04    28.91

DEGREE DAYS
 HEATING
  YESTERDAY       20                         9     11       12
  MONTH TO DATE  165                       110     55      157
  SINCE SEP 1    165                       110     55      157
  SINCE JUL 1    278                       218     60      250

 COOLING
  YESTERDAY        0                         0      0        0
  MONTH TO DATE   20                        16      4       29
  SINCE SEP 1     20                        16      4       29
  SINCE JAN 1    186                       260    -74      323
..................................................................


WIND (MPH)
  HIGHEST WIND SPEED    15   HIGHEST WIND DIRECTION     N (360)
  HIGHEST GUST SPEED    20   HIGHEST GUST DIRECTION    NW (310)
  AVERAGE WIND SPEED     3.8


SKY COVER
  AVERAGE SKY COVER 0.7


WEATHER CONDITIONS
 THE FOLLOWING WEATHER WAS RECORDED YESTERDAY.
  FOG


RELATIVE HUMIDITY (PERCENT)
 HIGHEST   100           100 AM
 LOWEST     61           500 PM
 AVERAGE    81

..........................................................


THE MONTPELIER VT CLIMATE NORMALS FOR TODAY
                         NORMAL    RECORD    YEAR
 MAXIMUM TEMPERATURE (F)   67        87      1955
 MINIMUM TEMPERATURE (F)   45        29      1959


SUNRISE AND SUNSET
SEPTEMBER 19 2014.....SUNRISE   634 AM EDT   SUNSET   653 PM EDT
SEPTEMBER 20 2014.....SUNRISE   635 AM EDT   SUNSET   651 PM EDT


-  INDICATES NEGATIVE NUMBERS.
R  INDICATES RECORD WAS SET OR TIED.
MM INDICATES DATA IS MISSING.
T  INDICATES TRACE AMOUNT.




$$
