000
CDUS41 KBTV 260529
CLIMPV


CLIMATE REPORT
NATIONAL WEATHER SERVICE BURLINGTON VT
1225 AM EST SUN FEB 26 2017


...................................

...THE MONTPELIER VT CLIMATE SUMMARY FOR FEBRUARY 25 2017...

CLIMATE NORMAL PERIOD 1981 TO 2010
CLIMATE RECORD PERIOD 1948 TO 2017


WEATHER ITEM   OBSERVED TIME   RECORD YEAR NORMAL DEPARTURE LAST
                VALUE   (LST)  VALUE       VALUE  FROM      YEAR
                                                  NORMAL
..................................................................
TEMPERATURE (F)
 YESTERDAY
  MAXIMUM         61R   336 PM  59    1985  33     28       49
  MINIMUM         34   1159 PM  -9    1964  12     22       28
  AVERAGE         48                        22     26       39

PRECIPITATION (IN)
  YESTERDAY        0.55          1.31        0.07   0.48     1.28
  MONTH TO DATE    2.12                      1.82   0.30     3.83
  SINCE DEC 1      6.48                      7.01  -0.53     8.78
  SINCE JAN 1      3.89                      4.27  -0.38     5.09

DEGREE DAYS
 HEATING
  YESTERDAY       17                        43    -26       26
  MONTH TO DATE  992                      1136   -144     1065
  SINCE DEC 1   3539                      3935   -396     3369
  SINCE JUL 1   5128                      5781   -653     5012

 COOLING
  YESTERDAY        0                         0      0        0
  MONTH TO DATE    0                         0      0        0
  SINCE DEC 1      0                         0      0        0
  SINCE JAN 1      0                         0      0        0
..................................................................


WIND (MPH)
  HIGHEST WIND SPEED    33   HIGHEST WIND DIRECTION    NW (300)
  HIGHEST GUST SPEED    46   HIGHEST GUST DIRECTION    SE (150)
  AVERAGE WIND SPEED    10.4


SKY COVER
  AVERAGE SKY COVER 0.8


WEATHER CONDITIONS
 THE FOLLOWING WEATHER WAS RECORDED YESTERDAY.
  HEAVY RAIN
  RAIN
  LIGHT RAIN
  FOG
  FOG W/VISIBILITY <= 1/4 MILE


RELATIVE HUMIDITY (PERCENT)
 HIGHEST   100          1200 AM
 LOWEST     67           500 PM
 AVERAGE    84

..........................................................


THE MONTPELIER VT CLIMATE NORMALS FOR TODAY
                         NORMAL    RECORD    YEAR
 MAXIMUM TEMPERATURE (F)   33        58      1957
 MINIMUM TEMPERATURE (F)   12       -18      2003


SUNRISE AND SUNSET
FEBRUARY 26 2017......SUNRISE   632 AM EST   SUNSET   535 PM EST
FEBRUARY 27 2017......SUNRISE   630 AM EST   SUNSET   536 PM EST


-  INDICATES NEGATIVE NUMBERS.
R  INDICATES RECORD WAS SET OR TIED.
MM INDICATES DATA IS MISSING.
T  INDICATES TRACE AMOUNT.




$$
