000
CDUS41 KBTV 250527
CLIMPV


CLIMATE REPORT
NATIONAL WEATHER SERVICE BURLINGTON VT
125 AM EDT THU AUG 25 2016


...................................

...THE MONTPELIER VT CLIMATE SUMMARY FOR AUGUST 24 2016...

CLIMATE NORMAL PERIOD 1981 TO 2010
CLIMATE RECORD PERIOD 1948 TO 2016


WEATHER ITEM   OBSERVED TIME   RECORD YEAR NORMAL DEPARTURE LAST
                VALUE   (LST)  VALUE       VALUE  FROM      YEAR
                                                  NORMAL
..................................................................
TEMPERATURE (F)
 YESTERDAY
  MAXIMUM         83    322 PM  86    1950  76      7       82
  MINIMUM         53    534 AM  40    1987  53      0       64
  AVERAGE         68                        64      4       73

PRECIPITATION (IN)
  YESTERDAY        0.00          1.53        0.11  -0.11      T
  MONTH TO DATE    5.28                      3.30   1.98     1.60
  SINCE JUN 1     12.06                     11.18   0.88    15.02
  SINCE JAN 1     24.34                     24.09   0.25    25.72

DEGREE DAYS
 HEATING
  YESTERDAY        0                         3     -3        0
  MONTH TO DATE   18                        46    -28       14
  SINCE JUN 1    182                       207    -25      227
  SINCE JUL 1     50                        86    -36       65

 COOLING
  YESTERDAY        3                         2      1        8
  MONTH TO DATE   89                        64     25       82
  SINCE JUN 1    224                       222      2      193
  SINCE JAN 1    253                       232     21      227
..................................................................


WIND (MPH)
  HIGHEST WIND SPEED    12   HIGHEST WIND DIRECTION    SW (210)
  HIGHEST GUST SPEED    15   HIGHEST GUST DIRECTION     S (200)
  AVERAGE WIND SPEED     3.4


SKY COVER
  AVERAGE SKY COVER 0.0


WEATHER CONDITIONS
 THE FOLLOWING WEATHER WAS RECORDED YESTERDAY.
  NO SIGNIFICANT WEATHER WAS OBSERVED.


RELATIVE HUMIDITY (PERCENT)
 HIGHEST   100           600 AM
 LOWEST     37           300 PM
 AVERAGE    69

..........................................................


THE MONTPELIER VT CLIMATE NORMALS FOR TODAY
                         NORMAL    RECORD    YEAR
 MAXIMUM TEMPERATURE (F)   76        92      1948
 MINIMUM TEMPERATURE (F)   53        36      1987


SUNRISE AND SUNSET
AUGUST 25 2016........SUNRISE   606 AM EDT   SUNSET   738 PM EDT
AUGUST 26 2016........SUNRISE   607 AM EDT   SUNSET   736 PM EDT


-  INDICATES NEGATIVE NUMBERS.
R  INDICATES RECORD WAS SET OR TIED.
MM INDICATES DATA IS MISSING.
T  INDICATES TRACE AMOUNT.




$$
