000
CDUS41 KBTV 290529
CLIMPV


CLIMATE REPORT
NATIONAL WEATHER SERVICE BURLINGTON VT
126 AM EDT FRI JUL 29 2016


...................................

...THE MONTPELIER VT CLIMATE SUMMARY FOR JULY 28 2016...

CLIMATE NORMAL PERIOD 1981 TO 2010
CLIMATE RECORD PERIOD 1948 TO 2016


WEATHER ITEM   OBSERVED TIME   RECORD YEAR NORMAL DEPARTURE LAST
                VALUE   (LST)  VALUE       VALUE  FROM      YEAR
                                                  NORMAL
..................................................................
TEMPERATURE (F)
 YESTERDAY
  MAXIMUM         82   1153 AM  92    1949  78      4       84
  MINIMUM         61    531 AM  39    2001  56      5       61
  AVERAGE         72                        67      5       73

PRECIPITATION (IN)
  YESTERDAY        0.06          1.87        0.15  -0.09     0.12
  MONTH TO DATE    4.10                      3.63   0.47     3.50
  SINCE JUN 1      6.78                      7.43  -0.65    12.55
  SINCE JAN 1     19.06                     20.34  -1.28    23.25

DEGREE DAYS
 HEATING
  YESTERDAY        0                         1     -1        0
  MONTH TO DATE   29                        34     -5       51
  SINCE JUN 1    161                       155      6      213
  SINCE JUL 1     29                        34     -5       51

 COOLING
  YESTERDAY        7                         3      4        8
  MONTH TO DATE   99                        88     11       81
  SINCE JUN 1    131                       141    -10       93
  SINCE JAN 1    160                       151      9      127
..................................................................


WIND (MPH)
  HIGHEST WIND SPEED    10   HIGHEST WIND DIRECTION    NW (310)
  HIGHEST GUST SPEED    15   HIGHEST GUST DIRECTION     N (350)
  AVERAGE WIND SPEED     2.0


SKY COVER
  AVERAGE SKY COVER 0.2


WEATHER CONDITIONS
 THE FOLLOWING WEATHER WAS RECORDED YESTERDAY.
  THUNDERSTORM
  LIGHT RAIN
  FOG
  FOG W/VISIBILITY <= 1/4 MILE


RELATIVE HUMIDITY (PERCENT)
 HIGHEST   100           300 AM
 LOWEST     58          1000 AM
 AVERAGE    79

..........................................................


THE MONTPELIER VT CLIMATE NORMALS FOR TODAY
                         NORMAL    RECORD    YEAR
 MAXIMUM TEMPERATURE (F)   78        92      1949
 MINIMUM TEMPERATURE (F)   56        41      1987


SUNRISE AND SUNSET
JULY 29 2016..........SUNRISE   535 AM EDT   SUNSET   818 PM EDT
JULY 30 2016..........SUNRISE   536 AM EDT   SUNSET   816 PM EDT


-  INDICATES NEGATIVE NUMBERS.
R  INDICATES RECORD WAS SET OR TIED.
MM INDICATES DATA IS MISSING.
T  INDICATES TRACE AMOUNT.




$$
