000
CDUS41 KBTV 280553
CLIMPV


CLIMATE REPORT
NATIONAL WEATHER SERVICE BURLINGTON VT
146 AM EDT SAT MAR 28 2015


...................................

...THE MONTPELIER VT CLIMATE SUMMARY FOR MARCH 27 2015...

CLIMATE NORMAL PERIOD 1981 TO 2010
CLIMATE RECORD PERIOD 1948 TO 2015


WEATHER ITEM   OBSERVED TIME   RECORD YEAR NORMAL DEPARTURE LAST
                VALUE   (LST)  VALUE       VALUE  FROM      YEAR
                                                  NORMAL
..................................................................
TEMPERATURE (F)
 YESTERDAY
  MAXIMUM         37   1044 AM  69    1993  43     -6       33
  MINIMUM         28   1159 PM   2    1990  24      4        3
  AVERAGE         33                        33      0       18

PRECIPITATION (IN)
  YESTERDAY        0.01          0.76        0.08  -0.07     0.00
  MONTH TO DATE    0.76                      2.06  -1.30     1.77
  SINCE MAR 1      0.76                      2.06  -1.30     1.77
  SINCE JAN 1      3.63                      6.55  -2.92     6.08

DEGREE DAYS
 HEATING
  YESTERDAY       32                        32      0       47
  MONTH TO DATE 1163                       996    167     1327
  SINCE MAR 1   1163                       996    167     1327
  SINCE JUL 1   7501                      6904    597     7492

 COOLING
  YESTERDAY        0                         0      0        0
  MONTH TO DATE    0                         0      0        0
  SINCE MAR 1      0                         0      0        0
  SINCE JAN 1      0                         0      0        0
..................................................................


WIND (MPH)
  HIGHEST WIND SPEED    13   HIGHEST WIND DIRECTION    NW (300)
  HIGHEST GUST SPEED    16   HIGHEST GUST DIRECTION    NW (300)
  AVERAGE WIND SPEED     3.7


SKY COVER
  AVERAGE SKY COVER 1.0


WEATHER CONDITIONS
 THE FOLLOWING WEATHER WAS RECORDED YESTERDAY.
  LIGHT SNOW
  FOG
  FOG W/VISIBILITY <= 1/4 MILE


RELATIVE HUMIDITY (PERCENT)
 HIGHEST   100           100 AM
 LOWEST     75           100 PM
 AVERAGE    88

..........................................................


THE MONTPELIER VT CLIMATE NORMALS FOR TODAY
                         NORMAL    RECORD    YEAR
 MAXIMUM TEMPERATURE (F)   44        72      1998
 MINIMUM TEMPERATURE (F)   24         3      1974


SUNRISE AND SUNSET
MARCH 28 2015.........SUNRISE   639 AM EDT   SUNSET   712 PM EDT
MARCH 29 2015.........SUNRISE   638 AM EDT   SUNSET   713 PM EDT


-  INDICATES NEGATIVE NUMBERS.
R  INDICATES RECORD WAS SET OR TIED.
MM INDICATES DATA IS MISSING.
T  INDICATES TRACE AMOUNT.




$$
