000
CDUS41 KBTV 010524
CLIMPV


CLIMATE REPORT
NATIONAL WEATHER SERVICE BURLINGTON VT
123 AM EDT SAT OCT 1 2016


...................................

...THE MONTPELIER VT CLIMATE SUMMARY FOR SEPTEMBER 30 2016...

CLIMATE NORMAL PERIOD 1981 TO 2010
CLIMATE RECORD PERIOD 1948 TO 2016


WEATHER ITEM   OBSERVED TIME   RECORD YEAR NORMAL DEPARTURE LAST
                VALUE   (LST)  VALUE       VALUE  FROM      YEAR
                                                  NORMAL
..................................................................
TEMPERATURE (F)
 YESTERDAY
  MAXIMUM         60    343 PM  79    1948  63     -3       60
  MINIMUM         40    542 AM  25    1951  41     -1       45
  AVERAGE         50                        52     -2       53

PRECIPITATION (IN)
  YESTERDAY        0.00          1.91        0.11  -0.11     1.65
  MONTH TO DATE    1.78                      3.12  -1.34     5.29
  SINCE SEP 1      1.78                      3.12  -1.34     5.29
  SINCE JAN 1     26.34                     27.92  -1.58    31.23

DEGREE DAYS
 HEATING
  YESTERDAY       15                        14      1       12
  MONTH TO DATE  162                       247    -85      132
  SINCE SEP 1    162                       247    -85      132
  SINCE JUL 1    216                       355   -139      209

 COOLING
  YESTERDAY        0                         0      0        0
  MONTH TO DATE   28                        19      9       49
  SINCE SEP 1     28                        19      9       49
  SINCE JAN 1    300                       263     37      290
..................................................................


WIND (MPH)
  HIGHEST WIND SPEED     8   HIGHEST WIND DIRECTION     E (80)
  HIGHEST GUST SPEED    11   HIGHEST GUST DIRECTION    NE (60)
  AVERAGE WIND SPEED     2.3


SKY COVER
  AVERAGE SKY COVER 0.0


WEATHER CONDITIONS
 THE FOLLOWING WEATHER WAS RECORDED YESTERDAY.
  FOG


RELATIVE HUMIDITY (PERCENT)
 HIGHEST   100           700 AM
 LOWEST     51           300 PM
 AVERAGE    76

..........................................................


THE MONTPELIER VT CLIMATE NORMALS FOR TODAY
                         NORMAL    RECORD    YEAR
 MAXIMUM TEMPERATURE (F)   62        79      2002
                                             1950
 MINIMUM TEMPERATURE (F)   40        24      1993


SUNRISE AND SUNSET
OCTOBER  1 2016.......SUNRISE   649 AM EDT   SUNSET   630 PM EDT
OCTOBER  2 2016.......SUNRISE   650 AM EDT   SUNSET   628 PM EDT


-  INDICATES NEGATIVE NUMBERS.
R  INDICATES RECORD WAS SET OR TIED.
MM INDICATES DATA IS MISSING.
T  INDICATES TRACE AMOUNT.




$$
