000
CDUS41 KBTV 020530
CLIMPV


CLIMATE REPORT
NATIONAL WEATHER SERVICE BURLINGTON VT
127 AM EDT MON MAY 2 2016


...................................

...THE MONTPELIER VT CLIMATE SUMMARY FOR MAY 1 2016...

CLIMATE NORMAL PERIOD 1981 TO 2010
CLIMATE RECORD PERIOD 1948 TO 2016


WEATHER ITEM   OBSERVED TIME   RECORD YEAR NORMAL DEPARTURE LAST
                VALUE   (LST)  VALUE       VALUE  FROM      YEAR
                                                  NORMAL
..................................................................
TEMPERATURE (F)
 YESTERDAY
  MAXIMUM         51    942 AM  86    1970  61    -10       59
  MINIMUM         38    525 AM  24    2008  37      1       41
  AVERAGE         45                        49     -4       50

PRECIPITATION (IN)
  YESTERDAY        0.36          1.09        0.10   0.26     0.00
  MONTH TO DATE    0.36                      0.10   0.26     0.00
  SINCE MAR 1      5.13                      5.15  -0.02     2.90
  SINCE JAN 1     10.30                      9.64   0.66     5.77

DEGREE DAYS
 HEATING
  YESTERDAY       20                        16      4       15
  MONTH TO DATE   20                        16      4       15
  SINCE MAR 1   1781                      1812    -31     2089
  SINCE JUL 1   6935                      7720   -785     8427

 COOLING
  YESTERDAY        0                         0      0        0
  MONTH TO DATE    0                         0      0        0
  SINCE MAR 1      0                         1     -1        0
  SINCE JAN 1      0                         1     -1        0
..................................................................


WIND (MPH)
  HIGHEST WIND SPEED    15   HIGHEST WIND DIRECTION     S (170)
  HIGHEST GUST SPEED    19   HIGHEST GUST DIRECTION     S (180)
  AVERAGE WIND SPEED     5.0


SKY COVER
  AVERAGE SKY COVER 0.8


WEATHER CONDITIONS
 THE FOLLOWING WEATHER WAS RECORDED YESTERDAY.
  RAIN
  LIGHT RAIN
  FOG


RELATIVE HUMIDITY (PERCENT)
 HIGHEST    93           200 PM
 LOWEST     54          1200 AM
 AVERAGE    74

..........................................................


THE MONTPELIER VT CLIMATE NORMALS FOR TODAY
                         NORMAL    RECORD    YEAR
 MAXIMUM TEMPERATURE (F)   61        85      2001
 MINIMUM TEMPERATURE (F)   37        25      1956


SUNRISE AND SUNSET
MAY  2 2016...........SUNRISE   539 AM EDT   SUNSET   756 PM EDT
MAY  3 2016...........SUNRISE   538 AM EDT   SUNSET   757 PM EDT


-  INDICATES NEGATIVE NUMBERS.
R  INDICATES RECORD WAS SET OR TIED.
MM INDICATES DATA IS MISSING.
T  INDICATES TRACE AMOUNT.




$$
