000
CDUS41 KBTV 010535
CLIMPV


CLIMATE REPORT
NATIONAL WEATHER SERVICE BURLINGTON VT
135 AM EDT WED JUN 1 2016


...................................

...THE MONTPELIER VT CLIMATE SUMMARY FOR MAY 31 2016...

CLIMATE NORMAL PERIOD 1981 TO 2010
CLIMATE RECORD PERIOD 1948 TO 2016


WEATHER ITEM   OBSERVED TIME   RECORD YEAR NORMAL DEPARTURE LAST
                VALUE   (LST)  VALUE       VALUE  FROM      YEAR
                                                  NORMAL
..................................................................
TEMPERATURE (F)
 YESTERDAY
  MAXIMUM         78    419 PM  87    2013  70      8       68
  MINIMUM         57   1136 PM  26    1961  47     10       45
  AVERAGE         68                        58     10       57

PRECIPITATION (IN)
  YESTERDAY        0.00          0.99        0.12  -0.12     0.57
  MONTH TO DATE    2.34                      3.37  -1.03     4.93
  SINCE MAR 1      7.11                      8.42  -1.31     7.83
  SINCE JAN 1     12.28                     12.91  -0.63    10.70

DEGREE DAYS
 HEATING
  YESTERDAY        0                         7     -7        8
  MONTH TO DATE  347                       356     -9      212
  SINCE MAR 1   2108                      2152    -44     2286
  SINCE JUL 1   7262                      8060   -798     8624

 COOLING
  YESTERDAY        3                         1      2        0
  MONTH TO DATE   29                         9     20       34
  SINCE MAR 1     29                        10     19       34
  SINCE JAN 1     29                        10     19       34
..................................................................


WIND (MPH)
  HIGHEST WIND SPEED    21   HIGHEST WIND DIRECTION    NW (300)
  HIGHEST GUST SPEED    30   HIGHEST GUST DIRECTION    NW (300)
  AVERAGE WIND SPEED     7.3


SKY COVER
  AVERAGE SKY COVER 0.1


WEATHER CONDITIONS
 THE FOLLOWING WEATHER WAS RECORDED YESTERDAY.
  NO SIGNIFICANT WEATHER WAS OBSERVED.


RELATIVE HUMIDITY (PERCENT)
 HIGHEST    80           300 AM
 LOWEST     32           400 PM
 AVERAGE    56

..........................................................


THE MONTPELIER VT CLIMATE NORMALS FOR TODAY
                         NORMAL    RECORD    YEAR
 MAXIMUM TEMPERATURE (F)   70        88      2013
 MINIMUM TEMPERATURE (F)   47        32      2001
                                             1967


SUNRISE AND SUNSET
JUNE  1 2016..........SUNRISE   510 AM EDT   SUNSET   827 PM EDT
JUNE  2 2016..........SUNRISE   509 AM EDT   SUNSET   828 PM EDT


-  INDICATES NEGATIVE NUMBERS.
R  INDICATES RECORD WAS SET OR TIED.
MM INDICATES DATA IS MISSING.
T  INDICATES TRACE AMOUNT.




$$
