000
CDUS41 KBTV 180600
CLIMPV


CLIMATE REPORT
NATIONAL WEATHER SERVICE BURLINGTON VT
156 AM EDT WED OCT 18 2017


...................................

...THE MONTPELIER VT CLIMATE SUMMARY FOR OCTOBER 17 2017...

CLIMATE NORMAL PERIOD 1981 TO 2010
CLIMATE RECORD PERIOD 1948 TO 2017


WEATHER ITEM   OBSERVED TIME   RECORD YEAR NORMAL DEPARTURE LAST
                VALUE   (LST)  VALUE       VALUE  FROM      YEAR
                                                  NORMAL
..................................................................
TEMPERATURE (F)
 YESTERDAY
  MAXIMUM         55    225 PM  78    1968  56     -1       66
  MINIMUM         28    631 AM  20    2009  35     -7       47
                                      1978
  AVERAGE         42                        45     -3       57

PRECIPITATION (IN)
  YESTERDAY        0.00          1.69        0.10  -0.10      T
  MONTH TO DATE    1.02                      1.98  -0.96     0.17
  SINCE SEP 1      3.51                      5.10  -1.59     1.95
  SINCE JAN 1     35.13                     29.90   5.23    26.51

DEGREE DAYS
 HEATING
  YESTERDAY       23                        20      3        8
  MONTH TO DATE  180                       290   -110      230
  SINCE SEP 1    338                       537   -199      392
  SINCE JUL 1    484                       645   -161      446

 COOLING
  YESTERDAY        0                         0      0        0
  MONTH TO DATE    0                         0      0        0
  SINCE SEP 1     47                        19     28       28
  SINCE JAN 1    243                       263    -20      300
..................................................................


WIND (MPH)
  HIGHEST WIND SPEED    16   HIGHEST WIND DIRECTION    SE (150)
  HIGHEST GUST SPEED    24   HIGHEST GUST DIRECTION    SW (210)
  AVERAGE WIND SPEED     5.3


SKY COVER
  AVERAGE SKY COVER 0.1


WEATHER CONDITIONS
 THE FOLLOWING WEATHER WAS RECORDED YESTERDAY.
  NO SIGNIFICANT WEATHER WAS OBSERVED.


RELATIVE HUMIDITY (PERCENT)
 HIGHEST   100           500 AM
 LOWEST     35           200 PM
 AVERAGE    68

..........................................................


THE MONTPELIER VT CLIMATE NORMALS FOR TODAY
                         NORMAL    RECORD    YEAR
 MAXIMUM TEMPERATURE (F)   55        78      1968
 MINIMUM TEMPERATURE (F)   35        19      2015


SUNRISE AND SUNSET
OCTOBER 18 2017.......SUNRISE   709 AM EDT   SUNSET   601 PM EDT
OCTOBER 19 2017.......SUNRISE   710 AM EDT   SUNSET   559 PM EDT


-  INDICATES NEGATIVE NUMBERS.
R  INDICATES RECORD WAS SET OR TIED.
MM INDICATES DATA IS MISSING.
T  INDICATES TRACE AMOUNT.




$$
