000
CDUS41 KBTV 210625
CLIMPV


CLIMATE REPORT
NATIONAL WEATHER SERVICE BURLINGTON VT
123 AM EST FRI NOV 21 2014


...................................

...THE MONTPELIER VT CLIMATE SUMMARY FOR NOVEMBER 20 2014...

CLIMATE NORMAL PERIOD 1981 TO 2010
CLIMATE RECORD PERIOD 1948 TO 2014


WEATHER ITEM   OBSERVED TIME   RECORD YEAR NORMAL DEPARTURE LAST
                VALUE   (LST)  VALUE       VALUE  FROM      YEAR
                                                  NORMAL
..................................................................
TEMPERATURE (F)
 YESTERDAY
  MAXIMUM         31    123 PM  72    1991  42    -11       33
  MINIMUM         19    427 AM   7    1986  26     -7       17
  AVERAGE         25                        34     -9       25

PRECIPITATION (IN)
  YESTERDAY        T             1.37        0.11  -0.11      T
  MONTH TO DATE    1.07                      2.14  -1.07     1.45
  SINCE SEP 1      7.00                      8.70  -1.70     8.57
  SINCE JAN 1     32.09                     33.50  -1.41    33.86

DEGREE DAYS
 HEATING
  YESTERDAY       40                        31      9       40
  MONTH TO DATE  606                       554     52      586
  SINCE SEP 1   1375                      1402    -27     1428
  SINCE JUL 1   1488                      1510    -22     1521

 COOLING
  YESTERDAY        0                         0      0        0
  MONTH TO DATE    0                         0      0        0
  SINCE SEP 1     22                        20      2       29
  SINCE JAN 1    188                       264    -76      323
..................................................................


WIND (MPH)
  HIGHEST WIND SPEED    21   HIGHEST WIND DIRECTION    SW (220)
  HIGHEST GUST SPEED    32   HIGHEST GUST DIRECTION     S (190)
  AVERAGE WIND SPEED     8.2


SKY COVER
  AVERAGE SKY COVER 0.8


WEATHER CONDITIONS
 THE FOLLOWING WEATHER WAS RECORDED YESTERDAY.
  HEAVY SNOW
  SNOW
  LIGHT SNOW
  HAZE


RELATIVE HUMIDITY (PERCENT)
 HIGHEST    77           600 AM
 LOWEST     42           500 PM
 AVERAGE    60

..........................................................


THE MONTPELIER VT CLIMATE NORMALS FOR TODAY
                         NORMAL    RECORD    YEAR
 MAXIMUM TEMPERATURE (F)   42        64      1953
 MINIMUM TEMPERATURE (F)   25         3      1987


SUNRISE AND SUNSET
NOVEMBER 21 2014......SUNRISE   653 AM EST   SUNSET   418 PM EST
NOVEMBER 22 2014......SUNRISE   655 AM EST   SUNSET   418 PM EST


-  INDICATES NEGATIVE NUMBERS.
R  INDICATES RECORD WAS SET OR TIED.
MM INDICATES DATA IS MISSING.
T  INDICATES TRACE AMOUNT.




$$
