000
CDUS41 KBTV 030524
CLIMPV


CLIMATE REPORT
NATIONAL WEATHER SERVICE BURLINGTON VT
123 AM EDT WED JUN 3 2015


...................................

...THE MONTPELIER VT CLIMATE SUMMARY FOR JUNE 2 2015...

CLIMATE NORMAL PERIOD 1981 TO 2010
CLIMATE RECORD PERIOD 1948 TO 2015


WEATHER ITEM   OBSERVED TIME   RECORD YEAR NORMAL DEPARTURE LAST
                VALUE   (LST)  VALUE       VALUE  FROM      YEAR
                                                  NORMAL
..................................................................
TEMPERATURE (F)
 YESTERDAY
  MAXIMUM         55    448 PM  84    2013  71    -16       82
                                      1970
  MINIMUM         42   1159 PM  33    1998  47     -5       44
  AVERAGE         49                        59    -10       63

PRECIPITATION (IN)
  YESTERDAY        0.01          1.08        0.12  -0.11     0.00
  MONTH TO DATE    1.72                      0.25   1.47     0.00
  SINCE JUN 1      1.72                      0.25   1.47     0.00
  SINCE JAN 1     12.42                     13.16  -0.74    12.60

DEGREE DAYS
 HEATING
  YESTERDAY       16                         7      9        2
  MONTH TO DATE   33                        14     19       10
  SINCE JUN 1     33                        14     19       10
  SINCE JUL 1   8657                      8074    583     8673

 COOLING
  YESTERDAY        0                         1     -1        0
  MONTH TO DATE    0                         2     -2        0
  SINCE JUN 1      0                         2     -2        0
  SINCE JAN 1     34                        12     22        1
..................................................................


WIND (MPH)
  HIGHEST WIND SPEED    10   HIGHEST WIND DIRECTION    NW (310)
  HIGHEST GUST SPEED    14   HIGHEST GUST DIRECTION    NW (310)
  AVERAGE WIND SPEED     4.3


SKY COVER
  AVERAGE SKY COVER 1.0


WEATHER CONDITIONS
 THE FOLLOWING WEATHER WAS RECORDED YESTERDAY.
  LIGHT RAIN
  FOG


RELATIVE HUMIDITY (PERCENT)
 HIGHEST    93           800 AM
 LOWEST     71           100 PM
 AVERAGE    82

..........................................................


THE MONTPELIER VT CLIMATE NORMALS FOR TODAY
                         NORMAL    RECORD    YEAR
 MAXIMUM TEMPERATURE (F)   71        84      2014
                                             1949
 MINIMUM TEMPERATURE (F)   48        30      1965


SUNRISE AND SUNSET
JUNE  3 2015..........SUNRISE   509 AM EDT   SUNSET   828 PM EDT
JUNE  4 2015..........SUNRISE   508 AM EDT   SUNSET   829 PM EDT


-  INDICATES NEGATIVE NUMBERS.
R  INDICATES RECORD WAS SET OR TIED.
MM INDICATES DATA IS MISSING.
T  INDICATES TRACE AMOUNT.




$$
