000
CDUS43 KMPX 300637
CLIMPX


CLIMATE REPORT
NATIONAL WEATHER SERVICE CHANHASSEN MN
137 AM CDT SAT AUG 30 2014


...................................

...THE CHANHASSEN MN CLIMATE SUMMARY FOR AUGUST 29 2014...

CLIMATE NORMAL PERIOD 1981 TO 2010
CLIMATE RECORD PERIOD 1995 TO 2014


WEATHER ITEM   OBSERVED NORMAL DEPARTURE LAST
                VALUE   VALUE  FROM      YEAR
                               NORMAL
...............................................
TEMPERATURE (F)
 YESTERDAY
  MAXIMUM         77     77      0       91
  MINIMUM         65     58      7       73
  AVERAGE         71     68      3       82

PRECIPITATION (IN)
  YESTERDAY        0.74   0.13   0.61     0.00
  MONTH TO DATE    2.14   3.86  -1.72     1.65
  SINCE JUN 1     15.89  11.47   4.42    12.62
  SINCE JAN 1     31.79  21.72  10.07    28.12

SNOWFALL (IN)
  YESTERDAY        0.0    0.0    0.0      0.0
  MONTH TO DATE    0.0    0.0    0.0      0.0
  SINCE JUN 1      0.0    0.0    0.0      0.0
  SINCE JUL 1      0.0    0.0    0.0      0.0
  SNOW DEPTH       0

DEGREE DAYS
 HEATING
  YESTERDAY        0      1     -1        0
  MONTH TO DATE    3      6     -3        5
  SINCE JUN 1     49     63    -14       83
  SINCE JUL 1     16     14      2       21

 COOLING
  YESTERDAY        6      4      2       17
  MONTH TO DATE  177    162     15      186
  SINCE JUN 1    431    514    -83      537
  SINCE JAN 1    468    547    -79      560
...............................................







THE CHANHASSEN MN CLIMATE NORMALS FOR TODAY
                         NORMAL
 MAXIMUM TEMPERATURE (F)   77
 MINIMUM TEMPERATURE (F)   58



-  INDICATES NEGATIVE NUMBERS.
R  INDICATES RECORD WAS SET OR TIED.
MM INDICATES DATA IS MISSING.
T  INDICATES TRACE AMOUNT.




$$
