000
CDUS43 KMPX 020645
CLIMPX


CLIMATE REPORT
NATIONAL WEATHER SERVICE CHANHASSEN MN
144 AM CDT SAT AUG 2 2014


...................................

...THE CHANHASSEN MN CLIMATE SUMMARY FOR AUGUST 1 2014...

CLIMATE NORMAL PERIOD 1981 TO 2010
CLIMATE RECORD PERIOD 1995 TO 2014


WEATHER ITEM   OBSERVED NORMAL DEPARTURE LAST
                VALUE   VALUE  FROM      YEAR
                               NORMAL
...............................................
TEMPERATURE (F)
 YESTERDAY
  MAXIMUM         82     82      0       80
  MINIMUM         58     62     -4       53
  AVERAGE         70     72     -2       67

PRECIPITATION (IN)
  YESTERDAY        0.00   0.11  -0.11     0.00
  MONTH TO DATE    0.00   0.11  -0.11     0.00
  SINCE JUN 1     13.75   7.72   6.03    10.97
  SINCE JAN 1     29.65  17.97  11.68    26.47

SNOWFALL (IN)
  YESTERDAY        0.0    0.0    0.0      0.0
  MONTH TO DATE    0.0    0.0    0.0      0.0
  SINCE JUN 1      0.0    0.0    0.0      0.0
  SINCE JUL 1      0.0    0.0    0.0      0.0
  SNOW DEPTH       0

DEGREE DAYS
 HEATING
  YESTERDAY        0      0      0        0
  MONTH TO DATE    0      0      0        0
  SINCE JUN 1     46     57    -11       78
  SINCE JUL 1     13      8      5       16

 COOLING
  YESTERDAY        5      7     -2        2
  MONTH TO DATE    5      7     -2        2
  SINCE JUN 1    259    359   -100      353
  SINCE JAN 1    296    392    -96      376
...............................................







THE CHANHASSEN MN CLIMATE NORMALS FOR TODAY
                         NORMAL
 MAXIMUM TEMPERATURE (F)   82
 MINIMUM TEMPERATURE (F)   62



-  INDICATES NEGATIVE NUMBERS.
R  INDICATES RECORD WAS SET OR TIED.
MM INDICATES DATA IS MISSING.
T  INDICATES TRACE AMOUNT.




$$
