000
CDUS43 KMPX 130729
CLIMPX


CLIMATE REPORT
NATIONAL WEATHER SERVICE CHANHASSEN MN
228 AM CDT SUN JUL 13 2014


...................................

...THE CHANHASSEN MN CLIMATE SUMMARY FOR JULY 12 2014...

CLIMATE NORMAL PERIOD 1981 TO 2010
CLIMATE RECORD PERIOD 1995 TO 2014


WEATHER ITEM   OBSERVED NORMAL DEPARTURE LAST
                VALUE   VALUE  FROM      YEAR
                               NORMAL
...............................................
TEMPERATURE (F)
 YESTERDAY
  MAXIMUM         74     82     -8       86
  MINIMUM         64     62      2       68
  AVERAGE         69     72     -3       77

PRECIPITATION (IN)
  YESTERDAY        0.31   0.12   0.19     0.00
  MONTH TO DATE    2.77   1.45   1.32     0.81
  SINCE JUN 1     13.19   5.47   7.72     7.09
  SINCE JAN 1     29.09  15.72  13.37    22.59

SNOWFALL (IN)
  YESTERDAY        0.0    0.0    0.0      0.0
  MONTH TO DATE    0.0    0.0    0.0      0.0
  SINCE JUN 1      0.0    0.0    0.0      0.0
  SINCE JUL 1      0.0    0.0    0.0      0.0
  SNOW DEPTH       0

DEGREE DAYS
 HEATING
  YESTERDAY        0      0      0        0
  MONTH TO DATE    4      0      4        0
  SINCE JUN 1     37     49    -12       62
  SINCE JUL 1      4      0      4        0

 COOLING
  YESTERDAY        4      8     -4       12
  MONTH TO DATE   50     86    -36      116
  SINCE JUN 1    162    213    -51      228
  SINCE JAN 1    199    246    -47      251
...............................................







THE CHANHASSEN MN CLIMATE NORMALS FOR TODAY
                         NORMAL
 MAXIMUM TEMPERATURE (F)   82
 MINIMUM TEMPERATURE (F)   62



-  INDICATES NEGATIVE NUMBERS.
R  INDICATES RECORD WAS SET OR TIED.
MM INDICATES DATA IS MISSING.
T  INDICATES TRACE AMOUNT.




$$
