392
CDUS41 KLWX 220524
CLIMRB


CLIMATE REPORT
NATIONAL WEATHER SERVICE BALTIMORE MD/WASHINGTON DC
124 AM EDT FRI SEP 22 2017


...................................

...THE MARTINSBURG WV CLIMATE SUMMARY FOR SEPTEMBER 21 2017...

CLIMATE NORMAL PERIOD 1981 TO 2010
CLIMATE RECORD PERIOD 1926 TO 2017


WEATHER ITEM   OBSERVED TIME   RECORD YEAR NORMAL DEPARTURE LAST
                VALUE   (LST)  VALUE       VALUE  FROM      YEAR
                                                  NORMAL
..................................................................
TEMPERATURE (F)
 YESTERDAY
  MAXIMUM         87    244 PM  94    1965  75     12       86
  MINIMUM         56    631 AM  29    1956  52      4       59
  AVERAGE         72                        63      9       73

PRECIPITATION (IN)
  YESTERDAY        0.00          2.31 1979   0.12  -0.12     0.00
  MONTH TO DATE    1.46                      2.51  -1.05     1.02
  SINCE SEP 1      1.46                      2.51  -1.05     1.02
  SINCE JAN 1     28.40                     28.75  -0.35    17.87

DEGREE DAYS
 HEATING
  YESTERDAY        0                         4     -4        0
  MONTH TO DATE   45                        39      6        0
  SINCE SEP 1     45                        39      6        0
  SINCE JUL 1     47                        46      1        0

 COOLING
  YESTERDAY        7                         2      5        8
  MONTH TO DATE   70                        81    -11      184
  SINCE SEP 1     70                        81    -11      184
  SINCE JAN 1    966                       873     93     1256
..................................................................


WIND (MPH)
  HIGHEST WIND SPEED    12   HIGHEST WIND DIRECTION     N (20)
  HIGHEST GUST SPEED    19   HIGHEST GUST DIRECTION    NW (330)
  AVERAGE WIND SPEED     1.8


SKY COVER
  POSSIBLE SUNSHINE  MM
  AVERAGE SKY COVER 0.0


WEATHER CONDITIONS
 THE FOLLOWING WEATHER WAS RECORDED YESTERDAY.
  FOG


RELATIVE HUMIDITY (PERCENT)
 HIGHEST   100           600 AM
 LOWEST     40           400 PM
 AVERAGE    70

..........................................................


THE MARTINSBURG WV CLIMATE NORMALS FOR TODAY
                         NORMAL    RECORD    YEAR
 MAXIMUM TEMPERATURE (F)   74        97      1931
 MINIMUM TEMPERATURE (F)   51        32      1962


SUNRISE AND SUNSET
SEPTEMBER 22 2017.....SUNRISE   700 AM EDT   SUNSET   709 PM EDT
SEPTEMBER 23 2017.....SUNRISE   701 AM EDT   SUNSET   707 PM EDT


-  INDICATES NEGATIVE NUMBERS.
R  INDICATES RECORD WAS SET OR TIED.
MM INDICATES DATA IS MISSING.
T  INDICATES TRACE AMOUNT.




$$
