000
CDUS41 KLWX 040522
CLIMRB


CLIMATE REPORT
NATIONAL WEATHER SERVICE BALTIMORE MD/WASHINGTON DC
1222 AM EST SUN DEC 4 2016


...................................

...THE MARTINSBURG WV CLIMATE SUMMARY FOR DECEMBER 3 2016...

CLIMATE NORMAL PERIOD 1981 TO 2010
CLIMATE RECORD PERIOD 1926 TO 2016


WEATHER ITEM   OBSERVED TIME   RECORD YEAR NORMAL DEPARTURE LAST
                VALUE   (LST)  VALUE       VALUE  FROM      YEAR
                                                  NORMAL
..................................................................
TEMPERATURE (F)
 YESTERDAY
  MAXIMUM         46    106 PM  75    1998  47     -1       48
  MINIMUM         38   1155 PM  10    1976  29      9       37
  AVERAGE         42                        38      4       43

PRECIPITATION (IN)
  YESTERDAY        0.00          0.92 1967   0.11  -0.11     0.00
  MONTH TO DATE    0.01                      0.32  -0.31     0.61
  SINCE DEC 1      0.01                      0.32  -0.31     0.61
  SINCE JAN 1     23.25                     36.31 -13.06    27.35

DEGREE DAYS
 HEATING
  YESTERDAY       23                        27     -4       22
  MONTH TO DATE   60                        80    -20       66
  SINCE DEC 1     60                        80    -20       66
  SINCE JUL 1    864                      1150   -286      924

 COOLING
  YESTERDAY        0                         0      0        0
  MONTH TO DATE    0                         0      0        0
  SINCE DEC 1      0                         0      0        0
  SINCE JAN 1   1296                       895    401     1113
..................................................................


WIND (MPH)
  HIGHEST WIND SPEED    21   HIGHEST WIND DIRECTION     W (280)
  HIGHEST GUST SPEED    27   HIGHEST GUST DIRECTION     W (280)
  AVERAGE WIND SPEED    11.6


SKY COVER
  POSSIBLE SUNSHINE  MM
  AVERAGE SKY COVER 1.0


WEATHER CONDITIONS
 THE FOLLOWING WEATHER WAS RECORDED YESTERDAY.
  NO SIGNIFICANT WEATHER WAS OBSERVED.


RELATIVE HUMIDITY (PERCENT)
 HIGHEST    59           500 AM
 LOWEST     53           100 AM
 AVERAGE    56

..........................................................


THE MARTINSBURG WV CLIMATE NORMALS FOR TODAY
                         NORMAL    RECORD    YEAR
 MAXIMUM TEMPERATURE (F)   46        77      1982
 MINIMUM TEMPERATURE (F)   29        10      2002
                                             1966


SUNRISE AND SUNSET
DECEMBER  4 2016......SUNRISE   716 AM EST   SUNSET   448 PM EST
DECEMBER  5 2016......SUNRISE   717 AM EST   SUNSET   448 PM EST


-  INDICATES NEGATIVE NUMBERS.
R  INDICATES RECORD WAS SET OR TIED.
MM INDICATES DATA IS MISSING.
T  INDICATES TRACE AMOUNT.




$$
