000
CDUS41 KLWX 232137
CLIMRB


CLIMATE REPORT
NATIONAL WEATHER SERVICE BALTIMORE MD/WASHINGTON DC
436 PM EST TUE JAN 23 2018


...................................

...THE MARTINSBURG WV CLIMATE SUMMARY FOR JANUARY 23 2018...
VALID TODAY AS OF 0400 PM LOCAL TIME.

CLIMATE NORMAL PERIOD 1981 TO 2010
CLIMATE RECORD PERIOD 1926 TO 2018


WEATHER ITEM   OBSERVED TIME   NORMAL DEPARTURE LAST
                VALUE   (LST)  VALUE  FROM      YEAR
                                      NORMAL
......................................................
TEMPERATURE (F)
 TODAY
  MAXIMUM         58   1049 AM  40     18       49
  MINIMUM         49    758 AM  22     27       34
  AVERAGE         54            31     23       42

PRECIPITATION (IN)
  TODAY            0.98          0.08   0.90     1.27
  MONTH TO DATE    2.56          1.78   0.78     3.43
  SINCE DEC 1      3.52          4.49  -0.97     5.22
  SINCE JAN 1      2.56          1.78   0.78     3.43

DEGREE DAYS
 HEATING
  TODAY           11            34    -23       23
  MONTH TO DATE  807           782     25      635
  SINCE DEC 1   1754          1738     16     1515
  SINCE JUL 1   2640          2808   -168     2319

 COOLING
  TODAY            0             0      0        0
  MONTH TO DATE    0             0      0        0
  SINCE DEC 1      0             0      0        0
  SINCE JAN 1      0             0      0        0
......................................................


WIND (MPH)
  HIGHEST WIND SPEED    38   HIGHEST WIND DIRECTION     W (270)
  HIGHEST GUST SPEED    54   HIGHEST GUST DIRECTION     W (290)
  AVERAGE WIND SPEED    15.0


SKY COVER
  POSSIBLE SUNSHINE  MM
  AVERAGE SKY COVER 0.6


WEATHER CONDITIONS
 THE FOLLOWING WEATHER WAS RECORDED TODAY.
  HEAVY RAIN
  RAIN
  LIGHT RAIN
  FOG


RELATIVE HUMIDITY (PERCENT)
 HIGHEST    93           500 AM
 LOWEST     38           400 PM
 AVERAGE    66

..........................................................


THE MARTINSBURG WV CLIMATE NORMALS FOR TOMORROW
                         NORMAL    RECORD    YEAR
 MAXIMUM TEMPERATURE (F)   40        74      1967
 MINIMUM TEMPERATURE (F)   22        -4      1963


SUNRISE AND SUNSET
JANUARY 23 2018.......SUNRISE   726 AM EST   SUNSET   522 PM EST
JANUARY 24 2018.......SUNRISE   725 AM EST   SUNSET   523 PM EST


-  INDICATES NEGATIVE NUMBERS.
R  INDICATES RECORD WAS SET OR TIED.
MM INDICATES DATA IS MISSING.
T  INDICATES TRACE AMOUNT.




$$
