992
CDUS41 KLWX 290526
CLIMRB


CLIMATE REPORT
NATIONAL WEATHER SERVICE BALTIMORE MD/WASHINGTON DC
125 AM EDT MON AUG 29 2016


...................................

...THE MARTINSBURG WV CLIMATE SUMMARY FOR AUGUST 28 2016...

CLIMATE NORMAL PERIOD 1981 TO 2010
CLIMATE RECORD PERIOD 1926 TO 2016


WEATHER ITEM   OBSERVED TIME   RECORD YEAR NORMAL DEPARTURE LAST
                VALUE   (LST)  VALUE       VALUE  FROM      YEAR
                                                  NORMAL
..................................................................
TEMPERATURE (F)
 YESTERDAY
  MAXIMUM         88    339 PM  99    1993  83      5       83
  MINIMUM         65    556 AM  45    1968  60      5       53
  AVERAGE         77                        71      6       68

PRECIPITATION (IN)
  YESTERDAY        0.00          1.29 2008   0.10  -0.10     0.00
  MONTH TO DATE    2.19                      2.79  -0.60     1.36
  SINCE JUN 1      5.26                     10.22  -4.96     8.01
  SINCE JAN 1     16.85                     25.95  -9.10    18.95

DEGREE DAYS
 HEATING
  YESTERDAY        0                         0      0        0
  MONTH TO DATE    0                         0      0        0
  SINCE JUN 1      5                        25    -20       15
  SINCE JUL 1      0                         1     -1        0

 COOLING
  YESTERDAY       12                         7      5        3
  MONTH TO DATE  344                       230    114      224
  SINCE JUN 1    963                       716    247      789
  SINCE JAN 1   1036                       773    263      937
..................................................................


WIND (MPH)
  HIGHEST WIND SPEED    12   HIGHEST WIND DIRECTION     S (160)
  HIGHEST GUST SPEED    15   HIGHEST GUST DIRECTION     S (170)
  AVERAGE WIND SPEED     3.0


SKY COVER
  POSSIBLE SUNSHINE  MM
  AVERAGE SKY COVER 0.0


WEATHER CONDITIONS
 THE FOLLOWING WEATHER WAS RECORDED YESTERDAY.
  FOG


RELATIVE HUMIDITY (PERCENT)
 HIGHEST   100           600 AM
 LOWEST     43           400 PM
 AVERAGE    72

..........................................................


THE MARTINSBURG WV CLIMATE NORMALS FOR TODAY
                         NORMAL    RECORD    YEAR
 MAXIMUM TEMPERATURE (F)   82        99      1973
 MINIMUM TEMPERATURE (F)   60        40      1982


SUNRISE AND SUNSET
AUGUST 29 2016........SUNRISE   638 AM EDT   SUNSET   747 PM EDT
AUGUST 30 2016........SUNRISE   639 AM EDT   SUNSET   745 PM EDT


-  INDICATES NEGATIVE NUMBERS.
R  INDICATES RECORD WAS SET OR TIED.
MM INDICATES DATA IS MISSING.
T  INDICATES TRACE AMOUNT.




$$
