813
CDUS41 KLWX 280527
CLIMRB


CLIMATE REPORT
NATIONAL WEATHER SERVICE BALTIMORE MD/WASHINGTON DC
125 AM EDT SAT MAY 28 2016


...................................

...THE MARTINSBURG WV CLIMATE SUMMARY FOR MAY 27 2016...

CLIMATE NORMAL PERIOD 1981 TO 2010
CLIMATE RECORD PERIOD 1926 TO 2016


WEATHER ITEM   OBSERVED TIME   RECORD YEAR NORMAL DEPARTURE LAST
                VALUE   (LST)  VALUE       VALUE  FROM      YEAR
                                                  NORMAL
..................................................................
TEMPERATURE (F)
 YESTERDAY
  MAXIMUM         88    412 PM  95    1941  76     12       82
  MINIMUM         65    442 AM  37    1958  53     12       65
  AVERAGE         77                        64     13       74

PRECIPITATION (IN)
  YESTERDAY        T             1.47 1968   0.13  -0.13     0.28
  MONTH TO DATE    4.48                      3.57   0.91     2.23
  SINCE MAR 1      7.32                     10.43  -3.11     7.85
  SINCE JAN 1     11.41                     15.21  -3.80    10.14

DEGREE DAYS
 HEATING
  YESTERDAY        0                         3     -3        0
  MONTH TO DATE  182                       158     24       65
  SINCE MAR 1   1058                      1259   -201     1092
  SINCE JUL 1   4473                      5215   -742     5015

 COOLING
  YESTERDAY       12                         3      9        9
  MONTH TO DATE   26                        40    -14      104
  SINCE MAR 1     38                        49    -11      105
  SINCE JAN 1     38                        49    -11      105
..................................................................


WIND (MPH)
  HIGHEST WIND SPEED    14   HIGHEST WIND DIRECTION    SW (230)
  HIGHEST GUST SPEED    19   HIGHEST GUST DIRECTION    SW (210)
  AVERAGE WIND SPEED     4.5


SKY COVER
  POSSIBLE SUNSHINE  MM
  AVERAGE SKY COVER 0.3


WEATHER CONDITIONS
 THE FOLLOWING WEATHER WAS RECORDED YESTERDAY.
  NO SIGNIFICANT WEATHER WAS OBSERVED.


RELATIVE HUMIDITY (PERCENT)
 HIGHEST    93           500 AM
 LOWEST     46           200 PM
 AVERAGE    70

..........................................................


THE MARTINSBURG WV CLIMATE NORMALS FOR TODAY
                         NORMAL    RECORD    YEAR
 MAXIMUM TEMPERATURE (F)   76        96      1941
 MINIMUM TEMPERATURE (F)   53        36      1994


SUNRISE AND SUNSET
MAY 28 2016...........SUNRISE   549 AM EDT   SUNSET   830 PM EDT
MAY 29 2016...........SUNRISE   548 AM EDT   SUNSET   831 PM EDT


-  INDICATES NEGATIVE NUMBERS.
R  INDICATES RECORD WAS SET OR TIED.
MM INDICATES DATA IS MISSING.
T  INDICATES TRACE AMOUNT.




$$
