000
CDUS41 KLWX 300523
CLIMRB


CLIMATE REPORT
NATIONAL WEATHER SERVICE BALTIMORE MD/WASHINGTON DC
123 AM EDT TUE MAY 30 2017


...................................

...THE MARTINSBURG WV CLIMATE SUMMARY FOR MAY 29 2017...

CLIMATE NORMAL PERIOD 1981 TO 2010
CLIMATE RECORD PERIOD 1926 TO 2017


WEATHER ITEM   OBSERVED TIME   RECORD YEAR NORMAL DEPARTURE LAST
                VALUE   (LST)  VALUE       VALUE  FROM      YEAR
                                                  NORMAL
..................................................................
TEMPERATURE (F)
 YESTERDAY
  MAXIMUM         80    501 PM  98    1941  76      4       84
  MINIMUM         63   1056 PM  38    1936  54      9       59
  AVERAGE         72                        65      7       72

PRECIPITATION (IN)
  YESTERDAY        0.01          1.31 1948   0.13  -0.12     0.10
  MONTH TO DATE    7.11                      3.83   3.28     4.58
  SINCE MAR 1     12.61                     10.69   1.92     7.42
  SINCE JAN 1     16.99                     15.47   1.52    11.51

DEGREE DAYS
 HEATING
  YESTERDAY        0                         3     -3        0
  MONTH TO DATE  164                       164      0      182
  SINCE MAR 1   1048                      1265   -217     1058
  SINCE JUL 1   4126                      5221  -1095     4473

 COOLING
  YESTERDAY        7                         3      4        7
  MONTH TO DATE   45                        46     -1       44
  SINCE MAR 1    100                        55     45       56
  SINCE JAN 1    100                        55     45       56
..................................................................


WIND (MPH)
  HIGHEST WIND SPEED    16   HIGHEST WIND DIRECTION     W (260)
  HIGHEST GUST SPEED    21   HIGHEST GUST DIRECTION     W (280)
  AVERAGE WIND SPEED     4.4


SKY COVER
  POSSIBLE SUNSHINE  MM
  AVERAGE SKY COVER 0.4


WEATHER CONDITIONS
 THE FOLLOWING WEATHER WAS RECORDED YESTERDAY.
  LIGHT RAIN
  FOG


RELATIVE HUMIDITY (PERCENT)
 HIGHEST   100           500 AM
 LOWEST     42           200 PM
 AVERAGE    71

..........................................................


THE MARTINSBURG WV CLIMATE NORMALS FOR TODAY
                         NORMAL    RECORD    YEAR
 MAXIMUM TEMPERATURE (F)   77        96      1941
 MINIMUM TEMPERATURE (F)   54        37      1996


SUNRISE AND SUNSET
MAY 30 2017...........SUNRISE   548 AM EDT   SUNSET   832 PM EDT
MAY 31 2017...........SUNRISE   547 AM EDT   SUNSET   832 PM EDT


-  INDICATES NEGATIVE NUMBERS.
R  INDICATES RECORD WAS SET OR TIED.
MM INDICATES DATA IS MISSING.
T  INDICATES TRACE AMOUNT.




$$
