000
CDUS41 KLWX 280525
CLIMRB


CLIMATE REPORT
NATIONAL WEATHER SERVICE BALTIMORE MD/WASHINGTON DC
1224 AM EST SAT FEB 28 2015


...................................

...THE MARTINSBURG WV CLIMATE SUMMARY FOR FEBRUARY 27 2015...

CLIMATE NORMAL PERIOD 1981 TO 2010
CLIMATE RECORD PERIOD 1926 TO 2015


WEATHER ITEM   OBSERVED TIME   RECORD YEAR NORMAL DEPARTURE LAST
                VALUE   (LST)  VALUE       VALUE  FROM      YEAR
                                                  NORMAL
..................................................................
TEMPERATURE (F)
 YESTERDAY
  MAXIMUM         33    316 PM  75    1932  47    -14       35
  MINIMUM         18   1153 PM   5    1934  27     -9       11
  AVERAGE         26                        36    -10       23

PRECIPITATION (IN)
  YESTERDAY        0.00          1.11 1958   0.09  -0.09     0.00
  MONTH TO DATE    0.23                      2.25  -2.02     2.71
  SINCE DEC 1      5.06                      7.40  -2.34     8.65
  SINCE JAN 1      2.29                      4.69  -2.40     3.75

DEGREE DAYS
 HEATING
  YESTERDAY       39                        29     10       42
  MONTH TO DATE 1042                       846    196      879
  SINCE DEC 1   2921                      2859     62     2955
  SINCE JUL 1   3880                      3929    -49     4046

 COOLING
  YESTERDAY        0                         0      0        0
  MONTH TO DATE    0                         0      0        0
  SINCE DEC 1      0                         0      0        0
  SINCE JAN 1      0                         0      0        0
..................................................................


WIND (MPH)
  HIGHEST WIND SPEED    18   HIGHEST WIND DIRECTION    NW (300)
  HIGHEST GUST SPEED    24   HIGHEST GUST DIRECTION    NW (300)
  AVERAGE WIND SPEED     8.0


SKY COVER
  POSSIBLE SUNSHINE  MM
  AVERAGE SKY COVER 0.2


WEATHER CONDITIONS
 THE FOLLOWING WEATHER WAS RECORDED YESTERDAY.
  HAZE


RELATIVE HUMIDITY (PERCENT)
 HIGHEST    81           200 AM
 LOWEST     32           500 PM
 AVERAGE    57

..........................................................


THE MARTINSBURG WV CLIMATE NORMALS FOR TODAY
                         NORMAL    RECORD    YEAR
 MAXIMUM TEMPERATURE (F)   47        75      1948
 MINIMUM TEMPERATURE (F)   27       -10      1934


SUNRISE AND SUNSET
FEBRUARY 28 2015......SUNRISE   647 AM EST   SUNSET   603 PM EST
MARCH  1 2015.........SUNRISE   645 AM EST   SUNSET   604 PM EST


-  INDICATES NEGATIVE NUMBERS.
R  INDICATES RECORD WAS SET OR TIED.
MM INDICATES DATA IS MISSING.
T  INDICATES TRACE AMOUNT.




$$
