000
CDUS44 KHUN 232120
CLIMSL


CLIMATE REPORT
NATIONAL WEATHER SERVICE HUNTSVILLE AL
420 PM CDT MON OCT 23 2017


...................................

...THE MUSCLE SHOALS CLIMATE SUMMARY FOR OCTOBER 23 2017...
VALID TODAY AS OF 0400 PM LOCAL TIME.

CLIMATE NORMAL PERIOD 1981 TO 2010
CLIMATE RECORD PERIOD 1893 TO 2017


WEATHER ITEM   OBSERVED TIME   RECORD YEAR NORMAL DEPARTURE LAST
                VALUE   (LST)  VALUE       VALUE  FROM      YEAR
                                                  NORMAL
..................................................................
TEMPERATURE (F)
 TODAY
  MAXIMUM         66    247 PM  89    1939  72     -6       79
                                      1903
  MINIMUM         57    938 AM  28    1916  47     10       37
  AVERAGE         62                        60      2       58

PRECIPITATION (IN)
  TODAY            1.07          2.07 1935   0.12   0.95     0.00
  MONTH TO DATE    3.68                      2.46   1.22     0.08
  SINCE SEP 1      7.19                      6.18   1.01     0.58
  SINCE JAN 1     41.01                     41.89  -0.88    32.21

SNOWFALL (IN)
  TODAY            0.0
  MONTH TO DATE    0.0
  SINCE SEP 1      0.0
  SINCE JUL 1      0.0
  SNOW DEPTH       0

DEGREE DAYS
 HEATING
  TODAY            3                         7     -4        7
  MONTH TO DATE   36                        94    -58       24
  SINCE SEP 1     48                       109    -61       29
  SINCE JUL 1     48                       109    -61       29

 COOLING
  TODAY            0                         1     -1        0
  MONTH TO DATE   97                        53     44      117
  SINCE SEP 1    324                       312     12      516
  SINCE JAN 1   1949                      1855     94     2319
..................................................................


WIND (MPH)
  HIGHEST WIND SPEED    21   HIGHEST WIND DIRECTION     W (270)
  HIGHEST GUST SPEED    26   HIGHEST GUST DIRECTION     W (280)
  AVERAGE WIND SPEED    11.0


SKY COVER
  POSSIBLE SUNSHINE  MM
  AVERAGE SKY COVER 0.8


WEATHER CONDITIONS
 THE FOLLOWING WEATHER WAS RECORDED TODAY.
  HEAVY RAIN
  RAIN
  LIGHT RAIN


RELATIVE HUMIDITY (PERCENT)
 HIGHEST    93           100 AM
 LOWEST     56           300 PM
 AVERAGE    75

..........................................................


THE MUSCLE SHOALS CLIMATE NORMALS FOR TOMORROW
                         NORMAL    RECORD    YEAR
 MAXIMUM TEMPERATURE (F)   72        88      1939
 MINIMUM TEMPERATURE (F)   47        25      1937


SUNRISE AND SUNSET
OCTOBER 23 2017.......SUNRISE   703 AM CDT   SUNSET   606 PM CDT
OCTOBER 24 2017.......SUNRISE   704 AM CDT   SUNSET   605 PM CDT


-  INDICATES NEGATIVE NUMBERS.
R  INDICATES RECORD WAS SET OR TIED.
MM INDICATES DATA IS MISSING.
T  INDICATES TRACE AMOUNT.




$$
