000
CDUS44 KHUN 300709
CLIMSL


CLIMATE REPORT
NATIONAL WEATHER SERVICE HUNTSVILLE AL
208 AM CDT SAT APR 30 2016


...................................

...THE MUSCLE SHOALS CLIMATE SUMMARY FOR APRIL 29 2016...

CLIMATE NORMAL PERIOD 1981 TO 2010
CLIMATE RECORD PERIOD 1893 TO 2016


WEATHER ITEM   OBSERVED TIME   RECORD YEAR NORMAL DEPARTURE LAST
                VALUE   (LST)  VALUE       VALUE  FROM      YEAR
                                                  NORMAL
..................................................................
TEMPERATURE (F)
 YESTERDAY
  MAXIMUM         80   1113 AM  90    1915  77      3       73
  MINIMUM         57    534 AM  35    1928  54      3       51
  AVERAGE         69                        65      4       62

PRECIPITATION (IN)
  YESTERDAY        0.84          3.24 1953   0.14   0.70     0.12
  MONTH TO DATE    3.66                      4.21  -0.55     5.02
  SINCE MAR 1      8.18                      8.97  -0.79    11.60
  SINCE JAN 1     15.31                     18.24  -2.93    18.88

SNOWFALL (IN)
  YESTERDAY        0.0
  MONTH TO DATE    0.0
  SINCE MAR 1      0.0
  SINCE JUL 1      T
  SNOW DEPTH       0

DEGREE DAYS
 HEATING
  YESTERDAY        0                         3     -3        3
  MONTH TO DATE   97                       159    -62       91
  SINCE MAR 1    333                       537   -204      439
  SINCE JUL 1   2334                      3072   -738     3210

 COOLING
  YESTERDAY        4                         3      1        0
  MONTH TO DATE   55                        49      6       54
  SINCE MAR 1     79                        61     18       56
  SINCE JAN 1     79                        62     17       56
..................................................................


WIND (MPH)
  HIGHEST WIND SPEED    29   HIGHEST WIND DIRECTION     W (270)
  HIGHEST GUST SPEED    36   HIGHEST GUST DIRECTION     W (260)
  AVERAGE WIND SPEED     3.8


SKY COVER
  POSSIBLE SUNSHINE  MM
  AVERAGE SKY COVER 0.0


WEATHER CONDITIONS
 THE FOLLOWING WEATHER WAS RECORDED YESTERDAY.
  THUNDERSTORM
  FOG


RELATIVE HUMIDITY (PERCENT)
 HIGHEST    93           300 AM
 LOWEST     42          1000 AM
 AVERAGE    68

..........................................................


THE MUSCLE SHOALS CLIMATE NORMALS FOR TODAY
                         NORMAL    RECORD    YEAR
 MAXIMUM TEMPERATURE (F)   77        92      1987
 MINIMUM TEMPERATURE (F)   54        38      1921


SUNRISE AND SUNSET
APRIL 30 2016.........SUNRISE   601 AM CDT   SUNSET   735 PM CDT
MAY  1 2016...........SUNRISE   600 AM CDT   SUNSET   736 PM CDT


-  INDICATES NEGATIVE NUMBERS.
R  INDICATES RECORD WAS SET OR TIED.
MM INDICATES DATA IS MISSING.
T  INDICATES TRACE AMOUNT.




$$
