000
CDUS44 KHUN 230703
CLIMSL


CLIMATE REPORT
NATIONAL WEATHER SERVICE HUNTSVILLE AL
202 AM CDT THU MAR 23 2017


...................................

...THE MUSCLE SHOALS CLIMATE SUMMARY FOR MARCH 22 2017...

CLIMATE NORMAL PERIOD 1981 TO 2010
CLIMATE RECORD PERIOD 1893 TO 2017


WEATHER ITEM   OBSERVED TIME   RECORD YEAR NORMAL DEPARTURE LAST
                VALUE   (LST)  VALUE       VALUE  FROM      YEAR
                                                  NORMAL
..................................................................
TEMPERATURE (F)
 YESTERDAY
  MAXIMUM         63    420 PM  89    1907  66     -3       70
  MINIMUM         48   1159 PM  24    2002  43      5       33
                                      1968
                                      1915
  AVERAGE         56                        55      1       52

PRECIPITATION (IN)
  YESTERDAY        0.03          1.60 1968   0.16  -0.13     0.00
  MONTH TO DATE    3.36                      3.36   0.00     2.21
  SINCE MAR 1      3.36                      3.36   0.00     2.21
  SINCE JAN 1     10.60                     12.63  -2.03     9.34

SNOWFALL (IN)
  YESTERDAY        0.0
  MONTH TO DATE    T
  SINCE MAR 1      T
  SINCE JUL 1      T
  SNOW DEPTH       0

DEGREE DAYS
 HEATING
  YESTERDAY        9                        11     -2       13
  MONTH TO DATE  308                       293     15      185
  SINCE MAR 1    308                       293     15      185
  SINCE JUL 1   1988                      2828   -840     2186

 COOLING
  YESTERDAY        0                         0      0        0
  MONTH TO DATE    7                         0      7       21
  SINCE MAR 1      7                         0      7       21
  SINCE JAN 1     15                         1     14       21
..................................................................


WIND (MPH)
  HIGHEST WIND SPEED    16   HIGHEST WIND DIRECTION    NE (50)
  HIGHEST GUST SPEED    23   HIGHEST GUST DIRECTION    NE (50)
  AVERAGE WIND SPEED     7.5


SKY COVER
  POSSIBLE SUNSHINE  MM
  AVERAGE SKY COVER 0.2


WEATHER CONDITIONS
 THE FOLLOWING WEATHER WAS RECORDED YESTERDAY.
  LIGHT RAIN
  FOG


RELATIVE HUMIDITY (PERCENT)
 HIGHEST    89           700 AM
 LOWEST     23           300 PM
 AVERAGE    56

..........................................................


THE MUSCLE SHOALS CLIMATE NORMALS FOR TODAY
                         NORMAL    RECORD    YEAR
 MAXIMUM TEMPERATURE (F)   67        88      1939
 MINIMUM TEMPERATURE (F)   44        19      1968


SUNRISE AND SUNSET
MARCH 23 2017.........SUNRISE   650 AM CDT   SUNSET   705 PM CDT
MARCH 24 2017.........SUNRISE   648 AM CDT   SUNSET   706 PM CDT


-  INDICATES NEGATIVE NUMBERS.
R  INDICATES RECORD WAS SET OR TIED.
MM INDICATES DATA IS MISSING.
T  INDICATES TRACE AMOUNT.




$$
