000
CDUS44 KHUN 100706
CLIMSL


CLIMATE REPORT
NATIONAL WEATHER SERVICE HUNTSVILLE AL
206 AM CDT THU JUL 10 2014


...................................

...THE MUSCLE SHOALS CLIMATE SUMMARY FOR JULY 9 2014...

CLIMATE NORMAL PERIOD 1981 TO 2010
CLIMATE RECORD PERIOD 1893 TO 2014


WEATHER ITEM   OBSERVED TIME   RECORD YEAR NORMAL DEPARTURE LAST
                VALUE   (LST)  VALUE       VALUE  FROM      YEAR
                                                  NORMAL
..................................................................
TEMPERATURE (F)
 YESTERDAY
  MAXIMUM         86    334 PM 101    1969  91     -5       92
                                      1930
  MINIMUM         69    550 AM  51    1896  70     -1       71
  AVERAGE         78                        80     -2       82

PRECIPITATION (IN)
  YESTERDAY        0.48          2.73 1940   0.16   0.32     0.00
  MONTH TO DATE    2.60                      1.39   1.21     3.37
  SINCE JUN 1     10.07                      6.15   3.92     8.05
  SINCE JAN 1     26.86                     29.65  -2.79    32.96

SNOWFALL (IN)
  YESTERDAY        0.0
  MONTH TO DATE    0.0
  SINCE JUN 1      0.0
  SINCE JUL 1      0.0
  SNOW DEPTH       0

DEGREE DAYS
 HEATING
  YESTERDAY        0                         0      0        0
  MONTH TO DATE    0                         0      0        0
  SINCE JUN 1      0                         1     -1        0
  SINCE JUL 1      0                         0      0        0

 COOLING
  YESTERDAY       13                        15     -2       17
  MONTH TO DATE  114                       135    -21      107
  SINCE JUN 1    515                       497     18      513
  SINCE JAN 1    772                       741     31      753
..................................................................


WIND (MPH)
  HIGHEST WIND SPEED    20   HIGHEST WIND DIRECTION     W (270)
  HIGHEST GUST SPEED    24   HIGHEST GUST DIRECTION     W (290)
  AVERAGE WIND SPEED     6.2


SKY COVER
  POSSIBLE SUNSHINE  MM
  AVERAGE SKY COVER 0.3


WEATHER CONDITIONS
 THE FOLLOWING WEATHER WAS RECORDED YESTERDAY.
  THUNDERSTORM
  RAIN
  LIGHT RAIN


RELATIVE HUMIDITY (PERCENT)
 HIGHEST    90           500 AM
 LOWEST     61           200 PM
 AVERAGE    76

..........................................................


THE MUSCLE SHOALS CLIMATE NORMALS FOR TODAY
                         NORMAL    RECORD    YEAR
 MAXIMUM TEMPERATURE (F)   91       105      1930
 MINIMUM TEMPERATURE (F)   70        56      1961


SUNRISE AND SUNSET
JULY 10 2014..........SUNRISE   545 AM CDT   SUNSET   806 PM CDT
JULY 11 2014..........SUNRISE   546 AM CDT   SUNSET   806 PM CDT


-  INDICATES NEGATIVE NUMBERS.
R  INDICATES RECORD WAS SET OR TIED.
MM INDICATES DATA IS MISSING.
T  INDICATES TRACE AMOUNT.




$$
