000
CDUS43 KMKX 290651
CLIMSN


CLIMATE REPORT
NATIONAL WEATHER SERVICE IN MILWAUKEE
151 AM CDT FRI MAY 29 2015


...................................

...THE MADISON WI CLIMATE SUMMARY FOR MAY 28 2015...

CLIMATE NORMAL PERIOD 1981 TO 2010
CLIMATE RECORD PERIOD 1871 TO 2015


WEATHER ITEM   OBSERVED TIME   RECORD YEAR NORMAL DEPARTURE LAST
                VALUE   (LST)  VALUE       VALUE  FROM      YEAR
                                                  NORMAL
..................................................................
TEMPERATURE (F)
 YESTERDAY
  MAXIMUM         82    303 PM  92    1991  72     10       74
  MINIMUM         56    431 AM  34    1965  50      6       53
                                      1949
  AVERAGE         69                        61      8       64

PRECIPITATION (IN)
  YESTERDAY        0.00          1.86 1927   0.12  -0.12     0.00
  MONTH TO DATE    3.78                      3.16   0.62     3.47
  SINCE MAR 1      8.92                      8.76   0.16     9.86
  SINCE JAN 1     10.12                     11.44  -1.32    11.75

SNOWFALL (IN)
  YESTERDAY        0.0           T    1947   0.0    0.0      0.0
  MONTH TO DATE    0.0                       0.2   -0.2      0.0
  SINCE MAR 1      4.2                       9.8   -5.6      9.2
  SINCE JUL 1     33.7                      50.9  -17.2     59.2
  SNOW DEPTH       0

DEGREE DAYS
 HEATING
  YESTERDAY        0                         5     -5        1
  MONTH TO DATE  167                       251    -84      208
  SINCE MAR 1   1596                      1772   -176     1936
  SINCE JUL 1   7307                      7258     49     8048

 COOLING
  YESTERDAY        4                         1      3        0
  MONTH TO DATE   44                        18     26       41
  SINCE MAR 1     44                        22     22       41
  SINCE JAN 1     44                        22     22       41
..................................................................


WIND (MPH)
  HIGHEST WIND SPEED    17   HIGHEST WIND DIRECTION     S (180)
  HIGHEST GUST SPEED    22   HIGHEST GUST DIRECTION     S (190)
  AVERAGE WIND SPEED     8.1


SKY COVER
  POSSIBLE SUNSHINE  MM
  AVERAGE SKY COVER 0.4


WEATHER CONDITIONS
 THE FOLLOWING WEATHER WAS RECORDED YESTERDAY.
  NO SIGNIFICANT WEATHER WAS OBSERVED.


RELATIVE HUMIDITY (PERCENT)
 HIGHEST    93           400 AM
 LOWEST     36           400 PM
 AVERAGE    65

..........................................................


THE MADISON WI CLIMATE NORMALS FOR TODAY
                         NORMAL    RECORD    YEAR
 MAXIMUM TEMPERATURE (F)   73        91      1991
 MINIMUM TEMPERATURE (F)   50        30      1965


SUNRISE AND SUNSET
MAY 29 2015...........SUNRISE   522 AM CDT   SUNSET   828 PM CDT
MAY 30 2015...........SUNRISE   522 AM CDT   SUNSET   828 PM CDT


-  INDICATES NEGATIVE NUMBERS.
R  INDICATES RECORD WAS SET OR TIED.
MM INDICATES DATA IS MISSING.
T  INDICATES TRACE AMOUNT.




$$
