000
CDUS45 KMSO 200737
CLIMSO


CLIMATE REPORT
NATIONAL WEATHER SERVICE MISSOULA, MT
1237 AM MST MON NOV 20 2017


...................................

...THE MISSOULA MT CLIMATE SUMMARY FOR NOVEMBER 19 2017...

CLIMATE NORMAL PERIOD 1981 TO 2010
CLIMATE RECORD PERIOD 1893 TO 2017


WEATHER ITEM   OBSERVED TIME   RECORD YEAR NORMAL DEPARTURE LAST
                VALUE   (LST)  VALUE       VALUE  FROM      YEAR
                                                  NORMAL
..................................................................
TEMPERATURE (F)
 YESTERDAY
  MAXIMUM         39    324 PM  65    1897  40     -1       42
  MINIMUM         22    513 AM  -4    1900  24     -2       29
  AVERAGE         31                        32     -1       36

PRECIPITATION (IN)
  YESTERDAY        0.00          0.71 1996   0.04  -0.04     0.00
  MONTH TO DATE    0.97                      0.63   0.34     0.26
  SINCE OCT 1      1.56                      1.51   0.05     3.09
  SINCE JAN 1     12.98                     12.71   0.27    12.42

SNOWFALL (IN)
  YESTERDAY        0.0
  MONTH TO DATE    5.7
  SINCE JAN 1     44.3
  SINCE JUL 1      6.1
  SNOW DEPTH       0

DEGREE DAYS
 HEATING
  YESTERDAY       34                        33      1       29
  MONTH TO DATE  611                       560     51      464
  SINCE SEP 1   1575                      1418    157     1313
  SINCE JUL 1   1576                      1502     74     1411

 COOLING
  YESTERDAY        0                         0      0        0
  MONTH TO DATE    0                         0      0        0
  SINCE SEP 1     34                        15     19        5
  SINCE JAN 1    509                       332    177      287
..................................................................


WIND (MPH)
  HIGHEST WIND SPEED     9   HIGHEST WIND DIRECTION     W (250)
  HIGHEST GUST SPEED    10   HIGHEST GUST DIRECTION     W (260)
  AVERAGE WIND SPEED     1.9


SKY COVER
  POSSIBLE SUNSHINE  MM
  AVERAGE SKY COVER 0.0


WEATHER CONDITIONS
 THE FOLLOWING WEATHER WAS RECORDED YESTERDAY.
  NO SIGNIFICANT WEATHER WAS OBSERVED.


RELATIVE HUMIDITY (PERCENT)
 HIGHEST    96           700 AM
 LOWEST     54           300 PM
 AVERAGE    75

..........................................................


THE MISSOULA MT CLIMATE NORMALS FOR TODAY
                         NORMAL    RECORD    YEAR
 MAXIMUM TEMPERATURE (F)   39        68      1897
 MINIMUM TEMPERATURE (F)   24        -5      1900


SUNRISE AND SUNSET
NOVEMBER 20 2017......SUNRISE   747 AM MST   SUNSET   457 PM MST
NOVEMBER 21 2017......SUNRISE   748 AM MST   SUNSET   456 PM MST


-  INDICATES NEGATIVE NUMBERS.
R  INDICATES RECORD WAS SET OR TIED.
MM INDICATES DATA IS MISSING.
T  INDICATES TRACE AMOUNT.




$$
