000
CDUS45 KMSO 040738
CLIMSO


CLIMATE REPORT
NATIONAL WEATHER SERVICE MISSOULA, MT
137 AM MDT SAT JUL 4 2015


...................................

...THE MISSOULA MT CLIMATE SUMMARY FOR JULY 3 2015...

CLIMATE NORMAL PERIOD 1981 TO 2010
CLIMATE RECORD PERIOD 1893 TO 2015


WEATHER ITEM   OBSERVED TIME   RECORD YEAR NORMAL DEPARTURE LAST
                VALUE   (LST)  VALUE       VALUE  FROM      YEAR
                                                  NORMAL
..................................................................
TEMPERATURE (F)
 YESTERDAY
  MAXIMUM         97R   448 PM  97    1985  82     15       93
  MINIMUM         60    515 AM  30    1901  50     10       58
  AVERAGE         79                        66     13       76

PRECIPITATION (IN)
  YESTERDAY        0.00          0.96 1998   0.04  -0.04      T
  MONTH TO DATE    0.00                      0.12  -0.12      T
  SINCE OCT 1      9.74                     10.90  -1.16    10.55
  SINCE JAN 1      4.43                      7.97  -3.54     8.84

SNOWFALL (IN)
  YESTERDAY        0.0
  MONTH TO DATE    0.0
  SINCE JAN 1     13.3
  SINCE JUL 1      0.0
  SNOW DEPTH       0

DEGREE DAYS
 HEATING
  YESTERDAY        0                         2     -2        0
  MONTH TO DATE    0                         7     -7        0
  SINCE JUN 1     47                       167   -120      177
  SINCE JUL 1      0                         7     -7        0

 COOLING
  YESTERDAY       14                         3     11       11
  MONTH TO DATE   40                         9     31       21
  SINCE JUN 1    182                        46    136       29
  SINCE JAN 1    182                        52    130       29
..................................................................


WIND (MPH)
  HIGHEST WIND SPEED    18   HIGHEST WIND DIRECTION    NW (310)
  HIGHEST GUST SPEED    25   HIGHEST GUST DIRECTION    NW (310)
  AVERAGE WIND SPEED     4.9


SKY COVER
  POSSIBLE SUNSHINE  MM
  AVERAGE SKY COVER 0.0


WEATHER CONDITIONS
 THE FOLLOWING WEATHER WAS RECORDED YESTERDAY.
  NO SIGNIFICANT WEATHER WAS OBSERVED.


RELATIVE HUMIDITY (PERCENT)
 HIGHEST    60           300 AM
 LOWEST     11           300 PM
 AVERAGE    36

..........................................................


THE MISSOULA MT CLIMATE NORMALS FOR TODAY
                         NORMAL    RECORD    YEAR
 MAXIMUM TEMPERATURE (F)   82       101      1937
 MINIMUM TEMPERATURE (F)   50        34      1962


SUNRISE AND SUNSET
JULY  4 2015..........SUNRISE   547 AM MDT   SUNSET   934 PM MDT
JULY  5 2015..........SUNRISE   548 AM MDT   SUNSET   933 PM MDT


-  INDICATES NEGATIVE NUMBERS.
R  INDICATES RECORD WAS SET OR TIED.
MM INDICATES DATA IS MISSING.
T  INDICATES TRACE AMOUNT.




$$
