000
CDUS45 KMSO 190737
CLIMSO


CLIMATE REPORT
NATIONAL WEATHER SERVICE MISSOULA, MT
137 AM MDT FRI SEP 19 2014


...................................

...THE MISSOULA MT CLIMATE SUMMARY FOR SEPTEMBER 18 2014...

CLIMATE NORMAL PERIOD 1981 TO 2010
CLIMATE RECORD PERIOD 1893 TO 2014


WEATHER ITEM   OBSERVED TIME   RECORD YEAR NORMAL DEPARTURE LAST
                VALUE   (LST)  VALUE       VALUE  FROM      YEAR
                                                  NORMAL
..................................................................
TEMPERATURE (F)
 YESTERDAY
  MAXIMUM         81    416 PM  92    1938  72      9       60
  MINIMUM         53    247 AM  24    1971  41     12       50
  AVERAGE         67                        57     10       55

PRECIPITATION (IN)
  YESTERDAY        0.03          1.28 1908   0.04  -0.01     0.03
  MONTH TO DATE    0.07                      0.75  -0.68     0.34
  SINCE OCT 1     11.80                     13.71  -1.91    11.44
  SINCE JAN 1     10.09                     10.78  -0.69     6.65

SNOWFALL (IN)
  YESTERDAY        0.0
  MONTH TO DATE    0.0
  SINCE JAN 1     51.9
  SINCE JUL 1      0.0
  SNOW DEPTH       0

DEGREE DAYS
 HEATING
  YESTERDAY        0                         9     -9       10
  MONTH TO DATE  142                       108     34       19
  SINCE SEP 1    142                       108     34       19
  SINCE JUL 1    184                       192     -8       27

 COOLING
  YESTERDAY        2                         0      2        0
  MONTH TO DATE    2                        13    -11       87
  SINCE SEP 1      2                        13    -11       87
  SINCE JAN 1    380                       330     50      579
..................................................................


WIND (MPH)
  HIGHEST WIND SPEED    21   HIGHEST WIND DIRECTION     W (270)
  HIGHEST GUST SPEED    26   HIGHEST GUST DIRECTION    SW (240)
  AVERAGE WIND SPEED     5.7


SKY COVER
  POSSIBLE SUNSHINE  MM
  AVERAGE SKY COVER 0.4


WEATHER CONDITIONS
 THE FOLLOWING WEATHER WAS RECORDED YESTERDAY.
  LIGHT RAIN
  HAZE


RELATIVE HUMIDITY (PERCENT)
 HIGHEST    86          1000 AM
 LOWEST     26           500 PM
 AVERAGE    56

..........................................................


THE MISSOULA MT CLIMATE NORMALS FOR TODAY
                         NORMAL    RECORD    YEAR
 MAXIMUM TEMPERATURE (F)   72        89      1938
 MINIMUM TEMPERATURE (F)   41        23      1964


SUNRISE AND SUNSET
SEPTEMBER 19 2014.....SUNRISE   719 AM MDT   SUNSET   740 PM MDT
SEPTEMBER 20 2014.....SUNRISE   721 AM MDT   SUNSET   738 PM MDT


-  INDICATES NEGATIVE NUMBERS.
R  INDICATES RECORD WAS SET OR TIED.
MM INDICATES DATA IS MISSING.
T  INDICATES TRACE AMOUNT.




$$
