000
CDUS45 KMSO 310738
CLIMSO


CLIMATE REPORT
NATIONAL WEATHER SERVICE MISSOULA, MT
137 AM MDT THU JUL 31 2014


...................................

...THE MISSOULA MT CLIMATE SUMMARY FOR JULY 30 2014...

CLIMATE NORMAL PERIOD 1981 TO 2010
CLIMATE RECORD PERIOD 1893 TO 2014


WEATHER ITEM   OBSERVED TIME   RECORD YEAR NORMAL DEPARTURE LAST
                VALUE   (LST)  VALUE       VALUE  FROM      YEAR
                                                  NORMAL
..................................................................
TEMPERATURE (F)
 YESTERDAY
  MAXIMUM         95    440 PM 100    2003  89      6       88
                                      2000
  MINIMUM         56    542 AM  38    1913  52      4       57
  AVERAGE         76                        70      6       73

PRECIPITATION (IN)
  YESTERDAY        0.00          0.69 1946   0.03  -0.03     0.00
  MONTH TO DATE    0.24                      0.96  -0.72     0.09
  SINCE OCT 1     10.79                     11.74  -0.95    10.69
  SINCE JAN 1      9.08                      8.81   0.27     5.90

SNOWFALL (IN)
  YESTERDAY        0.0
  MONTH TO DATE    0.0
  SINCE JAN 1     51.9
  SINCE JUL 1      0.0
  SNOW DEPTH       0

DEGREE DAYS
 HEATING
  YESTERDAY        0                         1     -1        0
  MONTH TO DATE    6                        41    -35        0
  SINCE JUN 1    183                       201    -18      141
  SINCE JUL 1      6                        41    -35        0

 COOLING
  YESTERDAY       11                         6      5        8
  MONTH TO DATE  222                       146     76      247
  SINCE JUN 1    230                       183     47      290
  SINCE JAN 1    230                       189     41      294
..................................................................


WIND (MPH)
  HIGHEST WIND SPEED    17   HIGHEST WIND DIRECTION     N (360)
  HIGHEST GUST SPEED    23   HIGHEST GUST DIRECTION     N (360)
  AVERAGE WIND SPEED     3.7


SKY COVER
  POSSIBLE SUNSHINE  MM
  AVERAGE SKY COVER 0.0


WEATHER CONDITIONS
 THE FOLLOWING WEATHER WAS RECORDED YESTERDAY.
  NO SIGNIFICANT WEATHER WAS OBSERVED.


RELATIVE HUMIDITY (PERCENT)
 HIGHEST    57           600 AM
 LOWEST     13           500 PM
 AVERAGE    35

..........................................................


THE MISSOULA MT CLIMATE NORMALS FOR TODAY
                         NORMAL    RECORD    YEAR
 MAXIMUM TEMPERATURE (F)   88       101      1908
 MINIMUM TEMPERATURE (F)   52        38      1995
                                             1911


SUNRISE AND SUNSET
JULY 31 2014..........SUNRISE   615 AM MDT   SUNSET   910 PM MDT
AUGUST  1 2014........SUNRISE   616 AM MDT   SUNSET   908 PM MDT


-  INDICATES NEGATIVE NUMBERS.
R  INDICATES RECORD WAS SET OR TIED.
MM INDICATES DATA IS MISSING.
T  INDICATES TRACE AMOUNT.




$$
