000
CDUS45 KMSO 232231
CLIMSO


CLIMATE REPORT
NATIONAL WEATHER SERVICE MISSOULA, MT
430 PM MDT SUN JUL 23 2017


...................................

...THE MISSOULA MT CLIMATE SUMMARY FOR JULY 23 2017...
VALID TODAY AS OF 0400 PM LOCAL TIME.

CLIMATE NORMAL PERIOD 1981 TO 2010
CLIMATE RECORD PERIOD 1893 TO 2017


WEATHER ITEM   OBSERVED TIME   RECORD YEAR NORMAL DEPARTURE LAST
                VALUE   (LST)  VALUE       VALUE  FROM      YEAR
                                                  NORMAL
..................................................................
TEMPERATURE (F)
 TODAY
  MAXIMUM         94    257 PM 103    2003  88      6       80
  MINIMUM         54    545 AM  38    1965  52      2       55
  AVERAGE         74                        70      4       68

PRECIPITATION (IN)
  TODAY            0.00          0.22 1898   0.03  -0.03     0.00
  MONTH TO DATE    T                         0.77  -0.77     2.06
  SINCE OCT 1     14.71                     11.55   3.16    11.31
  SINCE JAN 1     10.05                      8.62   1.43     7.92

SNOWFALL (IN)
  TODAY            0.0
  MONTH TO DATE    0.0
  SINCE JAN 1     38.2
  SINCE JUL 1      0.0
  SNOW DEPTH       0

DEGREE DAYS
 HEATING
  TODAY            0                         1     -1        0
  MONTH TO DATE    0                        34    -34       57
  SINCE JUN 1    115                       194    -79      176
  SINCE JUL 1      0                        34    -34       57

 COOLING
  TODAY            9                         6      3        3
  MONTH TO DATE  198                       104     94       54
  SINCE JUN 1    238                       141     97      125
  SINCE JAN 1    247                       147    100      125
..................................................................


WIND (MPH)
  HIGHEST WIND SPEED    10   HIGHEST WIND DIRECTION     E (80)
  HIGHEST GUST SPEED    13   HIGHEST GUST DIRECTION     E (70)
  AVERAGE WIND SPEED     2.1


SKY COVER
  POSSIBLE SUNSHINE  MM
  AVERAGE SKY COVER 0.0


WEATHER CONDITIONS
 THE FOLLOWING WEATHER WAS RECORDED TODAY.
  HAZE


RELATIVE HUMIDITY (PERCENT)
 HIGHEST    72           600 AM
 LOWEST     20           300 PM
 AVERAGE    46

..........................................................


THE MISSOULA MT CLIMATE NORMALS FOR TOMORROW
                         NORMAL    RECORD    YEAR
 MAXIMUM TEMPERATURE (F)   88       100      2006
                                             1933
 MINIMUM TEMPERATURE (F)   52        40      1964
                                             1960


SUNRISE AND SUNSET
JULY 23 2017..........SUNRISE   606 AM MDT   SUNSET   919 PM MDT
JULY 24 2017..........SUNRISE   607 AM MDT   SUNSET   918 PM MDT


-  INDICATES NEGATIVE NUMBERS.
R  INDICATES RECORD WAS SET OR TIED.
MM INDICATES DATA IS MISSING.
T  INDICATES TRACE AMOUNT.




$$
