000
CDUS43 KMPX 260629
CLIMSP


CLIMATE REPORT
NATIONAL WEATHER SERVICE CHANHASSEN MN
1229 AM CST MON JAN 26 2015


...................................

...THE TWIN CITIES MN CLIMATE SUMMARY FOR JANUARY 25 2015...

CLIMATE NORMAL PERIOD 1981 TO 2010
CLIMATE RECORD PERIOD 1871 TO 2015


WEATHER ITEM   OBSERVED TIME   RECORD YEAR NORMAL DEPARTURE LAST
                VALUE   (LST)  VALUE       VALUE  FROM      YEAR
                                                  NORMAL
..................................................................
TEMPERATURE (F)
 YESTERDAY
  MAXIMUM         35   1205 AM  58    1944  24     11       24
  MINIMUM         20   1002 AM -31    1904   7     13        2
  AVERAGE         28                        16     12       13

PRECIPITATION (IN)
  YESTERDAY        0.03          0.50 1950   0.02   0.01     0.11
  MONTH TO DATE    0.34                      0.74  -0.40     0.89
  SINCE DEC 1      1.20                      1.90  -0.70     2.35
  SINCE JAN 1      0.34                      0.74  -0.40     0.89

SNOWFALL (IN)
  YESTERDAY        0.1           7.5  1950   0.4   -0.3      2.3
  MONTH TO DATE    5.4                      10.0   -4.6     15.2
  SINCE DEC 1     11.0                      21.9  -10.9     31.1
  SINCE JUL 1     20.4                      31.8  -11.4     32.2
  SNOW DEPTH       1

DEGREE DAYS
 HEATING
  YESTERDAY       37                        49    -12       52
  MONTH TO DATE 1193                      1241    -48     1384
  SINCE DEC 1   2446                      2645   -199     3006
  SINCE JUL 1   4239                      4264    -25     4507

 COOLING
  YESTERDAY        0                         0      0        0
  MONTH TO DATE    0                         0      0        0
  SINCE DEC 1      0                         0      0        0
  SINCE JAN 1      0                         0      0        0
..................................................................


WIND (MPH)
  HIGHEST WIND SPEED    20   HIGHEST WIND DIRECTION     N (10)
  HIGHEST GUST SPEED    26   HIGHEST GUST DIRECTION    NE (30)
  AVERAGE WIND SPEED     9.7


SKY COVER
  POSSIBLE SUNSHINE  MM
  AVERAGE SKY COVER 0.6


WEATHER CONDITIONS
 THE FOLLOWING WEATHER WAS RECORDED YESTERDAY.
  LIGHT SNOW
  FOG
  HAZE


RELATIVE HUMIDITY (PERCENT)
 HIGHEST    85           200 AM
 LOWEST     50           400 PM
 AVERAGE    68

..........................................................


THE TWIN CITIES MN CLIMATE NORMALS FOR TODAY
                         NORMAL    RECORD    YEAR
 MAXIMUM TEMPERATURE (F)   24        52      1931
 MINIMUM TEMPERATURE (F)    8       -26      1897


SUNRISE AND SUNSET
JANUARY 26 2015.......SUNRISE   739 AM CST   SUNSET   512 PM CST
JANUARY 27 2015.......SUNRISE   738 AM CST   SUNSET   514 PM CST


-  INDICATES NEGATIVE NUMBERS.
R  INDICATES RECORD WAS SET OR TIED.
MM INDICATES DATA IS MISSING.
T  INDICATES TRACE AMOUNT.




$$
