000
CDUS43 KMPX 300726
CLIMSP


CLIMATE REPORT
NATIONAL WEATHER SERVICE CHANHASSEN MN
226 AM CDT SUN APR 30 2017


...................................

...THE TWIN CITIES MN CLIMATE SUMMARY FOR APRIL 29 2017...

CLIMATE NORMAL PERIOD 1981 TO 2010
CLIMATE RECORD PERIOD 1871 TO 2017


WEATHER ITEM   OBSERVED TIME   RECORD YEAR NORMAL DEPARTURE LAST
                VALUE   (LST)  VALUE       VALUE  FROM      YEAR
                                                  NORMAL
..................................................................
TEMPERATURE (F)
 YESTERDAY
  MAXIMUM         56    403 PM  92    1952  64     -8       60
  MINIMUM         38    533 AM  22    1958  43     -5       34
  AVERAGE         47                        54     -7       47

PRECIPITATION (IN)
  YESTERDAY        0.00          1.30 1991   0.11  -0.11     0.00
  MONTH TO DATE    3.74                      2.55   1.19     2.84
  SINCE MAR 1      4.42                      4.44  -0.02     5.10
  SINCE JAN 1      6.04                      6.11  -0.07     6.50

SNOWFALL (IN)
  YESTERDAY        0.0           6.6  1984   0.1   -0.1      0.0
  MONTH TO DATE    0.5                       2.4   -1.9      0.5
  SINCE MAR 1      5.2                      12.7   -7.5      5.9
  SINCE JUL 1     32.0                      54.4  -22.4     36.7
  SNOW DEPTH       0

DEGREE DAYS
 HEATING
  YESTERDAY       18                        12      6       18
  MONTH TO DATE  407                       520   -113      494
  SINCE MAR 1   1362                      1518   -156     1222
  SINCE JUL 1   6063                      7308  -1245     6087

 COOLING
  YESTERDAY        0                         0      0        0
  MONTH TO DATE    0                         0      0        8
  SINCE MAR 1      0                         0      0        8
  SINCE JAN 1      0                         0      0        8
..................................................................


WIND (MPH)
  HIGHEST WIND SPEED    24   HIGHEST WIND DIRECTION    NE (60)
  HIGHEST GUST SPEED    32   HIGHEST GUST DIRECTION     E (70)
  AVERAGE WIND SPEED    13.5


SKY COVER
  POSSIBLE SUNSHINE  MM
  AVERAGE SKY COVER 0.9


WEATHER CONDITIONS
 THE FOLLOWING WEATHER WAS RECORDED YESTERDAY.
  NO SIGNIFICANT WEATHER WAS OBSERVED.


RELATIVE HUMIDITY (PERCENT)
 HIGHEST    59           300 AM
 LOWEST     26           400 PM
 AVERAGE    43

..........................................................


THE TWIN CITIES MN CLIMATE NORMALS FOR TODAY
                         NORMAL    RECORD    YEAR
 MAXIMUM TEMPERATURE (F)   65        91      1952
                                             1934
 MINIMUM TEMPERATURE (F)   44        24      1903


SUNRISE AND SUNSET
APRIL 30 2017.........SUNRISE   604 AM CDT   SUNSET   817 PM CDT
MAY  1 2017...........SUNRISE   602 AM CDT   SUNSET   819 PM CDT


-  INDICATES NEGATIVE NUMBERS.
R  INDICATES RECORD WAS SET OR TIED.
MM INDICATES DATA IS MISSING.
T  INDICATES TRACE AMOUNT.




$$
