000
CDUS43 KMPX 170641
CLIMSP


CLIMATE REPORT
NATIONAL WEATHER SERVICE CHANHASSEN MN
1241 AM CST TUE JAN 17 2017


...................................

...THE TWIN CITIES MN CLIMATE SUMMARY FOR JANUARY 16 2017...

CLIMATE NORMAL PERIOD 1981 TO 2010
CLIMATE RECORD PERIOD 1871 TO 2017


WEATHER ITEM   OBSERVED TIME   RECORD YEAR NORMAL DEPARTURE LAST
                VALUE   (LST)  VALUE       VALUE  FROM      YEAR
                                                  NORMAL
..................................................................
TEMPERATURE (F)
 YESTERDAY
  MAXIMUM         32   1002 PM  46    1961  23      9       13
  MINIMUM         14    710 AM -29    1888   7      7       -9
  AVERAGE         23                        15      8        2

PRECIPITATION (IN)
  YESTERDAY        0.12          1.05 1887   0.03   0.09      T
  MONTH TO DATE    0.56                      0.49   0.07     0.20
  SINCE DEC 1      2.70                      1.65   1.05     2.52
  SINCE JAN 1      0.56                      0.49   0.07     0.20

SNOWFALL (IN)
  YESTERDAY        T             8.4  1994   0.4   -0.4       T
  MONTH TO DATE    5.0                       6.4   -1.4      2.6
  SINCE DEC 1     20.8                      18.3    2.5     12.1
  SINCE JUL 1     23.1                      28.2   -5.1     17.2
  SNOW DEPTH       2

DEGREE DAYS
 HEATING
  YESTERDAY       42                        50     -8       63
  MONTH TO DATE  855                       793     62      787
  SINCE DEC 1   2213                      2197     16     1858
  SINCE JUL 1   3257                      3816   -559     3033

 COOLING
  YESTERDAY        0                         0      0        0
  MONTH TO DATE    0                         0      0        0
  SINCE DEC 1      0                         0      0        0
  SINCE JAN 1      0                         0      0        0
..................................................................


WIND (MPH)
  HIGHEST WIND SPEED    12   HIGHEST WIND DIRECTION     N (360)
  HIGHEST GUST SPEED    15   HIGHEST GUST DIRECTION    NE (50)
  AVERAGE WIND SPEED     5.6


SKY COVER
  POSSIBLE SUNSHINE  MM
  AVERAGE SKY COVER 0.9


WEATHER CONDITIONS
 THE FOLLOWING WEATHER WAS RECORDED YESTERDAY.
  LT FREEZING RAIN
  SLEET
  FOG
  HAZE


RELATIVE HUMIDITY (PERCENT)
 HIGHEST    85           900 PM
 LOWEST     63           100 PM
 AVERAGE    74

..........................................................


THE TWIN CITIES MN CLIMATE NORMALS FOR TODAY
                         NORMAL    RECORD    YEAR
 MAXIMUM TEMPERATURE (F)   23        44      1894
 MINIMUM TEMPERATURE (F)    7       -26      1967


SUNRISE AND SUNSET
JANUARY 17 2017.......SUNRISE   746 AM CST   SUNSET   501 PM CST
JANUARY 18 2017.......SUNRISE   745 AM CST   SUNSET   502 PM CST


-  INDICATES NEGATIVE NUMBERS.
R  INDICATES RECORD WAS SET OR TIED.
MM INDICATES DATA IS MISSING.
T  INDICATES TRACE AMOUNT.




$$
