000
CDUS41 KBTV 010527
CLIMSS


CLIMATE REPORT
NATIONAL WEATHER SERVICE BURLINGTON VT
126 AM EDT FRI AUG 1 2014


...................................

...THE MASSENA NY CLIMATE SUMMARY FOR JULY 31 2014...

CLIMATE NORMAL PERIOD 1981 TO 2010
CLIMATE RECORD PERIOD 1948 TO 2014


WEATHER ITEM   OBSERVED TIME   RECORD YEAR NORMAL DEPARTURE LAST
                VALUE   (LST)  VALUE       VALUE  FROM      YEAR
                                                  NORMAL
..................................................................
TEMPERATURE (F)
 YESTERDAY
  MAXIMUM         71    520 PM  95    1975  80     -9       80
  MINIMUM         51    453 AM  41    1978  58     -7       52
  AVERAGE         61                        69     -8       66

PRECIPITATION (IN)
  YESTERDAY        0.38          2.36        0.11   0.27     0.00
  MONTH TO DATE    5.47                      3.57   1.90     3.59
  SINCE JUN 1     10.40                      7.09   3.31    11.21
  SINCE JAN 1     20.33                     19.02   1.31    19.51

DEGREE DAYS
 HEATING
  YESTERDAY        4                         1      3        0
  MONTH TO DATE   22                        31     -9       22
  SINCE JUN 1     60                       119    -59      138
  SINCE JUL 1     22                        23     -1       22

 COOLING
  YESTERDAY        0                         4     -4        1
  MONTH TO DATE  107                       145    -38      195
  SINCE JUN 1    191                       220    -29      272
  SINCE JAN 1    206                       234    -28      295
..................................................................


WIND (MPH)
  HIGHEST WIND SPEED    17   HIGHEST WIND DIRECTION     W (260)
  HIGHEST GUST SPEED    24   HIGHEST GUST DIRECTION     W (260)
  AVERAGE WIND SPEED     3.1


SKY COVER
  AVERAGE SKY COVER 0.3


WEATHER CONDITIONS
 THE FOLLOWING WEATHER WAS RECORDED YESTERDAY.
  THUNDERSTORM
  HEAVY RAIN
  RAIN
  LIGHT RAIN
  FOG
  HAZE


RELATIVE HUMIDITY (PERCENT)
 HIGHEST   100          1200 AM
 LOWEST     66           600 PM
 AVERAGE    83

..........................................................


THE MASSENA NY CLIMATE NORMALS FOR TODAY
                         NORMAL    RECORD    YEAR
 MAXIMUM TEMPERATURE (F)   80       100      1975
 MINIMUM TEMPERATURE (F)   58        40      1964


SUNRISE AND SUNSET
AUGUST  1 2014........SUNRISE   545 AM EDT   SUNSET   826 PM EDT
AUGUST  2 2014........SUNRISE   546 AM EDT   SUNSET   825 PM EDT


-  INDICATES NEGATIVE NUMBERS.
R  INDICATES RECORD WAS SET OR TIED.
MM INDICATES DATA IS MISSING.
T  INDICATES TRACE AMOUNT.




$$
