000
CDUS41 KBTV 260532
CLIMSS


CLIMATE REPORT
NATIONAL WEATHER SERVICE BURLINGTON VT
131 AM EDT TUE MAY 26 2015


...................................

...THE MASSENA NY CLIMATE SUMMARY FOR MAY 25 2015...

CLIMATE NORMAL PERIOD 1981 TO 2010
CLIMATE RECORD PERIOD 1948 TO 2015


WEATHER ITEM   OBSERVED TIME   RECORD YEAR NORMAL DEPARTURE LAST
                VALUE   (LST)  VALUE       VALUE  FROM      YEAR
                                                  NORMAL
..................................................................
TEMPERATURE (F)
 YESTERDAY
  MAXIMUM         67   1159 PM  89    2010  69     -2       77
  MINIMUM         60   1235 AM  28    2002  47     13       43
  AVERAGE         64                        58      6       60

PRECIPITATION (IN)
  YESTERDAY        0.35          0.90        0.10   0.25      T
  MONTH TO DATE    0.89                      2.46  -1.57     2.04
  SINCE MAR 1      3.91                      7.37  -3.46     7.12
  SINCE JAN 1      5.33                     11.32  -5.99     9.86

DEGREE DAYS
 HEATING
  YESTERDAY        1                         8     -7        5
  MONTH TO DATE  160                       278   -118      231
  SINCE MAR 1   2095                      2073     22     2358
  SINCE JUL 1   8261                      8060    201     8527

 COOLING
  YESTERDAY        0                         1     -1        0
  MONTH TO DATE   22                         6     16       11
  SINCE MAR 1     22                         7     15       11
  SINCE JAN 1     22                         7     15       11
..................................................................


WIND (MPH)
  HIGHEST WIND SPEED    17   HIGHEST WIND DIRECTION    SW (230)
  HIGHEST GUST SPEED    24   HIGHEST GUST DIRECTION    SW (220)
  AVERAGE WIND SPEED     7.1


SKY COVER
  AVERAGE SKY COVER 0.9


WEATHER CONDITIONS
 THE FOLLOWING WEATHER WAS RECORDED YESTERDAY.
  RAIN
  LIGHT RAIN
  FOG


RELATIVE HUMIDITY (PERCENT)
 HIGHEST    93           600 PM
 LOWEST     48          1200 AM
 AVERAGE    71

..........................................................


THE MASSENA NY CLIMATE NORMALS FOR TODAY
                         NORMAL    RECORD    YEAR
 MAXIMUM TEMPERATURE (F)   70        96      2010
 MINIMUM TEMPERATURE (F)   47        32      1972


SUNRISE AND SUNSET
MAY 26 2015...........SUNRISE   520 AM EDT   SUNSET   833 PM EDT
MAY 27 2015...........SUNRISE   520 AM EDT   SUNSET   834 PM EDT


-  INDICATES NEGATIVE NUMBERS.
R  INDICATES RECORD WAS SET OR TIED.
MM INDICATES DATA IS MISSING.
T  INDICATES TRACE AMOUNT.




$$
