000
CDUS41 KBTV 120529
CLIMSS


CLIMATE REPORT
NATIONAL WEATHER SERVICE BURLINGTON VT
124 AM EDT SAT JUL 12 2014


...................................

...THE MASSENA NY CLIMATE SUMMARY FOR JULY 11 2014...

CLIMATE NORMAL PERIOD 1981 TO 2010
CLIMATE RECORD PERIOD 1948 TO 2014


WEATHER ITEM   OBSERVED TIME   RECORD YEAR NORMAL DEPARTURE LAST
                VALUE   (LST)  VALUE       VALUE  FROM      YEAR
                                                  NORMAL
..................................................................
TEMPERATURE (F)
 YESTERDAY
  MAXIMUM         78    433 PM  92    1982  80     -2       78
  MINIMUM         48    443 AM  45    1980  58    -10       62
  AVERAGE         63                        69     -6       70

PRECIPITATION (IN)
  YESTERDAY        0.00          3.08        0.11  -0.11      T
  MONTH TO DATE    1.06                      1.24  -0.18     2.40
  SINCE JUN 1      5.99                      4.76   1.23    10.02
  SINCE JAN 1     15.92                     16.69  -0.77    18.32

DEGREE DAYS
 COOLING
  YESTERDAY        0                         5     -5        5
  MONTH TO DATE   60                        52      8       82
  SINCE JUN 1    144                       127     17      159
  SINCE JAN 1    159                       141     18      182
..................................................................


WIND (MPH)
  HIGHEST WIND SPEED    12   HIGHEST WIND DIRECTION    SW (230)
  HIGHEST GUST SPEED    16   HIGHEST GUST DIRECTION     W (270)
  AVERAGE WIND SPEED     3.1


SKY COVER
  AVERAGE SKY COVER 0.2


WEATHER CONDITIONS
 THE FOLLOWING WEATHER WAS RECORDED YESTERDAY.
  FOG


RELATIVE HUMIDITY (PERCENT)
 HIGHEST   100           300 AM
 LOWEST     43          1100 AM
 AVERAGE    72

..........................................................


THE MASSENA NY CLIMATE NORMALS FOR TODAY
                         NORMAL    RECORD    YEAR
 MAXIMUM TEMPERATURE (F)   80        94      1987
 MINIMUM TEMPERATURE (F)   58        41      1971


SUNRISE AND SUNSET
JULY 12 2014..........SUNRISE   525 AM EDT   SUNSET   845 PM EDT
JULY 13 2014..........SUNRISE   525 AM EDT   SUNSET   844 PM EDT


-  INDICATES NEGATIVE NUMBERS.
R  INDICATES RECORD WAS SET OR TIED.
MM INDICATES DATA IS MISSING.
T  INDICATES TRACE AMOUNT.




$$
