000
CDUS41 KBTV 180600
CLIMSS


CLIMATE REPORT
NATIONAL WEATHER SERVICE BURLINGTON VT
156 AM EDT WED OCT 18 2017


...................................

...THE MASSENA NY CLIMATE SUMMARY FOR OCTOBER 17 2017...

CLIMATE NORMAL PERIOD 1981 TO 2010
CLIMATE RECORD PERIOD 1948 TO 2017


WEATHER ITEM   OBSERVED TIME   RECORD YEAR NORMAL DEPARTURE LAST
                VALUE   (LST)  VALUE       VALUE  FROM      YEAR
                                                  NORMAL
..................................................................
TEMPERATURE (F)
 YESTERDAY
  MAXIMUM         59    419 PM  77    1968  56      3       62
  MINIMUM         29    458 AM  20    1978  36     -7       52
  AVERAGE         44                        46     -2       57

PRECIPITATION (IN)
  YESTERDAY        0.00          0.91        0.10  -0.10     0.07
  MONTH TO DATE    2.74                      1.86   0.88     0.91
  SINCE SEP 1      3.53                      5.51  -1.98     2.29
  SINCE JAN 1     32.90                     28.05   4.85    23.40

DEGREE DAYS
 HEATING
  YESTERDAY       21                        19      2        8
  MONTH TO DATE  156                       277   -121      185
  SINCE SEP 1    281                       502   -221      324
  SINCE JUL 1    333                       577   -244      335

 COOLING
  YESTERDAY        0                         0      0        0
  MONTH TO DATE    4                         0      4        0
  SINCE SEP 1     73                        25     48       47
  SINCE JAN 1    399                       361     38      527
..................................................................


WIND (MPH)
  HIGHEST WIND SPEED    29   HIGHEST WIND DIRECTION    SW (220)
  HIGHEST GUST SPEED    38   HIGHEST GUST DIRECTION    SW (220)
  AVERAGE WIND SPEED    12.0


SKY COVER
  AVERAGE SKY COVER 0.2


WEATHER CONDITIONS
 THE FOLLOWING WEATHER WAS RECORDED YESTERDAY.
  NO SIGNIFICANT WEATHER WAS OBSERVED.


RELATIVE HUMIDITY (PERCENT)
 HIGHEST   100           100 AM
 LOWEST     51           100 PM
 AVERAGE    76

..........................................................


THE MASSENA NY CLIMATE NORMALS FOR TODAY
                         NORMAL    RECORD    YEAR
 MAXIMUM TEMPERATURE (F)   55        81      1998
 MINIMUM TEMPERATURE (F)   36        22      2015


SUNRISE AND SUNSET
OCTOBER 18 2017.......SUNRISE   719 AM EDT   SUNSET   609 PM EDT
OCTOBER 19 2017.......SUNRISE   721 AM EDT   SUNSET   607 PM EDT


-  INDICATES NEGATIVE NUMBERS.
R  INDICATES RECORD WAS SET OR TIED.
MM INDICATES DATA IS MISSING.
T  INDICATES TRACE AMOUNT.




$$
