000
CDUS41 KBTV 260611
CLIMSS


CLIMATE REPORT
NATIONAL WEATHER SERVICE BURLINGTON VT
111 AM EST FRI DEC 26 2014


...................................

...THE MASSENA NY CLIMATE SUMMARY FOR DECEMBER 25 2014...

CLIMATE NORMAL PERIOD 1981 TO 2010
CLIMATE RECORD PERIOD 1948 TO 2014


WEATHER ITEM   OBSERVED TIME   RECORD YEAR NORMAL DEPARTURE LAST
                VALUE   (LST)  VALUE       VALUE  FROM      YEAR
                                                  NORMAL
..................................................................
TEMPERATURE (F)
 YESTERDAY
  MAXIMUM         48    322 AM  61    1982  27     21        7
  MINIMUM         35    219 AM -28    1980   9     26      -12
  AVERAGE         42                        18     24       -2

PRECIPITATION (IN)
  YESTERDAY        0.12          1.26        0.07   0.05     0.00
  MONTH TO DATE    0.90                      1.99  -1.09     1.61
  SINCE DEC 1      0.90                      1.99  -1.09     1.61
  SINCE JAN 1     31.06                     34.52  -3.46    35.49

DEGREE DAYS
 HEATING
  YESTERDAY       23                        47    -24       67
  MONTH TO DATE  962                      1043    -81     1171
  SINCE DEC 1    962                      1043    -81     1171
  SINCE JUL 1   2523                      2812   -289     2922

 COOLING
  YESTERDAY        0                         0      0        0
  MONTH TO DATE    0                         0      0        0
  SINCE DEC 1      0                         0      0        0
  SINCE JAN 1    336                       363    -27      418
..................................................................


WIND (MPH)
  HIGHEST WIND SPEED    40   HIGHEST WIND DIRECTION    SW (230)
  HIGHEST GUST SPEED    55   HIGHEST GUST DIRECTION    SW (230)
  AVERAGE WIND SPEED    21.0


SKY COVER
  AVERAGE SKY COVER 0.9


WEATHER CONDITIONS
 THE FOLLOWING WEATHER WAS RECORDED YESTERDAY.
  HEAVY RAIN
  LIGHT RAIN
  FOG


RELATIVE HUMIDITY (PERCENT)
 HIGHEST   100           100 AM
 LOWEST     64           800 PM
 AVERAGE    82

..........................................................


THE MASSENA NY CLIMATE NORMALS FOR TODAY
                         NORMAL    RECORD    YEAR
 MAXIMUM TEMPERATURE (F)   27        61      1982
 MINIMUM TEMPERATURE (F)    9       -27      1968


SUNRISE AND SUNSET
DECEMBER 26 2014......SUNRISE   736 AM EST   SUNSET   424 PM EST
DECEMBER 27 2014......SUNRISE   737 AM EST   SUNSET   424 PM EST


-  INDICATES NEGATIVE NUMBERS.
R  INDICATES RECORD WAS SET OR TIED.
MM INDICATES DATA IS MISSING.
T  INDICATES TRACE AMOUNT.




$$
