000
CDUS41 KBTV 280550
CLIMSS


CLIMATE REPORT
NATIONAL WEATHER SERVICE BURLINGTON VT
145 AM EDT SAT MAY 28 2016


...................................

...THE MASSENA NY CLIMATE SUMMARY FOR MAY 27 2016...

CLIMATE NORMAL PERIOD 1981 TO 2010
CLIMATE RECORD PERIOD 1948 TO 2016


WEATHER ITEM   OBSERVED TIME   RECORD YEAR NORMAL DEPARTURE LAST
                VALUE   (LST)  VALUE       VALUE  FROM      YEAR
                                                  NORMAL
..................................................................
TEMPERATURE (F)
 YESTERDAY
  MAXIMUM         89R   258 PM  89    1978  70     19       82
  MINIMUM         55    424 AM  30    1954  47      8       62
  AVERAGE         72                        58     14       72

PRECIPITATION (IN)
  YESTERDAY        0.00          1.91        0.10  -0.10      T
  MONTH TO DATE    0.79                      2.66  -1.87     0.90
  SINCE MAR 1      4.68                      7.57  -2.89     3.92
  SINCE JAN 1      9.34                     11.52  -2.18     5.34

DEGREE DAYS
 HEATING
  YESTERDAY        0                         7     -7        0
  MONTH TO DATE  286                       292     -6      160
  SINCE MAR 1   2052                      2087    -35     2095
  SINCE JUL 1   7098                      8074   -976     8261

 COOLING
  YESTERDAY        7                         1      6        7
  MONTH TO DATE   13                         8      5       40
  SINCE MAR 1     13                         9      4       40
  SINCE JAN 1     13                         9      4       40
..................................................................


WIND (MPH)
  HIGHEST WIND SPEED    23   HIGHEST WIND DIRECTION    SW (240)
  HIGHEST GUST SPEED    32   HIGHEST GUST DIRECTION    SW (240)
  AVERAGE WIND SPEED     8.4


SKY COVER
  AVERAGE SKY COVER 0.3


WEATHER CONDITIONS
 THE FOLLOWING WEATHER WAS RECORDED YESTERDAY.
  NO SIGNIFICANT WEATHER WAS OBSERVED.


RELATIVE HUMIDITY (PERCENT)
 HIGHEST    86           500 AM
 LOWEST     46          1200 PM
 AVERAGE    66

..........................................................


THE MASSENA NY CLIMATE NORMALS FOR TODAY
                         NORMAL    RECORD    YEAR
 MAXIMUM TEMPERATURE (F)   70        89      1978
 MINIMUM TEMPERATURE (F)   48        33      1970


SUNRISE AND SUNSET
MAY 28 2016...........SUNRISE   518 AM EDT   SUNSET   836 PM EDT
MAY 29 2016...........SUNRISE   518 AM EDT   SUNSET   837 PM EDT


-  INDICATES NEGATIVE NUMBERS.
R  INDICATES RECORD WAS SET OR TIED.
MM INDICATES DATA IS MISSING.
T  INDICATES TRACE AMOUNT.




$$
