000
CDUS41 KBTV 150618
CLIMSS


CLIMATE REPORT
NATIONAL WEATHER SERVICE BURLINGTON VT
116 AM EST FRI DEC 15 2017


...................................

...THE MASSENA NY CLIMATE SUMMARY FOR DECEMBER 14 2017...

CLIMATE NORMAL PERIOD 1981 TO 2010
CLIMATE RECORD PERIOD 1948 TO 2017


WEATHER ITEM   OBSERVED TIME   RECORD YEAR NORMAL DEPARTURE LAST
                VALUE   (LST)  VALUE       VALUE  FROM      YEAR
                                                  NORMAL
..................................................................
TEMPERATURE (F)
 YESTERDAY
  MAXIMUM          8    421 PM  56    1975  31    -23       32
  MINIMUM         -7    821 AM -16    1989  15    -22       18
  AVERAGE          1                        23    -22       25

PRECIPITATION (IN)
  YESTERDAY        0.00          0.83        0.07  -0.07      T
  MONTH TO DATE    0.30                      1.19  -0.89     0.76
  SINCE DEC 1      0.30                      1.19  -0.89     0.76
  SINCE JAN 1     38.35                     33.72   4.63    28.64

DEGREE DAYS
 HEATING
  YESTERDAY       64                        42     22       40
  MONTH TO DATE  509                       550    -41      492
  SINCE DEC 1    509                       550    -41      492
  SINCE JUL 1   1908                      2319   -411     1898

 COOLING
  YESTERDAY        0                         0      0        0
  MONTH TO DATE    0                         0      0        0
  SINCE DEC 1      0                         0      0        0
  SINCE JAN 1    399                       363     36      527
..................................................................


WIND (MPH)
  HIGHEST WIND SPEED    18   HIGHEST WIND DIRECTION    SW (230)
  HIGHEST GUST SPEED    24   HIGHEST GUST DIRECTION    SW (230)
  AVERAGE WIND SPEED     9.6


SKY COVER
  AVERAGE SKY COVER 0.0


WEATHER CONDITIONS
 THE FOLLOWING WEATHER WAS RECORDED YESTERDAY.
  NO SIGNIFICANT WEATHER WAS OBSERVED.


RELATIVE HUMIDITY (PERCENT)
 HIGHEST    91           800 AM
 LOWEST     57           300 PM
 AVERAGE    74

..........................................................


THE MASSENA NY CLIMATE NORMALS FOR TODAY
                         NORMAL    RECORD    YEAR
 MAXIMUM TEMPERATURE (F)   31        56      1975
 MINIMUM TEMPERATURE (F)   14       -15      1989


SUNRISE AND SUNSET
DECEMBER 15 2017......SUNRISE   731 AM EST   SUNSET   419 PM EST
DECEMBER 16 2017......SUNRISE   731 AM EST   SUNSET   419 PM EST


-  INDICATES NEGATIVE NUMBERS.
R  INDICATES RECORD WAS SET OR TIED.
MM INDICATES DATA IS MISSING.
T  INDICATES TRACE AMOUNT.




$$
