000
CDUS41 KBTV 220549
CLIMSS


CLIMATE REPORT
NATIONAL WEATHER SERVICE BURLINGTON VT
1245 AM EST SAT NOV 22 2014


...................................

...THE MASSENA NY CLIMATE SUMMARY FOR NOVEMBER 21 2014...

CLIMATE NORMAL PERIOD 1981 TO 2010
CLIMATE RECORD PERIOD 1948 TO 2014


WEATHER ITEM   OBSERVED TIME   RECORD YEAR NORMAL DEPARTURE LAST
                VALUE   (LST)  VALUE       VALUE  FROM      YEAR
                                                  NORMAL
..................................................................
TEMPERATURE (F)
 YESTERDAY
  MAXIMUM         24    344 PM  59    1992  41    -17       45
  MINIMUM         15    516 AM   2    1967  26    -11       15
  AVERAGE         20                        33    -13       30

PRECIPITATION (IN)
  YESTERDAY        0.00          0.95        0.10  -0.10     0.00
  MONTH TO DATE    0.76                      2.18  -1.42     1.54
  SINCE SEP 1      4.01                      9.14  -5.13     9.64
  SINCE JAN 1     29.47                     31.68  -2.21    32.76

DEGREE DAYS
 HEATING
  YESTERDAY       45                        32     13       35
  MONTH TO DATE  604                       584     20      581
  SINCE SEP 1   1233                      1390   -157     1306
  SINCE JUL 1   1293                      1465   -172     1362

 COOLING
  YESTERDAY        0                         0      0        0
  MONTH TO DATE    0                         0      0        0
  SINCE SEP 1     48                        27     21       31
  SINCE JAN 1    336                       363    -27      418
..................................................................


WIND (MPH)
  HIGHEST WIND SPEED    20   HIGHEST WIND DIRECTION     W (260)
  HIGHEST GUST SPEED    26   HIGHEST GUST DIRECTION     W (270)
  AVERAGE WIND SPEED    10.1


SKY COVER
  AVERAGE SKY COVER 0.3


WEATHER CONDITIONS
 THE FOLLOWING WEATHER WAS RECORDED YESTERDAY.
  NO SIGNIFICANT WEATHER WAS OBSERVED.


RELATIVE HUMIDITY (PERCENT)
 HIGHEST    88           500 AM
 LOWEST     46           300 PM
 AVERAGE    67

..........................................................


THE MASSENA NY CLIMATE NORMALS FOR TODAY
                         NORMAL    RECORD    YEAR
 MAXIMUM TEMPERATURE (F)   41        72      1953
 MINIMUM TEMPERATURE (F)   25         0      1972


SUNRISE AND SUNSET
NOVEMBER 22 2014......SUNRISE   706 AM EST   SUNSET   425 PM EST
NOVEMBER 23 2014......SUNRISE   707 AM EST   SUNSET   424 PM EST


-  INDICATES NEGATIVE NUMBERS.
R  INDICATES RECORD WAS SET OR TIED.
MM INDICATES DATA IS MISSING.
T  INDICATES TRACE AMOUNT.




$$
