286
CDUS41 KBTV 240550
CLIMSS


CLIMATE REPORT
NATIONAL WEATHER SERVICE BURLINGTON VT
1248 AM EST FRI FEB 24 2017


...................................

...THE MASSENA NY CLIMATE SUMMARY FOR FEBRUARY 23 2017...

CLIMATE NORMAL PERIOD 1981 TO 2010
CLIMATE RECORD PERIOD 1948 TO 2017


WEATHER ITEM   OBSERVED TIME   RECORD YEAR NORMAL DEPARTURE LAST
                VALUE   (LST)  VALUE       VALUE  FROM      YEAR
                                                  NORMAL
..................................................................
TEMPERATURE (F)
 YESTERDAY
  MAXIMUM         62R  1041 AM  59    1984  30     32       22
  MINIMUM         37    408 AM -37    1972   9     28        1
  AVERAGE         50                        20     30       12

PRECIPITATION (IN)
  YESTERDAY        T             1.41        0.07  -0.07     0.00
  MONTH TO DATE    1.30                      1.42  -0.12     2.30
  SINCE DEC 1      5.20                      6.03  -0.83     5.48
  SINCE JAN 1      2.87                      3.60  -0.73     2.83

DEGREE DAYS
 HEATING
  YESTERDAY       15                        45    -30       53
  MONTH TO DATE  933                      1103   -170     1053
  SINCE DEC 1   3376                      3997   -621     3338
  SINCE JUL 1   4782                      5766   -984     4812

 COOLING
  YESTERDAY        0                         0      0        0
  MONTH TO DATE    0                         0      0        0
  SINCE DEC 1      0                         0      0        0
  SINCE JAN 1      0                         0      0        0
..................................................................


WIND (MPH)
  HIGHEST WIND SPEED    26   HIGHEST WIND DIRECTION    SW (220)
  HIGHEST GUST SPEED    33   HIGHEST GUST DIRECTION     S (200)
  AVERAGE WIND SPEED     9.3


SKY COVER
  AVERAGE SKY COVER 0.6


WEATHER CONDITIONS
 THE FOLLOWING WEATHER WAS RECORDED YESTERDAY.
  LIGHT RAIN


RELATIVE HUMIDITY (PERCENT)
 HIGHEST    86           300 PM
 LOWEST     60          1000 AM
 AVERAGE    73

..........................................................


THE MASSENA NY CLIMATE NORMALS FOR TODAY
                         NORMAL    RECORD    YEAR
 MAXIMUM TEMPERATURE (F)   30        55      1984
 MINIMUM TEMPERATURE (F)   10       -21      2015


SUNRISE AND SUNSET
FEBRUARY 24 2017......SUNRISE   645 AM EST   SUNSET   540 PM EST
FEBRUARY 25 2017......SUNRISE   644 AM EST   SUNSET   542 PM EST


-  INDICATES NEGATIVE NUMBERS.
R  INDICATES RECORD WAS SET OR TIED.
MM INDICATES DATA IS MISSING.
T  INDICATES TRACE AMOUNT.




$$
