000
CDUS42 KKEY 260545
CLIMTH

CLIMATE REPORT
NATIONAL WEATHER SERVICE KEY WEST, FL
135 AM EDT THU MAR 26 2015


...................................

...THE MARATHON CLIMATE SUMMARY FOR MARCH 25 2015...

CLIMATE NORMAL PERIOD 1981 TO 2010


WEATHER ITEM   OBSERVED TIME   NORMAL DEPARTURE LAST
               VALUE    (LST)  VALUE  FROM      YEAR
                                      NORMAL
......................................................
TEMPERATURE (F)
 YESTERDAY
  MAXIMUM         85    331 PM  81      4       83
  MINIMUM         73    645 AM  69      4       71
  AVERAGE         79            75      4       77

PRECIPITATION (IN)
  YESTERDAY        0.00          0.07  -0.07     0.22
  MONTH TO DATE    0.40          1.87  -1.47     1.44
  SINCE MAR 1      0.40          1.87  -1.47     1.44
  SINCE JAN 1      2.63          5.69  -3.06     5.13

SNOWFALL (IN)
  YESTERDAY        0.0
  MONTH TO DATE    0.0
  SINCE MAR 1      0.0
  SINCE JUL 1      0.0
  SNOW DEPTH       0

DEGREE DAYS
 HEATING
  YESTERDAY        0             0      0        0
  MONTH TO DATE    0             0      0        0
  SINCE MAR 1      0             0      0        0
  SINCE JUL 1     50            75    -25       35

 COOLING
  YESTERDAY       14            10      4       12
  MONTH TO DATE  348           220    128      263
  SINCE MAR 1    348           220    128      263
  SINCE JAN 1    735           602    133      769
......................................................


WIND (MPH)
  HIGHEST WIND SPEED     8   HIGHEST WIND DIRECTION    SE (140)
  HIGHEST GUST SPEED    13   HIGHEST GUST DIRECTION    SE (120)
  AVERAGE WIND SPEED     5.2


SKY COVER
  POSSIBLE SUNSHINE  MM
  AVERAGE SKY COVER 0.0


WEATHER CONDITIONS
 THE FOLLOWING WEATHER WAS RECORDED YESTERDAY.
  NO SIGNIFICANT WEATHER WAS OBSERVED.


RELATIVE HUMIDITY (PERCENT)
 HIGHEST    79
 LOWEST     44
 AVERAGE    62

..........................................................


THE MARATHON CLIMATE NORMALS FOR TODAY
                         NORMAL
 MAXIMUM TEMPERATURE (F)   81
 MINIMUM TEMPERATURE (F)   70


SUNRISE AND SUNSET
MARCH 26 2015.........SUNRISE   722 AM EDT   SUNSET   738 PM EDT
MARCH 27 2015.........SUNRISE   721 AM EDT   SUNSET   738 PM EDT


-  INDICATES NEGATIVE NUMBERS.
R  INDICATES RECORD WAS SET OR TIED.
MM INDICATES DATA IS MISSING.
T  INDICATES TRACE AMOUNT.


$$
