000
CDUS42 KKEY 030529
CLIMTH

CLIMATE REPORT NATIONAL WEATHER SERVICE KEY WEST, FL

1226 AM EST TUE MAR 3 2015


...THE MARATHON CLIMATE SUMMARY FOR MARCH 2 2015...

CLIMATE NORMAL PERIOD 1981 TO 2010


WEATHER ITEM   OBSERVED TIME   NORMAL DEPARTURE LAST
                VALUE   (LST)  VALUE  FROM      YEAR
                                      NORMAL
......................................................
TEMPERATURE (F)
 YESTERDAY
  MAXIMUM         83    135 PM  78      5       82
  MINIMUM         73    140 AM  67      6       72
  AVERAGE         78            72      6       77

PRECIPITATION (IN)
  YESTERDAY        0.01          0.06  -0.05     0.00
  MONTH TO DATE    0.01          0.12  -0.11     0.00
  SINCE MAR 1      0.01          0.12  -0.11     0.00
  SINCE JAN 1      2.24          3.94  -1.70     3.69

SNOWFALL (IN)
  YESTERDAY        0.0
  MONTH TO DATE    0.0
  SINCE MAR 1      0.0
  SINCE JUL 1      0.0
  SNOW DEPTH       0

DEGREE DAYS
 HEATING
  YESTERDAY        0             0      0        0
  MONTH TO DATE    0             0      0        0
  SINCE MAR 1      0             0      0        0
  SINCE JUL 1     50            75    -25       35

 COOLING
  YESTERDAY       13             8      5       12
  MONTH TO DATE   27            16     11       19
  SINCE MAR 1     27            16     11       19
  SINCE JAN 1    414           398     16      525
......................................................


WIND (MPH)
  HIGHEST WIND SPEED    15   HIGHEST WIND DIRECTION     E (80)
  HIGHEST GUST SPEED    23   HIGHEST GUST DIRECTION     E (100)
  AVERAGE WIND SPEED     9.3


SKY COVER
  POSSIBLE SUNSHINE  MM
  AVERAGE SKY COVER 0.2


WEATHER CONDITIONS
 THE FOLLOWING WEATHER WAS RECORDED YESTERDAY.
  LIGHT RAIN


RELATIVE HUMIDITY (PERCENT)
 HIGHEST    93
 LOWEST     69
 AVERAGE    81

..........................................................


THE MARATHON CLIMATE NORMALS FOR TODAY
                         NORMAL
 MAXIMUM TEMPERATURE (F)   78
 MINIMUM TEMPERATURE (F)   67


SUNRISE AND SUNSET
MARCH  3 2015.........SUNRISE   645 AM EST   SUNSET   628 PM EST
MARCH  4 2015.........SUNRISE   644 AM EST   SUNSET   628 PM EST


-  INDICATES NEGATIVE NUMBERS.
R  INDICATES RECORD WAS SET OR TIED.
MM INDICATES DATA IS MISSING.
T  INDICATES TRACE AMOUNT.




$$
