000
CDUS42 KKEY 062040 RRA
CLIMTH

CLIMATE REPORT
NATIONAL WEATHER SERVICE KEY WEST, FL
439 PM EDT FRI MAY 6 2016

...................................

...THE MARATHON CLIMATE SUMMARY FOR MAY 6 2016...
VALID TODAY AS OF 0400 PM LOCAL TIME.

CLIMATE NORMAL PERIOD 1981 TO 2010

WEATHER ITEM   OBSERVED TIME   NORMAL DEPARTURE LAST
                VALUE   (LST)  VALUE  FROM      YEAR
                                      NORMAL
......................................................
TEMPERATURE (F)
 TODAY
  MAXIMUM         81    222 PM  85     -4       84
  MINIMUM         69    539 AM  74     -5       72
  AVERAGE         75            80     -5       78

PRECIPITATION (IN)
  TODAY            0.13          0.10   0.03     0.00
  MONTH TO DATE    0.29          0.56  -0.27     0.02
  SINCE MAR 1      2.41          5.33  -2.92     4.23
  SINCE JAN 1     10.77          9.15   1.62     6.46

SNOWFALL (IN)
  TODAY            0.0
  MONTH TO DATE    0.0
  SINCE MAR 1      0.0
  SINCE JUL 1      0.0
  SNOW DEPTH       0

DEGREE DAYS
 HEATING
  TODAY            0             0      0        0
  MONTH TO DATE    0             0      0        0
  SINCE MAR 1      0             6     -6        0
  SINCE JUL 1     49            81    -32       50

 COOLING
  TODAY           10            15     -5       13
  MONTH TO DATE   97            85     12       77
  SINCE MAR 1    892           739    153     1001
  SINCE JAN 1   1188          1121     67     1388
......................................................


WIND (MPH)
  HIGHEST WIND SPEED    16   HIGHEST WIND DIRECTION    NW (320)
  HIGHEST GUST SPEED    23   HIGHEST GUST DIRECTION    NW (320)
  AVERAGE WIND SPEED     7.4


SKY COVER
  POSSIBLE SUNSHINE  MM
  AVERAGE SKY COVER 0.1


WEATHER CONDITIONS
 THE FOLLOWING WEATHER WAS RECORDED TODAY.
  RAIN
  LIGHT RAIN


RELATIVE HUMIDITY (PERCENT)
 HIGHEST    68
 LOWEST     50
 AVERAGE    59

..........................................................


THE MARATHON CLIMATE NORMALS FOR TOMORROW
                         NORMAL
 MAXIMUM TEMPERATURE (F)   85
 MINIMUM TEMPERATURE (F)   75


SUNRISE AND SUNSET
MAY  6 2016...........SUNRISE   645 AM EDT   SUNSET   757 PM EDT
MAY  7 2016...........SUNRISE   645 AM EDT   SUNSET   757 PM EDT


-  INDICATES NEGATIVE NUMBERS.
R  INDICATES RECORD WAS SET OR TIED.
MM INDICATES DATA IS MISSING.
T  INDICATES TRACE AMOUNT.




$$
