000
CDUS45 KGJT 280725
CLIMTJ


CLIMATE REPORT
NATIONAL WEATHER SERVICE GRAND JUNCTION CO
123 AM MDT WED SEP 28 2016


...................................

...THE MONTROSE CO CLIMATE SUMMARY FOR SEPTEMBER 27 2016...

CLIMATE NORMAL PERIOD 1981 TO 2010
CLIMATE RECORD PERIOD 9999 TO 9999


WEATHER ITEM   OBSERVED TIME   RECORD YEAR NORMAL DEPARTURE LAST
                VALUE   (LST)  VALUE       VALUE  FROM      YEAR
                                                  NORMAL
..................................................................
TEMPERATURE (F)
 YESTERDAY
  MAXIMUM         77    437 PM  MM      MM  73      4       87
  MINIMUM         42    621 AM  MM      MM  43     -1       48
  AVERAGE         60                        58      2       68

PRECIPITATION (IN)
  YESTERDAY        0.00         MM      MM   0.04  -0.04     0.00
  MONTH TO DATE    0.87                      1.18  -0.31     0.60
  SINCE SEP 1      0.87                      1.18  -0.31     0.60
  SINCE JAN 1      6.62                      8.51  -1.89     7.27

SNOWFALL (IN)
  YESTERDAY       MM            MM      MM  MM     MM       MM
  MONTH TO DATE   MM                        MM     MM       MM
  SINCE SEP 1     MM                        MM     MM       MM
  SINCE JUL 1     MM                        MM     MM       MM
  SNOW DEPTH      MM

DEGREE DAYS
 HEATING
  YESTERDAY        5                         7     -2        0
  MONTH TO DATE   72                        96    -24       13
  SINCE SEP 1     72                        96    -24       13
  SINCE JUL 1     82                       101    -19       14

 COOLING
  YESTERDAY        0                         0      0        3
  MONTH TO DATE   40                        37      3       53
  SINCE SEP 1     40                        37      3       53
  SINCE JAN 1    721                       642     79      714
..................................................................


WIND (MPH)
  HIGHEST WIND SPEED    14   HIGHEST WIND DIRECTION     N (340)
  HIGHEST GUST SPEED    16   HIGHEST GUST DIRECTION     N (340)
  AVERAGE WIND SPEED     6.9


SKY COVER
  POSSIBLE SUNSHINE  MM
  AVERAGE SKY COVER 0.0


WEATHER CONDITIONS
 THE FOLLOWING WEATHER WAS RECORDED YESTERDAY.
  NO SIGNIFICANT WEATHER WAS OBSERVED.


RELATIVE HUMIDITY (PERCENT)
 HIGHEST    76           500 AM
 LOWEST     20           400 PM
 AVERAGE    48

..........................................................


THE MONTROSE CO CLIMATE NORMALS FOR TODAY
                         NORMAL    RECORD    YEAR
 MAXIMUM TEMPERATURE (F)   73        MM        MM
 MINIMUM TEMPERATURE (F)   42        MM        MM


SUNRISE AND SUNSET
SEPTEMBER 28 2016.....SUNRISE   705 AM MDT   SUNSET   658 PM MDT
SEPTEMBER 29 2016.....SUNRISE   706 AM MDT   SUNSET   657 PM MDT


-  INDICATES NEGATIVE NUMBERS.
R  INDICATES RECORD WAS SET OR TIED.
MM INDICATES DATA IS MISSING.
T  INDICATES TRACE AMOUNT.




$$
