000
CDUS45 KGJT 260754
CLIMTJ


CLIMATE REPORT
NATIONAL WEATHER SERVICE GRAND JUNCTION CO
130 AM MDT THU MAY 26 2016


...................................

...THE MONTROSE CO CLIMATE SUMMARY FOR MAY 25 2016...

CLIMATE NORMAL PERIOD 1981 TO 2010
CLIMATE RECORD PERIOD 9999 TO 9999


WEATHER ITEM   OBSERVED TIME   RECORD YEAR NORMAL DEPARTURE LAST
                VALUE   (LST)  VALUE       VALUE  FROM      YEAR
                                                  NORMAL
..................................................................
TEMPERATURE (F)
 YESTERDAY
  MAXIMUM         74    349 PM  MM      MM  77     -3       64
  MINIMUM         44    509 AM  MM      MM  46     -2       45
  AVERAGE         59                        61     -2       55

PRECIPITATION (IN)
  YESTERDAY        0.00         MM      MM   0.03  -0.03     0.14
  MONTH TO DATE    0.95                      0.97  -0.02     1.78
  SINCE MAR 1      2.32                      2.96  -0.64     3.12
  SINCE JAN 1      2.92                      4.19  -1.27     4.37

SNOWFALL (IN)
  YESTERDAY       MM            MM      MM  MM     MM       MM
  MONTH TO DATE   MM                        MM     MM       MM
  SINCE MAR 1     MM                        MM     MM       MM
  SINCE JUL 1     MM                        MM     MM       MM
  SNOW DEPTH      MM

DEGREE DAYS
 HEATING
  YESTERDAY        6                         5      1       10
  MONTH TO DATE  210                       202      8      262
  SINCE MAR 1   1377                      1425    -48     1276
  SINCE JUL 1   5867                      6140   -273     5364

 COOLING
  YESTERDAY        0                         1     -1        0
  MONTH TO DATE    2                         7     -5        0
  SINCE MAR 1      2                         7     -5        0
  SINCE JAN 1      2                         7     -5        0
..................................................................


WIND (MPH)
  HIGHEST WIND SPEED    23   HIGHEST WIND DIRECTION     W (250)
  HIGHEST GUST SPEED    29   HIGHEST GUST DIRECTION     W (270)
  AVERAGE WIND SPEED     9.3


SKY COVER
  POSSIBLE SUNSHINE  MM
  AVERAGE SKY COVER 0.0


WEATHER CONDITIONS
 THE FOLLOWING WEATHER WAS RECORDED YESTERDAY.
  NO SIGNIFICANT WEATHER WAS OBSERVED.


RELATIVE HUMIDITY (PERCENT)
 HIGHEST    45           600 AM
 LOWEST      8           200 PM
 AVERAGE    27

..........................................................


THE MONTROSE CO CLIMATE NORMALS FOR TODAY
                         NORMAL    RECORD    YEAR
 MAXIMUM TEMPERATURE (F)   77        MM        MM
 MINIMUM TEMPERATURE (F)   46        MM        MM


SUNRISE AND SUNSET
MAY 26 2016...........SUNRISE   552 AM MDT   SUNSET   826 PM MDT
MAY 27 2016...........SUNRISE   551 AM MDT   SUNSET   827 PM MDT


-  INDICATES NEGATIVE NUMBERS.
R  INDICATES RECORD WAS SET OR TIED.
MM INDICATES DATA IS MISSING.
T  INDICATES TRACE AMOUNT.




$$
