000
CDUS43 KILX 070646
CLIMTO


CLIMATE REPORT
NATIONAL WEATHER SERVICE LINCOLN IL
145 AM CDT TUE JUL 7 2015


...................................

...THE MATTOON IL AIRPORT CLIMATE SUMMARY FOR JULY 6 2015...

CLIMATE NORMAL PERIOD 1981 TO 2010
CLIMATE RECORD PERIOD 9999 TO 9999


WEATHER ITEM   OBSERVED TIME   RECORD YEAR NORMAL DEPARTURE LAST
                VALUE   (LST)  VALUE       VALUE  FROM      YEAR
                                                  NORMAL
..................................................................
TEMPERATURE (F)
 YESTERDAY
  MAXIMUM         85    343 PM  MM      MM  86     -1       83
  MINIMUM         66    404 AM  MM      MM  66      0       65
  AVERAGE         76                        76      0       74

PRECIPITATION (IN)
  YESTERDAY        0.04         MM      MM   0.12  -0.08     0.01
  MONTH TO DATE    0.64                      0.72  -0.08     0.49
  SINCE JUN 1      9.94                      4.96   4.98     5.93
  SINCE JAN 1     20.49                     19.31   1.18    16.10

DEGREE DAYS
 HEATING
  YESTERDAY        0                         0      0        0
  MONTH TO DATE    0                         0      0        0
  SINCE JUN 1      8                        17     -9        3
  SINCE JUL 1      0                         0      0        0

 COOLING
  YESTERDAY       11                        11      0        9
  MONTH TO DATE   38                        64    -26       30
  SINCE JUN 1    276                       287    -11      294
  SINCE JAN 1    403                       375     28      424
..................................................................


WIND (MPH)
  HIGHEST WIND SPEED    24   HIGHEST WIND DIRECTION     S (200)
  HIGHEST GUST SPEED    33   HIGHEST GUST DIRECTION     S (190)
  AVERAGE WIND SPEED     8.3


SKY COVER
  POSSIBLE SUNSHINE  MM
  AVERAGE SKY COVER 0.1


WEATHER CONDITIONS
 THE FOLLOWING WEATHER WAS RECORDED YESTERDAY.
  LIGHT RAIN
  FOG
  HAZE


RELATIVE HUMIDITY (PERCENT)
 HIGHEST   100           200 AM
 LOWEST     69          1100 AM
 AVERAGE    85

..........................................................


THE MATTOON IL AIRPORT CLIMATE NORMALS FOR TODAY
                         NORMAL    RECORD    YEAR
 MAXIMUM TEMPERATURE (F)   86        MM        MM
 MINIMUM TEMPERATURE (F)   66        MM        MM


SUNRISE AND SUNSET
JULY  7 2015..........SUNRISE   533 AM CDT   SUNSET   823 PM CDT
JULY  8 2015..........SUNRISE   533 AM CDT   SUNSET   823 PM CDT


-  INDICATES NEGATIVE NUMBERS.
R  INDICATES RECORD WAS SET OR TIED.
MM INDICATES DATA IS MISSING.
T  INDICATES TRACE AMOUNT.




$$
