000
CDUS43 KILX 010644
CLIMTO


CLIMATE REPORT
NATIONAL WEATHER SERVICE LINCOLN IL
143 AM CDT SUN MAY 1 2016


...................................

...THE MATTOON IL AIRPORT CLIMATE SUMMARY FOR APRIL 30 2016...

CLIMATE NORMAL PERIOD 1981 TO 2010
CLIMATE RECORD PERIOD 9999 TO 9999


WEATHER ITEM   OBSERVED TIME   RECORD YEAR NORMAL DEPARTURE LAST
                VALUE   (LST)  VALUE       VALUE  FROM      YEAR
                                                  NORMAL
..................................................................
TEMPERATURE (F)
 YESTERDAY
  MAXIMUM         65    702 PM  MM      MM  69     -4       61
  MINIMUM         53    455 AM  MM      MM  49      4       38
  AVERAGE         59                        58      1       50

PRECIPITATION (IN)
  YESTERDAY        0.65         MM      MM   0.17   0.48     0.07
  MONTH TO DATE    4.67                      3.43   1.24     3.80
  SINCE MAR 1      8.48                      6.00   2.48     6.31
  SINCE JAN 1      9.21                      9.98  -0.77     7.66

DEGREE DAYS
 HEATING
  YESTERDAY        6                         7     -1       15
  MONTH TO DATE  348                       360    -12      310
  SINCE MAR 1    856                      1058   -202     1120
  SINCE JUL 1   4378                      5262   -884     5813

 COOLING
  YESTERDAY        0                         1     -1        0
  MONTH TO DATE    7                        13     -6        2
  SINCE MAR 1      7                        14     -7        2
  SINCE JAN 1      7                        14     -7        2
..................................................................


WIND (MPH)
  HIGHEST WIND SPEED    22   HIGHEST WIND DIRECTION    SE (120)
  HIGHEST GUST SPEED    27   HIGHEST GUST DIRECTION    SE (120)
  AVERAGE WIND SPEED     8.6


SKY COVER
  POSSIBLE SUNSHINE  MM
  AVERAGE SKY COVER 0.8


WEATHER CONDITIONS
 THE FOLLOWING WEATHER WAS RECORDED YESTERDAY.
  HEAVY RAIN
  RAIN
  LIGHT RAIN
  FOG
  HAZE


RELATIVE HUMIDITY (PERCENT)
 HIGHEST    93           400 AM
 LOWEST     77           100 AM
 AVERAGE    85

..........................................................


THE MATTOON IL AIRPORT CLIMATE NORMALS FOR TODAY
                         NORMAL    RECORD    YEAR
 MAXIMUM TEMPERATURE (F)   69        MM        MM
 MINIMUM TEMPERATURE (F)   49        MM        MM


SUNRISE AND SUNSET
MAY  1 2016...........SUNRISE   554 AM CDT   SUNSET   747 PM CDT
MAY  2 2016...........SUNRISE   552 AM CDT   SUNSET   748 PM CDT


-  INDICATES NEGATIVE NUMBERS.
R  INDICATES RECORD WAS SET OR TIED.
MM INDICATES DATA IS MISSING.
T  INDICATES TRACE AMOUNT.




$$
