000
CDUS43 KILX 200647
CLIMTO


CLIMATE REPORT
NATIONAL WEATHER SERVICE LINCOLN IL
147 AM CDT FRI OCT 20 2017


...................................

...THE MATTOON IL AIRPORT CLIMATE SUMMARY FOR OCTOBER 19 2017...

CLIMATE NORMAL PERIOD 1981 TO 2010
CLIMATE RECORD PERIOD 9999 TO 9999


WEATHER ITEM   OBSERVED TIME   RECORD YEAR NORMAL DEPARTURE LAST
                VALUE   (LST)  VALUE       VALUE  FROM      YEAR
                                                  NORMAL
..................................................................
TEMPERATURE (F)
 YESTERDAY
  MAXIMUM         77    236 PM  MM      MM  64     13       70
  MINIMUM         52    659 AM  MM      MM  43      9       54
  AVERAGE         65                        54     11       62

PRECIPITATION (IN)
  YESTERDAY        0.00         MM      MM   0.10  -0.10     0.92
  MONTH TO DATE    3.45                      1.71   1.74     1.83
  SINCE SEP 1      3.69                      4.78  -1.09     4.26
  SINCE JAN 1     30.84                     30.68   0.16    27.73

DEGREE DAYS
 HEATING
  YESTERDAY        0                        12    -12        3
  MONTH TO DATE   60                       171   -111       56
  SINCE SEP 1    104                       237   -133       66
  SINCE JUL 1    105                       242   -137       71

 COOLING
  YESTERDAY        0                         0      0        0
  MONTH TO DATE   55                        15     40       44
  SINCE SEP 1    235                       133    102      237
  SINCE JAN 1   1160                      1053    107     1300
..................................................................


WIND (MPH)
  HIGHEST WIND SPEED    12   HIGHEST WIND DIRECTION    SW (220)
  HIGHEST GUST SPEED    16   HIGHEST GUST DIRECTION     S (180)
  AVERAGE WIND SPEED     6.6


SKY COVER
  POSSIBLE SUNSHINE  MM
  AVERAGE SKY COVER 0.0


WEATHER CONDITIONS
 THE FOLLOWING WEATHER WAS RECORDED YESTERDAY.
  NO SIGNIFICANT WEATHER WAS OBSERVED.


RELATIVE HUMIDITY (PERCENT)
 HIGHEST    89           500 AM
 LOWEST     43           100 PM
 AVERAGE    66

..........................................................


THE MATTOON IL AIRPORT CLIMATE NORMALS FOR TODAY
                         NORMAL    RECORD    YEAR
 MAXIMUM TEMPERATURE (F)   64        MM        MM
 MINIMUM TEMPERATURE (F)   43        MM        MM


SUNRISE AND SUNSET
OCTOBER 20 2017.......SUNRISE   709 AM CDT   SUNSET   607 PM CDT
OCTOBER 21 2017.......SUNRISE   710 AM CDT   SUNSET   605 PM CDT


-  INDICATES NEGATIVE NUMBERS.
R  INDICATES RECORD WAS SET OR TIED.
MM INDICATES DATA IS MISSING.
T  INDICATES TRACE AMOUNT.




$$
