000
CDUS43 KILX 310630
CLIMTO


CLIMATE REPORT
NATIONAL WEATHER SERVICE LINCOLN IL
129 AM CDT SUN AUG 31 2014


...................................

...THE MATTOON IL AIRPORT CLIMATE SUMMARY FOR AUGUST 30 2014...

CLIMATE NORMAL PERIOD 1981 TO 2010
CLIMATE RECORD PERIOD 9999 TO 9999


WEATHER ITEM   OBSERVED TIME   RECORD YEAR NORMAL DEPARTURE LAST
                VALUE   (LST)  VALUE       VALUE  FROM      YEAR
                                                  NORMAL
..................................................................
TEMPERATURE (F)
 YESTERDAY
  MAXIMUM         80    259 PM  MM      MM  84     -4       95
  MINIMUM         72   1159 PM  MM      MM  61     11       63
  AVERAGE         76                        72      4       79

PRECIPITATION (IN)
  YESTERDAY        T            MM      MM   0.09  -0.09     0.00
  MONTH TO DATE    2.73                      2.96  -0.23     0.34
  SINCE JUN 1     11.27                     11.45  -0.18    15.57
  SINCE JAN 1     21.44                     25.80  -4.36    38.22

DEGREE DAYS
 HEATING
  YESTERDAY        0                         0      0        0
  MONTH TO DATE    1                         0      1        8
  SINCE JUN 1      8                        18    -10       21
  SINCE JUL 1      5                         1      4       10

 COOLING
  YESTERDAY       11                         7      4       14
  MONTH TO DATE  263                       273    -10      215
  SINCE JUN 1    691                       826   -135      676
  SINCE JAN 1    821                       914    -93      785
..................................................................


WIND (MPH)
  HIGHEST WIND SPEED    18   HIGHEST WIND DIRECTION     S (190)
  HIGHEST GUST SPEED    27   HIGHEST GUST DIRECTION     S (200)
  AVERAGE WIND SPEED     9.9


SKY COVER
  POSSIBLE SUNSHINE  MM
  AVERAGE SKY COVER 0.4


WEATHER CONDITIONS
 THE FOLLOWING WEATHER WAS RECORDED YESTERDAY.
  LIGHT RAIN


RELATIVE HUMIDITY (PERCENT)
 HIGHEST    93           800 PM
 LOWEST     69           300 PM
 AVERAGE    81

..........................................................


THE MATTOON IL AIRPORT CLIMATE NORMALS FOR TODAY
                         NORMAL    RECORD    YEAR
 MAXIMUM TEMPERATURE (F)   83        MM        MM
 MINIMUM TEMPERATURE (F)   61        MM        MM


SUNRISE AND SUNSET
AUGUST 31 2014........SUNRISE   620 AM CDT   SUNSET   726 PM CDT
SEPTEMBER  1 2014.....SUNRISE   621 AM CDT   SUNSET   724 PM CDT


-  INDICATES NEGATIVE NUMBERS.
R  INDICATES RECORD WAS SET OR TIED.
MM INDICATES DATA IS MISSING.
T  INDICATES TRACE AMOUNT.




$$
