000
CDUS43 KILX 050629
CLIMTO


CLIMATE REPORT
NATIONAL WEATHER SERVICE LINCOLN IL
128 AM CDT WED AUG 5 2015


...................................

...THE MATTOON IL AIRPORT CLIMATE SUMMARY FOR AUGUST 4 2015...

CLIMATE NORMAL PERIOD 1981 TO 2010
CLIMATE RECORD PERIOD 9999 TO 9999


WEATHER ITEM   OBSERVED TIME   RECORD YEAR NORMAL DEPARTURE LAST
                VALUE   (LST)  VALUE       VALUE  FROM      YEAR
                                                  NORMAL
..................................................................
TEMPERATURE (F)
 YESTERDAY
  MAXIMUM         83   1224 PM  MM      MM  86     -3       84
  MINIMUM         64    513 AM  MM      MM  64      0       60
  AVERAGE         74                        75     -1       72

PRECIPITATION (IN)
  YESTERDAY        0.02         MM      MM   0.09  -0.07     0.00
  MONTH TO DATE    0.02                      0.37  -0.35     0.14
  SINCE JUN 1     12.34                      8.86   3.48     8.68
  SINCE JAN 1     22.89                     23.21  -0.32    18.85

DEGREE DAYS
 HEATING
  YESTERDAY        0                         0      0        0
  MONTH TO DATE    0                         0      0        0
  SINCE JUN 1      8                        18    -10        7
  SINCE JUL 1      0                         1     -1        4

 COOLING
  YESTERDAY        9                        10     -1        7
  MONTH TO DATE   47                        40      7       25
  SINCE JUN 1    580                       593    -13      453
  SINCE JAN 1    707                       681     26      583
..................................................................


WIND (MPH)
  HIGHEST WIND SPEED    12   HIGHEST WIND DIRECTION    NW (300)
  HIGHEST GUST SPEED    14   HIGHEST GUST DIRECTION    NW (300)
  AVERAGE WIND SPEED     2.3


SKY COVER
  POSSIBLE SUNSHINE  MM
  AVERAGE SKY COVER 0.3


WEATHER CONDITIONS
 THE FOLLOWING WEATHER WAS RECORDED YESTERDAY.
  LIGHT RAIN


RELATIVE HUMIDITY (PERCENT)
 HIGHEST    84           200 AM
 LOWEST     42          1200 PM
 AVERAGE    63

..........................................................


THE MATTOON IL AIRPORT CLIMATE NORMALS FOR TODAY
                         NORMAL    RECORD    YEAR
 MAXIMUM TEMPERATURE (F)   85        MM        MM
 MINIMUM TEMPERATURE (F)   64        MM        MM


SUNRISE AND SUNSET
AUGUST  5 2015........SUNRISE   556 AM CDT   SUNSET   802 PM CDT
AUGUST  6 2015........SUNRISE   557 AM CDT   SUNSET   800 PM CDT


-  INDICATES NEGATIVE NUMBERS.
R  INDICATES RECORD WAS SET OR TIED.
MM INDICATES DATA IS MISSING.
T  INDICATES TRACE AMOUNT.




$$
