000
CDUS43 KILX 142250
CLIMTO


CLIMATE REPORT
NATIONAL WEATHER SERVICE LINCOLN IL
448 PM CST SUN FEB 14 2016


...................................

...THE MATTOON IL AIRPORT CLIMATE SUMMARY FOR FEBRUARY 14 2016...
VALID TODAY AS OF 0400 PM LOCAL TIME.

CLIMATE NORMAL PERIOD 1981 TO 2010
CLIMATE RECORD PERIOD 9999 TO 9999


WEATHER ITEM   OBSERVED TIME   RECORD YEAR NORMAL DEPARTURE LAST
                VALUE   (LST)  VALUE       VALUE  FROM      YEAR
                                                  NORMAL
..................................................................
TEMPERATURE (F)
 TODAY
  MAXIMUM         21    232 PM  MM      MM  39    -18       33
  MINIMUM         15    648 AM  MM      MM  24     -9        5
  AVERAGE         18                        31    -13       19

PRECIPITATION (IN)
  TODAY            0.04         MM      MM   0.06  -0.02      T
  MONTH TO DATE    0.26                      0.96  -0.70     0.16
  SINCE DEC 1      6.94                      5.94   1.00     1.77
  SINCE JAN 1      0.66                      3.17  -2.51     0.69

DEGREE DAYS
 HEATING
  TODAY           47                        34     13       46
  MONTH TO DATE  516                       496     20      533
  SINCE DEC 1   2356                      2713   -357     2662
  SINCE JUL 1   3148                      3772   -624     3958

 COOLING
  TODAY            0                         0      0        0
  MONTH TO DATE    0                         0      0        0
  SINCE DEC 1      0                         0      0        0
  SINCE JAN 1      0                         0      0        0
..................................................................


WIND (MPH)
  HIGHEST WIND SPEED    24   HIGHEST WIND DIRECTION    SE (130)
  HIGHEST GUST SPEED    30   HIGHEST GUST DIRECTION    SE (120)
  AVERAGE WIND SPEED    13.6


SKY COVER
  POSSIBLE SUNSHINE  MM
  AVERAGE SKY COVER 1.0


WEATHER CONDITIONS
 THE FOLLOWING WEATHER WAS RECORDED TODAY.
  HEAVY SNOW
  SNOW
  LIGHT SNOW
  FOG
  FOG W/VISIBILITY <= 1/4 MILE


RELATIVE HUMIDITY (PERCENT)
 HIGHEST    84          1200 PM
 LOWEST     54          1200 AM
 AVERAGE    69

..........................................................


THE MATTOON IL AIRPORT CLIMATE NORMALS FOR TOMORROW
                         NORMAL    RECORD    YEAR
 MAXIMUM TEMPERATURE (F)   40        MM        MM
 MINIMUM TEMPERATURE (F)   24        MM        MM


SUNRISE AND SUNSET
FEBRUARY 14 2016......SUNRISE   647 AM CST   SUNSET   528 PM CST
FEBRUARY 15 2016......SUNRISE   646 AM CST   SUNSET   529 PM CST


-  INDICATES NEGATIVE NUMBERS.
R  INDICATES RECORD WAS SET OR TIED.
MM INDICATES DATA IS MISSING.
T  INDICATES TRACE AMOUNT.




$$
