000
CDUS43 KILX 220638
CLIMTO


CLIMATE REPORT
NATIONAL WEATHER SERVICE LINCOLN IL
137 AM CDT WED OCT 22 2014


...................................

...THE MATTOON IL AIRPORT CLIMATE SUMMARY FOR OCTOBER 21 2014...

CLIMATE NORMAL PERIOD 1981 TO 2010
CLIMATE RECORD PERIOD 9999 TO 9999


WEATHER ITEM   OBSERVED TIME   RECORD YEAR NORMAL DEPARTURE LAST
                VALUE   (LST)  VALUE       VALUE  FROM      YEAR
                                                  NORMAL
..................................................................
TEMPERATURE (F)
 YESTERDAY
  MAXIMUM         60    259 PM  MM      MM  64     -4       54
  MINIMUM         40   1155 PM  MM      MM  43     -3       33
  AVERAGE         50                        53     -3       44

PRECIPITATION (IN)
  YESTERDAY        0.00         MM      MM   0.10  -0.10     0.00
  MONTH TO DATE    4.18                      1.91   2.27     1.03
  SINCE SEP 1      7.95                      4.98   2.97     1.51
  SINCE JAN 1     29.39                     30.88  -1.49    39.76

DEGREE DAYS
 HEATING
  YESTERDAY       15                        12      3       21
  MONTH TO DATE  202                       195      7      145
  SINCE SEP 1    298                       261     37      175
  SINCE JUL 1    303                       266     37      185

 COOLING
  YESTERDAY        0                         0      0        0
  MONTH TO DATE   10                        15     -5       31
  SINCE SEP 1     94                       133    -39      203
  SINCE JAN 1    928                      1053   -125     1007
..................................................................


WIND (MPH)
  HIGHEST WIND SPEED    20   HIGHEST WIND DIRECTION     N (10)
  HIGHEST GUST SPEED    23   HIGHEST GUST DIRECTION     N (10)
  AVERAGE WIND SPEED     6.6


SKY COVER
  POSSIBLE SUNSHINE  MM
  AVERAGE SKY COVER 0.2


WEATHER CONDITIONS
 THE FOLLOWING WEATHER WAS RECORDED YESTERDAY.
  NO SIGNIFICANT WEATHER WAS OBSERVED.


RELATIVE HUMIDITY (PERCENT)
 HIGHEST   100           700 AM
 LOWEST     44           300 PM
 AVERAGE    72

..........................................................


THE MATTOON IL AIRPORT CLIMATE NORMALS FOR TODAY
                         NORMAL    RECORD    YEAR
 MAXIMUM TEMPERATURE (F)   63        MM        MM
 MINIMUM TEMPERATURE (F)   42        MM        MM


SUNRISE AND SUNSET
OCTOBER 22 2014.......SUNRISE   710 AM CDT   SUNSET   604 PM CDT
OCTOBER 23 2014.......SUNRISE   711 AM CDT   SUNSET   603 PM CDT


-  INDICATES NEGATIVE NUMBERS.
R  INDICATES RECORD WAS SET OR TIED.
MM INDICATES DATA IS MISSING.
T  INDICATES TRACE AMOUNT.




$$
