000
CDUS43 KILX 160706
CLIMTO


CLIMATE REPORT
NATIONAL WEATHER SERVICE LINCOLN IL
105 AM CST SAT DEC 16 2017


...................................

...THE MATTOON IL AIRPORT CLIMATE SUMMARY FOR DECEMBER 15 2017...

CLIMATE NORMAL PERIOD 1981 TO 2010
CLIMATE RECORD PERIOD 9999 TO 9999


WEATHER ITEM   OBSERVED TIME   RECORD YEAR NORMAL DEPARTURE LAST
                VALUE   (LST)  VALUE       VALUE  FROM      YEAR
                                                  NORMAL
..................................................................
TEMPERATURE (F)
 YESTERDAY
  MAXIMUM         37    205 PM  MM      MM  38     -1       14
  MINIMUM         23   1207 AM  MM      MM  24     -1        2
  AVERAGE         30                        31     -1        8

PRECIPITATION (IN)
  YESTERDAY        0.00         MM      MM   0.07  -0.07     0.00
  MONTH TO DATE    0.14                      1.24  -1.10     0.15
  SINCE DEC 1      0.14                      1.24  -1.10     0.15
  SINCE JAN 1     35.83                     36.52  -0.69    31.16

DEGREE DAYS
 HEATING
  YESTERDAY       35                        34      1       57
  MONTH TO DATE  440                       473    -33      549
  SINCE DEC 1    440                       473    -33      549
  SINCE JUL 1   1370                      1532   -162     1260

 COOLING
  YESTERDAY        0                         0      0        0
  MONTH TO DATE    0                         0      0        0
  SINCE DEC 1      0                         0      0        0
  SINCE JAN 1   1161                      1057    104     1316
..................................................................


WIND (MPH)
  HIGHEST WIND SPEED    18   HIGHEST WIND DIRECTION     W (290)
  HIGHEST GUST SPEED    22   HIGHEST GUST DIRECTION     W (280)
  AVERAGE WIND SPEED     8.0


SKY COVER
  POSSIBLE SUNSHINE  MM
  AVERAGE SKY COVER 0.7


WEATHER CONDITIONS
 THE FOLLOWING WEATHER WAS RECORDED YESTERDAY.
  NO SIGNIFICANT WEATHER WAS OBSERVED.


RELATIVE HUMIDITY (PERCENT)
 HIGHEST    81          1200 AM
 LOWEST     56           200 PM
 AVERAGE    69

..........................................................


THE MATTOON IL AIRPORT CLIMATE NORMALS FOR TODAY
                         NORMAL    RECORD    YEAR
 MAXIMUM TEMPERATURE (F)   38        MM        MM
 MINIMUM TEMPERATURE (F)   24        MM        MM


SUNRISE AND SUNSET
DECEMBER 16 2017......SUNRISE   707 AM CST   SUNSET   431 PM CST
DECEMBER 17 2017......SUNRISE   708 AM CST   SUNSET   431 PM CST


-  INDICATES NEGATIVE NUMBERS.
R  INDICATES RECORD WAS SET OR TIED.
MM INDICATES DATA IS MISSING.
T  INDICATES TRACE AMOUNT.




$$
