000
CDUS41 KBTV 280541
CLIMVL


CLIMATE REPORT
NATIONAL WEATHER SERVICE BURLINGTON VT
140 AM EDT THU MAY 28 2015


...................................

...THE MORRISVILLE VT CLIMATE SUMMARY FOR MAY 27 2015...

CLIMATE NORMAL PERIOD 1981 TO 2010
CLIMATE RECORD PERIOD 9999 TO 9999


WEATHER ITEM   OBSERVED TIME   NORMAL DEPARTURE LAST
                VALUE   (LST)  VALUE  FROM      YEAR
                                      NORMAL
......................................................
TEMPERATURE (F)
 YESTERDAY
  MAXIMUM         89    143 PM  70     19       73
  MINIMUM         61    306 AM  44     17       50
  AVERAGE         75            57     18       62

PRECIPITATION (IN)
  YESTERDAY        0.01          0.12  -0.11     0.22
  MONTH TO DATE    1.50          2.73  -1.23     3.47
  SINCE MAR 1      3.00          6.80  -3.80     8.92
  SINCE JAN 1      4.12         11.08  -6.96    13.52

DEGREE DAYS
 HEATING
  YESTERDAY        0             8     -8        3
  MONTH TO DATE  172           321   -149      254
  SINCE MAR 1   2188          2141     47     2413
  SINCE JUL 1   7870          8101   -231     8467

 COOLING
  YESTERDAY       10             0     10        0
  MONTH TO DATE   38             0     38        5
  SINCE MAR 1     38             1     37        5
  SINCE JAN 1     38             1     37        5
......................................................


WIND (MPH)
  HIGHEST WIND SPEED    20   HIGHEST WIND DIRECTION     S (200)
  HIGHEST GUST SPEED    28   HIGHEST GUST DIRECTION     S (200)
  AVERAGE WIND SPEED     4.5


SKY COVER
  AVERAGE SKY COVER 0.2


WEATHER CONDITIONS
 THE FOLLOWING WEATHER WAS RECORDED YESTERDAY.
  LIGHT RAIN


RELATIVE HUMIDITY (PERCENT)
 HIGHEST    90           100 AM
 LOWEST     43           200 PM
 AVERAGE    67

..........................................................


THE MORRISVILLE VT CLIMATE NORMALS FOR TODAY
                         NORMAL    RECORD    YEAR
 MAXIMUM TEMPERATURE (F)   70        82      2012
 MINIMUM TEMPERATURE (F)   45        32      1997


SUNRISE AND SUNSET
MAY 28 2015...........SUNRISE   511 AM EDT   SUNSET   825 PM EDT
MAY 29 2015...........SUNRISE   511 AM EDT   SUNSET   825 PM EDT


-  INDICATES NEGATIVE NUMBERS.
R  INDICATES RECORD WAS SET OR TIED.
MM INDICATES DATA IS MISSING.
T  INDICATES TRACE AMOUNT.




$$
