000
CDUS41 KBTV 060550
CLIMVL


CLIMATE REPORT
NATIONAL WEATHER SERVICE BURLINGTON VT
1241 AM EST TUE DEC 6 2016


...................................

...THE MORRISVILLE VT CLIMATE SUMMARY FOR DECEMBER 5 2016...

CLIMATE NORMAL PERIOD 1981 TO 2010
CLIMATE RECORD PERIOD 9999 TO 9999


WEATHER ITEM   OBSERVED TIME   NORMAL DEPARTURE LAST
                VALUE   (LST)  VALUE  FROM      YEAR
                                      NORMAL
......................................................
TEMPERATURE (F)
 YESTERDAY
  MAXIMUM         33    718 PM  36     -3       49
  MINIMUM         17    110 AM  18     -1       26
  AVERAGE         25            27     -2       38

PRECIPITATION (IN)
  YESTERDAY        0.30          0.10   0.20     0.00
  MONTH TO DATE    1.02          0.49   0.53     0.49
  SINCE DEC 1      1.02          0.49   0.53     0.49
  SINCE JAN 1     19.45         33.85 -14.40    20.99

DEGREE DAYS
 HEATING
  YESTERDAY       40            38      2       27
  MONTH TO DATE  160           186    -26      120
  SINCE DEC 1    160           186    -26      120
  SINCE JUL 1   1751          2014   -263     1535

 COOLING
  YESTERDAY        0             0      0        0
  MONTH TO DATE    0             0      0        0
  SINCE DEC 1      0             0      0        0
  SINCE JAN 1    322           265     57      503
......................................................


WIND (MPH)
  HIGHEST WIND SPEED    12   HIGHEST WIND DIRECTION     N (10)
  HIGHEST GUST SPEED    16   HIGHEST GUST DIRECTION    NW (330)
  AVERAGE WIND SPEED     4.6


SKY COVER
  AVERAGE SKY COVER 0.8


WEATHER CONDITIONS
 THE FOLLOWING WEATHER WAS RECORDED YESTERDAY.
  HEAVY SNOW
  SNOW
  LIGHT SNOW
  FOG
  FOG W/VISIBILITY <= 1/4 MILE


RELATIVE HUMIDITY (PERCENT)
 HIGHEST    92           600 AM
 LOWEST     78           900 PM
 AVERAGE    85

..........................................................


THE MORRISVILLE VT CLIMATE NORMALS FOR TODAY
                         NORMAL    RECORD    YEAR
 MAXIMUM TEMPERATURE (F)   35        65      2001
 MINIMUM TEMPERATURE (F)   18        -5      1989


SUNRISE AND SUNSET
DECEMBER  6 2016......SUNRISE   713 AM EST   SUNSET   411 PM EST
DECEMBER  7 2016......SUNRISE   714 AM EST   SUNSET   411 PM EST


-  INDICATES NEGATIVE NUMBERS.
R  INDICATES RECORD WAS SET OR TIED.
MM INDICATES DATA IS MISSING.
T  INDICATES TRACE AMOUNT.




$$
