000
CDUS41 KBTV 020529
CLIMVL


CLIMATE REPORT
NATIONAL WEATHER SERVICE BURLINGTON VT
127 AM EDT THU JUL 2 2015


...................................

...THE MORRISVILLE VT CLIMATE SUMMARY FOR JULY 1 2015...

CLIMATE NORMAL PERIOD 1981 TO 2010
CLIMATE RECORD PERIOD 9999 TO 9999


WEATHER ITEM   OBSERVED TIME   NORMAL DEPARTURE LAST
                VALUE   (LST)  VALUE  FROM      YEAR
                                      NORMAL
......................................................
TEMPERATURE (F)
 YESTERDAY
  MAXIMUM         74        MM  79     -5       89
  MINIMUM         61        MM  55      6       64
  AVERAGE         68            66      2       77

PRECIPITATION (IN)
  YESTERDAY        0.51          0.14   0.37     0.00
  MONTH TO DATE    0.51          0.14   0.37     0.00
  SINCE JUN 1      7.42          4.12   3.30     3.89
  SINCE JAN 1     12.67         15.74  -3.07    17.49

DEGREE DAYS
 HEATING
  YESTERDAY        0             2     -2        0
  MONTH TO DATE    0             2     -2        0
  SINCE JUN 1    105           125    -20       72
  SINCE JUL 1      0             2     -2        0

 COOLING
  YESTERDAY        3             3      0       12
  MONTH TO DATE    3             3      0       12
  SINCE JUN 1     43            51     -8       52
  SINCE JAN 1     96            59     37       57
......................................................


WIND (MPH)
  HIGHEST WIND SPEED    12   HIGHEST WIND DIRECTION    NW (310)
  HIGHEST GUST SPEED    22   HIGHEST GUST DIRECTION    NW (310)
  AVERAGE WIND SPEED     2.7


SKY COVER
  AVERAGE SKY COVER 1.0


WEATHER CONDITIONS
 THE FOLLOWING WEATHER WAS RECORDED YESTERDAY.
  HEAVY RAIN
  LIGHT RAIN
  FOG


RELATIVE HUMIDITY (PERCENT)
 HIGHEST    93           500 AM
 LOWEST     63          1000 PM
 AVERAGE    78

..........................................................


THE MORRISVILLE VT CLIMATE NORMALS FOR TODAY
                         NORMAL    RECORD    YEAR
 MAXIMUM TEMPERATURE (F)   79        90      2014
 MINIMUM TEMPERATURE (F)   55        45      2001


SUNRISE AND SUNSET
JULY  2 2015..........SUNRISE   510 AM EDT   SUNSET   839 PM EDT
JULY  3 2015..........SUNRISE   510 AM EDT   SUNSET   839 PM EDT


-  INDICATES NEGATIVE NUMBERS.
R  INDICATES RECORD WAS SET OR TIED.
MM INDICATES DATA IS MISSING.
T  INDICATES TRACE AMOUNT.




$$
