000
CDUS41 KBTV 290540
CLIMVL


CLIMATE REPORT
NATIONAL WEATHER SERVICE BURLINGTON VT
136 AM EDT SAT AUG 29 2015


...................................

...THE MORRISVILLE VT CLIMATE SUMMARY FOR AUGUST 28 2015...

CLIMATE NORMAL PERIOD 1981 TO 2010
CLIMATE RECORD PERIOD 9999 TO 9999


WEATHER ITEM   OBSERVED TIME   NORMAL DEPARTURE LAST
                VALUE   (LST)  VALUE  FROM      YEAR
                                      NORMAL
......................................................
TEMPERATURE (F)
 YESTERDAY
  MAXIMUM         76    233 PM  76      0       70
  MINIMUM         52    528 AM  52      0       53
  AVERAGE         64            64      0       62

PRECIPITATION (IN)
  YESTERDAY        0.00          0.11  -0.11     0.00
  MONTH TO DATE    1.15          3.71  -2.56     2.48
  SINCE JUN 1     10.68         11.82  -1.14    12.53
  SINCE JAN 1     15.93         23.44  -7.51    26.13

DEGREE DAYS
 HEATING
  YESTERDAY        1             3     -2        3
  MONTH TO DATE    7            56    -49       39
  SINCE JUN 1    135           209    -74      140
  SINCE JUL 1     30            86    -56       68

 COOLING
  YESTERDAY        0             2     -2        0
  MONTH TO DATE  152            72     80       54
  SINCE JUN 1    349           232    117      203
  SINCE JAN 1    402           240    162      208
......................................................


WIND (MPH)
  HIGHEST WIND SPEED    13   HIGHEST WIND DIRECTION    NW (310)
  HIGHEST GUST SPEED    20   HIGHEST GUST DIRECTION    NE (30)
  AVERAGE WIND SPEED     1.6


SKY COVER
  AVERAGE SKY COVER 0.4


WEATHER CONDITIONS
 THE FOLLOWING WEATHER WAS RECORDED YESTERDAY.
  NO SIGNIFICANT WEATHER WAS OBSERVED.


RELATIVE HUMIDITY (PERCENT)
 HIGHEST    93           200 AM
 LOWEST     46          1200 PM
 AVERAGE    70

..........................................................


THE MORRISVILLE VT CLIMATE NORMALS FOR TODAY
                         NORMAL    RECORD    YEAR
 MAXIMUM TEMPERATURE (F)   76        87      2007
 MINIMUM TEMPERATURE (F)   51        42      2012


SUNRISE AND SUNSET
AUGUST 29 2015........SUNRISE   609 AM EDT   SUNSET   733 PM EDT
AUGUST 30 2015........SUNRISE   610 AM EDT   SUNSET   731 PM EDT


-  INDICATES NEGATIVE NUMBERS.
R  INDICATES RECORD WAS SET OR TIED.
MM INDICATES DATA IS MISSING.
T  INDICATES TRACE AMOUNT.




$$
