000
CDUS41 KBTV 260548
CLIMVL


CLIMATE REPORT
NATIONAL WEATHER SERVICE BURLINGTON VT
144 AM EDT TUE JUL 26 2016


...................................

...THE MORRISVILLE VT CLIMATE SUMMARY FOR JULY 25 2016...

CLIMATE NORMAL PERIOD 1981 TO 2010
CLIMATE RECORD PERIOD 9999 TO 9999


WEATHER ITEM   OBSERVED TIME   NORMAL DEPARTURE LAST
                VALUE   (LST)  VALUE  FROM      YEAR
                                      NORMAL
......................................................
TEMPERATURE (F)
 YESTERDAY
  MAXIMUM         82   1110 AM  80      2       82
  MINIMUM         54    435 AM  56     -2       54
  AVERAGE         68            68      0       68

PRECIPITATION (IN)
  YESTERDAY        T             0.11  -0.11      T
  MONTH TO DATE    3.14          3.41  -0.27     2.30
  SINCE JUN 1      5.03          7.39  -2.36     9.21
  SINCE JAN 1     12.08         19.01  -6.93    14.46

DEGREE DAYS
 HEATING
  YESTERDAY        0             1     -1        0
  MONTH TO DATE   31            26      5       23
  SINCE JUN 1    162           149     13      128
  SINCE JUL 1     31            26      5       23

 COOLING
  YESTERDAY        3             4     -1        3
  MONTH TO DATE   86            93     -7       98
  SINCE JUN 1    119           141    -22      138
  SINCE JAN 1    148           149     -1      191
......................................................


WIND (MPH)
  HIGHEST WIND SPEED     9   HIGHEST WIND DIRECTION     S (200)
  HIGHEST GUST SPEED    13   HIGHEST GUST DIRECTION     S (190)
  AVERAGE WIND SPEED     2.4


SKY COVER
  AVERAGE SKY COVER 0.3


WEATHER CONDITIONS
 THE FOLLOWING WEATHER WAS RECORDED YESTERDAY.
  LIGHT RAIN


RELATIVE HUMIDITY (PERCENT)
 HIGHEST    93          1200 AM
 LOWEST     54          1100 AM
 AVERAGE    74

..........................................................


THE MORRISVILLE VT CLIMATE NORMALS FOR TODAY
                         NORMAL    RECORD    YEAR
 MAXIMUM TEMPERATURE (F)   80        90      1989
 MINIMUM TEMPERATURE (F)   56        43      2001


SUNRISE AND SUNSET
JULY 26 2016..........SUNRISE   531 AM EDT   SUNSET   822 PM EDT
JULY 27 2016..........SUNRISE   532 AM EDT   SUNSET   821 PM EDT


-  INDICATES NEGATIVE NUMBERS.
R  INDICATES RECORD WAS SET OR TIED.
MM INDICATES DATA IS MISSING.
T  INDICATES TRACE AMOUNT.




$$
