000
CDUS41 KBTV 180546
CLIMVL


CLIMATE REPORT
NATIONAL WEATHER SERVICE BURLINGTON VT
1242 AM EST SAT NOV 18 2017


...................................

...THE MORRISVILLE VT CLIMATE SUMMARY FOR NOVEMBER 17 2017...

CLIMATE NORMAL PERIOD 1981 TO 2010
CLIMATE RECORD PERIOD 9999 TO 9999


WEATHER ITEM   OBSERVED TIME   NORMAL DEPARTURE LAST
                VALUE   (LST)  VALUE  FROM      YEAR
                                      NORMAL
......................................................
TEMPERATURE (F)
 YESTERDAY
  MAXIMUM         33        MM  43    -10       45
  MINIMUM         18    800 PM  26     -8       41
  AVERAGE         26            35     -9       43

PRECIPITATION (IN)
  YESTERDAY        T             0.11  -0.11     0.00
  MONTH TO DATE    1.28          1.73  -0.45     0.35
  SINCE SEP 1      7.88          8.21  -0.33     2.43
  SINCE JAN 1     34.84         31.97   2.87    18.07

DEGREE DAYS
 HEATING
  YESTERDAY       39            30      9       22
  MONTH TO DATE  491           465     26      422
  SINCE SEP 1   1044          1301   -257     1124
  SINCE JUL 1   1206          1396   -190     1183

 COOLING
  YESTERDAY        0             0      0        0
  MONTH TO DATE    0             0      0        0
  SINCE SEP 1     48            18     30       34
  SINCE JAN 1    192           265    -73      322
......................................................


WIND (MPH)
  HIGHEST WIND SPEED    14   HIGHEST WIND DIRECTION    NW (330)
  HIGHEST GUST SPEED    25   HIGHEST GUST DIRECTION     W (280)
  AVERAGE WIND SPEED     8.2


SKY COVER
  AVERAGE SKY COVER 0.6


WEATHER CONDITIONS
 THE FOLLOWING WEATHER WAS RECORDED YESTERDAY.
  FOG


RELATIVE HUMIDITY (PERCENT)
 HIGHEST    84           600 AM
 LOWEST     68           300 PM
 AVERAGE    76

..........................................................


THE MORRISVILLE VT CLIMATE NORMALS FOR TODAY
                         NORMAL    RECORD    YEAR
 MAXIMUM TEMPERATURE (F)   43        60      1987
 MINIMUM TEMPERATURE (F)   26        15      2012


SUNRISE AND SUNSET
NOVEMBER 18 2017......SUNRISE   651 AM EST   SUNSET   420 PM EST
NOVEMBER 19 2017......SUNRISE   652 AM EST   SUNSET   419 PM EST


-  INDICATES NEGATIVE NUMBERS.
R  INDICATES RECORD WAS SET OR TIED.
MM INDICATES DATA IS MISSING.
T  INDICATES TRACE AMOUNT.




$$
