000
CDUS41 KBTV 230615
CLIMVL


CLIMATE REPORT
NATIONAL WEATHER SERVICE BURLINGTON VT
103 AM EST THU FEB 23 2017


...................................

...THE MORRISVILLE VT CLIMATE SUMMARY FOR FEBRUARY 22 2017...

CLIMATE NORMAL PERIOD 1981 TO 2010
CLIMATE RECORD PERIOD 9999 TO 9999


WEATHER ITEM   OBSERVED TIME   NORMAL DEPARTURE LAST
                VALUE   (LST)  VALUE  FROM      YEAR
                                      NORMAL
......................................................
TEMPERATURE (F)
 YESTERDAY
  MAXIMUM         53        MM  32     21       25
  MINIMUM         28        MM   9     19        8
  AVERAGE         41            21     20       17

PRECIPITATION (IN)
  YESTERDAY        0.00          0.06  -0.06      T
  MONTH TO DATE    0.46          1.36  -0.90     1.09
  SINCE DEC 1      5.60          6.54  -0.94     3.72
  SINCE JAN 1      2.39          3.90  -1.51     1.78

DEGREE DAYS
 HEATING
  YESTERDAY       24            44    -20       48
  MONTH TO DATE  956          1038    -82      777
  SINCE DEC 1   3468          3872   -404     2967
  SINCE JUL 1   5059          5700   -641     4382

 COOLING
  YESTERDAY        0             0      0        0
  MONTH TO DATE    0             0      0        0
  SINCE DEC 1      0             0      0        0
  SINCE JAN 1      0             0      0        0
......................................................


WIND (MPH)
  HIGHEST WIND SPEED     5   HIGHEST WIND DIRECTION     S (200)
  HIGHEST GUST SPEED    MM   HIGHEST GUST DIRECTION    MM
  AVERAGE WIND SPEED     0.9


SKY COVER
  AVERAGE SKY COVER 0.5


WEATHER CONDITIONS
 THE FOLLOWING WEATHER WAS RECORDED YESTERDAY.
  NO SIGNIFICANT WEATHER WAS OBSERVED.


RELATIVE HUMIDITY (PERCENT)
 HIGHEST    92           900 PM
 LOWEST     38           200 PM
 AVERAGE    65

..........................................................


THE MORRISVILLE VT CLIMATE NORMALS FOR TODAY
                         NORMAL    RECORD    YEAR
 MAXIMUM TEMPERATURE (F)   33        55      1990
 MINIMUM TEMPERATURE (F)    9       -25      2015


SUNRISE AND SUNSET
FEBRUARY 23 2017......SUNRISE   638 AM EST   SUNSET   531 PM EST
FEBRUARY 24 2017......SUNRISE   636 AM EST   SUNSET   532 PM EST


-  INDICATES NEGATIVE NUMBERS.
R  INDICATES RECORD WAS SET OR TIED.
MM INDICATES DATA IS MISSING.
T  INDICATES TRACE AMOUNT.




$$
