000
CDUS46 KOTX 280821
CLIMWH


CLIMATE REPORT
NATIONAL WEATHER SERVICE SPOKANE, WA
121 AM PDT FRI AUG 28 2015


...................................

...THE MOSES LAKE WA AIRPORT CLIMATE SUMMARY FOR AUGUST 27 2015...

CLIMATE NORMAL PERIOD 1981 TO 2010
CLIMATE RECORD PERIOD 9999 TO 9999


WEATHER ITEM   OBSERVED TIME   RECORD YEAR NORMAL DEPARTURE LAST
                VALUE   (LST)  VALUE       VALUE  FROM      YEAR
                                                  NORMAL
..................................................................
TEMPERATURE (F)
 YESTERDAY
  MAXIMUM         94    258 PM  MM      MM  85      9       94
  MINIMUM         60    554 AM  MM      MM  53      7       57
  AVERAGE         77                        69      8       76

PRECIPITATION (IN)
  YESTERDAY        0.00         MM      MM   0.01  -0.01     0.00
  MONTH TO DATE    0.00                      0.22  -0.22     0.59
  SINCE OCT 1      5.83                      8.69  -2.86     4.52
  SINCE JAN 1      3.17                      5.40  -2.23     3.88

SNOWFALL (IN)
  YESTERDAY       MM

DEGREE DAYS
 HEATING
  YESTERDAY        0                         1     -1        0
  MONTH TO DATE    0                         4     -4        0
  SINCE JUN 1      4                        67    -63       24
  SINCE JUL 1      0                        12    -12        0

 COOLING
  YESTERDAY       12                         5      7       11
  MONTH TO DATE  249                       198     51      294
  SINCE JUN 1    944                       527    417      818
  SINCE JAN 1   1015                       552    463      853
..................................................................


WIND (MPH)
  HIGHEST WIND SPEED    18   HIGHEST WIND DIRECTION     S (180)
  HIGHEST GUST SPEED    23   HIGHEST GUST DIRECTION     S (180)
  AVERAGE WIND SPEED     7.1


SKY COVER
  POSSIBLE SUNSHINE  MM
  AVERAGE SKY COVER 0.1


WEATHER CONDITIONS
 THE FOLLOWING WEATHER WAS RECORDED YESTERDAY.
  HAZE


RELATIVE HUMIDITY (PERCENT)
 HIGHEST    65           500 AM
 LOWEST     16           300 PM
 AVERAGE    41

..........................................................


THE MOSES LAKE WA AIRPORT CLIMATE NORMALS FOR TODAY
                         NORMAL    RECORD    YEAR
 MAXIMUM TEMPERATURE (F)   85        MM        MM
 MINIMUM TEMPERATURE (F)   53        MM        MM


SUNRISE AND SUNSET
AUGUST 28 2015........SUNRISE   611 AM PDT   SUNSET   745 PM PDT
AUGUST 29 2015........SUNRISE   612 AM PDT   SUNSET   743 PM PDT


-  INDICATES NEGATIVE NUMBERS.
R  INDICATES RECORD WAS SET OR TIED.
MM INDICATES DATA IS MISSING.
T  INDICATES TRACE AMOUNT.




$$
