000
CDUS46 KOTX 220824
CLIMWH


CLIMATE REPORT
NATIONAL WEATHER SERVICE SPOKANE, WA
120 AM PDT TUE JUL 22 2014


...................................

...THE MOSES LAKE WA AIRPORT CLIMATE SUMMARY FOR JULY 21 2014...

CLIMATE NORMAL PERIOD 1981 TO 2010
CLIMATE RECORD PERIOD 9999 TO 9999


WEATHER ITEM   OBSERVED TIME   RECORD YEAR NORMAL DEPARTURE LAST
                VALUE   (LST)  VALUE       VALUE  FROM      YEAR
                                                  NORMAL
..................................................................
TEMPERATURE (F)
 YESTERDAY
  MAXIMUM         81    122 PM   MM    MM   91    -10       97
  MINIMUM         56    509 AM   MM    MM   57     -1       59
  AVERAGE         69                        74     -5       78

PRECIPITATION (IN)
  YESTERDAY        0.00          MM    MM   0.02  -0.02     0.00
  MONTH TO DATE    T                        0.28  -0.28      T
  SINCE OCT 1      3.85                     8.34  -4.49     7.78
  SINCE JAN 1      3.21                     5.05  -1.84     3.75

SNOWFALL (IN)
  YESTERDAY       MM             MM    MM    MM     MM       MM
  MONTH TO DATE   MM                         MM     MM       MM
  SINCE JUN 1     MM                         MM     MM       MM
  SINCE JUL 1     MM                         MM     MM       MM
  SNOW DEPTH      MM

DEGREE DAYS
 HEATING
  YESTERDAY        0                         0      0        0
  MONTH TO DATE    0                         6     -6        0
  SINCE JUN 1     24                        61    -37       49
  SINCE JUL 1      0                         6     -6        0

 COOLING
  YESTERDAY        4                         9     -5       13
  MONTH TO DATE  304                       152    152      253
  SINCE JUN 1    421                       237    184      361
  SINCE JAN 1    456                       262    194      411
..................................................................


WIND (MPH)
  HIGHEST WIND SPEED    12   HIGHEST WIND DIRECTION    SE (120)
  HIGHEST GUST SPEED    17   HIGHEST GUST DIRECTION     S (170)
  AVERAGE WIND SPEED     5.9


SKY COVER
  POSSIBLE SUNSHINE  MM
  AVERAGE SKY COVER 0.0


WEATHER CONDITIONS
 THE FOLLOWING WEATHER WAS RECORDED YESTERDAY.
  NO SIGNIFICANT WEATHER WAS OBSERVED.


RELATIVE HUMIDITY (PERCENT)
 HIGHEST    66           400 AM
 LOWEST     23           400 PM
 AVERAGE    45

..........................................................


THE MOSES LAKE WA AIRPORT CLIMATE NORMALS FOR TODAY
                         NORMAL    RECORD    YEAR
 MAXIMUM TEMPERATURE (F)   91        MM        MM
 MINIMUM TEMPERATURE (F)   57        MM        MM


SUNRISE AND SUNSET
JULY 22 2014..........SUNRISE   524 AM PDT   SUNSET   843 PM PDT
JULY 23 2014..........SUNRISE   525 AM PDT   SUNSET   841 PM PDT


-  INDICATES NEGATIVE NUMBERS.
R  INDICATES RECORD WAS SET OR TIED.
MM INDICATES DATA IS MISSING.
T  INDICATES TRACE AMOUNT.

$$
