000
CDUS46 KOTX 010837
CLIMWH


CLIMATE REPORT
NATIONAL WEATHER SERVICE SPOKANE, WA
137 AM PDT WED JUL 1 2015


...................................

...THE MOSES LAKE WA AIRPORT CLIMATE SUMMARY FOR JUNE 30 2015...

CLIMATE NORMAL PERIOD 1981 TO 2010
CLIMATE RECORD PERIOD 9999 TO 9999


WEATHER ITEM   OBSERVED TIME   RECORD YEAR NORMAL DEPARTURE LAST
                VALUE   (LST)  VALUE       VALUE  FROM      YEAR
                                                  NORMAL
..................................................................
TEMPERATURE (F)
 YESTERDAY
  MAXIMUM         99    446 PM  MM      MM  84     15       84
  MINIMUM         69    346 AM  MM      MM  54     15       54
  AVERAGE         84                        69     15       69

PRECIPITATION (IN)
  YESTERDAY        0.00         MM      MM   0.01  -0.01     0.00
  MONTH TO DATE    0.02                      0.75  -0.73     0.43
  SINCE OCT 1      5.83                      8.06  -2.23     3.85
  SINCE JAN 1      3.17                      4.77  -1.60     3.21

SNOWFALL (IN)
  YESTERDAY       MM

DEGREE DAYS
 HEATING
  YESTERDAY        0                         1     -1        0
  MONTH TO DATE    4                        53    -49       24
  SINCE JUN 1      4                        55    -51       24
  SINCE JUL 1   4796                      5882  -1086     5651

 COOLING
  YESTERDAY       19                         5     14        4
  MONTH TO DATE  303                        85    218      117
  SINCE JUN 1    303                        85    218      117
  SINCE JAN 1    374                       110    264      152
..................................................................


WIND (MPH)
  HIGHEST WIND SPEED    14   HIGHEST WIND DIRECTION    NW (330)
  HIGHEST GUST SPEED    17   HIGHEST GUST DIRECTION     N (340)
  AVERAGE WIND SPEED     6.6


SKY COVER
  POSSIBLE SUNSHINE  MM
  AVERAGE SKY COVER 0.0


WEATHER CONDITIONS
 THE FOLLOWING WEATHER WAS RECORDED YESTERDAY.
  HAZE


RELATIVE HUMIDITY (PERCENT)
 HIGHEST    53           300 AM
 LOWEST     18           500 PM
 AVERAGE    36

..........................................................


THE MOSES LAKE WA AIRPORT CLIMATE NORMALS FOR TODAY
                         NORMAL    RECORD    YEAR
 MAXIMUM TEMPERATURE (F)   85        MM        MM
 MINIMUM TEMPERATURE (F)   54        MM        MM


SUNRISE AND SUNSET
JULY  1 2015..........SUNRISE   505 AM PDT   SUNSET   857 PM PDT
JULY  2 2015..........SUNRISE   506 AM PDT   SUNSET   856 PM PDT


-  INDICATES NEGATIVE NUMBERS.
R  INDICATES RECORD WAS SET OR TIED.
MM INDICATES DATA IS MISSING.
T  INDICATES TRACE AMOUNT.




$$
