534
CDUS45 KBOI 060931
CLIMYL


CLIMATE REPORT
NATIONAL WEATHER SERVICE BOISE ID
231 AM MST TUE DEC 6 2016


...................................

...THE MCCALL ID CLIMATE SUMMARY FOR DECEMBER 5 2016...

CLIMATE NORMAL PERIOD 1981 TO 2010
CLIMATE RECORD PERIOD 1930 TO 2016


WEATHER ITEM   OBSERVED TIME   RECORD YEAR NORMAL DEPARTURE LAST
                VALUE   (LST)  VALUE       VALUE  FROM      YEAR
                                                  NORMAL
..................................................................
TEMPERATURE (F)
 YESTERDAY
  MAXIMUM         18    553 PM  51    1939  28    -10       34
  MINIMUM          0    711 AM -17    1930  12    -12       23
  AVERAGE          9                        20    -11       29

PRECIPITATION (IN)
  YESTERDAY        T             1.46 1966   0.05  -0.05     0.00
  MONTH TO DATE    0.28                      0.29  -0.01     0.45
  SINCE OCT 1      5.01                      4.41   0.60     4.25
  SINCE JAN 1     20.72                     18.33   2.39    18.45

DEGREE DAYS
 HEATING
  YESTERDAY       56                        45     11       36
  MONTH TO DATE  224                       221      3      205
  SINCE DEC 1    224                       221      3      205
  SINCE JUL 1   2261                      2859   -598     2306

 COOLING
  YESTERDAY        0                         0      0        0
  MONTH TO DATE    0                         0      0        0
  SINCE DEC 1      0                         0      0        0
  SINCE JAN 1    108                        25     83      169
..................................................................


WIND (MPH)
  HIGHEST WIND SPEED     9   HIGHEST WIND DIRECTION     N (340)
  HIGHEST GUST SPEED    12   HIGHEST GUST DIRECTION    NE (60)
  AVERAGE WIND SPEED     1.0


SKY COVER
  AVERAGE SKY COVER 0.6


WEATHER CONDITIONS
 THE FOLLOWING WEATHER WAS RECORDED YESTERDAY.
  LIGHT SNOW
  FOG
  HAZE


RELATIVE HUMIDITY (PERCENT)
 HIGHEST    95           900 AM
 LOWEST     67          1200 AM
 AVERAGE    81

..........................................................


THE MCCALL ID CLIMATE NORMALS FOR TODAY
                         NORMAL    RECORD    YEAR
 MAXIMUM TEMPERATURE (F)   28        58      1939
 MINIMUM TEMPERATURE (F)   12        -8      1972


SUNRISE AND SUNSET
DECEMBER  6 2016......SUNRISE   808 AM MST   SUNSET   503 PM MST
DECEMBER  7 2016......SUNRISE   809 AM MST   SUNSET   503 PM MST


-  INDICATES NEGATIVE NUMBERS.
R  INDICATES RECORD WAS SET OR TIED.
MM INDICATES DATA IS MISSING.
T  INDICATES TRACE AMOUNT.




$$
