000
CDUS45 KBOI 270931
CLIMYL


CLIMATE REPORT
NATIONAL WEATHER SERVICE BOISE ID
330 AM MDT TUE SEP 27 2016


...................................

...THE MCCALL ID CLIMATE SUMMARY FOR SEPTEMBER 26 2016...

CLIMATE NORMAL PERIOD 1981 TO 2010
CLIMATE RECORD PERIOD 1930 TO 2016


WEATHER ITEM   OBSERVED TIME   RECORD YEAR NORMAL DEPARTURE LAST
                VALUE   (LST)  VALUE       VALUE  FROM      YEAR
                                                  NORMAL
..................................................................
TEMPERATURE (F)
 YESTERDAY
  MAXIMUM         77    255 PM  83    1963  64     13       74
  MINIMUM         39    713 AM  18    1934  30      9       44
  AVERAGE         58                        46     12       59

PRECIPITATION (IN)
  YESTERDAY        0.00          0.56 1982   0.03  -0.03      T
  MONTH TO DATE    1.05                      0.74   0.31     2.06
  SINCE OCT 1     26.28                     19.96   6.32    22.96
  SINCE JAN 1     15.71                     13.78   1.93    14.20

DEGREE DAYS
 HEATING
  YESTERDAY        7                        18    -11        6
  MONTH TO DATE  334                       358    -24      294
  SINCE SEP 1    334                       358    -24      294
  SINCE JUL 1    527                       686   -159      444

 COOLING
  YESTERDAY        0                         0      0        0
  MONTH TO DATE    0                         0      0        0
  SINCE SEP 1      0                         0      0        0
  SINCE JAN 1    108                        25     83      169
..................................................................


WIND (MPH)
  HIGHEST WIND SPEED    12   HIGHEST WIND DIRECTION    NW (300)
  HIGHEST GUST SPEED    14   HIGHEST GUST DIRECTION     W (280)
  AVERAGE WIND SPEED     2.4


SKY COVER
  AVERAGE SKY COVER 0.0


WEATHER CONDITIONS
 THE FOLLOWING WEATHER WAS RECORDED YESTERDAY.
  NO SIGNIFICANT WEATHER WAS OBSERVED.


RELATIVE HUMIDITY (PERCENT)
 HIGHEST    92           500 AM
 LOWEST     27           200 PM
 AVERAGE    60

..........................................................


THE MCCALL ID CLIMATE NORMALS FOR TODAY
                         NORMAL    RECORD    YEAR
 MAXIMUM TEMPERATURE (F)   63        84      1963
 MINIMUM TEMPERATURE (F)   29        18      1987


SUNRISE AND SUNSET
SEPTEMBER 27 2016.....SUNRISE   738 AM MDT   SUNSET   731 PM MDT
SEPTEMBER 28 2016.....SUNRISE   739 AM MDT   SUNSET   729 PM MDT


-  INDICATES NEGATIVE NUMBERS.
R  INDICATES RECORD WAS SET OR TIED.
MM INDICATES DATA IS MISSING.
T  INDICATES TRACE AMOUNT.




$$
