000
CDUS45 KBOI 230933
CLIMYL


CLIMATE REPORT
NATIONAL WEATHER SERVICE BOISE ID
232 AM MST SUN NOV 23 2014


...................................

...THE MCCALL ID CLIMATE SUMMARY FOR NOVEMBER 22 2014...

CLIMATE NORMAL PERIOD 1981 TO 2010
CLIMATE RECORD PERIOD 1930 TO 2014


WEATHER ITEM   OBSERVED TIME   RECORD YEAR NORMAL DEPARTURE LAST
                VALUE   (LST)  VALUE       VALUE  FROM      YEAR
                                                  NORMAL
..................................................................
TEMPERATURE (F)
 YESTERDAY
  MAXIMUM         40   1243 PM  56    1954  33      7       39
  MINIMUM         29   1159 PM  -6    1994  18     11        9
  AVERAGE         35                        26      9       24

PRECIPITATION (IN)
  YESTERDAY        0.31          0.85 1988   0.08   0.23     0.00
  MONTH TO DATE    1.38                      2.15  -0.77     2.05
  SINCE OCT 1      2.98                      3.55  -0.57     2.28
  SINCE JAN 1     20.39                     17.47   2.92    17.89

DEGREE DAYS
 HEATING
  YESTERDAY       30                        40    -10       41
  MONTH TO DATE  815                       764     51      722
  SINCE SEP 1   1669                      1979   -310     1781
  SINCE JUL 1   1785                      2307   -522     1828

 COOLING
  YESTERDAY        0                         0      0        0
  MONTH TO DATE    0                         0      0        0
  SINCE SEP 1      0                         0      0        6
  SINCE JAN 1    185                        25    160      186
..................................................................


WIND (MPH)
  HIGHEST WIND SPEED    17   HIGHEST WIND DIRECTION     W (250)
  HIGHEST GUST SPEED    24   HIGHEST GUST DIRECTION    SW (210)
  AVERAGE WIND SPEED     6.8


SKY COVER
  AVERAGE SKY COVER 0.8


WEATHER CONDITIONS
 THE FOLLOWING WEATHER WAS RECORDED YESTERDAY.
  LIGHT RAIN
  LIGHT SNOW
  FOG


RELATIVE HUMIDITY (PERCENT)
 HIGHEST   100           500 AM
 LOWEST     50           300 PM
 AVERAGE    75

..........................................................


THE MCCALL ID CLIMATE NORMALS FOR TODAY
                         NORMAL    RECORD    YEAR
 MAXIMUM TEMPERATURE (F)   33        57      1936
 MINIMUM TEMPERATURE (F)   17       -14      1985


SUNRISE AND SUNSET
NOVEMBER 23 2014......SUNRISE   752 AM MST   SUNSET   509 PM MST
NOVEMBER 24 2014......SUNRISE   754 AM MST   SUNSET   508 PM MST


-  INDICATES NEGATIVE NUMBERS.
R  INDICATES RECORD WAS SET OR TIED.
MM INDICATES DATA IS MISSING.
T  INDICATES TRACE AMOUNT.




$$
