000
CDUS45 KBOI 260931
CLIMYL


CLIMATE REPORT
NATIONAL WEATHER SERVICE BOISE ID
230 AM MST THU FEB 26 2015


...................................

...THE MCCALL ID CLIMATE SUMMARY FOR FEBRUARY 25 2015...

CLIMATE NORMAL PERIOD 1981 TO 2010
CLIMATE RECORD PERIOD 1930 TO 2015


WEATHER ITEM   OBSERVED TIME   RECORD YEAR NORMAL DEPARTURE LAST
                VALUE   (LST)  VALUE       VALUE  FROM      YEAR
                                                  NORMAL
..................................................................
TEMPERATURE (F)
 YESTERDAY
  MAXIMUM         45    335 PM  59    1995  36      9       44
  MINIMUM         21    722 AM -12    2002  12      9       25
  AVERAGE         33                        24      9       35

PRECIPITATION (IN)
  YESTERDAY        0.00          1.50 1957   0.06  -0.06     0.02
  MONTH TO DATE    2.36                      1.56   0.80     2.77
  SINCE OCT 1     12.90                      9.47   3.43     8.50
  SINCE JAN 1      4.14                      3.29   0.85     4.43

DEGREE DAYS
 HEATING
  YESTERDAY       32                        41     -9       30
  MONTH TO DATE  794                      1078   -284     1008
  SINCE DEC 1   3208                      3914   -706     3810
  SINCE JUL 1   5272                      6552  -1280     5900

 COOLING
  YESTERDAY        0                         0      0        0
  MONTH TO DATE    0                         0      0        0
  SINCE DEC 1      0                         0      0        0
  SINCE JAN 1      0                         0      0        0
..................................................................


WIND (MPH)
  HIGHEST WIND SPEED    14   HIGHEST WIND DIRECTION     N (340)
  HIGHEST GUST SPEED    18   HIGHEST GUST DIRECTION     N (340)
  AVERAGE WIND SPEED     4.5


SKY COVER
  AVERAGE SKY COVER 0.2


WEATHER CONDITIONS
 THE FOLLOWING WEATHER WAS RECORDED YESTERDAY.
  NO SIGNIFICANT WEATHER WAS OBSERVED.


RELATIVE HUMIDITY (PERCENT)
 HIGHEST    84           800 AM
 LOWEST     29           400 PM
 AVERAGE    57

..........................................................


THE MCCALL ID CLIMATE NORMALS FOR TODAY
                         NORMAL    RECORD    YEAR
 MAXIMUM TEMPERATURE (F)   36        56      1995
 MINIMUM TEMPERATURE (F)   13       -16      2011


SUNRISE AND SUNSET
FEBRUARY 26 2015......SUNRISE   728 AM MST   SUNSET   628 PM MST
FEBRUARY 27 2015......SUNRISE   726 AM MST   SUNSET   629 PM MST


-  INDICATES NEGATIVE NUMBERS.
R  INDICATES RECORD WAS SET OR TIED.
MM INDICATES DATA IS MISSING.
T  INDICATES TRACE AMOUNT.




$$
