077
CDUS45 KBOI 250931
CLIMYL


CLIMATE REPORT
NATIONAL WEATHER SERVICE BOISE ID
231 AM MST SAT FEB 25 2017


...................................

...THE MCCALL ID CLIMATE SUMMARY FOR FEBRUARY 24 2017...

CLIMATE NORMAL PERIOD 1981 TO 2010
CLIMATE RECORD PERIOD 1930 TO 2017


WEATHER ITEM   OBSERVED TIME   RECORD YEAR NORMAL DEPARTURE LAST
                VALUE   (LST)  VALUE       VALUE  FROM      YEAR
                                                  NORMAL
..................................................................
TEMPERATURE (F)
 YESTERDAY
  MAXIMUM         28    214 PM  57    1995  35     -7       38
  MINIMUM         12   1151 PM -16    1952  12      0       13
  AVERAGE         20                        24     -4       26

PRECIPITATION (IN)
  YESTERDAY        0.00          0.79 1958   0.06  -0.06     0.00
  MONTH TO DATE    4.99                      1.50   3.49     1.78
  SINCE OCT 1     16.68                      9.41   7.27    15.23
  SINCE JAN 1      8.19                      3.23   4.96     4.66

DEGREE DAYS
 HEATING
  YESTERDAY       45                        41      4       39
  MONTH TO DATE  845                      1037   -192      919
  SINCE DEC 1   3988                      3873    115     3599
  SINCE JUL 1   6025                      6511   -486     5700

 COOLING
  YESTERDAY        0                         0      0        0
  MONTH TO DATE    0                         0      0        0
  SINCE DEC 1      0                         0      0        0
  SINCE JAN 1      0                         0      0        0
..................................................................


WIND (MPH)
  HIGHEST WIND SPEED    16   HIGHEST WIND DIRECTION     N (350)
  HIGHEST GUST SPEED    22   HIGHEST GUST DIRECTION    NW (330)
  AVERAGE WIND SPEED     6.0


SKY COVER
  AVERAGE SKY COVER 0.9


WEATHER CONDITIONS
 THE FOLLOWING WEATHER WAS RECORDED YESTERDAY.
  NO SIGNIFICANT WEATHER WAS OBSERVED.


RELATIVE HUMIDITY (PERCENT)
 HIGHEST    80          1000 PM
 LOWEST     42           200 PM
 AVERAGE    61

..........................................................


THE MCCALL ID CLIMATE NORMALS FOR TODAY
                         NORMAL    RECORD    YEAR
 MAXIMUM TEMPERATURE (F)   36        59      1995
 MINIMUM TEMPERATURE (F)   12       -12      2002


SUNRISE AND SUNSET
FEBRUARY 25 2017......SUNRISE   728 AM MST   SUNSET   627 PM MST
FEBRUARY 26 2017......SUNRISE   727 AM MST   SUNSET   628 PM MST


-  INDICATES NEGATIVE NUMBERS.
R  INDICATES RECORD WAS SET OR TIED.
MM INDICATES DATA IS MISSING.
T  INDICATES TRACE AMOUNT.




$$
