000
CDUS45 KBOI 010931
CLIMYL


CLIMATE REPORT
NATIONAL WEATHER SERVICE BOISE ID
330 AM MDT TUE SEP 1 2015


...................................

...THE MCCALL ID CLIMATE SUMMARY FOR AUGUST 31 2015...

CLIMATE NORMAL PERIOD 1981 TO 2010
CLIMATE RECORD PERIOD 1930 TO 2015


WEATHER ITEM   OBSERVED TIME   RECORD YEAR NORMAL DEPARTURE LAST
                VALUE   (LST)  VALUE       VALUE  FROM      YEAR
                                                  NORMAL
..................................................................
TEMPERATURE (F)
 YESTERDAY
  MAXIMUM         71    519 PM  90    1991  73     -2       64
  MINIMUM         36    518 AM  28    2006  38     -2       42
  AVERAGE         54                        56     -2       53

PRECIPITATION (IN)
  YESTERDAY        0.00          1.06 1984   0.03  -0.03     0.03
  MONTH TO DATE    0.31                      0.68  -0.37     1.20
  SINCE OCT 1     20.90                     19.22   1.68    20.69
  SINCE JAN 1     12.14                     13.04  -0.90    16.62

DEGREE DAYS
 HEATING
  YESTERDAY       11                         9      2       12
  MONTH TO DATE   79                       179   -100       98
  SINCE JUN 1    259                       695   -436      430
  SINCE JUL 1    150                       328   -178      116

 COOLING
  YESTERDAY        0                         0      0        0
  MONTH TO DATE   56                         9     47       54
  SINCE JUN 1    169                        25    144      185
  SINCE JAN 1    169                        25    144      185
..................................................................


WIND (MPH)
  HIGHEST WIND SPEED    17   HIGHEST WIND DIRECTION     S (160)
  HIGHEST GUST SPEED    23   HIGHEST GUST DIRECTION     S (180)
  AVERAGE WIND SPEED     4.4


SKY COVER
  AVERAGE SKY COVER 0.0


WEATHER CONDITIONS
 THE FOLLOWING WEATHER WAS RECORDED YESTERDAY.
  NO SIGNIFICANT WEATHER WAS OBSERVED.


RELATIVE HUMIDITY (PERCENT)
 HIGHEST    86           200 AM
 LOWEST     27           500 PM
 AVERAGE    57

..........................................................


THE MCCALL ID CLIMATE NORMALS FOR TODAY
                         NORMAL    RECORD    YEAR
 MAXIMUM TEMPERATURE (F)   73        90      1991
 MINIMUM TEMPERATURE (F)   38        27      1989


SUNRISE AND SUNSET
SEPTEMBER  1 2015.....SUNRISE   706 AM MDT   SUNSET   822 PM MDT
SEPTEMBER  2 2015.....SUNRISE   707 AM MDT   SUNSET   820 PM MDT


-  INDICATES NEGATIVE NUMBERS.
R  INDICATES RECORD WAS SET OR TIED.
MM INDICATES DATA IS MISSING.
T  INDICATES TRACE AMOUNT.




$$
