041
CDUS44 KLIX 290706
CLINEW


CLIMATE REPORT
NATIONAL WEATHER SERVICE NEW ORLEANS
206 AM CDT THU SEP 29 2016


...................................

...THE NEW ORLEANS CLIMATE SUMMARY FOR SEPTEMBER 28 2016...

CLIMATE NORMAL PERIOD 1981 TO 2010
CLIMATE RECORD PERIOD 1946 TO 2016


WEATHER ITEM   OBSERVED TIME   RECORD YEAR NORMAL DEPARTURE LAST
                VALUE   (LST)  VALUE       VALUE  FROM      YEAR
                                                  NORMAL
..................................................................
TEMPERATURE (F)
 YESTERDAY
  MAXIMUM         91    319 PM  96    1953  85      6       81
  MINIMUM         78   1159 PM  51    1975  69      9       75
  AVERAGE         85                        77      8       78

PRECIPITATION (IN)
  YESTERDAY        0.00          1.32 1946   0.13  -0.13     0.02
  MONTH TO DATE    4.63                      4.72  -0.09     2.72
  SINCE SEP 1      4.63                      4.72  -0.09     2.72
  SINCE JAN 1     60.06                     48.93  11.13    49.09

SNOWFALL (IN)
  YESTERDAY        0.0
  MONTH TO DATE    0.0
  SINCE SEP 1      0.0
  SINCE JUL 1      0.0
  SNOW DEPTH       0

DEGREE DAYS
 HEATING
  YESTERDAY        0                         0      0        0
  MONTH TO DATE    0                         0      0        0
  SINCE SEP 1      0                         0      0        0
  SINCE JUL 1      0                         0      0        0

 COOLING
  YESTERDAY       20                        12      8       13
  MONTH TO DATE  584                       420    164      438
  SINCE SEP 1    584                       420    164      438
  SINCE JAN 1   3286                      2666    620     3067
..................................................................


WIND (MPH)
  HIGHEST WIND SPEED    10   HIGHEST WIND DIRECTION    NE (30)
  HIGHEST GUST SPEED    15   HIGHEST GUST DIRECTION     N (350)
  AVERAGE WIND SPEED     5.0


SKY COVER
  POSSIBLE SUNSHINE  MM
  AVERAGE SKY COVER 0.4


WEATHER CONDITIONS
 THE FOLLOWING WEATHER WAS RECORDED YESTERDAY.
  HAZE


RELATIVE HUMIDITY (PERCENT)
 HIGHEST    79          1200 AM
 LOWEST     41           300 PM
 AVERAGE    60

..........................................................


THE NEW ORLEANS CLIMATE NORMALS FOR TODAY
                         NORMAL    RECORD    YEAR
 MAXIMUM TEMPERATURE (F)   84        94      1980
 MINIMUM TEMPERATURE (F)   68        45      1967


SUNRISE AND SUNSET
SEPTEMBER 29 2016.....SUNRISE   654 AM CDT   SUNSET   648 PM CDT
SEPTEMBER 30 2016.....SUNRISE   654 AM CDT   SUNSET   647 PM CDT


-  INDICATES NEGATIVE NUMBERS.
R  INDICATES RECORD WAS SET OR TIED.
MM INDICATES DATA IS MISSING.
T  INDICATES TRACE AMOUNT.




$$
