000
CDUS44 KLIX 220806
CLINEW


CLIMATE REPORT
NATIONAL WEATHER SERVICE NEW ORLEANS
205 AM CST WED FEB 22 2017


...................................

...THE NEW ORLEANS CLIMATE SUMMARY FOR FEBRUARY 21 2017...

CLIMATE NORMAL PERIOD 1981 TO 2010
CLIMATE RECORD PERIOD 1946 TO 2017


WEATHER ITEM   OBSERVED TIME   RECORD YEAR NORMAL DEPARTURE LAST
                VALUE   (LST)  VALUE       VALUE  FROM      YEAR
                                                  NORMAL
..................................................................
TEMPERATURE (F)
 YESTERDAY
  MAXIMUM         73    307 PM  80    2011  67      6       77
                                      2008
                                      2005
  MINIMUM         56   1152 PM  31    1978  49      7       62
  AVERAGE         65                        58      7       70

PRECIPITATION (IN)
  YESTERDAY        0.37          4.75 1961   0.18   0.19     0.02
  MONTH TO DATE    2.69                      4.10  -1.41     1.69
  SINCE DEC 1     15.45                     14.49   0.96    12.56
  SINCE JAN 1      7.59                      9.25  -1.66     6.10

SNOWFALL (IN)
  YESTERDAY        0.0
  MONTH TO DATE    0.0
  SINCE DEC 1      0.0
  SINCE JUL 1      0.0
  SNOW DEPTH       0

DEGREE DAYS
 HEATING
  YESTERDAY        0                         8     -8        0
  MONTH TO DATE   66                       203   -137      148
  SINCE DEC 1    481                       895   -414      604
  SINCE JUL 1    552                      1059   -507      662

 COOLING
  YESTERDAY        0                         1     -1        5
  MONTH TO DATE   45                        21     24       28
  SINCE DEC 1    152                        64     88      143
  SINCE JAN 1     97                        37     60       32
..................................................................


WIND (MPH)
  HIGHEST WIND SPEED    22   HIGHEST WIND DIRECTION     W (290)
  HIGHEST GUST SPEED    27   HIGHEST GUST DIRECTION    NW (300)
  AVERAGE WIND SPEED     4.2


SKY COVER
  POSSIBLE SUNSHINE  MM
  AVERAGE SKY COVER 0.8


WEATHER CONDITIONS
 THE FOLLOWING WEATHER WAS RECORDED YESTERDAY.
  HEAVY RAIN
  RAIN
  LIGHT RAIN
  FOG


RELATIVE HUMIDITY (PERCENT)
 HIGHEST   100          1200 AM
 LOWEST     53           400 PM
 AVERAGE    77

..........................................................


THE NEW ORLEANS CLIMATE NORMALS FOR TODAY
                         NORMAL    RECORD    YEAR
 MAXIMUM TEMPERATURE (F)   67        82      2006
 MINIMUM TEMPERATURE (F)   49        26      1978


SUNRISE AND SUNSET
FEBRUARY 22 2017......SUNRISE   634 AM CST   SUNSET   555 PM CST
FEBRUARY 23 2017......SUNRISE   633 AM CST   SUNSET   556 PM CST


-  INDICATES NEGATIVE NUMBERS.
R  INDICATES RECORD WAS SET OR TIED.
MM INDICATES DATA IS MISSING.
T  INDICATES TRACE AMOUNT.




$$
