000
CDUS44 KLIX 202222
CLINEW


CLIMATE REPORT
NATIONAL WEATHER SERVICE NEW ORLEANS
421 PM CST THU NOV 20 2014


...................................

...THE NEW ORLEANS CLIMATE SUMMARY FOR NOVEMBER 20 2014...
VALID TODAY AS OF 0400 PM LOCAL TIME.

CLIMATE NORMAL PERIOD 1981 TO 2010
CLIMATE RECORD PERIOD 1946 TO 2014


WEATHER ITEM   OBSERVED TIME   RECORD YEAR NORMAL DEPARTURE LAST
                VALUE   (LST)  VALUE       VALUE  FROM      YEAR
                                                  NORMAL
..................................................................
TEMPERATURE (F)
 TODAY
  MAXIMUM         71    201 PM  84    1986  71      0       70
  MINIMUM         44    551 AM  30    1968  52     -8       47
  AVERAGE         58                        61     -3       59

PRECIPITATION (IN)
  TODAY            0.00          1.97 1992   0.17  -0.17     0.00
  MONTH TO DATE    1.76                      2.92  -1.16     0.59
  SINCE SEP 1      7.44                     11.43  -3.99    11.56
  SINCE JAN 1     50.40                     55.64  -5.24    61.87

SNOWFALL (IN)
  TODAY            0.0
  MONTH TO DATE    0.0
  SINCE SEP 1      0.0
  SINCE JUL 1      0.0
  SNOW DEPTH       0

DEGREE DAYS
 HEATING
  TODAY            7                         5      2        6
  MONTH TO DATE  170                        73     97       66
  SINCE SEP 1    172                        98     74       71
  SINCE JUL 1    172                        98     74       71

 COOLING
  TODAY            0                         2     -2        0
  MONTH TO DATE   25                        54    -29       42
  SINCE SEP 1    776                       717     59      814
  SINCE JAN 1   2960                      2963     -3     2950
..................................................................


WIND (MPH)
  HIGHEST WIND SPEED    14   HIGHEST WIND DIRECTION     S (160)
  HIGHEST GUST SPEED    16   HIGHEST GUST DIRECTION     S (160)
  AVERAGE WIND SPEED     6.2


SKY COVER
  POSSIBLE SUNSHINE  MM
  AVERAGE SKY COVER 0.3


WEATHER CONDITIONS
 THE FOLLOWING WEATHER WAS RECORDED TODAY.
  NO SIGNIFICANT WEATHER WAS OBSERVED.


RELATIVE HUMIDITY (PERCENT)
 HIGHEST    89           300 AM
 LOWEST     37           100 PM
 AVERAGE    63

..........................................................


THE NEW ORLEANS CLIMATE NORMALS FOR TOMORROW
                         NORMAL    RECORD    YEAR
 MAXIMUM TEMPERATURE (F)   70        83      1996
 MINIMUM TEMPERATURE (F)   52        31      1969


SUNRISE AND SUNSET
NOVEMBER 20 2014......SUNRISE   630 AM CST   SUNSET   503 PM CST
NOVEMBER 21 2014......SUNRISE   631 AM CST   SUNSET   503 PM CST


-  INDICATES NEGATIVE NUMBERS.
R  INDICATES RECORD WAS SET OR TIED.
MM INDICATES DATA IS MISSING.
T  INDICATES TRACE AMOUNT.




$$
