000
CDUS44 KLIX 230820
CLINEW


CLIMATE REPORT
NATIONAL WEATHER SERVICE NEW ORLEANS
319 AM CDT SAT SEP 23 2017


...................................

...THE NEW ORLEANS CLIMATE SUMMARY FOR SEPTEMBER 22 2017...

CLIMATE NORMAL PERIOD 1981 TO 2010
CLIMATE RECORD PERIOD 1946 TO 2017


WEATHER ITEM   OBSERVED TIME   RECORD YEAR NORMAL DEPARTURE LAST
                VALUE   (LST)  VALUE       VALUE  FROM      YEAR
                                                  NORMAL
..................................................................
TEMPERATURE (F)
 YESTERDAY
  MAXIMUM         92    252 PM  95    1997  86      6       94
  MINIMUM         74    555 AM  56    1983  71      3       78
  AVERAGE         83                        78      5       86

PRECIPITATION (IN)
  YESTERDAY        T             2.61 1946   0.15  -0.15     0.00
  MONTH TO DATE    0.36                      3.89  -3.53     4.31
  SINCE SEP 1      0.36                      3.89  -3.53     4.31
  SINCE JAN 1     64.01                     48.10  15.91    59.74

SNOWFALL (IN)
  YESTERDAY        0.0
  MONTH TO DATE    0.0
  SINCE SEP 1      0.0
  SINCE JUL 1      0.0
  SNOW DEPTH       0

DEGREE DAYS
 HEATING
  YESTERDAY        0                         0      0        0
  MONTH TO DATE    0                         0      0        0
  SINCE SEP 1      0                         0      0        0
  SINCE JUL 1      0                         0      0        0

 COOLING
  YESTERDAY       18                        13      5       21
  MONTH TO DATE  324                       345    -21      462
  SINCE SEP 1    324                       345    -21      462
  SINCE JAN 1   2677                      2591     86     3164
..................................................................


WIND (MPH)
  HIGHEST WIND SPEED    10   HIGHEST WIND DIRECTION    NE (50)
  HIGHEST GUST SPEED    16   HIGHEST GUST DIRECTION    NE (30)
  AVERAGE WIND SPEED     4.2


SKY COVER
  POSSIBLE SUNSHINE  MM
  AVERAGE SKY COVER 0.3


WEATHER CONDITIONS
 THE FOLLOWING WEATHER WAS RECORDED YESTERDAY.
  THUNDERSTORM
  LIGHT RAIN
  FOG


RELATIVE HUMIDITY (PERCENT)
 HIGHEST   100           300 AM
 LOWEST     52           200 PM
 AVERAGE    76

..........................................................


THE NEW ORLEANS CLIMATE NORMALS FOR TODAY
                         NORMAL    RECORD    YEAR
 MAXIMUM TEMPERATURE (F)   86        94      1993
 MINIMUM TEMPERATURE (F)   70        55      1983


SUNRISE AND SUNSET
SEPTEMBER 23 2017.....SUNRISE   650 AM CDT   SUNSET   656 PM CDT
SEPTEMBER 24 2017.....SUNRISE   651 AM CDT   SUNSET   655 PM CDT


-  INDICATES NEGATIVE NUMBERS.
R  INDICATES RECORD WAS SET OR TIED.
MM INDICATES DATA IS MISSING.
T  INDICATES TRACE AMOUNT.




$$
