000
CDUS44 KLIX 300704
CLINEW


CLIMATE REPORT
NATIONAL WEATHER SERVICE NEW ORLEANS
203 AM CDT MON MAY 30 2016


...................................

...THE NEW ORLEANS CLIMATE SUMMARY FOR MAY 29 2016...

CLIMATE NORMAL PERIOD 1981 TO 2010
CLIMATE RECORD PERIOD 1946 TO 2016


WEATHER ITEM   OBSERVED TIME   RECORD YEAR NORMAL DEPARTURE LAST
                VALUE   (LST)  VALUE       VALUE  FROM      YEAR
                                                  NORMAL
..................................................................
TEMPERATURE (F)
 YESTERDAY
  MAXIMUM         90    333 PM  94    2000  88      2       86
                                      1953
  MINIMUM         69    450 AM  55    1961  71     -2       75
  AVERAGE         80                        79      1       81

PRECIPITATION (IN)
  YESTERDAY        0.00          2.88 2013   0.18  -0.18      T
  MONTH TO DATE    4.17                      4.25  -0.08     8.76
  SINCE MAR 1     20.42                     13.41   7.01    27.09
  SINCE JAN 1     28.55                     23.86   4.69    34.79

SNOWFALL (IN)
  YESTERDAY        0.0
  MONTH TO DATE    0.0
  SINCE MAR 1      0.0
  SINCE JUL 1      0.0
  SNOW DEPTH       0

DEGREE DAYS
 HEATING
  YESTERDAY        0                         0      0        0
  MONTH TO DATE    0                         0      0        0
  SINCE MAR 1     41                       170   -129       70
  SINCE JUL 1    755                      1279   -524     1274

 COOLING
  YESTERDAY       15                        14      1       16
  MONTH TO DATE  357                       331     26      389
  SINCE MAR 1    705                       551    154      781
  SINCE JAN 1    741                       588    153      799
..................................................................


WIND (MPH)
  HIGHEST WIND SPEED    13   HIGHEST WIND DIRECTION     N (20)
  HIGHEST GUST SPEED    18   HIGHEST GUST DIRECTION    NE (30)
  AVERAGE WIND SPEED     5.4


SKY COVER
  POSSIBLE SUNSHINE  MM
  AVERAGE SKY COVER 0.6


WEATHER CONDITIONS
 THE FOLLOWING WEATHER WAS RECORDED YESTERDAY.
  NO SIGNIFICANT WEATHER WAS OBSERVED.


RELATIVE HUMIDITY (PERCENT)
 HIGHEST    97           300 AM
 LOWEST     44           400 PM
 AVERAGE    71

..........................................................


THE NEW ORLEANS CLIMATE NORMALS FOR TODAY
                         NORMAL    RECORD    YEAR
 MAXIMUM TEMPERATURE (F)   88        95      1977
 MINIMUM TEMPERATURE (F)   71        55      1960


SUNRISE AND SUNSET
MAY 30 2016...........SUNRISE   601 AM CDT   SUNSET   757 PM CDT
MAY 31 2016...........SUNRISE   601 AM CDT   SUNSET   757 PM CDT


-  INDICATES NEGATIVE NUMBERS.
R  INDICATES RECORD WAS SET OR TIED.
MM INDICATES DATA IS MISSING.
T  INDICATES TRACE AMOUNT.




$$
