000
CDUS44 KLIX 190702
CLINEW


CLIMATE REPORT
NATIONAL WEATHER SERVICE NEW ORLEANS
200 AM CDT FRI SEP 19 2014


...................................

...THE NEW ORLEANS CLIMATE SUMMARY FOR SEPTEMBER 18 2014...

CLIMATE NORMAL PERIOD 1981 TO 2010
CLIMATE RECORD PERIOD 1946 TO 2014


WEATHER ITEM   OBSERVED TIME   RECORD YEAR NORMAL DEPARTURE LAST
                VALUE   (LST)  VALUE       VALUE  FROM      YEAR
                                                  NORMAL
..................................................................
TEMPERATURE (F)
 YESTERDAY
  MAXIMUM         88    145 PM  94    1954  87      1       88
                                      1953
  MINIMUM         75    551 AM  58    1961  72      3       77
  AVERAGE         82                        79      3       83

PRECIPITATION (IN)
  YESTERDAY        T             2.73 1957   0.16  -0.16     0.39
  MONTH TO DATE    2.69                      3.28  -0.59     3.81
  SINCE SEP 1      2.69                      3.28  -0.59     3.81
  SINCE JAN 1     45.65                     47.49  -1.84    54.12

SNOWFALL (IN)
  YESTERDAY        0.0
  MONTH TO DATE    0.0
  SINCE SEP 1      0.0
  SINCE JUL 1      0.0
  SNOW DEPTH       0

DEGREE DAYS
 HEATING
  YESTERDAY        0                         0      0        0
  MONTH TO DATE    0                         0      0        0
  SINCE SEP 1      0                         0      0        0
  SINCE JUL 1      0                         0      0        0

 COOLING
  YESTERDAY       17                        14      3       18
  MONTH TO DATE  333                       290     43      328
  SINCE SEP 1    333                       290     43      328
  SINCE JAN 1   2517                      2536    -19     2464
..................................................................


WIND (MPH)
  HIGHEST WIND SPEED    17   HIGHEST WIND DIRECTION     S (160)
  HIGHEST GUST SPEED    24   HIGHEST GUST DIRECTION    SE (150)
  AVERAGE WIND SPEED     4.2


SKY COVER
  POSSIBLE SUNSHINE  MM
  AVERAGE SKY COVER 0.7


WEATHER CONDITIONS
 THE FOLLOWING WEATHER WAS RECORDED YESTERDAY.
  LIGHT RAIN
  FOG
  HAZE


RELATIVE HUMIDITY (PERCENT)
 HIGHEST    94           300 AM
 LOWEST     59          1100 AM
 AVERAGE    77

..........................................................


THE NEW ORLEANS CLIMATE NORMALS FOR TODAY
                         NORMAL    RECORD    YEAR
 MAXIMUM TEMPERATURE (F)   87        94      2005
 MINIMUM TEMPERATURE (F)   71        56      1961


SUNRISE AND SUNSET
SEPTEMBER 19 2014.....SUNRISE   648 AM CDT   SUNSET   701 PM CDT
SEPTEMBER 20 2014.....SUNRISE   648 AM CDT   SUNSET   700 PM CDT


-  INDICATES NEGATIVE NUMBERS.
R  INDICATES RECORD WAS SET OR TIED.
MM INDICATES DATA IS MISSING.
T  INDICATES TRACE AMOUNT.




$$
