000
CDUS46 KMTR 250839
CLINUQ


CLIMATE REPORT
NATIONAL WEATHER SERVICE SAN FRANCISCO BAY AREA
139 AM PDT SAT OCT 25 2014


...................................

...THE MOFFETT FIELD CLIMATE SUMMARY FOR OCTOBER 24 2014...

CLIMATE NORMAL PERIOD 1981 TO 2010
CLIMATE RECORD PERIOD 1945 TO 2014


WEATHER ITEM   OBSERVED TIME   RECORD YEAR NORMAL DEPARTURE LAST
                VALUE   (LST)  VALUE       VALUE  FROM      YEAR
                                                  NORMAL
..................................................................
TEMPERATURE (F)
 YESTERDAY
  MAXIMUM         73   1243 PM  88    2003  72      1       60
  MINIMUM         54    639 AM  41    1953  52      2       49
  AVERAGE         64                        62      2       55

PRECIPITATION (IN)
  YESTERDAY        0.00          0.44 1998   0.02  -0.02     0.00
  MONTH TO DATE    0.02                      0.39  -0.37     0.00
  SINCE JUL 1      0.43                      0.60  -0.17     0.50
  SINCE JAN 1      5.62                     10.23  -4.61     2.32

DEGREE DAYS
 HEATING
  YESTERDAY        1                                        10
  MONTH TO DATE   11                                        69
  SINCE SEP 1     13                                        74
  SINCE JUL 1     13                                        78

 COOLING
  YESTERDAY        0                                         0
  MONTH TO DATE   73                                        14
  SINCE SEP 1    197                                       119
  SINCE JAN 1    639                                       478
..................................................................


WIND (MPH)
  RESULTANT WIND SPEED   2   RESULTANT WIND DIRECTION  NE (40)
  HIGHEST WIND SPEED    17   HIGHEST WIND DIRECTION     N (340)
  HIGHEST GUST SPEED    21   HIGHEST GUST DIRECTION     N (340)
  AVERAGE WIND SPEED     5.6


SKY COVER
  POSSIBLE SUNSHINE  MM
  AVERAGE SKY COVER 0.0


WEATHER CONDITIONS
 THE FOLLOWING WEATHER WAS RECORDED YESTERDAY.
  NO SIGNIFICANT WEATHER WAS OBSERVED.


RELATIVE HUMIDITY (PERCENT)
 HIGHEST   100           400 AM
 LOWEST     53          1200 PM
 AVERAGE    77

..........................................................


THE MOFFETT FIELD CLIMATE NORMALS FOR TODAY
                         NORMAL    RECORD    YEAR
 MAXIMUM TEMPERATURE (F)   72        90      2003
 MINIMUM TEMPERATURE (F)   52        40      1956


SUNRISE AND SUNSET
OCTOBER 25 2014.......SUNRISE   726 AM PDT   SUNSET   618 PM PDT
OCTOBER 26 2014.......SUNRISE   727 AM PDT   SUNSET   617 PM PDT


-  INDICATES NEGATIVE NUMBERS.
R  INDICATES RECORD WAS SET OR TIED.
MM INDICATES DATA IS MISSING.
T  INDICATES TRACE AMOUNT.




$$
