000
CDUS46 KMTR 300840
CLINUQ


CLIMATE REPORT
NATIONAL WEATHER SERVICE SAN FRANCISCO BAY AREA
140 AM PDT THU MAR 30 2017


...................................

...THE MOFFETT FIELD CLIMATE SUMMARY FOR MARCH 29 2017...

CLIMATE NORMAL PERIOD 1981 TO 2010
CLIMATE RECORD PERIOD 1945 TO 2017


WEATHER ITEM   OBSERVED TIME   RECORD YEAR NORMAL DEPARTURE LAST
                VALUE   (LST)  VALUE       VALUE  FROM      YEAR
                                                  NORMAL
..................................................................
TEMPERATURE (F)
 YESTERDAY
  MAXIMUM         69    407 PM  77    2015  66      3       66
                                      1968
  MINIMUM         49    509 AM  39    1959  48      1       41
  AVERAGE         59                        57      2       54

PRECIPITATION (IN)
  YESTERDAY        0.00          0.55 1982   0.05  -0.05     0.00
  MONTH TO DATE    1.61                      2.15  -0.54     3.25
  SINCE OCT 1     16.80                     12.81   3.99    11.61
  SINCE JAN 1     12.23                      7.97   4.26     7.21

DEGREE DAYS
 HEATING
  YESTERDAY        6                                        11
  MONTH TO DATE  226                                       195
  SINCE MAR 1    226                                       195
  SINCE JUL 1   1754                                      1580

 COOLING
  YESTERDAY        0                                         0
  MONTH TO DATE    0                                         0
  SINCE MAR 1      0                                         0
  SINCE JAN 1      0                                         2
..................................................................


WIND (MPH)
  RESULTANT WIND SPEED   5   RESULTANT WIND DIRECTION   N (360)
  HIGHEST WIND SPEED    21   HIGHEST WIND DIRECTION     N (350)
  HIGHEST GUST SPEED    25   HIGHEST GUST DIRECTION     N (350)
  AVERAGE WIND SPEED     5.9


SKY COVER
  POSSIBLE SUNSHINE  MM
  AVERAGE SKY COVER 0.0


WEATHER CONDITIONS
 THE FOLLOWING WEATHER WAS RECORDED YESTERDAY.
  NO SIGNIFICANT WEATHER WAS OBSERVED.


RELATIVE HUMIDITY (PERCENT)
 HIGHEST    89          1000 PM
 LOWEST     48          1100 AM
 AVERAGE    69

..........................................................


THE MOFFETT FIELD CLIMATE NORMALS FOR TODAY
                         NORMAL    RECORD    YEAR
 MAXIMUM TEMPERATURE (F)   66        79      2011
 MINIMUM TEMPERATURE (F)   48        39      1977


SUNRISE AND SUNSET
MARCH 30 2017.........SUNRISE   656 AM PDT   SUNSET   729 PM PDT
MARCH 31 2017.........SUNRISE   655 AM PDT   SUNSET   730 PM PDT


-  INDICATES NEGATIVE NUMBERS.
R  INDICATES RECORD WAS SET OR TIED.
MM INDICATES DATA IS MISSING.
T  INDICATES TRACE AMOUNT.




$$
