000
CDUS46 KMTR 290039
CLINUQ


CLIMATE REPORT
NATIONAL WEATHER SERVICE SAN FRANCISCO BAY AREA
538 PM PDT FRI AUG 28 2015


...................................

...THE MOFFETT FIELD CLIMATE SUMMARY FOR AUGUST 28 2015...
VALID TODAY AS OF 0500 PM LOCAL TIME.

CLIMATE NORMAL PERIOD 1981 TO 2010
CLIMATE RECORD PERIOD 1945 TO 2015


WEATHER ITEM   OBSERVED TIME   RECORD YEAR NORMAL DEPARTURE LAST
                VALUE   (LST)  VALUE       VALUE  FROM      YEAR
                                                  NORMAL
..................................................................
TEMPERATURE (F)
 TODAY
  MAXIMUM         91    113 PM 101    2009  78     13       79
  MINIMUM         64    512 AM  50    1957  59      5       61
  AVERAGE         78                        68     10       70

PRECIPITATION (IN)
  TODAY            0.00          0.00 2009   0.00   0.00     0.00
  MONTH TO DATE    0.01                      0.01   0.00      T
  SINCE OCT 1     14.24                     14.50  -0.26     5.95
  SINCE JAN 1      4.25                      9.66  -5.41     5.19

DEGREE DAYS
 HEATING
  TODAY            0                                         0
  MONTH TO DATE    0                                         0
  SINCE JUN 1     16                                         7
  SINCE JUL 1      0                                         0

 COOLING
  TODAY           13                                         5
  MONTH TO DATE  159                                       110
  SINCE JUN 1    388                                       339
  SINCE JAN 1    406                                       426
..................................................................


WIND (MPH)
  RESULTANT WIND SPEED   5   RESULTANT WIND DIRECTION   N (350)
  HIGHEST WIND SPEED    20   HIGHEST WIND DIRECTION     N (350)
  HIGHEST GUST SPEED    24   HIGHEST GUST DIRECTION     N (360)
  AVERAGE WIND SPEED     5.3


SKY COVER
  POSSIBLE SUNSHINE  MM
  AVERAGE SKY COVER 0.0


WEATHER CONDITIONS
 THE FOLLOWING WEATHER WAS RECORDED TODAY.
  NO SIGNIFICANT WEATHER WAS OBSERVED.


RELATIVE HUMIDITY (PERCENT)
 HIGHEST    66           100 AM
 LOWEST     34          1200 PM
 AVERAGE    50

..........................................................


THE MOFFETT FIELD CLIMATE NORMALS FOR TOMORROW
                         NORMAL    RECORD    YEAR
 MAXIMUM TEMPERATURE (F)   78       100      1977
 MINIMUM TEMPERATURE (F)   59        51      1975


SUNRISE AND SUNSET
AUGUST 28 2015........SUNRISE   635 AM PDT   SUNSET   743 PM PDT
AUGUST 29 2015........SUNRISE   636 AM PDT   SUNSET   742 PM PDT


-  INDICATES NEGATIVE NUMBERS.
R  INDICATES RECORD WAS SET OR TIED.
MM INDICATES DATA IS MISSING.
T  INDICATES TRACE AMOUNT.




$$
