000
CDUS46 KMTR 250836
CLINUQ


CLIMATE REPORT
NATIONAL WEATHER SERVICE SAN FRANCISCO BAY AREA
136 AM PDT MON SEP 25 2017


...................................

...THE MOFFETT FIELD CLIMATE SUMMARY FOR SEPTEMBER 24 2017...

CLIMATE NORMAL PERIOD 1981 TO 2010
CLIMATE RECORD PERIOD 1945 TO 2017


WEATHER ITEM   OBSERVED TIME   RECORD YEAR NORMAL DEPARTURE LAST
                VALUE   (LST)  VALUE       VALUE  FROM      YEAR
                                                  NORMAL
..................................................................
TEMPERATURE (F)
 YESTERDAY
  MAXIMUM         83    304 PM  95    1978  77      6       86
  MINIMUM         51    609 AM  43    1945  57     -6       58
  AVERAGE         67                        67      0       72

PRECIPITATION (IN)
  YESTERDAY        0.00          0.21 1986   0.01  -0.01     0.00
  MONTH TO DATE    0.06                      0.13  -0.07     0.00
  SINCE OCT 1     18.21                     14.63   3.58    13.15
  SINCE JAN 1     13.64                      9.79   3.85     8.75

DEGREE DAYS
 HEATING
  YESTERDAY        0                                         0
  MONTH TO DATE    7                                         5
  SINCE SEP 1      7                                         5
  SINCE JUL 1      9                                        12

 COOLING
  YESTERDAY        2                                         7
  MONTH TO DATE  183                                        65
  SINCE SEP 1    183                                        65
  SINCE JAN 1    594                                       401
..................................................................


WIND (MPH)
  RESULTANT WIND SPEED   3   RESULTANT WIND DIRECTION  NW (330)
  HIGHEST WIND SPEED    16   HIGHEST WIND DIRECTION     N (350)
  HIGHEST GUST SPEED    19   HIGHEST GUST DIRECTION     N (350)
  AVERAGE WIND SPEED     4.0


SKY COVER
  POSSIBLE SUNSHINE  MM
  AVERAGE SKY COVER 0.0


WEATHER CONDITIONS
 THE FOLLOWING WEATHER WAS RECORDED YESTERDAY.
  NO SIGNIFICANT WEATHER WAS OBSERVED.


RELATIVE HUMIDITY (PERCENT)
 HIGHEST    63           600 AM
 LOWEST     17           200 PM
 AVERAGE    40

..........................................................


THE MOFFETT FIELD CLIMATE NORMALS FOR TODAY
                         NORMAL    RECORD    YEAR
 MAXIMUM TEMPERATURE (F)   77        96      2016
 MINIMUM TEMPERATURE (F)   57        43      1948


SUNRISE AND SUNSET
SEPTEMBER 25 2017.....SUNRISE   659 AM PDT   SUNSET   700 PM PDT
SEPTEMBER 26 2017.....SUNRISE   700 AM PDT   SUNSET   658 PM PDT


-  INDICATES NEGATIVE NUMBERS.
R  INDICATES RECORD WAS SET OR TIED.
MM INDICATES DATA IS MISSING.
T  INDICATES TRACE AMOUNT.




$$
