000
CDUS46 KMTR 260838
CLINUQ


CLIMATE REPORT
NATIONAL WEATHER SERVICE SAN FRANCISCO BAY AREA
1238 AM PST FRI DEC 26 2014


...................................

...THE MOFFETT FIELD CLIMATE SUMMARY FOR DECEMBER 25 2014...

CLIMATE NORMAL PERIOD 1981 TO 2010
CLIMATE RECORD PERIOD 1945 TO 2014


WEATHER ITEM   OBSERVED TIME   RECORD YEAR NORMAL DEPARTURE LAST
                VALUE   (LST)  VALUE       VALUE  FROM      YEAR
                                                  NORMAL
..................................................................
TEMPERATURE (F)
 YESTERDAY
  MAXIMUM         57    411 PM  72    1967  58     -1       65
  MINIMUM         44    539 AM  28    1990  42      2       38
  AVERAGE         51                        50      1       52

PRECIPITATION (IN)
  YESTERDAY        T             0.90 1968   0.09  -0.09     0.00
  MONTH TO DATE    8.53                      2.00   6.53     0.16
  SINCE JUL 1     10.40                      4.49   5.91     1.26
  SINCE JAN 1     15.59                     14.12   1.47     3.08

DEGREE DAYS
 HEATING
  YESTERDAY       14                                        13
  MONTH TO DATE  186                                       424
  SINCE DEC 1    186                                       424
  SINCE JUL 1    413                                       796

 COOLING
  YESTERDAY        0                                         0
  MONTH TO DATE    0                                         0
  SINCE DEC 1      0                                         0
  SINCE JAN 1    643                                       478
..................................................................


WIND (MPH)
  RESULTANT WIND SPEED   7   RESULTANT WIND DIRECTION  NW (310)
  HIGHEST WIND SPEED    18   HIGHEST WIND DIRECTION    NW (320)
  HIGHEST GUST SPEED    26   HIGHEST GUST DIRECTION     N (350)
  AVERAGE WIND SPEED     7.6


SKY COVER
  POSSIBLE SUNSHINE  MM
  AVERAGE SKY COVER 0.0


WEATHER CONDITIONS
 THE FOLLOWING WEATHER WAS RECORDED YESTERDAY.
  NO SIGNIFICANT WEATHER WAS OBSERVED.


RELATIVE HUMIDITY (PERCENT)
 HIGHEST    71           800 AM
 LOWEST     40           300 PM
 AVERAGE    56

..........................................................


THE MOFFETT FIELD CLIMATE NORMALS FOR TODAY
                         NORMAL    RECORD    YEAR
 MAXIMUM TEMPERATURE (F)   58        75      1967
 MINIMUM TEMPERATURE (F)   42        31      1962


SUNRISE AND SUNSET
DECEMBER 26 2014......SUNRISE   721 AM PST   SUNSET   457 PM PST
DECEMBER 27 2014......SUNRISE   721 AM PST   SUNSET   457 PM PST


-  INDICATES NEGATIVE NUMBERS.
R  INDICATES RECORD WAS SET OR TIED.
MM INDICATES DATA IS MISSING.
T  INDICATES TRACE AMOUNT.




$$
