000
CDUS46 KMTR 040829
CLINUQ


CLIMATE REPORT
NATIONAL WEATHER SERVICE SAN FRANCISCO BAY AREA
1229 AM PST SUN DEC 4 2016


...................................

...THE MOFFETT FIELD CLIMATE SUMMARY FOR DECEMBER 3 2016...

CLIMATE NORMAL PERIOD 1981 TO 2010
CLIMATE RECORD PERIOD 1945 TO 2016


WEATHER ITEM   OBSERVED TIME   RECORD YEAR NORMAL DEPARTURE LAST
                VALUE   (LST)  VALUE       VALUE  FROM      YEAR
                                                  NORMAL
..................................................................
TEMPERATURE (F)
 YESTERDAY
  MAXIMUM         64    119 PM  72    1958  60      4       63
  MINIMUM         41    508 AM  34    2004  44     -3       41
  AVERAGE         53                        52      1       52

PRECIPITATION (IN)
  YESTERDAY        0.00          1.85 2014   0.06  -0.06     0.11
  MONTH TO DATE    0.00                      0.19  -0.19     0.11
  SINCE OCT 1      3.09                      2.47   0.62     2.58
  SINCE JAN 1     11.84                     12.31  -0.47     6.84

DEGREE DAYS
 HEATING
  YESTERDAY       12                                        13
  MONTH TO DATE   36                                        43
  SINCE DEC 1     36                                        43
  SINCE JUL 1    323                                       386

 COOLING
  YESTERDAY        0                                         0
  MONTH TO DATE    0                                         0
  SINCE DEC 1      0                                         0
  SINCE JAN 1    460                                       667
..................................................................


WIND (MPH)
  RESULTANT WIND SPEED   2   RESULTANT WIND DIRECTION  NW (330)
  HIGHEST WIND SPEED     9   HIGHEST WIND DIRECTION    NW (320)
  HIGHEST GUST SPEED    12   HIGHEST GUST DIRECTION    NW (330)
  AVERAGE WIND SPEED     3.0


SKY COVER
  POSSIBLE SUNSHINE  MM
  AVERAGE SKY COVER 0.0


WEATHER CONDITIONS
 THE FOLLOWING WEATHER WAS RECORDED YESTERDAY.
  NO SIGNIFICANT WEATHER WAS OBSERVED.


RELATIVE HUMIDITY (PERCENT)
 HIGHEST    86           800 PM
 LOWEST     36           100 PM
 AVERAGE    61

..........................................................


THE MOFFETT FIELD CLIMATE NORMALS FOR TODAY
                         NORMAL    RECORD    YEAR
 MAXIMUM TEMPERATURE (F)   60        71      2003
 MINIMUM TEMPERATURE (F)   44        31      2004


SUNRISE AND SUNSET
DECEMBER  4 2016......SUNRISE   707 AM PST   SUNSET   450 PM PST
DECEMBER  5 2016......SUNRISE   708 AM PST   SUNSET   450 PM PST


-  INDICATES NEGATIVE NUMBERS.
R  INDICATES RECORD WAS SET OR TIED.
MM INDICATES DATA IS MISSING.
T  INDICATES TRACE AMOUNT.




$$
