000
CDUS46 KMTR 050837
CLINUQ


CLIMATE REPORT
NATIONAL WEATHER SERVICE SAN FRANCISCO BAY AREA
137 AM PDT SUN JUL 5 2015


...................................

...THE MOFFETT FIELD CLIMATE SUMMARY FOR JULY 4 2015...

CLIMATE NORMAL PERIOD 1981 TO 2010
CLIMATE RECORD PERIOD 1945 TO 2015


WEATHER ITEM   OBSERVED TIME   RECORD YEAR NORMAL DEPARTURE LAST
                VALUE   (LST)  VALUE       VALUE  FROM      YEAR
                                                  NORMAL
..................................................................
TEMPERATURE (F)
 YESTERDAY
  MAXIMUM         76    219 PM  85    2007  78     -2       74
  MINIMUM         63   1128 PM  46    1951  59      4       57
  AVERAGE         70                        68      2       66

PRECIPITATION (IN)
  YESTERDAY        0.00          0.00 2009   0.00   0.00     0.00
  MONTH TO DATE    T                         0.00   0.00     0.00
  SINCE OCT 1     14.23                     14.47  -0.24     5.95
  SINCE JAN 1      4.24                      9.63  -5.39     5.19

DEGREE DAYS
 HEATING
  YESTERDAY        0                                         0
  MONTH TO DATE    0                                         0
  SINCE JUN 1     16                                         7
  SINCE JUL 1      0                                         0

 COOLING
  YESTERDAY        5                                         1
  MONTH TO DATE   24                                        10
  SINCE JUN 1    102                                        87
  SINCE JAN 1    120                                       174
..................................................................


WIND (MPH)
  RESULTANT WIND SPEED   6   RESULTANT WIND DIRECTION   N (360)
  HIGHEST WIND SPEED    20   HIGHEST WIND DIRECTION     N (350)
  HIGHEST GUST SPEED    23   HIGHEST GUST DIRECTION     N (350)
  AVERAGE WIND SPEED     7.2


SKY COVER
  POSSIBLE SUNSHINE  MM
  AVERAGE SKY COVER 0.4


WEATHER CONDITIONS
 THE FOLLOWING WEATHER WAS RECORDED YESTERDAY.
  NO SIGNIFICANT WEATHER WAS OBSERVED.


RELATIVE HUMIDITY (PERCENT)
 HIGHEST    90          1000 PM
 LOWEST     60          1200 PM
 AVERAGE    75

..........................................................


THE MOFFETT FIELD CLIMATE NORMALS FOR TODAY
                         NORMAL    RECORD    YEAR
 MAXIMUM TEMPERATURE (F)   78        86      2011
                                             1989
 MINIMUM TEMPERATURE (F)   59        45      1955


SUNRISE AND SUNSET
JULY  5 2015..........SUNRISE   553 AM PDT   SUNSET   832 PM PDT
JULY  6 2015..........SUNRISE   554 AM PDT   SUNSET   832 PM PDT


-  INDICATES NEGATIVE NUMBERS.
R  INDICATES RECORD WAS SET OR TIED.
MM INDICATES DATA IS MISSING.
T  INDICATES TRACE AMOUNT.




$$
