000
CDUS46 KMTR 290845
CLINUQ


CLIMATE REPORT
NATIONAL WEATHER SERVICE SAN FRANCISCO BAY AREA
145 AM PDT MON MAY 29 2017


...................................

...THE MOFFETT FIELD CLIMATE SUMMARY FOR MAY 28 2017...

CLIMATE NORMAL PERIOD 1981 TO 2010
CLIMATE RECORD PERIOD 1945 TO 2017


WEATHER ITEM   OBSERVED TIME   RECORD YEAR NORMAL DEPARTURE LAST
                VALUE   (LST)  VALUE       VALUE  FROM      YEAR
                                                  NORMAL
..................................................................
TEMPERATURE (F)
 YESTERDAY
  MAXIMUM         66    249 PM  93    1975  74     -8       86
  MINIMUM         54   1032 PM  45    1959  55     -1       57
  AVERAGE         60                        64     -4       72

PRECIPITATION (IN)
  YESTERDAY        0.00          0.17 1990   0.00   0.00     0.00
  MONTH TO DATE    0.00                      0.44  -0.44     0.13
  SINCE OCT 1     18.13                     14.34   3.79    13.15
  SINCE JAN 1     13.56                      9.50   4.06     8.75

DEGREE DAYS
 HEATING
  YESTERDAY        5                                         0
  MONTH TO DATE   74                                        61
  SINCE MAR 1    471                                       395
  SINCE JUL 1   1999                                      1780

 COOLING
  YESTERDAY        0                                         7
  MONTH TO DATE   51                                        25
  SINCE MAR 1     53                                        48
  SINCE JAN 1     53                                        50
..................................................................


WIND (MPH)
  RESULTANT WIND SPEED   8   RESULTANT WIND DIRECTION   N (340)
  HIGHEST WIND SPEED    18   HIGHEST WIND DIRECTION     N (350)
  HIGHEST GUST SPEED    22   HIGHEST GUST DIRECTION     N (350)
  AVERAGE WIND SPEED     8.7


SKY COVER
  POSSIBLE SUNSHINE  MM
  AVERAGE SKY COVER 0.6


WEATHER CONDITIONS
 THE FOLLOWING WEATHER WAS RECORDED YESTERDAY.
  NO SIGNIFICANT WEATHER WAS OBSERVED.


RELATIVE HUMIDITY (PERCENT)
 HIGHEST    86           100 AM
 LOWEST     67          1000 AM
 AVERAGE    77

..........................................................


THE MOFFETT FIELD CLIMATE NORMALS FOR TODAY
                         NORMAL    RECORD    YEAR
 MAXIMUM TEMPERATURE (F)   74        98      1950
 MINIMUM TEMPERATURE (F)   55        45      1961


SUNRISE AND SUNSET
MAY 29 2017...........SUNRISE   550 AM PDT   SUNSET   822 PM PDT
MAY 30 2017...........SUNRISE   550 AM PDT   SUNSET   822 PM PDT


-  INDICATES NEGATIVE NUMBERS.
R  INDICATES RECORD WAS SET OR TIED.
MM INDICATES DATA IS MISSING.
T  INDICATES TRACE AMOUNT.




$$
