000
CDUS46 KMTR 290829
CLINUQ


CLIMATE REPORT
NATIONAL WEATHER SERVICE SAN FRANCISCO BAY AREA
129 AM PDT FRI MAY 29 2015


...................................

...THE MOFFETT FIELD CLIMATE SUMMARY FOR MAY 28 2015...

CLIMATE NORMAL PERIOD 1981 TO 2010
CLIMATE RECORD PERIOD 1945 TO 2015


WEATHER ITEM   OBSERVED TIME   RECORD YEAR NORMAL DEPARTURE LAST
                VALUE   (LST)  VALUE       VALUE  FROM      YEAR
                                                  NORMAL
..................................................................
TEMPERATURE (F)
 YESTERDAY
  MAXIMUM         66    312 PM  93    1975  74     -8       78
  MINIMUM         54    527 AM  45    1959  55     -1       53
  AVERAGE         60                        64     -4       66

PRECIPITATION (IN)
  YESTERDAY        0.00          0.17 1990   0.00   0.00     0.00
  MONTH TO DATE    0.64                      0.44   0.20      T
  SINCE OCT 1     14.12                     14.34  -0.22     5.94
  SINCE JAN 1      4.13                      9.50  -5.37     5.18

DEGREE DAYS
 HEATING
  YESTERDAY        5                                         0
  MONTH TO DATE  131                                        27
  SINCE MAR 1    436                                       317
  SINCE JUL 1   1541                                      1775

 COOLING
  YESTERDAY        0                                         1
  MONTH TO DATE    0                                        57
  SINCE MAR 1     18                                        83
  SINCE JAN 1     18                                        83
..................................................................


WIND (MPH)
  RESULTANT WIND SPEED   7   RESULTANT WIND DIRECTION   N (350)
  HIGHEST WIND SPEED    18   HIGHEST WIND DIRECTION     N (350)
  HIGHEST GUST SPEED    22   HIGHEST GUST DIRECTION     N (350)
  AVERAGE WIND SPEED     8.2


SKY COVER
  POSSIBLE SUNSHINE  MM
  AVERAGE SKY COVER 0.6


WEATHER CONDITIONS
 THE FOLLOWING WEATHER WAS RECORDED YESTERDAY.
  NO SIGNIFICANT WEATHER WAS OBSERVED.


RELATIVE HUMIDITY (PERCENT)
 HIGHEST    93          1000 PM
 LOWEST     63           300 PM
 AVERAGE    78

..........................................................


THE MOFFETT FIELD CLIMATE NORMALS FOR TODAY
                         NORMAL    RECORD    YEAR
 MAXIMUM TEMPERATURE (F)   74        98      1950
 MINIMUM TEMPERATURE (F)   55        45      1961


SUNRISE AND SUNSET
MAY 29 2015...........SUNRISE   550 AM PDT   SUNSET   821 PM PDT
MAY 30 2015...........SUNRISE   550 AM PDT   SUNSET   822 PM PDT


-  INDICATES NEGATIVE NUMBERS.
R  INDICATES RECORD WAS SET OR TIED.
MM INDICATES DATA IS MISSING.
T  INDICATES TRACE AMOUNT.




$$
