000
CDUS46 KMTR 310836
CLINUQ


CLIMATE REPORT
NATIONAL WEATHER SERVICE SAN FRANCISCO BAY AREA
1236 AM PST SAT JAN 31 2015


...................................

...THE MOFFETT FIELD CLIMATE SUMMARY FOR JANUARY 30 2015...

CLIMATE NORMAL PERIOD 1981 TO 2010
CLIMATE RECORD PERIOD 1945 TO 2015


WEATHER ITEM   OBSERVED TIME   RECORD YEAR NORMAL DEPARTURE LAST
                VALUE   (LST)  VALUE       VALUE  FROM      YEAR
                                                  NORMAL
..................................................................
TEMPERATURE (F)
 YESTERDAY
  MAXIMUM         64    306 PM  73    1976  60      4       62
  MINIMUM         48    631 AM  29    1949  44      4       53
  AVERAGE         56                        52      4       58

PRECIPITATION (IN)
  YESTERDAY        0.00          2.19 1968   0.08  -0.08     0.04
  MONTH TO DATE    0.01                      2.65  -2.64     0.07
  SINCE JUL 1     10.41                      7.70   2.71     1.33
  SINCE JAN 1      0.01                      2.65  -2.64     0.07

DEGREE DAYS
 HEATING
  YESTERDAY        9                                         7
  MONTH TO DATE  383                                       307
  SINCE DEC 1    674                                       813
  SINCE JUL 1    901                                      1185

 COOLING
  YESTERDAY        0                                         0
  MONTH TO DATE    0                                         0
  SINCE DEC 1      0                                         0
  SINCE JAN 1      0                                         0
..................................................................


WIND (MPH)
  RESULTANT WIND SPEED   2   RESULTANT WIND DIRECTION   N (340)
  HIGHEST WIND SPEED    13   HIGHEST WIND DIRECTION    NW (320)
  HIGHEST GUST SPEED    17   HIGHEST GUST DIRECTION    NW (320)
  AVERAGE WIND SPEED     1.8


SKY COVER
  POSSIBLE SUNSHINE  MM
  AVERAGE SKY COVER 0.3


WEATHER CONDITIONS
 THE FOLLOWING WEATHER WAS RECORDED YESTERDAY.
  FOG


RELATIVE HUMIDITY (PERCENT)
 HIGHEST    93           500 AM
 LOWEST     60           200 PM
 AVERAGE    77

..........................................................


THE MOFFETT FIELD CLIMATE NORMALS FOR TODAY
                         NORMAL    RECORD    YEAR
 MAXIMUM TEMPERATURE (F)   60        74      1976
 MINIMUM TEMPERATURE (F)   44        28      1946


SUNRISE AND SUNSET
JANUARY 31 2015.......SUNRISE   712 AM PST   SUNSET   531 PM PST
FEBRUARY  1 2015......SUNRISE   712 AM PST   SUNSET   532 PM PST


-  INDICATES NEGATIVE NUMBERS.
R  INDICATES RECORD WAS SET OR TIED.
MM INDICATES DATA IS MISSING.
T  INDICATES TRACE AMOUNT.




$$
