000
CDUS46 KMTR 190826
CLINUQ


CLIMATE REPORT
NATIONAL WEATHER SERVICE SAN FRANCISCO BAY AREA
1226 AM PST SUN FEB 19 2017


...................................

...THE MOFFETT FIELD CLIMATE SUMMARY FOR FEBRUARY 18 2017...

CLIMATE NORMAL PERIOD 1981 TO 2010
CLIMATE RECORD PERIOD 1945 TO 2017


WEATHER ITEM   OBSERVED TIME   RECORD YEAR NORMAL DEPARTURE LAST
                VALUE   (LST)  VALUE       VALUE  FROM      YEAR
                                                  NORMAL
..................................................................
TEMPERATURE (F)
 YESTERDAY
  MAXIMUM         56    231 PM  78    1981  62     -6       64
  MINIMUM         48   1159 PM  32    1956  46      2       50
  AVERAGE         52                        54     -2       57

PRECIPITATION (IN)
  YESTERDAY        0.15          1.43 1958   0.11   0.04     0.06
  MONTH TO DATE    2.94                      1.92   1.02     0.38
  SINCE OCT 1     12.91                      9.51   3.40     8.36
  SINCE JAN 1      8.34                      4.67   3.67     3.96

DEGREE DAYS
 HEATING
  YESTERDAY       13                                         8
  MONTH TO DATE  148                                       139
  SINCE DEC 1   1085                                       967
  SINCE JUL 1   1372                                      1310

 COOLING
  YESTERDAY        0                                         0
  MONTH TO DATE    0                                         2
  SINCE DEC 1      0                                         2
  SINCE JAN 1      0                                         2
..................................................................


WIND (MPH)
  RESULTANT WIND SPEED   6   RESULTANT WIND DIRECTION  NW (300)
  HIGHEST WIND SPEED    17   HIGHEST WIND DIRECTION     W (270)
  HIGHEST GUST SPEED    25   HIGHEST GUST DIRECTION     W (280)
  AVERAGE WIND SPEED     7.9


SKY COVER
  POSSIBLE SUNSHINE  MM
  AVERAGE SKY COVER 0.9


WEATHER CONDITIONS
 THE FOLLOWING WEATHER WAS RECORDED YESTERDAY.
  RAIN
  LIGHT RAIN
  FOG


RELATIVE HUMIDITY (PERCENT)
 HIGHEST   100           500 AM
 LOWEST     63           800 PM
 AVERAGE    82

..........................................................


THE MOFFETT FIELD CLIMATE NORMALS FOR TODAY
                         NORMAL    RECORD    YEAR
 MAXIMUM TEMPERATURE (F)   62        76      1991
 MINIMUM TEMPERATURE (F)   46        35      1949


SUNRISE AND SUNSET
FEBRUARY 19 2017......SUNRISE   652 AM PST   SUNSET   552 PM PST
FEBRUARY 20 2017......SUNRISE   651 AM PST   SUNSET   553 PM PST


-  INDICATES NEGATIVE NUMBERS.
R  INDICATES RECORD WAS SET OR TIED.
MM INDICATES DATA IS MISSING.
T  INDICATES TRACE AMOUNT.




$$
