000
CDUS41 KOKX 300616
CLINYC


CLIMATE REPORT
NATIONAL WEATHER SERVICE NEW YORK NY
216 AM EDT TUE SEP 30 2014


...................................

...THE CENTRAL PARK NY CLIMATE SUMMARY FOR SEPTEMBER 29 2014...

CLIMATE NORMAL PERIOD 1981 TO 2010
CLIMATE RECORD PERIOD 1869 TO 2014


WEATHER ITEM   OBSERVED TIME   RECORD YEAR NORMAL DEPARTURE LAST
                VALUE   (LST)  VALUE       VALUE  FROM      YEAR
                                                  NORMAL
..................................................................
TEMPERATURE (F)
 YESTERDAY
  MAXIMUM         79    104 PM  88    1945  70      9       72
  MINIMUM         67    649 AM  42    1942  56     11       57
                                      1914
                                      1888
  AVERAGE         73                        63     10       65

PRECIPITATION (IN)
  YESTERDAY        0.00          2.18 1963   0.16  -0.16     0.00
  MONTH TO DATE    1.21                      4.12  -2.91     2.95
  SINCE SEP 1      1.21                      4.12  -2.91     2.95
  SINCE JAN 1     37.47                     37.36   0.11    37.96

SNOWFALL (IN)
  YESTERDAY        0.0           0.0  2002   0.0    0.0      0.0
                                      2001
  MONTH TO DATE    0.0                       0.0    0.0      0.0
  SINCE OCT 1     57.4                      25.8   31.6     26.1
  SINCE JUL 1      0.0                       0.0    0.0      0.0
  SNOW DEPTH       0

DEGREE DAYS
 HEATING
  YESTERDAY        0                         4     -4        0
  MONTH TO DATE   22                        38    -16       36
  SINCE SEP 1     22                        38    -16       36
  SINCE JUL 1     22                        40    -18       36

 COOLING
  YESTERDAY        8                         2      6        0
  MONTH TO DATE  168                       131     37      131
  SINCE SEP 1    168                       131     37      131
  SINCE JAN 1   1106                      1085     21     1224
..................................................................


WIND (MPH)
  HIGHEST WIND SPEED     9   HIGHEST WIND DIRECTION     W (260)
  HIGHEST GUST SPEED    14   HIGHEST GUST DIRECTION    SW (240)
  AVERAGE WIND SPEED     0.7


SKY COVER
  AVERAGE SKY COVER 0.2


WEATHER CONDITIONS
 THE FOLLOWING WEATHER WAS RECORDED YESTERDAY.
  NO SIGNIFICANT WEATHER WAS OBSERVED.


RELATIVE HUMIDITY (PERCENT)
 HIGHEST    73           600 AM
 LOWEST     45          1200 PM
 AVERAGE    59

..........................................................


THE CENTRAL PARK NY CLIMATE NORMALS FOR TODAY
                         NORMAL    RECORD    YEAR
 MAXIMUM TEMPERATURE (F)   70        89      1986
 MINIMUM TEMPERATURE (F)   55        39      1912


SUNRISE AND SUNSET
SEPTEMBER 30 2014.....SUNRISE   651 AM EDT   SUNSET   640 PM EDT
OCTOBER  1 2014.......SUNRISE   652 AM EDT   SUNSET   638 PM EDT


-  INDICATES NEGATIVE NUMBERS.
R  INDICATES RECORD WAS SET OR TIED.
MM INDICATES DATA IS MISSING.
T  INDICATES TRACE AMOUNT.




$$
