000
CDUS41 KOKX 270617
CLINYC


CLIMATE REPORT
NATIONAL WEATHER SERVICE NEW YORK NY
116 AM EST MON FEB 27 2017


...................................

...THE CENTRAL PARK NY CLIMATE SUMMARY FOR FEBRUARY 26 2017...

CLIMATE NORMAL PERIOD 1981 TO 2010
CLIMATE RECORD PERIOD 1869 TO 2017


WEATHER ITEM   OBSERVED TIME   RECORD YEAR NORMAL DEPARTURE LAST
                VALUE   (LST)  VALUE       VALUE  FROM      YEAR
                                                  NORMAL
..................................................................
TEMPERATURE (F)
 YESTERDAY
  MAXIMUM         44   1215 AM  65    1890  44      0       39
  MINIMUM         36   1159 PM   7    1990  31      5       27
                                      1928
  AVERAGE         40                        37      3       33

PRECIPITATION (IN)
  YESTERDAY        0.00          1.87 1929   0.12  -0.12     0.00
  MONTH TO DATE    2.48                      2.85  -0.37     4.35
  SINCE DEC 1     10.20                     10.50  -0.30    13.48
  SINCE JAN 1      7.31                      6.50   0.81     8.76

SNOWFALL (IN)
  YESTERDAY        0.0          11.5  2010   0.3   -0.3      0.0
  MONTH TO DATE    9.4                       8.7    0.7      4.0
  SINCE OCT 1     20.5                      20.8   -0.3     31.9
  SINCE JUL 1     20.5                      20.8   -0.3     31.9
  SNOW DEPTH       0

DEGREE DAYS
 HEATING
  YESTERDAY       25                        28     -3       32
  MONTH TO DATE  616                       778   -162      727
  SINCE DEC 1   2264                      2634   -370     2101
  SINCE JUL 1   2951                      3467   -516     2689

 COOLING
  YESTERDAY        0                         0      0        0
  MONTH TO DATE    0                         0      0        0
  SINCE DEC 1      0                         0      0        3
  SINCE JAN 1      0                         0      0        0
..................................................................


WIND (MPH)
  HIGHEST WIND SPEED    18   HIGHEST WIND DIRECTION    NW (310)
  HIGHEST GUST SPEED    29   HIGHEST GUST DIRECTION    NW (300)
  AVERAGE WIND SPEED     9.0


SKY COVER
  AVERAGE SKY COVER 0.5


WEATHER CONDITIONS
 THE FOLLOWING WEATHER WAS RECORDED YESTERDAY.
  NO SIGNIFICANT WEATHER WAS OBSERVED.


RELATIVE HUMIDITY (PERCENT)
 HIGHEST    67           100 AM
 LOWEST     30           300 PM
 AVERAGE    49

..........................................................


THE CENTRAL PARK NY CLIMATE NORMALS FOR TODAY
                         NORMAL    RECORD    YEAR
 MAXIMUM TEMPERATURE (F)   44        72      1997
 MINIMUM TEMPERATURE (F)   31         5      1900


SUNRISE AND SUNSET
FEBRUARY 27 2017......SUNRISE   633 AM EST   SUNSET   545 PM EST
FEBRUARY 28 2017......SUNRISE   631 AM EST   SUNSET   546 PM EST


-  INDICATES NEGATIVE NUMBERS.
R  INDICATES RECORD WAS SET OR TIED.
MM INDICATES DATA IS MISSING.
T  INDICATES TRACE AMOUNT.




$$
