000
CDUS45 KPSR 010015 RRA
CLINYL

CLIMATE REPORT
NATIONAL WEATHER SERVICE PHOENIX AZ
513 PM MST TUE MAY 31 2016


...................................

...THE YUMA AZ CLIMATE SUMMARY FOR MAY 31 2016...
VALID TODAY AS OF 0500 PM LOCAL TIME.

CLIMATE NORMAL PERIOD 1981 TO 2010
CLIMATE RECORD PERIOD 1876 TO 2016


WEATHER ITEM   OBSERVED TIME   RECORD YEAR NORMAL DEPARTURE LAST
                VALUE   (LST)  VALUE       VALUE  FROM      YEAR
                                                  NORMAL
..................................................................
TEMPERATURE (F)
 TODAY
  MAXIMUM        100    417 PM 113    2012 100      0      106
  MINIMUM         71    625 AM  52    1878  70      1       75
  AVERAGE         86                        85      1       91

PRECIPITATION (IN)
  TODAY            0.00          0.37 1965   0.00   0.00     0.00
  MONTH TO DATE    0.18                      0.08   0.10     0.31
  SINCE OCT 1      1.12                      2.26  -1.14     1.26
  SINCE JAN 1      0.98                      1.32  -0.34     0.82

DEGREE DAYS
 HEATING
  TODAY            0                         0      0        0
  MONTH TO DATE    0                         0      0        3
  SINCE MAR 1     22                        63    -41       26
  SINCE JUL 1    598                       686    -88       86

 COOLING
  TODAY           21                        20      1       26
  MONTH TO DATE  413                       506    -93      389
  SINCE MAR 1    865                       876    -11      968
  SINCE JAN 1   1001                       912     89     1079
..................................................................


WIND (MPH)
  HIGHEST WIND SPEED    14   HIGHEST WIND DIRECTION    SW (220)
  HIGHEST GUST SPEED    20   HIGHEST GUST DIRECTION     S (180)
  AVERAGE WIND SPEED     7.3


SKY COVER
  AVERAGE SKY COVER 0.1


WEATHER CONDITIONS
 THE FOLLOWING WEATHER WAS RECORDED TODAY.
  NO SIGNIFICANT WEATHER WAS OBSERVED.


RELATIVE HUMIDITY (PERCENT)
 HIGHEST    49
 LOWEST     11
 AVERAGE    30

..........................................................


THE YUMA AZ CLIMATE NORMALS FOR TOMORROW
                         NORMAL    RECORD    YEAR
 MAXIMUM TEMPERATURE (F)  100       114      2012
 MINIMUM TEMPERATURE (F)   71        50      1908


SUNRISE AND SUNSET
MAY 31 2016...........SUNRISE   532 AM MST   SUNSET   741 PM MST
JUNE  1 2016..........SUNRISE   531 AM MST   SUNSET   742 PM MST


-  INDICATES NEGATIVE NUMBERS.
R  INDICATES RECORD WAS SET OR TIED.
MM INDICATES DATA IS MISSING.
T  INDICATES TRACE AMOUNT.

$$
