000
CDUS45 KPSR 300827
CLINYL

CLIMATE REPORT
NATIONAL WEATHER SERVICE PHOENIX AZ
126 AM MST THU JUL 30 2015


...................................

...THE YUMA AZ CLIMATE SUMMARY FOR JULY 29 2015...

CLIMATE NORMAL PERIOD 1981 TO 2010
CLIMATE RECORD PERIOD 1876 TO 2015


WEATHER ITEM   OBSERVED TIME   RECORD YEAR NORMAL DEPARTURE LAST
                VALUE   (LST)  VALUE       VALUE  FROM      YEAR
                                                  NORMAL
..................................................................
TEMPERATURE (F)
 YESTERDAY
  MAXIMUM        105    437 PM 118    1878 107     -2      111
  MINIMUM         88    813 AM  66    1913  83      5       85
                                      1892
  AVERAGE         97                        95      2       98

PRECIPITATION (IN)
  YESTERDAY        T             1.36 1932   0.02  -0.02     0.00
  MONTH TO DATE    0.09                      0.26  -0.17     0.28
  SINCE OCT 1      1.68                      2.53  -0.85     1.46
  SINCE JAN 1      1.24                      1.59  -0.35     0.35

DEGREE DAYS
 HEATING
  YESTERDAY        0                         0      0        0
  MONTH TO DATE    0                         0      0        0
  SINCE JUN 1      0                         0      0        0
  SINCE JUL 1      0                         0      0        0

 COOLING
  YESTERDAY       32                        30      2       33
  MONTH TO DATE  827                       854    -27      908
  SINCE JUN 1   1617                      1575     42     1717
  SINCE JAN 1   2696                      2487    209     2879
..................................................................


WIND (MPH)
  HIGHEST WIND SPEED    20   HIGHEST WIND DIRECTION     S (160)
  HIGHEST GUST SPEED    24   HIGHEST GUST DIRECTION     S (160)
  AVERAGE WIND SPEED     7.1


SKY COVER
  AVERAGE SKY COVER 0.5


WEATHER CONDITIONS
 THE FOLLOWING WEATHER WAS RECORDED YESTERDAY.
  THUNDERSTORM
  LIGHT RAIN


RELATIVE HUMIDITY (PERCENT)
 HIGHEST    52
 LOWEST     29
 AVERAGE    41

..........................................................


THE YUMA AZ CLIMATE NORMALS FOR TODAY
                         NORMAL    RECORD    YEAR
 MAXIMUM TEMPERATURE (F)  107       117      1957
                                             1878
 MINIMUM TEMPERATURE (F)   83        66      1913


SUNRISE AND SUNSET
JULY 30 2015..........SUNRISE   551 AM MST   SUNSET   738 PM MST
JULY 31 2015..........SUNRISE   552 AM MST   SUNSET   738 PM MST


-  INDICATES NEGATIVE NUMBERS.
R  INDICATES RECORD WAS SET OR TIED.
MM INDICATES DATA IS MISSING.
T  INDICATES TRACE AMOUNT.

$$
