000
CDUS45 KPSR 290828
CLINYL

CLIMATE REPORT
NATIONAL WEATHER SERVICE PHOENIX AZ
125 AM MST WED MAR 29 2017


...................................

...THE YUMA AZ CLIMATE SUMMARY FOR MARCH 28 2017...

CLIMATE NORMAL PERIOD 1981 TO 2010
CLIMATE RECORD PERIOD 1876 TO 2017


WEATHER ITEM   OBSERVED TIME   RECORD YEAR NORMAL DEPARTURE LAST
                VALUE   (LST)  VALUE       VALUE  FROM      YEAR
                                                  NORMAL
..................................................................
TEMPERATURE (F)
 YESTERDAY
  MAXIMUM         82    442 PM  98    2015  82      0       81
  MINIMUM         59    505 AM  39    1913  56      3       59
                                      1907
                                      1898
  AVERAGE         71                        69      2       70

PRECIPITATION (IN)
  YESTERDAY        0.00          0.72 1914   0.01  -0.01     0.00
  MONTH TO DATE    0.19                      0.31  -0.12     0.00
  SINCE OCT 1      2.51                      2.01   0.50     0.63
  SINCE JAN 1      1.56                      1.07   0.49     0.49

DEGREE DAYS
 HEATING
  YESTERDAY        0                         1     -1        0
  MONTH TO DATE   13                        48    -35       11
  SINCE MAR 1     13                        48    -35       11
  SINCE JUL 1    526                       671   -145      587

 COOLING
  YESTERDAY        6                         5      1        5
  MONTH TO DATE  208                       102    106      180
  SINCE MAR 1    208                       102    106      180
  SINCE JAN 1    249                       138    111      316
..................................................................


WIND (MPH)
  HIGHEST WIND SPEED    26   HIGHEST WIND DIRECTION     N (350)
  HIGHEST GUST SPEED    35   HIGHEST GUST DIRECTION     N (350)
  AVERAGE WIND SPEED    11.4


SKY COVER
  AVERAGE SKY COVER 0.0


WEATHER CONDITIONS
 THE FOLLOWING WEATHER WAS RECORDED YESTERDAY.
  NO SIGNIFICANT WEATHER WAS OBSERVED.


RELATIVE HUMIDITY (PERCENT)
 HIGHEST    55
 LOWEST     10
 AVERAGE    33

..........................................................


THE YUMA AZ CLIMATE NORMALS FOR TODAY
                         NORMAL    RECORD    YEAR
 MAXIMUM TEMPERATURE (F)   82       100      1879
 MINIMUM TEMPERATURE (F)   56        40      1907
                                             1892


SUNRISE AND SUNSET
MARCH 29 2017.........SUNRISE   630 AM MST   SUNSET   657 PM MST
MARCH 30 2017.........SUNRISE   629 AM MST   SUNSET   657 PM MST


-  INDICATES NEGATIVE NUMBERS.
R  INDICATES RECORD WAS SET OR TIED.
MM INDICATES DATA IS MISSING.
T  INDICATES TRACE AMOUNT.

$$
