000
CDUS45 KPSR 160035
CLINYL

CLIMATE REPORT
NATIONAL WEATHER SERVICE PHOENIX AZ
534 PM MST TUE APR 15 2014


...................................

...THE YUMA AZ CLIMATE SUMMARY FOR APRIL 15 2014...
VALID TODAY AS OF 0500 PM LOCAL TIME.

CLIMATE NORMAL PERIOD 1981 TO 2010
CLIMATE RECORD PERIOD 1876 TO 2014


WEATHER ITEM   OBSERVED TIME   RECORD YEAR NORMAL DEPARTURE LAST
                VALUE   (LST)  VALUE       VALUE  FROM      YEAR
                                                  NORMAL
..................................................................
TEMPERATURE (F)
 TODAY
  MAXIMUM         94    430 PM 103    1984  86      8       85
                                      1962
  MINIMUM         60    634 AM  43    1921  59      1       60
  AVERAGE         77                        73      4       73

PRECIPITATION (IN)
  TODAY            0.00          0.19 1988   0.00   0.00     0.00
  MONTH TO DATE    0.00                      0.10  -0.10      T
  SINCE OCT 1      1.18                      2.13  -0.95     1.74
  SINCE JAN 1      0.07                      1.19  -1.12     1.11

DEGREE DAYS
 HEATING
  TODAY            0                         0      0        0
  MONTH TO DATE    5                        12     -7        0
  SINCE MAR 1      9                        62    -53       16
  SINCE JUL 1    370                       685   -315      705

 COOLING
  TODAY           12                         8      4        8
  MONTH TO DATE  131                       100     31      138
  SINCE MAR 1    316                       217     99      336
  SINCE JAN 1    430                       253    177      347
..................................................................


WIND (MPH)
  RESULTANT WIND SPEED   3   RESULTANT WIND DIRECTION  NE (40)
  HIGHEST WIND SPEED    10   HIGHEST WIND DIRECTION    NE (40)
  HIGHEST GUST SPEED    13   HIGHEST GUST DIRECTION    NE (30)
  AVERAGE WIND SPEED     3.3


SKY COVER
  AVERAGE SKY COVER 0.2


WEATHER CONDITIONS
 THE FOLLOWING WEATHER WAS RECORDED TODAY.
  NO SIGNIFICANT WEATHER WAS OBSERVED.


RELATIVE HUMIDITY (PERCENT)
 HIGHEST    25
 LOWEST      3
 AVERAGE    14

..........................................................


THE YUMA AZ CLIMATE NORMALS FOR TOMORROW
                         NORMAL    RECORD    YEAR
 MAXIMUM TEMPERATURE (F)   86       104      1954
                                             1948
 MINIMUM TEMPERATURE (F)   60        44      1921


SUNRISE AND SUNSET
APRIL 15 2014.........SUNRISE   609 AM MST   SUNSET   708 PM MST
APRIL 16 2014.........SUNRISE   608 AM MST   SUNSET   709 PM MST


-  INDICATES NEGATIVE NUMBERS.
R  INDICATES RECORD WAS SET OR TIED.
MM INDICATES DATA IS MISSING.
T  INDICATES TRACE AMOUNT.

$$
