000
CDUS45 KPSR 080817
CLINYL

CLIMATE REPORT
NATIONAL WEATHER SERVICE PHOENIX AZ
111 AM MST THU DEC 8 2016


...................................

...THE YUMA AZ CLIMATE SUMMARY FOR DECEMBER 7 2016...

CLIMATE NORMAL PERIOD 1981 TO 2010
CLIMATE RECORD PERIOD 1876 TO 2016


WEATHER ITEM   OBSERVED TIME   RECORD YEAR NORMAL DEPARTURE LAST
                VALUE   (LST)  VALUE       VALUE  FROM      YEAR
                                                  NORMAL
..................................................................
TEMPERATURE (F)
 YESTERDAY
  MAXIMUM         69    255 PM  83    1958  69      0       77
                                      1938
  MINIMUM         48    755 AM  30    1978  47      1       57
  AVERAGE         59                        58      1       67

PRECIPITATION (IN)
  YESTERDAY        0.00          0.56 1886   0.01  -0.01     0.00
  MONTH TO DATE    0.00                      0.09  -0.09     0.00
  SINCE OCT 1      0.04                      0.52  -0.48     0.08
  SINCE JAN 1      1.91                      3.14  -1.23     2.27

DEGREE DAYS
 HEATING
  YESTERDAY        6                         7     -1        0
  MONTH TO DATE   42                        43     -1       30
  SINCE DEC 1     42                        43     -1       30
  SINCE JUL 1     88                       111    -23      100

 COOLING
  YESTERDAY        0                         0      0        2
  MONTH TO DATE    0                         0      0        2
  SINCE DEC 1      0                         0      0        2
  SINCE JAN 1   5073                      4649    424     5176
..................................................................


WIND (MPH)
  HIGHEST WIND SPEED    20   HIGHEST WIND DIRECTION     N (350)
  HIGHEST GUST SPEED    26   HIGHEST GUST DIRECTION     N (350)
  AVERAGE WIND SPEED     5.6


SKY COVER
  AVERAGE SKY COVER 0.3


WEATHER CONDITIONS
 THE FOLLOWING WEATHER WAS RECORDED YESTERDAY.
  NO SIGNIFICANT WEATHER WAS OBSERVED.


RELATIVE HUMIDITY (PERCENT)
 HIGHEST   100
 LOWEST     15
 AVERAGE    58

..........................................................


THE YUMA AZ CLIMATE NORMALS FOR TODAY
                         NORMAL    RECORD    YEAR
 MAXIMUM TEMPERATURE (F)   69        84      1962
 MINIMUM TEMPERATURE (F)   47        31      1978


SUNRISE AND SUNSET
DECEMBER  8 2016......SUNRISE   729 AM MST   SUNSET   533 PM MST
DECEMBER  9 2016......SUNRISE   729 AM MST   SUNSET   533 PM MST


-  INDICATES NEGATIVE NUMBERS.
R  INDICATES RECORD WAS SET OR TIED.
MM INDICATES DATA IS MISSING.
T  INDICATES TRACE AMOUNT.

$$
