000
CDUS45 KPSR 200825
CLINYL

CLIMATE REPORT
NATIONAL WEATHER SERVICE PHOENIX AZ
124 AM MST WED AUG 20 2014


...................................

...THE YUMA AZ CLIMATE SUMMARY FOR AUGUST 19 2014...

CLIMATE NORMAL PERIOD 1981 TO 2010
CLIMATE RECORD PERIOD 1876 TO 2014


WEATHER ITEM   OBSERVED TIME   RECORD YEAR NORMAL DEPARTURE LAST
                VALUE   (LST)  VALUE       VALUE  FROM      YEAR
                                                  NORMAL
..................................................................
TEMPERATURE (F)
 YESTERDAY
  MAXIMUM        106    258 PM 116    1915 106      0      110
  MINIMUM         85    707 AM  64    1916  82      3       91
  AVERAGE         96                        94      2      101

PRECIPITATION (IN)
  YESTERDAY        0.00          0.50 1984   0.01  -0.01     0.00
  MONTH TO DATE    0.08                      0.29  -0.21     0.00
  SINCE OCT 1      1.54                      2.85  -1.31     2.21
  SINCE JAN 1      0.43                      1.91  -1.48     1.58

DEGREE DAYS
 HEATING
  YESTERDAY        0                         0      0        0
  MONTH TO DATE    0                         0      0        0
  SINCE JUN 1      0                         0      0        0
  SINCE JUL 1      0                         0      0        0

 COOLING
  YESTERDAY       31                        29      2       36
  MONTH TO DATE  543                       563    -20      565
  SINCE JUN 1   2330                      2197    133     2316
  SINCE JAN 1   3492                      3109    383     3377
..................................................................


WIND (MPH)
  HIGHEST WIND SPEED    21   HIGHEST WIND DIRECTION     S (160)
  HIGHEST GUST SPEED    25   HIGHEST GUST DIRECTION    SE (150)
  AVERAGE WIND SPEED    11.6


SKY COVER
  AVERAGE SKY COVER 0.2


WEATHER CONDITIONS
 THE FOLLOWING WEATHER WAS RECORDED YESTERDAY.
  NO SIGNIFICANT WEATHER WAS OBSERVED.


RELATIVE HUMIDITY (PERCENT)
 HIGHEST    74
 LOWEST     17
 AVERAGE    46

..........................................................


THE YUMA AZ CLIMATE NORMALS FOR TODAY
                         NORMAL    RECORD    YEAR
 MAXIMUM TEMPERATURE (F)  106       114      1982
                                             1915
                                             1878
 MINIMUM TEMPERATURE (F)   82        65      1917
                                             1916


SUNRISE AND SUNSET
AUGUST 20 2014........SUNRISE   605 AM MST   SUNSET   718 PM MST
AUGUST 21 2014........SUNRISE   606 AM MST   SUNSET   716 PM MST


-  INDICATES NEGATIVE NUMBERS.
R  INDICATES RECORD WAS SET OR TIED.
MM INDICATES DATA IS MISSING.
T  INDICATES TRACE AMOUNT.

$$
