000
CDUS45 KPSR 210823 RRA
CLINYL

CLIMATE REPORT
NATIONAL WEATHER SERVICE PHOENIX AZ
122 AM MST THU SEP 21 2017


...................................

...THE YUMA AZ CLIMATE SUMMARY FOR SEPTEMBER 20 2017...

CLIMATE NORMAL PERIOD 1981 TO 2010
CLIMATE RECORD PERIOD 1876 TO 2017


WEATHER ITEM   OBSERVED TIME   RECORD YEAR NORMAL DEPARTURE LAST
                VALUE   (LST)  VALUE       VALUE  FROM      YEAR
                                                  NORMAL
..................................................................
TEMPERATURE (F)
 YESTERDAY
  MAXIMUM         99    501 PM 108    2012 100     -1       84
                                      2010
                                      1958
  MINIMUM         73    636 AM  53    1965  76     -3       73
  AVERAGE         86                        88     -2       79

PRECIPITATION (IN)
  YESTERDAY        0.00          0.12 2016   0.02  -0.02     0.12
  MONTH TO DATE    0.45                      0.38   0.07     0.12
  SINCE OCT 1      3.19                      3.41  -0.22     2.01
  SINCE JAN 1      2.24                      2.47  -0.23     1.87

DEGREE DAYS
 HEATING
  YESTERDAY        0                         0      0        0
  MONTH TO DATE    0                         0      0        0
  SINCE SEP 1      0                         0      0        0
  SINCE JUL 1      0                         0      0        0

 COOLING
  YESTERDAY       21                        23     -2       14
  MONTH TO DATE  489                       516    -27      472
  SINCE SEP 1    489                       516    -27      472
  SINCE JAN 1   4257                      3969    288     4219
..................................................................


WIND (MPH)
  HIGHEST WIND SPEED    17   HIGHEST WIND DIRECTION     S (170)
  HIGHEST GUST SPEED    21   HIGHEST GUST DIRECTION     S (170)
  AVERAGE WIND SPEED     6.1


SKY COVER
  AVERAGE SKY COVER 0.0


WEATHER CONDITIONS
 THE FOLLOWING WEATHER WAS RECORDED YESTERDAY.
  NO SIGNIFICANT WEATHER WAS OBSERVED.


RELATIVE HUMIDITY (PERCENT)
 HIGHEST    79
 LOWEST     13
 AVERAGE    46

..........................................................


THE YUMA AZ CLIMATE NORMALS FOR TODAY
                         NORMAL    RECORD    YEAR
 MAXIMUM TEMPERATURE (F)  100       110      1954
                                             1949
 MINIMUM TEMPERATURE (F)   75        56      1965


SUNRISE AND SUNSET
SEPTEMBER 21 2017.....SUNRISE   626 AM MST   SUNSET   636 PM MST
SEPTEMBER 22 2017.....SUNRISE   627 AM MST   SUNSET   635 PM MST


-  INDICATES NEGATIVE NUMBERS.
R  INDICATES RECORD WAS SET OR TIED.
MM INDICATES DATA IS MISSING.
T  INDICATES TRACE AMOUNT.

$$
