000
CDUS45 KPSR 242311
CLINYL

CLIMATE REPORT
NATIONAL WEATHER SERVICE PHOENIX AZ
410 PM MST FRI OCT 24 2014


...................................

...THE YUMA AZ CLIMATE SUMMARY FOR OCTOBER 24 2014...
VALID TODAY AS OF 0400 PM LOCAL TIME.

CLIMATE NORMAL PERIOD 1981 TO 2010
CLIMATE RECORD PERIOD 1876 TO 2014


WEATHER ITEM   OBSERVED TIME   RECORD YEAR NORMAL DEPARTURE LAST
                VALUE   (LST)  VALUE       VALUE  FROM      YEAR
                                                  NORMAL
..................................................................
TEMPERATURE (F)
 TODAY
  MAXIMUM         98    332 PM 105    1959  87     11       89
  MINIMUM         69    650 AM  45    1923  62      7       60
  AVERAGE         84                        74     10       75

PRECIPITATION (IN)
  TODAY            0.00          0.54 1987   0.00   0.00     0.00
  MONTH TO DATE    0.05                      0.17  -0.12      T
  SINCE OCT 1      0.05                      0.17  -0.12      T
  SINCE JAN 1      2.33                      2.79  -0.46     2.31

DEGREE DAYS
 HEATING
  TODAY            0                         0      0        0
  MONTH TO DATE    0                         0      0        0
  SINCE SEP 1      0                         0      0        0
  SINCE JUL 1      0                         0      0        0

 COOLING
  TODAY           19                        10      9       10
  MONTH TO DATE  428                       332     96      266
  SINCE SEP 1   1245                      1053    192      951
  SINCE JAN 1   5081                      4506    575     4649
..................................................................


WIND (MPH)
  RESULTANT WIND SPEED   2   RESULTANT WIND DIRECTION  NE (60)
  HIGHEST WIND SPEED    12   HIGHEST WIND DIRECTION     S (180)
  HIGHEST GUST SPEED    14   HIGHEST GUST DIRECTION     S (180)
  AVERAGE WIND SPEED     5.3


SKY COVER
  AVERAGE SKY COVER 0.0


WEATHER CONDITIONS
 THE FOLLOWING WEATHER WAS RECORDED TODAY.
  NO SIGNIFICANT WEATHER WAS OBSERVED.


RELATIVE HUMIDITY (PERCENT)
 HIGHEST    41
 LOWEST     14
 AVERAGE    28

..........................................................


THE YUMA AZ CLIMATE NORMALS FOR TOMORROW
                         NORMAL    RECORD    YEAR
 MAXIMUM TEMPERATURE (F)   87       100      1959
 MINIMUM TEMPERATURE (F)   62        44      1908


SUNRISE AND SUNSET
OCTOBER 24 2014.......SUNRISE   649 AM MST   SUNSET   555 PM MST
OCTOBER 25 2014.......SUNRISE   650 AM MST   SUNSET   554 PM MST


-  INDICATES NEGATIVE NUMBERS.
R  INDICATES RECORD WAS SET OR TIED.
MM INDICATES DATA IS MISSING.
T  INDICATES TRACE AMOUNT.

$$
