000
CDUS46 KMTR 240826
CLIOAK


CLIMATE REPORT
NATIONAL WEATHER SERVICE SAN FRANCISCO BAY AREA
126 AM PDT SUN SEP 24 2017


...................................

...THE OAKLAND AIRPORT CLIMATE SUMMARY FOR SEPTEMBER 23 2017...

CLIMATE NORMAL PERIOD 1981 TO 2010
CLIMATE RECORD PERIOD 1948 TO 2017


WEATHER ITEM   OBSERVED TIME   RECORD YEAR NORMAL DEPARTURE LAST
                VALUE   (LST)  VALUE       VALUE  FROM      YEAR
                                                  NORMAL
..................................................................
TEMPERATURE (F)
 YESTERDAY
  MAXIMUM         78   1251 PM  94    1997  74      4       75
  MINIMUM         49    625 AM  48    2012  54     -5       51
                                      1960
  AVERAGE         64                        64      0       63

PRECIPITATION (IN)
  YESTERDAY        0.00          0.01 2001   0.01  -0.01     0.00
  MONTH TO DATE    0.07                      0.12  -0.05     0.00
  SINCE OCT 1     28.55                     20.71   7.84    16.56
  SINCE JAN 1     20.12                     13.40   6.72    11.34

SNOWFALL (IN)
  YESTERDAY        0.0                                       0.0
  MONTH TO DATE    0.0                                       0.0
  SINCE SEP 1      0.0                                       0.0
  SINCE JUL 1      0.0                                       0.0

DEGREE DAYS
 HEATING
  YESTERDAY        1                         2     -1        2
  MONTH TO DATE   15                        44    -29       26
  SINCE SEP 1     15                        44    -29       26
  SINCE JUL 1     67                       184   -117       82

 COOLING
  YESTERDAY        0                         1     -1        0
  MONTH TO DATE  105                        40     65       25
  SINCE SEP 1    105                        40     65       25
  SINCE JAN 1    273                       120    153      123
..................................................................


WIND (MPH)
  RESULTANT WIND SPEED   5   RESULTANT WIND DIRECTION   W (290)
  HIGHEST WIND SPEED    21   HIGHEST WIND DIRECTION     W (280)
  HIGHEST GUST SPEED    24   HIGHEST GUST DIRECTION     W (270)
  AVERAGE WIND SPEED     8.2


SKY COVER
  POSSIBLE SUNSHINE  MM
  AVERAGE SKY COVER 0.1


WEATHER CONDITIONS
 THE FOLLOWING WEATHER WAS RECORDED YESTERDAY.
  NO SIGNIFICANT WEATHER WAS OBSERVED.


RELATIVE HUMIDITY (PERCENT)
 HIGHEST    93           600 AM
 LOWEST     22           100 PM
 AVERAGE    58

..........................................................


THE OAKLAND AIRPORT CLIMATE NORMALS FOR TODAY
                         NORMAL    RECORD    YEAR
 MAXIMUM TEMPERATURE (F)   74        93      1997
 MINIMUM TEMPERATURE (F)   54        46      2005


SUNRISE AND SUNSET
SEPTEMBER 24 2017.....SUNRISE   659 AM PDT   SUNSET   702 PM PDT
SEPTEMBER 25 2017.....SUNRISE   700 AM PDT   SUNSET   701 PM PDT


-  INDICATES NEGATIVE NUMBERS.
R  INDICATES RECORD WAS SET OR TIED.
MM INDICATES DATA IS MISSING.
T  INDICATES TRACE AMOUNT.




$$
