000
CDUS46 KMTR 010840
CLIOAK


CLIMATE REPORT
NATIONAL WEATHER SERVICE SAN FRANCISCO BAY AREA
139 AM PDT TUE SEP 1 2015


...................................

...THE OAKLAND AIRPORT CLIMATE SUMMARY FOR AUGUST 31 2015...

CLIMATE NORMAL PERIOD 1981 TO 2010
CLIMATE RECORD PERIOD 1948 TO 2015


WEATHER ITEM   OBSERVED TIME   RECORD YEAR NORMAL DEPARTURE LAST
                VALUE   (LST)  VALUE       VALUE  FROM      YEAR
                                                  NORMAL
..................................................................
TEMPERATURE (F)
 YESTERDAY
  MAXIMUM         78    123 PM  92    1952  75      3       76
  MINIMUM         60   1248 AM  50    1955  56      4       61
  AVERAGE         69                        65      4       69

PRECIPITATION (IN)
  YESTERDAY        0.00          0.03 1964   0.00   0.00     0.00
  MONTH TO DATE    T                         0.05  -0.05      T
  SINCE OCT 1     14.58                     20.59  -6.01     9.45
  SINCE JAN 1      3.36                     13.28  -9.92     7.99

SNOWFALL (IN)
  YESTERDAY        0.0                                       0.0
  MONTH TO DATE    0.0                                       0.0
  SINCE JUN 1      0.0                                       0.0
  SINCE JUL 1      0.0                                       0.0

DEGREE DAYS
 HEATING
  YESTERDAY        0                         2     -2        0
  MONTH TO DATE    0                        62    -62        4
  SINCE JUN 1     64                       243   -179       96
  SINCE JUL 1      2                       140   -138       25

 COOLING
  YESTERDAY        4                         2      2        4
  MONTH TO DATE  123                        28     95       63
  SINCE JUN 1    218                        64    154      152
  SINCE JAN 1    222                        80    142      196
..................................................................


WIND (MPH)
  RESULTANT WIND SPEED   6   RESULTANT WIND DIRECTION   W (260)
  HIGHEST WIND SPEED    18   HIGHEST WIND DIRECTION     W (290)
  HIGHEST GUST SPEED    21   HIGHEST GUST DIRECTION     W (290)
  AVERAGE WIND SPEED     8.9


SKY COVER
  POSSIBLE SUNSHINE  MM
  AVERAGE SKY COVER 0.1


WEATHER CONDITIONS
 THE FOLLOWING WEATHER WAS RECORDED YESTERDAY.
  NO SIGNIFICANT WEATHER WAS OBSERVED.


RELATIVE HUMIDITY (PERCENT)
 HIGHEST    84           100 AM
 LOWEST     50           100 PM
 AVERAGE    67

..........................................................


THE OAKLAND AIRPORT CLIMATE NORMALS FOR TODAY
                         NORMAL    RECORD    YEAR
 MAXIMUM TEMPERATURE (F)   75        99      1952
 MINIMUM TEMPERATURE (F)   55        50      1984


SUNRISE AND SUNSET
SEPTEMBER  1 2015.....SUNRISE   639 AM PDT   SUNSET   738 PM PDT
SEPTEMBER  2 2015.....SUNRISE   640 AM PDT   SUNSET   737 PM PDT


-  INDICATES NEGATIVE NUMBERS.
R  INDICATES RECORD WAS SET OR TIED.
MM INDICATES DATA IS MISSING.
T  INDICATES TRACE AMOUNT.




$$
