000
CDUS46 KMTR 170829
CLIOAK


CLIMATE REPORT
NATIONAL WEATHER SERVICE SAN FRANCISCO BAY AREA
1229 AM PST TUE JAN 17 2017


...................................

...THE OAKLAND AIRPORT CLIMATE SUMMARY FOR JANUARY 16 2017...

CLIMATE NORMAL PERIOD 1981 TO 2010
CLIMATE RECORD PERIOD 1948 TO 2017


WEATHER ITEM   OBSERVED TIME   RECORD YEAR NORMAL DEPARTURE LAST
                VALUE   (LST)  VALUE       VALUE  FROM      YEAR
                                                  NORMAL
..................................................................
TEMPERATURE (F)
 YESTERDAY
  MAXIMUM         53    427 PM  69    2014  57     -4       61
  MINIMUM         39    757 AM  28    2007  42     -3       51
  AVERAGE         46                        49     -3       56

PRECIPITATION (IN)
  YESTERDAY        0.00          1.78 1950   0.09  -0.09     0.20
  MONTH TO DATE    4.85                      2.80   2.05     2.55
  SINCE OCT 1     13.28                     10.11   3.17     7.77
  SINCE JAN 1      4.85                      2.80   2.05     2.55

SNOWFALL (IN)
  YESTERDAY        0.0                                       0.0
  MONTH TO DATE    0.0                                       0.0
  SINCE DEC 1      0.0                                       0.0
  SINCE JUL 1      0.0                                       0.0

DEGREE DAYS
 HEATING
  YESTERDAY       19                        16      3        9
  MONTH TO DATE  224                       261    -37      212
  SINCE DEC 1    663                       758    -95      699
  SINCE JUL 1   1033                      1433   -400     1096

 COOLING
  YESTERDAY        0                         0      0        0
  MONTH TO DATE    0                         0      0        0
  SINCE DEC 1      0                         0      0        0
  SINCE JAN 1      0                         0      0        0
..................................................................


WIND (MPH)
  RESULTANT WIND SPEED   2   RESULTANT WIND DIRECTION   E (100)
  HIGHEST WIND SPEED    13   HIGHEST WIND DIRECTION     E (100)
  HIGHEST GUST SPEED    16   HIGHEST GUST DIRECTION     E (70)
  AVERAGE WIND SPEED     5.9


SKY COVER
  POSSIBLE SUNSHINE  MM
  AVERAGE SKY COVER 0.1


WEATHER CONDITIONS
 THE FOLLOWING WEATHER WAS RECORDED YESTERDAY.
  FOG


RELATIVE HUMIDITY (PERCENT)
 HIGHEST    92           600 AM
 LOWEST     59           400 PM
 AVERAGE    76

..........................................................


THE OAKLAND AIRPORT CLIMATE NORMALS FOR TODAY
                         NORMAL    RECORD    YEAR
 MAXIMUM TEMPERATURE (F)   57        66      1986
 MINIMUM TEMPERATURE (F)   42        28      2012


SUNRISE AND SUNSET
JANUARY 17 2017.......SUNRISE   722 AM PST   SUNSET   517 PM PST
JANUARY 18 2017.......SUNRISE   722 AM PST   SUNSET   518 PM PST


-  INDICATES NEGATIVE NUMBERS.
R  INDICATES RECORD WAS SET OR TIED.
MM INDICATES DATA IS MISSING.
T  INDICATES TRACE AMOUNT.




$$
