000
CDUS43 KOAX 152133
CLIOAX


CLIMATE REPORT
NATIONAL WEATHER SERVICE OMAHA NEBRASKA
432 PM CDT MON SEP 15 2014


...................................

...THE VALLEY  NWS, NEBRASKA CLIMATE SUMMARY FOR SEPTEMBER 15 2014...
VALID TODAY AS OF 0400 PM LOCAL TIME.

CLIMATE NORMAL PERIOD 1981 TO 2010
CLIMATE RECORD PERIOD 1997 TO 2014


WEATHER ITEM   OBSERVED TIME   NORMAL DEPARTURE LAST
                VALUE   (LST)  VALUE  FROM      YEAR
                                      NORMAL
......................................................
TEMPERATURE (F)
 TODAY
  MAXIMUM         65    237 PM  77    -12       69
  MINIMUM         54    659 AM  55     -1       62
  AVERAGE         60            66     -6       66

PRECIPITATION (IN)
  TODAY            0.02          0.09  -0.07     0.09
  MONTH TO DATE    3.00          1.55   1.45     0.48
  SINCE SEP 1      3.00          1.55   1.45     0.48
  SINCE JAN 1     33.05         26.47   6.58    21.52

SNOWFALL (IN)
  TODAY            0.0                           0.0
  MONTH TO DATE    0.0                           0.0
  SINCE JUL 1      0.0                           0.0
  SNOW DEPTH       0

DEGREE DAYS
 HEATING
  TODAY            5             3      2        0
  MONTH TO DATE   63            23     40        1
  SINCE SEP 1     63            23     40        1
  SINCE JUL 1     64            29     35        6

 COOLING
  TODAY            0             4     -4        1
  MONTH TO DATE   49            74    -25      149
  SINCE SEP 1     49            74    -25      149
  SINCE JAN 1    974          1025    -51     1161
......................................................


WIND (MPH)
  HIGHEST WIND SPEED    MM   HIGHEST WIND DIRECTION    MM
  HIGHEST GUST SPEED    32   HIGHEST GUST DIRECTION    MM



WEATHER CONDITIONS
 THE FOLLOWING WEATHER WAS RECORDED TODAY.
  NO SIGNIFICANT WEATHER WAS OBSERVED.


..........................................................


THE VALLEY  NWS, NEBRASKA CLIMATE NORMALS FOR TOMORROW
                         NORMAL
 MAXIMUM TEMPERATURE (F)   77
 MINIMUM TEMPERATURE (F)   54


SUNRISE AND SUNSET
SEPTEMBER 15 2014.....SUNRISE   706 AM CDT   SUNSET   735 PM CDT
SEPTEMBER 16 2014.....SUNRISE   707 AM CDT   SUNSET   733 PM CDT


-  INDICATES NEGATIVE NUMBERS.
R  INDICATES RECORD WAS SET OR TIED.
MM INDICATES DATA IS MISSING.
T  INDICATES TRACE AMOUNT.




$$
