000
CDUS43 KOAX 140703
CLIOAX


CLIMATE REPORT
NATIONAL WEATHER SERVICE OMAHA NEBRASKA
103 AM CST SUN FEB 14 2016


...................................

...THE VALLEY  NWS, NEBRASKA CLIMATE SUMMARY FOR FEBRUARY 13 2016...

CLIMATE NORMAL PERIOD 1981 TO 2010
CLIMATE RECORD PERIOD 1997 TO 2016


WEATHER ITEM   OBSERVED TIME   NORMAL DEPARTURE LAST
                VALUE   (LST)  VALUE  FROM      YEAR
                                      NORMAL
......................................................
TEMPERATURE (F)
 YESTERDAY
  MAXIMUM         19   1159 PM  36    -17       50
  MINIMUM         10    155 AM  17     -7       19
  AVERAGE         15            26    -11       35

PRECIPITATION (IN)
  YESTERDAY        0.00          0.03  -0.03     0.00
  MONTH TO DATE    0.92          0.41   0.51     0.76
  SINCE DEC 1      6.78          2.31   4.47     3.38
  SINCE JAN 1      1.67          1.20   0.47     1.48

SNOWFALL (IN)
  YESTERDAY        0.0                           0.0
  MONTH TO DATE    9.0                           9.0
  SINCE JUL 1     27.8                          18.6
  SNOW DEPTH       2

DEGREE DAYS
 HEATING
  YESTERDAY       50            38     12       30
  MONTH TO DATE  521           516      5      523
  SINCE DEC 1   2727          3020   -293     2713
  SINCE JUL 1   3612          4290   -678     4030

 COOLING
  YESTERDAY        0             0      0        0
  MONTH TO DATE    0             0      0        0
  SINCE DEC 1      0             0      0        0
  SINCE JAN 1      0             0      0        0
......................................................


WIND (MPH)
  HIGHEST WIND SPEED    MM   HIGHEST WIND DIRECTION    MM
  HIGHEST GUST SPEED    26   HIGHEST GUST DIRECTION    MM


SKY COVER
  POSSIBLE SUNSHINE  MM


WEATHER CONDITIONS
 THE FOLLOWING WEATHER WAS RECORDED YESTERDAY.
  NO SIGNIFICANT WEATHER WAS OBSERVED.


..........................................................


THE VALLEY  NWS, NEBRASKA CLIMATE NORMALS FOR TODAY
                         NORMAL
 MAXIMUM TEMPERATURE (F)   36
 MINIMUM TEMPERATURE (F)   17


SUNRISE AND SUNSET
FEBRUARY 14 2016......SUNRISE   722 AM CST   SUNSET   558 PM CST
FEBRUARY 15 2016......SUNRISE   721 AM CST   SUNSET   559 PM CST


-  INDICATES NEGATIVE NUMBERS.
R  INDICATES RECORD WAS SET OR TIED.
MM INDICATES DATA IS MISSING.
T  INDICATES TRACE AMOUNT.




$$
