000
CDUS43 KOAX 020644
CLIOAX


CLIMATE REPORT
NATIONAL WEATHER SERVICE OMAHA NEBRASKA
1243 AM CST FRI DEC 2 2016


...................................

...THE VALLEY  NWS, NEBRASKA CLIMATE SUMMARY FOR DECEMBER 1 2016...

CLIMATE NORMAL PERIOD 1981 TO 2010
CLIMATE RECORD PERIOD 1997 TO 2016


WEATHER ITEM   OBSERVED TIME   NORMAL DEPARTURE LAST
                VALUE   (LST)  VALUE  FROM      YEAR
                                      NORMAL
......................................................
TEMPERATURE (F)
 YESTERDAY
  MAXIMUM         38    143 PM  40     -2       33
  MINIMUM         31   1151 PM  22      9       22
  AVERAGE         35            31      4       28

PRECIPITATION (IN)
  YESTERDAY        0.00          0.04  -0.04      T
  MONTH TO DATE    0.00          0.04  -0.04      T
  SINCE DEC 1      0.00          0.04  -0.04      T
  SINCE JAN 1     42.75         31.57  11.18    34.83

SNOWFALL (IN)
  YESTERDAY        0.0                           0.1
  MONTH TO DATE    0.0                           0.1
  SINCE JUL 1      T                             3.5
  SNOW DEPTH       0

DEGREE DAYS
 HEATING
  YESTERDAY       30            34     -4       37
  MONTH TO DATE   30            34     -4       37
  SINCE DEC 1     30            34     -4       37
  SINCE JUL 1    819          1304   -485      922

 COOLING
  YESTERDAY        0             0      0        0
  MONTH TO DATE    0             0      0        0
  SINCE DEC 1      0             0      0        0
  SINCE JAN 1   1284          1075    209     1079
......................................................


WIND (MPH)
  HIGHEST WIND SPEED    MM   HIGHEST WIND DIRECTION    MM
  HIGHEST GUST SPEED    18   HIGHEST GUST DIRECTION    MM


SKY COVER
  POSSIBLE SUNSHINE  MM


WEATHER CONDITIONS
 THE FOLLOWING WEATHER WAS RECORDED YESTERDAY.
  NO SIGNIFICANT WEATHER WAS OBSERVED.


..........................................................


THE VALLEY  NWS, NEBRASKA CLIMATE NORMALS FOR TODAY
                         NORMAL
 MAXIMUM TEMPERATURE (F)   40
 MINIMUM TEMPERATURE (F)   21


SUNRISE AND SUNSET
DECEMBER  2 2016......SUNRISE   733 AM CST   SUNSET   457 PM CST
DECEMBER  3 2016......SUNRISE   734 AM CST   SUNSET   456 PM CST


-  INDICATES NEGATIVE NUMBERS.
R  INDICATES RECORD WAS SET OR TIED.
MM INDICATES DATA IS MISSING.
T  INDICATES TRACE AMOUNT.




$$
