000
CDUS43 KOAX 290631
CLIOAX


CLIMATE REPORT
NATIONAL WEATHER SERVICE OMAHA NEBRASKA
129 AM CDT FRI JUL 29 2016


...................................

...THE VALLEY  NWS, NEBRASKA CLIMATE SUMMARY FOR JULY 28 2016...

CLIMATE NORMAL PERIOD 1981 TO 2010
CLIMATE RECORD PERIOD 1997 TO 2016


WEATHER ITEM   OBSERVED TIME   NORMAL DEPARTURE LAST
                VALUE   (LST)  VALUE  FROM      YEAR
                                      NORMAL
......................................................
TEMPERATURE (F)
 YESTERDAY
  MAXIMUM         84    203 PM  86     -2       87
  MINIMUM         68    551 AM  67      1       67
  AVERAGE         76            76      0       77

PRECIPITATION (IN)
  YESTERDAY        0.00          0.14  -0.14     0.38
  MONTH TO DATE    5.42          4.03   1.39     2.73
  SINCE JUN 1     13.11          9.12   3.99     8.03
  SINCE JAN 1     29.61         20.44   9.17    19.88

SNOWFALL (IN)
  YESTERDAY        0.0                           0.0
  MONTH TO DATE    0.0                           0.0
  SINCE JUL 1      0.0                           0.0
  SNOW DEPTH       0

DEGREE DAYS
 HEATING
  YESTERDAY        0             0      0        0
  MONTH TO DATE    0             0      0        0
  SINCE JUN 1      0            16    -16        1
  SINCE JUL 1      0             0      0        0

 COOLING
  YESTERDAY       11            12     -1       12
  MONTH TO DATE  329           328      1      310
  SINCE JUN 1    717           562    155      544
  SINCE JAN 1    770           634    136      575
......................................................


WIND (MPH)
  HIGHEST WIND SPEED    MM   HIGHEST WIND DIRECTION    MM
  HIGHEST GUST SPEED    18   HIGHEST GUST DIRECTION    MM


SKY COVER
  POSSIBLE SUNSHINE  MM


WEATHER CONDITIONS
 THE FOLLOWING WEATHER WAS RECORDED YESTERDAY.
  NO SIGNIFICANT WEATHER WAS OBSERVED.


..........................................................


THE VALLEY  NWS, NEBRASKA CLIMATE NORMALS FOR TODAY
                         NORMAL
 MAXIMUM TEMPERATURE (F)   86
 MINIMUM TEMPERATURE (F)   67


SUNRISE AND SUNSET
JULY 29 2016..........SUNRISE   618 AM CDT   SUNSET   845 PM CDT
JULY 30 2016..........SUNRISE   619 AM CDT   SUNSET   844 PM CDT


-  INDICATES NEGATIVE NUMBERS.
R  INDICATES RECORD WAS SET OR TIED.
MM INDICATES DATA IS MISSING.
T  INDICATES TRACE AMOUNT.




$$
