000
CDUS43 KOAX 260644
CLIOAX


CLIMATE REPORT
NATIONAL WEATHER SERVICE OMAHA NEBRASKA
143 AM CDT MON SEP 26 2016


...................................

...THE VALLEY  NWS, NEBRASKA CLIMATE SUMMARY FOR SEPTEMBER 25 2016...

CLIMATE NORMAL PERIOD 1981 TO 2010
CLIMATE RECORD PERIOD 1997 TO 2016


WEATHER ITEM   OBSERVED TIME   NORMAL DEPARTURE LAST
                VALUE   (LST)  VALUE  FROM      YEAR
                                      NORMAL
......................................................
TEMPERATURE (F)
 YESTERDAY
  MAXIMUM         72    332 PM  74     -2       79
  MINIMUM         52   1159 PM  50      2       61
  AVERAGE         62            62      0       70

PRECIPITATION (IN)
  YESTERDAY        0.33          0.08   0.25     0.09
  MONTH TO DATE    2.62          2.42   0.20     4.87
  SINCE SEP 1      2.62          2.42   0.20     4.87
  SINCE JAN 1     40.06         27.34  12.72    30.52

SNOWFALL (IN)
  YESTERDAY        0.0                           0.0
  MONTH TO DATE    0.0                           0.0
  SINCE JUL 1      0.0                           0.0
  SNOW DEPTH       0

DEGREE DAYS
 HEATING
  YESTERDAY        3             5     -2        0
  MONTH TO DATE   13            61    -48       24
  SINCE SEP 1     13            61    -48       24
  SINCE JUL 1     15            67    -52       31

 COOLING
  YESTERDAY        0             2     -2        5
  MONTH TO DATE  174           100     74      198
  SINCE SEP 1    174           100     74      198
  SINCE JAN 1   1271          1051    220     1039
......................................................


WIND (MPH)
  HIGHEST WIND SPEED    MM   HIGHEST WIND DIRECTION    MM
  HIGHEST GUST SPEED    30   HIGHEST GUST DIRECTION    MM


SKY COVER
  POSSIBLE SUNSHINE  MM


WEATHER CONDITIONS
 THE FOLLOWING WEATHER WAS RECORDED YESTERDAY.
  LIGHT RAIN


..........................................................


THE VALLEY  NWS, NEBRASKA CLIMATE NORMALS FOR TODAY
                         NORMAL
 MAXIMUM TEMPERATURE (F)   73
 MINIMUM TEMPERATURE (F)   50


SUNRISE AND SUNSET
SEPTEMBER 26 2016.....SUNRISE   718 AM CDT   SUNSET   715 PM CDT
SEPTEMBER 27 2016.....SUNRISE   719 AM CDT   SUNSET   713 PM CDT


-  INDICATES NEGATIVE NUMBERS.
R  INDICATES RECORD WAS SET OR TIED.
MM INDICATES DATA IS MISSING.
T  INDICATES TRACE AMOUNT.




$$
