000
CDUS43 KGID 152237
CLIODX


CLIMATE REPORT
NATIONAL WEATHER SERVICE HASTINGS NE
537 PM CDT TUE APR 15 2014


...................................

...THE ORD NE CLIMATE SUMMARY FOR APRIL 15 2014...
VALID TODAY AS OF 0500 PM LOCAL TIME.

CLIMATE NORMAL PERIOD 1981 TO 2010
CLIMATE RECORD PERIOD 1895 TO 2014


WEATHER ITEM   OBSERVED TIME   NORMAL DEPARTURE LAST
                VALUE   (LST)  VALUE  FROM      YEAR
                                      NORMAL
......................................................
TEMPERATURE (F)
 TODAY
  MAXIMUM         57    359 PM  61     -4       48
  MINIMUM         16    547 AM  36    -20       28
  AVERAGE         37            49    -12       38

PRECIPITATION (IN)
  TODAY            0.00          0.08  -0.08     0.00
  MONTH TO DATE    0.63          1.07  -0.44     2.04
  SINCE MAR 1      0.83          2.52  -1.69     2.65
  SINCE JAN 1      1.08          3.33  -2.25     4.27

DEGREE DAYS
 HEATING
  TODAY           28                            27
  MONTH TO DATE  303                           358

 COOLING
  TODAY            0                             0
  MONTH TO DATE    0                             0
  SINCE MAR 1      0                             0
  SINCE JAN 1      0                             0
......................................................


WIND (MPH)
  HIGHEST WIND SPEED    26   HIGHEST WIND DIRECTION     S (190)
  HIGHEST GUST SPEED    35   HIGHEST GUST DIRECTION     S (200)
  AVERAGE WIND SPEED    10.6


SKY COVER
  AVERAGE SKY COVER 0.0


WEATHER CONDITIONS
 THE FOLLOWING WEATHER WAS RECORDED TODAY.
  NO SIGNIFICANT WEATHER WAS OBSERVED.


RELATIVE HUMIDITY (PERCENT)
 HIGHEST    88           700 AM
 LOWEST     33           400 PM
 AVERAGE    61

..........................................................


THE ORD NE CLIMATE NORMALS FOR TOMORROW
                         NORMAL
 MAXIMUM TEMPERATURE (F)   62
 MINIMUM TEMPERATURE (F)   36


SUNRISE AND SUNSET
APRIL 15 2014.........SUNRISE   656 AM CDT   SUNSET   816 PM CDT
APRIL 16 2014.........SUNRISE   654 AM CDT   SUNSET   818 PM CDT


-  INDICATES NEGATIVE NUMBERS.
R  INDICATES RECORD WAS SET OR TIED.
MM INDICATES DATA IS MISSING.
T  INDICATES TRACE AMOUNT.




$$
