000
CDUS43 KGID 290648
CLIODX


CLIMATE REPORT
NATIONAL WEATHER SERVICE HASTINGS NE
147 AM CDT WED JUL 29 2015


...................................

...THE ORD NE CLIMATE SUMMARY FOR JULY 28 2015...

CLIMATE NORMAL PERIOD 1981 TO 2010
CLIMATE RECORD PERIOD 1895 TO 2015


WEATHER ITEM   OBSERVED TIME   NORMAL DEPARTURE LAST
                VALUE   (LST)  VALUE  FROM      YEAR
                                      NORMAL
......................................................
TEMPERATURE (F)
 YESTERDAY
  MAXIMUM         84    426 PM  88     -4       80
  MINIMUM         56   1156 PM  62     -6       52
  AVERAGE         70            75     -5       66

PRECIPITATION (IN)
  YESTERDAY        0.00          0.14  -0.14     0.00
  MONTH TO DATE    2.16          2.46  -0.30     1.97
  SINCE JUN 1      5.43          6.58  -1.15    10.05
  SINCE JAN 1     11.89         15.24  -3.35    12.27

DEGREE DAYS
 HEATING
  YESTERDAY        0             0      0        0
  MONTH TO DATE    5             0      5       19
  SINCE JUN 1     11            37    -26       51
  SINCE JUL 1      5             0      5       19

 COOLING
  YESTERDAY        5            10     -5        1
  MONTH TO DATE  275           267      8      171
  SINCE JUN 1    435           429      6      317
  SINCE JAN 1    444           470    -26      386
......................................................


WIND (MPH)
  HIGHEST WIND SPEED    26   HIGHEST WIND DIRECTION     N (350)
  HIGHEST GUST SPEED    35   HIGHEST GUST DIRECTION     N (340)
  AVERAGE WIND SPEED     9.3


SKY COVER
  AVERAGE SKY COVER 0.0


WEATHER CONDITIONS
 THE FOLLOWING WEATHER WAS RECORDED YESTERDAY.
  NO SIGNIFICANT WEATHER WAS OBSERVED.


RELATIVE HUMIDITY (PERCENT)
 HIGHEST    90           600 AM
 LOWEST     34           300 PM
 AVERAGE    62

..........................................................


THE ORD NE CLIMATE NORMALS FOR TODAY
                         NORMAL
 MAXIMUM TEMPERATURE (F)   88
 MINIMUM TEMPERATURE (F)   62


SUNRISE AND SUNSET
JULY 29 2015..........SUNRISE   627 AM CDT   SUNSET   857 PM CDT
JULY 30 2015..........SUNRISE   628 AM CDT   SUNSET   856 PM CDT


-  INDICATES NEGATIVE NUMBERS.
R  INDICATES RECORD WAS SET OR TIED.
MM INDICATES DATA IS MISSING.
T  INDICATES TRACE AMOUNT.




$$
