000
CDUS43 KGID 262325
CLIODX


CLIMATE REPORT
NATIONAL WEATHER SERVICE HASTINGS NE
524 PM CST FRI DEC 26 2014


...................................

...THE ORD NE CLIMATE SUMMARY FOR DECEMBER 26 2014...
VALID TODAY AS OF 0500 PM LOCAL TIME.

CLIMATE NORMAL PERIOD 1981 TO 2010
CLIMATE RECORD PERIOD 1895 TO 2014


WEATHER ITEM   OBSERVED TIME   NORMAL DEPARTURE LAST
                VALUE   (LST)  VALUE  FROM      YEAR
                                      NORMAL
......................................................
TEMPERATURE (F)
 TODAY
  MAXIMUM         27    117 PM  35     -8       53
  MINIMUM         23    459 PM  12     11       17
  AVERAGE         25            23      2       35

PRECIPITATION (IN)
  TODAY            T             0.01  -0.01     0.00
  MONTH TO DATE    1.25          0.53   0.72      T
  SINCE DEC 1      1.25          0.53   0.72      T
  SINCE JAN 1     21.77         24.88  -3.11    24.35

DEGREE DAYS
 HEATING
  TODAY           40            42     -2       30
  MONTH TO DATE  887          1035   -148      989
  SINCE DEC 1    887          1035   -148      989
  SINCE JUL 1   2473          2516    -43     2469

 COOLING
  TODAY            0             0      0        0
  MONTH TO DATE    0             0      0        0
  SINCE DEC 1      0             0      0        0
  SINCE JAN 1    692           845   -153      907
......................................................


WIND (MPH)
  HIGHEST WIND SPEED    25   HIGHEST WIND DIRECTION     N (360)
  HIGHEST GUST SPEED    31   HIGHEST GUST DIRECTION     N (10)
  AVERAGE WIND SPEED    18.2


SKY COVER
  AVERAGE SKY COVER 1.0


WEATHER CONDITIONS
 THE FOLLOWING WEATHER WAS RECORDED TODAY.
  NO SIGNIFICANT WEATHER WAS OBSERVED.


RELATIVE HUMIDITY (PERCENT)
 HIGHEST    92          1200 AM
 LOWEST     68           200 PM
 AVERAGE    80

..........................................................


THE ORD NE CLIMATE NORMALS FOR TOMORROW
                         NORMAL
 MAXIMUM TEMPERATURE (F)   35
 MINIMUM TEMPERATURE (F)   12


SUNRISE AND SUNSET
DECEMBER 26 2014......SUNRISE   801 AM CST   SUNSET   512 PM CST
DECEMBER 27 2014......SUNRISE   802 AM CST   SUNSET   512 PM CST


-  INDICATES NEGATIVE NUMBERS.
R  INDICATES RECORD WAS SET OR TIED.
MM INDICATES DATA IS MISSING.
T  INDICATES TRACE AMOUNT.




$$
