000
CDUS43 KGID 040640
CLIODX


CLIMATE REPORT
NATIONAL WEATHER SERVICE HASTINGS NE
140 AM CDT WED MAY 4 2016


...................................

...THE ORD NE CLIMATE SUMMARY FOR MAY 3 2016...

CLIMATE NORMAL PERIOD 1981 TO 2010
CLIMATE RECORD PERIOD 1895 TO 2016


WEATHER ITEM   OBSERVED TIME   NORMAL DEPARTURE LAST
                VALUE   (LST)  VALUE  FROM      YEAR
                                      NORMAL
......................................................
TEMPERATURE (F)
 YESTERDAY
  MAXIMUM         70    420 PM  67      3       85
  MINIMUM         34    524 AM  42     -8       46
  AVERAGE         52            55     -3       66

PRECIPITATION (IN)
  YESTERDAY        0.00          0.12  -0.12     0.00
  MONTH TO DATE    0.22          0.36  -0.14     0.00
  SINCE MAR 1     10.56          4.40   6.16     2.74
  SINCE JAN 1     11.71          5.21   6.50     3.48

DEGREE DAYS
 HEATING
  YESTERDAY       13            11      2        0
  MONTH TO DATE   52            33     19        2
  SINCE MAR 1   1170          1369   -199     1151
  SINCE JUL 1   5519          6386   -867     6283

 COOLING
  YESTERDAY        0             0      0        1
  MONTH TO DATE    0             0      0        2
  SINCE MAR 1      0             2     -2        6
  SINCE JAN 1      0             2     -2        6
......................................................


WIND (MPH)
  HIGHEST WIND SPEED    18   HIGHEST WIND DIRECTION    NW (320)
  HIGHEST GUST SPEED    23   HIGHEST GUST DIRECTION    NW (330)
  AVERAGE WIND SPEED     7.0


SKY COVER
  AVERAGE SKY COVER 0.1


WEATHER CONDITIONS
 THE FOLLOWING WEATHER WAS RECORDED YESTERDAY.
  NO SIGNIFICANT WEATHER WAS OBSERVED.


RELATIVE HUMIDITY (PERCENT)
 HIGHEST    93           700 AM
 LOWEST     33           500 PM
 AVERAGE    63

..........................................................


THE ORD NE CLIMATE NORMALS FOR TODAY
                         NORMAL
 MAXIMUM TEMPERATURE (F)   68
 MINIMUM TEMPERATURE (F)   42


SUNRISE AND SUNSET
MAY  4 2016...........SUNRISE   628 AM CDT   SUNSET   838 PM CDT
MAY  5 2016...........SUNRISE   627 AM CDT   SUNSET   839 PM CDT


-  INDICATES NEGATIVE NUMBERS.
R  INDICATES RECORD WAS SET OR TIED.
MM INDICATES DATA IS MISSING.
T  INDICATES TRACE AMOUNT.




$$
