000
CDUS43 KGID 310629
CLIODX


CLIMATE REPORT
NATIONAL WEATHER SERVICE HASTINGS NE
126 AM CDT MON AUG 31 2015


...................................

...THE ORD NE CLIMATE SUMMARY FOR AUGUST 30 2015...

CLIMATE NORMAL PERIOD 1981 TO 2010
CLIMATE RECORD PERIOD 1895 TO 2015


WEATHER ITEM   OBSERVED TIME   NORMAL DEPARTURE LAST
                VALUE   (LST)  VALUE  FROM      YEAR
                                      NORMAL
......................................................
TEMPERATURE (F)
 YESTERDAY
  MAXIMUM         89    157 PM  84      5       81
  MINIMUM         54    509 AM  57     -3       55
  AVERAGE         72            70      2       68

PRECIPITATION (IN)
  YESTERDAY        0.00          0.08  -0.08     0.00
  MONTH TO DATE    2.13          3.07  -0.94     5.27
  SINCE JUN 1      8.08         10.16  -2.08    15.42
  SINCE JAN 1     14.54         18.82  -4.28    17.64

DEGREE DAYS
 HEATING
  YESTERDAY        0             1     -1        0
  MONTH TO DATE   18             3     15        0
  SINCE JUN 1     29            45    -16       51
  SINCE JUL 1     23             8     15       19

 COOLING
  YESTERDAY        7             6      1        3
  MONTH TO DATE  183           252    -69      230
  SINCE JUN 1    643           711    -68      561
  SINCE JAN 1    652           752   -100      630
......................................................


WIND (MPH)
  HIGHEST WIND SPEED    18   HIGHEST WIND DIRECTION     S (170)
  HIGHEST GUST SPEED    25   HIGHEST GUST DIRECTION     S (180)
  AVERAGE WIND SPEED     8.0


SKY COVER
  AVERAGE SKY COVER 0.1


WEATHER CONDITIONS
 THE FOLLOWING WEATHER WAS RECORDED YESTERDAY.
  FOG
  FOG W/VISIBILITY <= 1/4 MILE


RELATIVE HUMIDITY (PERCENT)
 HIGHEST   100           100 AM
 LOWEST     34           200 PM
 AVERAGE    67

..........................................................


THE ORD NE CLIMATE NORMALS FOR TODAY
                         NORMAL
 MAXIMUM TEMPERATURE (F)   83
 MINIMUM TEMPERATURE (F)   57


SUNRISE AND SUNSET
AUGUST 31 2015........SUNRISE   701 AM CDT   SUNSET   811 PM CDT
SEPTEMBER  1 2015.....SUNRISE   702 AM CDT   SUNSET   809 PM CDT


-  INDICATES NEGATIVE NUMBERS.
R  INDICATES RECORD WAS SET OR TIED.
MM INDICATES DATA IS MISSING.
T  INDICATES TRACE AMOUNT.

$$

HALBLAUB
