000
CDUS43 KGID 220644
CLIODX


CLIMATE REPORT
NATIONAL WEATHER SERVICE HASTINGS NE
141 AM CDT SAT JUL 22 2017


...................................

...THE ORD NE CLIMATE SUMMARY FOR JULY 21 2017...

CLIMATE NORMAL PERIOD 1981 TO 2010
CLIMATE RECORD PERIOD 1895 TO 2017


WEATHER ITEM   OBSERVED TIME   NORMAL DEPARTURE LAST
                VALUE   (LST)  VALUE  FROM      YEAR
                                      NORMAL
......................................................
TEMPERATURE (F)
 YESTERDAY
  MAXIMUM        101    352 PM  88     13       94
  MINIMUM         70    552 AM  62      8       67
  AVERAGE         86            75     11       81

PRECIPITATION (IN)
  YESTERDAY        T             0.09  -0.09     0.00
  MONTH TO DATE    1.43          1.76  -0.33     3.20
  SINCE JUN 1      2.02          5.88  -3.86     6.72
  SINCE JAN 1     13.14         14.54  -1.40    23.26

DEGREE DAYS
 HEATING
  YESTERDAY        0             0      0        0
  MONTH TO DATE    0             0      0        8
  SINCE JUN 1     10            37    -27       10
  SINCE JUL 1      0             0      0        8

 COOLING
  YESTERDAY       21            10     11       16
  MONTH TO DATE  279           197     82      188
  SINCE JUN 1    492           359    133      453
  SINCE JAN 1    506           400    106      475
......................................................


WIND (MPH)
  HIGHEST WIND SPEED    33   HIGHEST WIND DIRECTION    NE (50)
  HIGHEST GUST SPEED    44   HIGHEST GUST DIRECTION    NE (40)
  AVERAGE WIND SPEED     7.3


SKY COVER
  AVERAGE SKY COVER 0.0


WEATHER CONDITIONS
 THE FOLLOWING WEATHER WAS RECORDED YESTERDAY.
  THUNDERSTORM
  LIGHT RAIN


RELATIVE HUMIDITY (PERCENT)
 HIGHEST    82          1200 AM
 LOWEST     37           400 PM
 AVERAGE    60

..........................................................


THE ORD NE CLIMATE NORMALS FOR TODAY
                         NORMAL
 MAXIMUM TEMPERATURE (F)   88
 MINIMUM TEMPERATURE (F)   62


SUNRISE AND SUNSET
JULY 22 2017..........SUNRISE   621 AM CDT   SUNSET   903 PM CDT
JULY 23 2017..........SUNRISE   622 AM CDT   SUNSET   902 PM CDT


-  INDICATES NEGATIVE NUMBERS.
R  INDICATES RECORD WAS SET OR TIED.
MM INDICATES DATA IS MISSING.
T  INDICATES TRACE AMOUNT.

$$

KELLEY
