000
CDUS43 KGID 190623
CLIODX


CLIMATE REPORT
NATIONAL WEATHER SERVICE HASTINGS NE
123 AM CDT TUE SEP 19 2017


...................................

...THE ORD NE CLIMATE SUMMARY FOR SEPTEMBER 18 2017...

CLIMATE NORMAL PERIOD 1981 TO 2010
CLIMATE RECORD PERIOD 1895 TO 2017


WEATHER ITEM   OBSERVED TIME   NORMAL DEPARTURE LAST
                VALUE   (LST)  VALUE  FROM      YEAR
                                      NORMAL
......................................................
TEMPERATURE (F)
 YESTERDAY
  MAXIMUM         74    537 PM  78     -4       87
  MINIMUM         54   1151 PM  48      6       50
  AVERAGE         64            63      1       69

PRECIPITATION (IN)
  YESTERDAY        0.01          0.08  -0.07     0.00
  MONTH TO DATE    0.63          1.57  -0.94     1.70
  SINCE SEP 1      0.63          1.57  -0.94     1.70
  SINCE JAN 1     20.80         20.48   0.32    28.86

DEGREE DAYS
 HEATING
  YESTERDAY        1             4     -3        0
  MONTH TO DATE   45            41      4       35
  SINCE SEP 1     45            41      4       35
  SINCE JUL 1     53            55     -2       49

 COOLING
  YESTERDAY        0             2     -2        4
  MONTH TO DATE   69            67      2       46
  SINCE SEP 1     69            67      2       46
  SINCE JAN 1    813           824    -11      852
......................................................


WIND (MPH)
  HIGHEST WIND SPEED    15   HIGHEST WIND DIRECTION     S (200)
  HIGHEST GUST SPEED    18   HIGHEST GUST DIRECTION     S (200)
  AVERAGE WIND SPEED     5.7


SKY COVER
  AVERAGE SKY COVER 0.9


WEATHER CONDITIONS
 THE FOLLOWING WEATHER WAS RECORDED YESTERDAY.
  THUNDERSTORM
  LIGHT RAIN
  FOG
  FOG W/VISIBILITY <= 1/4 MILE


RELATIVE HUMIDITY (PERCENT)
 HIGHEST    93           500 AM
 LOWEST     66           200 PM
 AVERAGE    80

..........................................................


THE ORD NE CLIMATE NORMALS FOR TODAY
                         NORMAL
 MAXIMUM TEMPERATURE (F)   77
 MINIMUM TEMPERATURE (F)   47


SUNRISE AND SUNSET
SEPTEMBER 19 2017.....SUNRISE   720 AM CDT   SUNSET   738 PM CDT
SEPTEMBER 20 2017.....SUNRISE   721 AM CDT   SUNSET   736 PM CDT


-  INDICATES NEGATIVE NUMBERS.
R  INDICATES RECORD WAS SET OR TIED.
MM INDICATES DATA IS MISSING.
T  INDICATES TRACE AMOUNT.




$$
