000
CDUS43 KOAX 252151
CLIOFK


CLIMATE REPORT
NATIONAL WEATHER SERVICE OMAHA NEBRASKA
451 PM CDT WED MAY 25 2016


...................................

...THE NORFOLK, NEBRASKA CLIMATE SUMMARY FOR MAY 25 2016...
VALID TODAY AS OF 400 PM LOCAL TIME.

CLIMATE NORMAL PERIOD 1981 TO 2010
CLIMATE RECORD PERIOD 1888 TO 2016


WEATHER ITEM   OBSERVED TIME   RECORD YEAR NORMAL DEPARTURE LAST
                VALUE   (LST)  VALUE       VALUE  FROM      YEAR
                                                  NORMAL
..................................................................
TEMPERATURE (F)
 TODAY
  MAXIMUM         81    238 PM 103    1967  75      6       78
  MINIMUM         60    649 AM  30    1925  52      8       55
  AVERAGE         71                        63      8       67

PRECIPITATION (IN)
  TODAY            0.19          2.29 1982   0.13   0.06      T
  MONTH TO DATE    4.21                      3.09   1.12     3.29
  SINCE MAR 1     11.83                      7.51   4.32     6.05
  SINCE JAN 1     13.98                      8.86   5.12     6.93

SNOWFALL (IN)
  TODAY            0.0                       0.0    0.0      0.0
  MONTH TO DATE    0.0                       0.3   -0.3      0.0
  SINCE JUL 1     53.0                      30.8   22.2     20.7
  SNOW DEPTH       0

DEGREE DAYS
 HEATING
  TODAY            0                         4     -4        0
  MONTH TO DATE  189                       170     19      168
  SINCE MAR 1   1271                      1500   -229     1222
  SINCE JUL 1   5572                      6593  -1021     6268

 COOLING
  TODAY            6                         2      4        2
  MONTH TO DATE   25                        34     -9       20
  SINCE MAR 1     25                        46    -21       25
  SINCE JAN 1     25                        46    -21       25
..................................................................


WIND (MPH)
  HIGHEST WIND SPEED    28   HIGHEST WIND DIRECTION     W (290)
  HIGHEST GUST SPEED    33   HIGHEST GUST DIRECTION     W (290)
  AVERAGE WIND SPEED    11.3


SKY COVER
  POSSIBLE SUNSHINE  MM
  AVERAGE SKY COVER 0.4


WEATHER CONDITIONS
 THE FOLLOWING WEATHER WAS RECORDED TODAY.
  THUNDERSTORM
  HEAVY RAIN
  RAIN
  LIGHT RAIN
  FOG


RELATIVE HUMIDITY (PERCENT)
 HIGHEST    90           700 AM
 LOWEST     49           200 PM
 AVERAGE    70

..........................................................


THE NORFOLK, NEBRASKA CLIMATE NORMALS FOR TOMORROW
                         NORMAL    RECORD    YEAR
 MAXIMUM TEMPERATURE (F)   75        95      1914
                                             1912
 MINIMUM TEMPERATURE (F)   52        33      1992


SUNRISE AND SUNSET
MAY 25 2016...........SUNRISE   600 AM CDT   SUNSET   853 PM CDT
MAY 26 2016...........SUNRISE   600 AM CDT   SUNSET   854 PM CDT


-  INDICATES NEGATIVE NUMBERS.
R  INDICATES RECORD WAS SET OR TIED.
MM INDICATES DATA IS MISSING.
T  INDICATES TRACE AMOUNT.




$$

KLISH
