000
CDUS43 KOAX 040643
CLIOFK


CLIMATE REPORT
NATIONAL WEATHER SERVICE OMAHA NEBRASKA
142 AM CDT TUE AUG 4 2015


...................................

...THE NORFOLK, NEBRASKA CLIMATE SUMMARY FOR AUGUST 3 2015...

CLIMATE NORMAL PERIOD 1981 TO 2010
CLIMATE RECORD PERIOD 1888 TO 2015


WEATHER ITEM   OBSERVED TIME   RECORD YEAR NORMAL DEPARTURE LAST
                VALUE   (LST)  VALUE       VALUE  FROM      YEAR
                                                  NORMAL
..................................................................
TEMPERATURE (F)
 YESTERDAY
  MAXIMUM         82    403 PM 106    1930  86     -4       85
                                      1913
  MINIMUM         61    542 AM  45    1894  63     -2       64
  AVERAGE         72                        74     -2       75

PRECIPITATION (IN)
  YESTERDAY        0.01          2.30 1994   0.10  -0.09     0.00
  MONTH TO DATE    0.02                      0.32  -0.30     0.10
  SINCE JUN 1      9.76                      7.90   1.86    12.62
  SINCE JAN 1     16.72                     17.60  -0.88    18.11

SNOWFALL (IN)
  YESTERDAY        0.0                       0.0    0.0      0.0
  MONTH TO DATE    0.0                       0.0    0.0      0.0
  SINCE JUL 1      0.0                       0.0    0.0      0.0
  SNOW DEPTH       0

DEGREE DAYS
 HEATING
  YESTERDAY        0                         0      0        0
  MONTH TO DATE    0                         0      0        0
  SINCE JUN 1      7                        34    -27       37
  SINCE JUL 1      4                         4      0       12

 COOLING
  YESTERDAY        7                        10     -3       10
  MONTH TO DATE   29                        30     -1       23
  SINCE JUN 1    519                       530    -11      413
  SINCE JAN 1    552                       591    -39      510
..................................................................


WIND (MPH)
  HIGHEST WIND SPEED    12   HIGHEST WIND DIRECTION    SE (120)
  HIGHEST GUST SPEED    14   HIGHEST GUST DIRECTION     E (100)
  AVERAGE WIND SPEED     4.4


SKY COVER
  POSSIBLE SUNSHINE  MM
  AVERAGE SKY COVER 0.2


WEATHER CONDITIONS
 THE FOLLOWING WEATHER WAS RECORDED YESTERDAY.
  LIGHT RAIN
  HAZE


RELATIVE HUMIDITY (PERCENT)
 HIGHEST    93           600 AM
 LOWEST     43           300 PM
 AVERAGE    68

..........................................................


THE NORFOLK, NEBRASKA CLIMATE NORMALS FOR TODAY
                         NORMAL    RECORD    YEAR
 MAXIMUM TEMPERATURE (F)   86       103      1934
 MINIMUM TEMPERATURE (F)   63        41      1915


SUNRISE AND SUNSET
AUGUST  4 2015........SUNRISE   626 AM CDT   SUNSET   845 PM CDT
AUGUST  5 2015........SUNRISE   627 AM CDT   SUNSET   844 PM CDT


-  INDICATES NEGATIVE NUMBERS.
R  INDICATES RECORD WAS SET OR TIED.
MM INDICATES DATA IS MISSING.
T  INDICATES TRACE AMOUNT.




$$
