132
CDUS43 KOAX 240633
CLIOFK


CLIMATE REPORT
NATIONAL WEATHER SERVICE OMAHA NEBRASKA
131 AM CDT FRI MAR 24 2017


...................................

...THE NORFOLK, NEBRASKA CLIMATE SUMMARY FOR MARCH 23 2017...

CLIMATE NORMAL PERIOD 1981 TO 2010
CLIMATE RECORD PERIOD 1888 TO 2017


WEATHER ITEM   OBSERVED TIME   RECORD YEAR NORMAL DEPARTURE LAST
                VALUE   (LST)  VALUE       VALUE  FROM      YEAR
                                                  NORMAL
..................................................................
TEMPERATURE (F)
 YESTERDAY
  MAXIMUM         63    958 PM  91    1910  52     11       49
  MINIMUM         42    633 AM   1    1965  29     13       27
  AVERAGE         53                        40     13       38

PRECIPITATION (IN)
  YESTERDAY        0.14          1.89 1987   0.06   0.08     1.27
  MONTH TO DATE    0.42                      1.18  -0.76     1.52
  SINCE MAR 1      0.42                      1.18  -0.76     1.52
  SINCE JAN 1      2.66                      2.53   0.13     3.67

SNOWFALL (IN)
  YESTERDAY        0.0                       0.2   -0.2      7.5
  MONTH TO DATE    2.1                       3.9   -1.8      7.5
  SINCE JUL 1     30.2                      26.7    3.5     48.5
  SNOW DEPTH       0

DEGREE DAYS
 HEATING
  YESTERDAY       12                        25    -13       27
  MONTH TO DATE  593                       672    -79      452
  SINCE MAR 1    593                       672    -79      452
  SINCE JUL 1   5048                      5765   -717     4753

 COOLING
  YESTERDAY        0                         0      0        0
  MONTH TO DATE    0                         0      0        0
  SINCE MAR 1      0                         0      0        0
  SINCE JAN 1      0                         0      0        0
..................................................................


WIND (MPH)
  HIGHEST WIND SPEED    26   HIGHEST WIND DIRECTION     S (160)
  HIGHEST GUST SPEED    34   HIGHEST GUST DIRECTION    NW (310)
  AVERAGE WIND SPEED    14.6


SKY COVER
  POSSIBLE SUNSHINE  MM
  AVERAGE SKY COVER 0.8


WEATHER CONDITIONS
 THE FOLLOWING WEATHER WAS RECORDED YESTERDAY.
  THUNDERSTORM
  RAIN
  LIGHT RAIN
  FOG


RELATIVE HUMIDITY (PERCENT)
 HIGHEST    86          1100 PM
 LOWEST     45           200 AM
 AVERAGE    66

..........................................................


THE NORFOLK, NEBRASKA CLIMATE NORMALS FOR TODAY
                         NORMAL    RECORD    YEAR
 MAXIMUM TEMPERATURE (F)   52        84      1967
 MINIMUM TEMPERATURE (F)   29         2      1934


SUNRISE AND SUNSET
MARCH 24 2017.........SUNRISE   726 AM CDT   SUNSET   747 PM CDT
MARCH 25 2017.........SUNRISE   724 AM CDT   SUNSET   748 PM CDT


-  INDICATES NEGATIVE NUMBERS.
R  INDICATES RECORD WAS SET OR TIED.
MM INDICATES DATA IS MISSING.
T  INDICATES TRACE AMOUNT.




$$
