000
CDUS43 KOAX 010649
CLIOFK


CLIMATE REPORT
NATIONAL WEATHER SERVICE OMAHA NEBRASKA
1247 AM CST SUN FEB 1 2015


...................................

...THE NORFOLK, NEBRASKA CLIMATE SUMMARY FOR JANUARY 31 2015...

CLIMATE NORMAL PERIOD 1981 TO 2010
CLIMATE RECORD PERIOD 1888 TO 2015


WEATHER ITEM   OBSERVED TIME   RECORD YEAR NORMAL DEPARTURE LAST
                VALUE   (LST)  VALUE       VALUE  FROM      YEAR
                                                  NORMAL
..................................................................
TEMPERATURE (F)
 YESTERDAY
  MAXIMUM         37    240 PM  65    1989  34      3       25
  MINIMUM         29   1159 PM -26    1918  13     16       11
  AVERAGE         33                        23     10       18

PRECIPITATION (IN)
  YESTERDAY        0.30          0.50 1915   0.02   0.28     0.01
  MONTH TO DATE    0.57                      0.59  -0.02     0.14
  SINCE DEC 1      1.77                      1.34   0.43     0.28
  SINCE JAN 1      0.57                      0.59  -0.02     0.14

SNOWFALL (IN)
  YESTERDAY        3.0                       0.2    2.8      0.2
  MONTH TO DATE    6.7                       6.4    0.3      1.2
  SINCE JUL 1     16.3                      17.3   -1.0      4.5
  SNOW DEPTH       0

DEGREE DAYS
 HEATING
  YESTERDAY       32                        42    -10       47
  MONTH TO DATE 1202                      1321   -119     1334
  SINCE DEC 1   2338                      2577   -239     2710
  SINCE JUL 1   3831                      4022   -191     4096

 COOLING
  YESTERDAY        0                         0      0        0
  MONTH TO DATE    0                         0      0        0
  SINCE DEC 1      0                         0      0        0
  SINCE JAN 1      0                         0      0        0
..................................................................


WIND (MPH)
  HIGHEST WIND SPEED    17   HIGHEST WIND DIRECTION     N (020)
  HIGHEST GUST SPEED    22   HIGHEST GUST DIRECTION     N (020)
  AVERAGE WIND SPEED     8.2


SKY COVER
  POSSIBLE SUNSHINE  MM
  AVERAGE SKY COVER 0.8


WEATHER CONDITIONS
 THE FOLLOWING WEATHER WAS RECORDED YESTERDAY.
  LIGHT SNOW
  FOG


RELATIVE HUMIDITY (PERCENT)
 HIGHEST   100           500 PM
 LOWEST     70          1200 AM
 AVERAGE    85

..........................................................


THE NORFOLK, NEBRASKA CLIMATE NORMALS FOR TODAY
                         NORMAL    RECORD    YEAR
 MAXIMUM TEMPERATURE (F)   34        66      1992
 MINIMUM TEMPERATURE (F)   13       -26      1917


SUNRISE AND SUNSET
FEBRUARY  1 2015......SUNRISE   743 AM CST   SUNSET   544 PM CST
FEBRUARY  2 2015......SUNRISE   742 AM CST   SUNSET   546 PM CST


-  INDICATES NEGATIVE NUMBERS.
R  INDICATES RECORD WAS SET OR TIED.
MM INDICATES DATA IS MISSING.
T  INDICATES TRACE AMOUNT.




$$
