000
CDUS43 KOAX 312123
CLIOFK


CLIMATE REPORT
NATIONAL WEATHER SERVICE OMAHA NEBRASKA
421 PM CDT THU JUL 31 2014


...................................

...THE NORFOLK, NEBRASKA CLIMATE SUMMARY FOR JULY 31 2014...
VALID TODAY AS OF 0400 PM LOCAL TIME.

CLIMATE NORMAL PERIOD 1981 TO 2010
CLIMATE RECORD PERIOD 1888 TO 2014


WEATHER ITEM   OBSERVED TIME   RECORD YEAR NORMAL DEPARTURE LAST
                VALUE   (LST)  VALUE       VALUE  FROM      YEAR
                                                  NORMAL
..................................................................
TEMPERATURE (F)
 TODAY
  MAXIMUM         85    243 PM 105    1955  86     -1       85
  MINIMUM         56    548 AM  48    2009  64     -8       59
                                      1904
                                      1893
  AVERAGE         71                        75     -4       72

PRECIPITATION (IN)
  TODAY            0.00          2.85 1961   0.10  -0.10     0.00
  MONTH TO DATE    1.13                      3.32  -2.19     1.23
  SINCE JUN 1     12.52                      7.58   4.94     3.41
  SINCE JAN 1     18.01                     17.28   0.73    14.83

SNOWFALL (IN)
  TODAY            0.0                       0.0    0.0      0.0
  MONTH TO DATE    0.0                       0.0    0.0      0.0
  SINCE JUL 1      0.0                       0.0    0.0      0.0
  SNOW DEPTH       0

DEGREE DAYS
 HEATING
  TODAY            0                         0      0        0
  MONTH TO DATE   12                         0     12       13
  SINCE JUN 1     37                        34      3       55
  SINCE JUL 1     12                         4      8       13

 COOLING
  TODAY            6                        10     -4        7
  MONTH TO DATE  196                       314   -118      291
  SINCE JUN 1    390                       500   -110      474
  SINCE JAN 1    487                       561    -74      538
..................................................................


WIND (MPH)
  HIGHEST WIND SPEED    16   HIGHEST WIND DIRECTION     S (170)
  HIGHEST GUST SPEED    20   HIGHEST GUST DIRECTION    SE (140)
  AVERAGE WIND SPEED     5.5


SKY COVER
  POSSIBLE SUNSHINE  MM
  AVERAGE SKY COVER 0.4


WEATHER CONDITIONS
 THE FOLLOWING WEATHER WAS RECORDED TODAY.
  FOG


RELATIVE HUMIDITY (PERCENT)
 HIGHEST    93           400 AM
 LOWEST     44           300 PM
 AVERAGE    69

..........................................................


THE NORFOLK, NEBRASKA CLIMATE NORMALS FOR TOMORROW
                         NORMAL    RECORD    YEAR
 MAXIMUM TEMPERATURE (F)   86       104      1918
 MINIMUM TEMPERATURE (F)   64        47      1925


SUNRISE AND SUNSET
JULY 31 2014..........SUNRISE   622 AM CDT   SUNSET   849 PM CDT
AUGUST  1 2014........SUNRISE   623 AM CDT   SUNSET   848 PM CDT


-  INDICATES NEGATIVE NUMBERS.
R  INDICATES RECORD WAS SET OR TIED.
MM INDICATES DATA IS MISSING.
T  INDICATES TRACE AMOUNT.




$$
