511
CDUS43 KOAX 220700
CLIOFK


CLIMATE REPORT
NATIONAL WEATHER SERVICE OMAHA NEBRASKA
159 AM CDT FRI SEP 22 2017


...................................

...THE NORFOLK, NEBRASKA CLIMATE SUMMARY FOR SEPTEMBER 21 2017...

CLIMATE NORMAL PERIOD 1981 TO 2010
CLIMATE RECORD PERIOD 1888 TO 2017


WEATHER ITEM   OBSERVED TIME   RECORD YEAR NORMAL DEPARTURE LAST
                VALUE   (LST)  VALUE       VALUE  FROM      YEAR
                                                  NORMAL
..................................................................
TEMPERATURE (F)
 YESTERDAY
  MAXIMUM         90    418 PM  95    2005  75     15       88
                                      1956
  MINIMUM         52    228 AM  29    1999  49      3       71
  AVERAGE         71                        62      9       80

PRECIPITATION (IN)
  YESTERDAY        0.00          1.02 2006   0.09  -0.09     0.17
  MONTH TO DATE    0.71                      1.88  -1.17     1.70
  SINCE SEP 1      0.71                      1.88  -1.17     1.70
  SINCE JAN 1     22.49                     22.41   0.08    26.57

SNOWFALL (IN)
  YESTERDAY        0.0                       0.0    0.0      0.0
  MONTH TO DATE    0.0                       0.0    0.0      0.0
  SINCE JUL 1      0.0                       0.0    0.0      0.0
  SNOW DEPTH       0

DEGREE DAYS
 HEATING
  YESTERDAY        0                         5     -5        0
  MONTH TO DATE   43                        63    -20       23
  SINCE SEP 1     43                        63    -20       23
  SINCE JUL 1     54                        79    -25       36

 COOLING
  YESTERDAY        6                         2      4       15
  MONTH TO DATE   83                        80      3       89
  SINCE SEP 1     83                        80      3       89
  SINCE JAN 1    841                       896    -55      932
..................................................................


WIND (MPH)
  HIGHEST WIND SPEED    26   HIGHEST WIND DIRECTION     S (160)
  HIGHEST GUST SPEED    34   HIGHEST GUST DIRECTION     S (160)
  AVERAGE WIND SPEED    13.1


SKY COVER
  POSSIBLE SUNSHINE  MM
  AVERAGE SKY COVER 0.2


WEATHER CONDITIONS
 THE FOLLOWING WEATHER WAS RECORDED YESTERDAY.
  NO SIGNIFICANT WEATHER WAS OBSERVED.


RELATIVE HUMIDITY (PERCENT)
 HIGHEST    90           800 AM
 LOWEST     47           200 PM
 AVERAGE    69

..........................................................


THE NORFOLK, NEBRASKA CLIMATE NORMALS FOR TODAY
                         NORMAL    RECORD    YEAR
 MAXIMUM TEMPERATURE (F)   74        96      1940
 MINIMUM TEMPERATURE (F)   48        26      1995


SUNRISE AND SUNSET
SEPTEMBER 22 2017.....SUNRISE   717 AM CDT   SUNSET   726 PM CDT
SEPTEMBER 23 2017.....SUNRISE   718 AM CDT   SUNSET   725 PM CDT


-  INDICATES NEGATIVE NUMBERS.
R  INDICATES RECORD WAS SET OR TIED.
MM INDICATES DATA IS MISSING.
T  INDICATES TRACE AMOUNT.




$$
