625
CDUS43 KOAX 252234
CLIOFK


CLIMATE REPORT
NATIONAL WEATHER SERVICE OMAHA NEBRASKA
433 PM CST SUN FEB 25 2018


...................................

...THE NORFOLK, NEBRASKA CLIMATE SUMMARY FOR FEBRUARY 25 2018...
VALID TODAY AS OF 0400 PM LOCAL TIME.

CLIMATE NORMAL PERIOD 1981 TO 2010
CLIMATE RECORD PERIOD 1888 TO 2018


WEATHER ITEM   OBSERVED TIME   RECORD YEAR NORMAL DEPARTURE LAST
                VALUE   (LST)  VALUE       VALUE  FROM      YEAR
                                                  NORMAL
..................................................................
TEMPERATURE (F)
 TODAY
  MAXIMUM         38    259 PM  74    1995  40     -2       30
  MINIMUM         19    803 AM  -7    1924  20     -1        7
  AVERAGE         29                        30     -1       19

PRECIPITATION (IN)
  TODAY            0.00          0.49 1945   0.03  -0.03     0.00
  MONTH TO DATE    0.65                      0.66  -0.01     0.99
  SINCE DEC 1      2.04                      2.00   0.04     3.08
  SINCE JAN 1      1.72                      1.25   0.47     2.24

SNOWFALL (IN)
  TODAY            0.0                       0.2   -0.2      0.0
  MONTH TO DATE    7.4                       5.0    2.4     11.0
  SINCE JUL 1     28.8                      22.3    6.5     28.1
  SNOW DEPTH       3

DEGREE DAYS
 HEATING
  TODAY           36                        35      1       46
  MONTH TO DATE 1183                       966    217      756
  SINCE DEC 1   3791                      3543    248     3309
  SINCE JUL 1   5097                      4988    109     4354

 COOLING
  TODAY            0                         0      0        0
  MONTH TO DATE    0                         0      0        0
  SINCE DEC 1      0                         0      0        0
  SINCE JAN 1      0                         0      0        0
..................................................................


WIND (MPH)
  HIGHEST WIND SPEED    16   HIGHEST WIND DIRECTION     W (250)
  HIGHEST GUST SPEED    21   HIGHEST GUST DIRECTION     W (260)
  AVERAGE WIND SPEED     9.3


SKY COVER
  POSSIBLE SUNSHINE  MM
  AVERAGE SKY COVER 0.0


WEATHER CONDITIONS
 THE FOLLOWING WEATHER WAS RECORDED TODAY.
  NO SIGNIFICANT WEATHER WAS OBSERVED.


RELATIVE HUMIDITY (PERCENT)
 HIGHEST    73           200 AM
 LOWEST     47          1200 PM
 AVERAGE    60

..........................................................


THE NORFOLK, NEBRASKA CLIMATE NORMALS FOR TOMORROW
                         NORMAL    RECORD    YEAR
 MAXIMUM TEMPERATURE (F)   41        72      1896
 MINIMUM TEMPERATURE (F)   20       -22      1934


SUNRISE AND SUNSET
FEBRUARY 25 2018......SUNRISE   711 AM CST   SUNSET   615 PM CST
FEBRUARY 26 2018......SUNRISE   709 AM CST   SUNSET   616 PM CST


-  INDICATES NEGATIVE NUMBERS.
R  INDICATES RECORD WAS SET OR TIED.
MM INDICATES DATA IS MISSING.
T  INDICATES TRACE AMOUNT.




$$
