000
CDUS43 KOAX 210651
CLIOFK


CLIMATE REPORT
NATIONAL WEATHER SERVICE OMAHA NEBRASKA
1250 AM CST SUN DEC 21 2014


...................................

...THE NORFOLK, NEBRASKA CLIMATE SUMMARY FOR DECEMBER 20 2014...

CLIMATE NORMAL PERIOD 1981 TO 2010
CLIMATE RECORD PERIOD 1888 TO 2014


WEATHER ITEM   OBSERVED TIME   RECORD YEAR NORMAL DEPARTURE LAST
                VALUE   (LST)  VALUE       VALUE  FROM      YEAR
                                                  NORMAL
..................................................................
TEMPERATURE (F)
 YESTERDAY
  MAXIMUM         34    315 PM  56    1941  33      1       17
  MINIMUM         31    922 PM -18    1924  13     18        8
  AVERAGE         33                        23     10       13

PRECIPITATION (IN)
  YESTERDAY        0.00          0.98 2006   0.02  -0.02      T
  MONTH TO DATE    0.65                      0.52   0.13     0.13
  SINCE DEC 1      0.65                      0.52   0.13     0.13
  SINCE JAN 1     29.16                     27.18   1.98    24.92

SNOWFALL (IN)
  YESTERDAY        0.0                       0.2   -0.2       T
  MONTH TO DATE    0.4                       4.0   -3.6      2.1
  SINCE JUL 1      4.1                       8.9   -4.8      3.0
  SNOW DEPTH       0

DEGREE DAYS
 HEATING
  YESTERDAY       32                        42    -10       52
  MONTH TO DATE  659                       796   -137      893
  SINCE DEC 1    659                       796   -137      893
  SINCE JUL 1   2152                      2241    -89     2279

 COOLING
  YESTERDAY        0                         0      0        0
  MONTH TO DATE    0                         0      0        0
  SINCE DEC 1      0                         0      0        0
  SINCE JAN 1    812                       915   -103     1005
..................................................................


WIND (MPH)
  HIGHEST WIND SPEED    16   HIGHEST WIND DIRECTION     S (160)
  HIGHEST GUST SPEED    19   HIGHEST GUST DIRECTION     S (170)
  AVERAGE WIND SPEED     8.1


SKY COVER
  POSSIBLE SUNSHINE  MM
  AVERAGE SKY COVER 1.0


WEATHER CONDITIONS
 THE FOLLOWING WEATHER WAS RECORDED YESTERDAY.
  FOG
  FOG W/VISIBILITY <= 1/4 MILE


RELATIVE HUMIDITY (PERCENT)
 HIGHEST   100           900 PM
 LOWEST     89          1200 AM
 AVERAGE    95

..........................................................


THE NORFOLK, NEBRASKA CLIMATE NORMALS FOR TODAY
                         NORMAL    RECORD    YEAR
 MAXIMUM TEMPERATURE (F)   33        64      1933
 MINIMUM TEMPERATURE (F)   13       -24      1989


SUNRISE AND SUNSET
DECEMBER 21 2014......SUNRISE   754 AM CST   SUNSET   501 PM CST
DECEMBER 22 2014......SUNRISE   755 AM CST   SUNSET   502 PM CST


-  INDICATES NEGATIVE NUMBERS.
R  INDICATES RECORD WAS SET OR TIED.
MM INDICATES DATA IS MISSING.
T  INDICATES TRACE AMOUNT.




$$
