000
CDUS43 KOAX 190631
CLIOFK


CLIMATE REPORT
NATIONAL WEATHER SERVICE OMAHA NEBRASKA
1228 AM CST SUN FEB 19 2017


...................................

...THE NORFOLK, NEBRASKA CLIMATE SUMMARY FOR FEBRUARY 18 2017...

CLIMATE NORMAL PERIOD 1981 TO 2010
CLIMATE RECORD PERIOD 1888 TO 2017


WEATHER ITEM   OBSERVED TIME   RECORD YEAR NORMAL DEPARTURE LAST
                VALUE   (LST)  VALUE       VALUE  FROM      YEAR
                                                  NORMAL
..................................................................
TEMPERATURE (F)
 YESTERDAY
  MAXIMUM         63    405 PM  71    1930  38     25       57
  MINIMUM         27    625 AM -20    1903  17     10       34
  AVERAGE         45                        28     17       46

PRECIPITATION (IN)
  YESTERDAY        0.00          2.36 1971   0.03  -0.03     0.00
  MONTH TO DATE    0.45                      0.46  -0.01     1.49
  SINCE DEC 1      2.54                      1.80   0.74     4.33
  SINCE JAN 1      1.70                      1.05   0.65     2.06

SNOWFALL (IN)
  YESTERDAY        0.0                       0.2   -0.2      0.0
  MONTH TO DATE    5.0                       3.7    1.3     16.3
  SINCE JUL 1     22.1                      21.0    1.1     40.8
  SNOW DEPTH       0

DEGREE DAYS
 HEATING
  YESTERDAY       20                        37    -17       19
  MONTH TO DATE  585                       713   -128      665
  SINCE DEC 1   3138                      3290   -152     3008
  SINCE JUL 1   4183                      4735   -552     4029

 COOLING
  YESTERDAY        0                         0      0        0
  MONTH TO DATE    0                         0      0        0
  SINCE DEC 1      0                         0      0        0
  SINCE JAN 1      0                         0      0        0
..................................................................


WIND (MPH)
  HIGHEST WIND SPEED    13   HIGHEST WIND DIRECTION    SE (130)
  HIGHEST GUST SPEED    17   HIGHEST GUST DIRECTION    SE (120)
  AVERAGE WIND SPEED     5.1


SKY COVER
  POSSIBLE SUNSHINE  MM
  AVERAGE SKY COVER 0.0


WEATHER CONDITIONS
 THE FOLLOWING WEATHER WAS RECORDED YESTERDAY.
  NO SIGNIFICANT WEATHER WAS OBSERVED.


RELATIVE HUMIDITY (PERCENT)
 HIGHEST    85           200 AM
 LOWEST     32           300 PM
 AVERAGE    59

..........................................................


THE NORFOLK, NEBRASKA CLIMATE NORMALS FOR TODAY
                         NORMAL    RECORD    YEAR
 MAXIMUM TEMPERATURE (F)   38        72      1930
 MINIMUM TEMPERATURE (F)   18       -25      1936


SUNRISE AND SUNSET
FEBRUARY 19 2017......SUNRISE   720 AM CST   SUNSET   608 PM CST
FEBRUARY 20 2017......SUNRISE   718 AM CST   SUNSET   609 PM CST


-  INDICATES NEGATIVE NUMBERS.
R  INDICATES RECORD WAS SET OR TIED.
MM INDICATES DATA IS MISSING.
T  INDICATES TRACE AMOUNT.




$$
