000
CDUS43 KOAX 060633
CLIOFK


CLIMATE REPORT
NATIONAL WEATHER SERVICE OMAHA NEBRASKA
1230 AM CST TUE DEC 6 2016


...................................

...THE NORFOLK, NEBRASKA CLIMATE SUMMARY FOR DECEMBER 5 2016...

CLIMATE NORMAL PERIOD 1981 TO 2010
CLIMATE RECORD PERIOD 1888 TO 2016


WEATHER ITEM   OBSERVED TIME   RECORD YEAR NORMAL DEPARTURE LAST
                VALUE   (LST)  VALUE       VALUE  FROM      YEAR
                                                  NORMAL
..................................................................
TEMPERATURE (F)
 YESTERDAY
  MAXIMUM         45    347 PM  65    1988  37      8       46
  MINIMUM         28   1159 PM  -7    2005  17     11       37
                                      1950
  AVERAGE         37                        27     10       42

PRECIPITATION (IN)
  YESTERDAY        0.00          0.30 1936   0.03  -0.03     0.00
  MONTH TO DATE    0.02                      0.15  -0.13     0.03
  SINCE DEC 1      0.02                      0.15  -0.13     0.03
  SINCE JAN 1     30.61                     26.81   3.80    25.60

SNOWFALL (IN)
  YESTERDAY        0.0                       0.2   -0.2      0.0
  MONTH TO DATE    T                         1.0   -1.0      0.4
  SINCE JUL 1      2.5                       5.9   -3.4      9.2
  SNOW DEPTH       0

DEGREE DAYS
 HEATING
  YESTERDAY       28                        38    -10       23
  MONTH TO DATE  164                       188    -24      170
  SINCE DEC 1    164                       188    -24      170
  SINCE JUL 1   1209                      1633   -424     1191

 COOLING
  YESTERDAY        0                         0      0        0
  MONTH TO DATE    0                         0      0        0
  SINCE DEC 1      0                         0      0        0
  SINCE JAN 1    963                       915     48      917
..................................................................


WIND (MPH)
  HIGHEST WIND SPEED    31   HIGHEST WIND DIRECTION    NW (310)
  HIGHEST GUST SPEED    40   HIGHEST GUST DIRECTION    NW (320)
  AVERAGE WIND SPEED    16.3


SKY COVER
  POSSIBLE SUNSHINE  MM
  AVERAGE SKY COVER 0.5


WEATHER CONDITIONS
 THE FOLLOWING WEATHER WAS RECORDED YESTERDAY.
  NO SIGNIFICANT WEATHER WAS OBSERVED.


RELATIVE HUMIDITY (PERCENT)
 HIGHEST    82          1200 AM
 LOWEST     57          1200 PM
 AVERAGE    70

..........................................................


THE NORFOLK, NEBRASKA CLIMATE NORMALS FOR TODAY
                         NORMAL    RECORD    YEAR
 MAXIMUM TEMPERATURE (F)   36        70      1939
 MINIMUM TEMPERATURE (F)   17       -13      1950


SUNRISE AND SUNSET
DECEMBER  6 2016......SUNRISE   744 AM CST   SUNSET   458 PM CST
DECEMBER  7 2016......SUNRISE   745 AM CST   SUNSET   458 PM CST


-  INDICATES NEGATIVE NUMBERS.
R  INDICATES RECORD WAS SET OR TIED.
MM INDICATES DATA IS MISSING.
T  INDICATES TRACE AMOUNT.


$$

BCM
