000
CDUS43 KOAX 220634
CLIOFK


CLIMATE REPORT
NATIONAL WEATHER SERVICE OMAHA NEBRASKA
1233 AM CST WED NOV 22 2017


...................................

...THE NORFOLK, NEBRASKA CLIMATE SUMMARY FOR NOVEMBER 21 2017...

CLIMATE NORMAL PERIOD 1981 TO 2010
CLIMATE RECORD PERIOD 1888 TO 2017


WEATHER ITEM   OBSERVED TIME   RECORD YEAR NORMAL DEPARTURE LAST
                VALUE   (LST)  VALUE       VALUE  FROM      YEAR
                                                  NORMAL
..................................................................
TEMPERATURE (F)
 YESTERDAY
  MAXIMUM         44    136 AM  72    2012  44      0       43
  MINIMUM         13   1128 PM  -5    1926  23    -10       23
  AVERAGE         29                        33     -4       33

PRECIPITATION (IN)
  YESTERDAY        T             0.40 1940   0.04  -0.04     0.06
  MONTH TO DATE    0.09                      1.00  -0.91     0.62
  SINCE SEP 1      5.69                      5.76  -0.07     5.00
  SINCE JAN 1     27.47                     26.29   1.18    29.87

SNOWFALL (IN)
  YESTERDAY        0.0                       0.2   -0.2      0.0
  MONTH TO DATE    T                         2.4   -2.4      2.5
  SINCE JUL 1      T                         3.2   -3.2      2.5
  SNOW DEPTH       0

DEGREE DAYS
 HEATING
  YESTERDAY       36                        32      4       32
  MONTH TO DATE  596                       550     46      382
  SINCE SEP 1   1098                      1119    -21      780
  SINCE JUL 1   1109                      1135    -26      793

 COOLING
  YESTERDAY        0                         0      0        0
  MONTH TO DATE    0                         0      0        0
  SINCE SEP 1    121                        99     22      120
  SINCE JAN 1    879                       915    -36      963
..................................................................


WIND (MPH)
  HIGHEST WIND SPEED    40   HIGHEST WIND DIRECTION    NW (330)
  HIGHEST GUST SPEED    49   HIGHEST GUST DIRECTION     N (340)
  AVERAGE WIND SPEED    17.4


SKY COVER
  POSSIBLE SUNSHINE  MM
  AVERAGE SKY COVER 0.2


WEATHER CONDITIONS
 THE FOLLOWING WEATHER WAS RECORDED YESTERDAY.
  LIGHT RAIN


RELATIVE HUMIDITY (PERCENT)
 HIGHEST    88          1100 PM
 LOWEST     36           800 AM
 AVERAGE    62

..........................................................


THE NORFOLK, NEBRASKA CLIMATE NORMALS FOR TODAY
                         NORMAL    RECORD    YEAR
 MAXIMUM TEMPERATURE (F)   43        68      1974
 MINIMUM TEMPERATURE (F)   22        -7      1929
                                             1898


SUNRISE AND SUNSET
NOVEMBER 22 2017......SUNRISE   728 AM CST   SUNSET   503 PM CST
NOVEMBER 23 2017......SUNRISE   730 AM CST   SUNSET   503 PM CST


-  INDICATES NEGATIVE NUMBERS.
R  INDICATES RECORD WAS SET OR TIED.
MM INDICATES DATA IS MISSING.
T  INDICATES TRACE AMOUNT.




$$
