000
CDUS42 KCAE 272235
CLIOGB


CLIMATE REPORT
NATIONAL WEATHER SERVICE COLUMBIA SC
532 PM EST FRI FEB 27 2015


...................................

...THE ORANGEBURG AIRPORT SC CLIMATE SUMMARY FOR FEBRUARY 27 2015...
VALID TODAY AS OF 0500 PM LOCAL TIME.

CLIMATE NORMAL PERIOD 1981 TO 2010
CLIMATE RECORD PERIOD 9999 TO 9999


WEATHER ITEM   OBSERVED TIME   NORMAL DEPARTURE LAST
                VALUE   (LST)  VALUE  FROM      YEAR
                                      NORMAL
......................................................
TEMPERATURE (F)
 TODAY
  MAXIMUM         54    510 PM  64    -10       57
  MINIMUM         32    755 AM  40     -8       34
  AVERAGE         43            52     -9       46

PRECIPITATION (IN)
  TODAY            0.00          0.15  -0.15     0.00
  MONTH TO DATE    4.03          3.44   0.59     3.76
  SINCE DEC 1     10.28         10.74  -0.46     9.61
  SINCE JAN 1      6.85          7.42  -0.57     5.92

DEGREE DAYS
 HEATING
  TODAY           22            13      9       19
  MONTH TO DATE  570           422    148      346
  SINCE DEC 1   1582          1550     32     1447
  SINCE JUL 1   2054          1919    135     1843

 COOLING
  TODAY            0             0      0        0
  MONTH TO DATE    0             0      0        6
  SINCE DEC 1      0             5     -5       23
  SINCE JAN 1      0             1     -1        6
......................................................


WIND (MPH)
  HIGHEST WIND SPEED    12   HIGHEST WIND DIRECTION    NE (50)
  HIGHEST GUST SPEED    15   HIGHEST GUST DIRECTION    SE (130)
  AVERAGE WIND SPEED     2.1


SKY COVER
  AVERAGE SKY COVER 0.1


WEATHER CONDITIONS
 THE FOLLOWING WEATHER WAS RECORDED TODAY.
  FOG
  HAZE


RELATIVE HUMIDITY (PERCENT)
 HIGHEST    92          1200 AM
 LOWEST     45           300 PM

..........................................................


THE ORANGEBURG AIRPORT SC CLIMATE NORMALS FOR TOMORROW
                         NORMAL
 MAXIMUM TEMPERATURE (F)   64
 MINIMUM TEMPERATURE (F)   41


SUNRISE AND SUNSET
FEBRUARY 27 2015......SUNRISE   654 AM EST   SUNSET   618 PM EST
FEBRUARY 28 2015......SUNRISE   653 AM EST   SUNSET   619 PM EST


-  INDICATES NEGATIVE NUMBERS.
R  INDICATES RECORD WAS SET OR TIED.
MM INDICATES DATA IS MISSING.
T  INDICATES TRACE AMOUNT.




$$
