000
CDUS42 KCAE 162229
CLIOGB


CLIMATE REPORT
NATIONAL WEATHER SERVICE COLUMBIA SC
529 PM EST TUE JAN 16 2018


...................................

...THE ORANGEBURG AIRPORT SC CLIMATE SUMMARY FOR JANUARY 16 2018...
VALID TODAY AS OF 0500 PM LOCAL TIME.

CLIMATE NORMAL PERIOD 1981 TO 2010
CLIMATE RECORD PERIOD 9999 TO 9999


WEATHER ITEM   OBSERVED TIME   NORMAL DEPARTURE LAST
                VALUE   (LST)  VALUE  FROM      YEAR
                                      NORMAL
......................................................
TEMPERATURE (F)
 TODAY
  MAXIMUM         54    359 PM  56     -2       58
  MINIMUM         24    752 AM  35    -11       52
  AVERAGE         39            46     -7       55

PRECIPITATION (IN)
  TODAY            0.00          0.11  -0.11     0.00
  MONTH TO DATE    0.52          1.91  -1.39     2.38
  SINCE DEC 1      2.26          5.23  -2.97     6.78
  SINCE JAN 1      0.52          1.91  -1.39     2.38

DEGREE DAYS
 HEATING
  TODAY           26            19      7       10
  MONTH TO DATE  395           316     79      207
  SINCE DEC 1    879           851     28      654
  SINCE JUL 1   1243          1220     23      959

 COOLING
  TODAY            0             0      0        0
  MONTH TO DATE    1             0      1        2
  SINCE DEC 1      1             4     -3        6
  SINCE JAN 1      1             0      1        2
......................................................


WIND (MPH)
  HIGHEST WIND SPEED     9   HIGHEST WIND DIRECTION     S (170)
  HIGHEST GUST SPEED    12   HIGHEST GUST DIRECTION     S (170)
  AVERAGE WIND SPEED     0.9


SKY COVER
  AVERAGE SKY COVER 0.0


WEATHER CONDITIONS
 THE FOLLOWING WEATHER WAS RECORDED TODAY.
  NO SIGNIFICANT WEATHER WAS OBSERVED.


RELATIVE HUMIDITY (PERCENT)
 HIGHEST    88           500 AM
 LOWEST     32           200 PM

..........................................................


THE ORANGEBURG AIRPORT SC CLIMATE NORMALS FOR TOMORROW
                         NORMAL
 MAXIMUM TEMPERATURE (F)   56
 MINIMUM TEMPERATURE (F)   35


SUNRISE AND SUNSET
JANUARY 16 2018.......SUNRISE   727 AM EST   SUNSET   540 PM EST
JANUARY 17 2018.......SUNRISE   727 AM EST   SUNSET   540 PM EST


-  INDICATES NEGATIVE NUMBERS.
R  INDICATES RECORD WAS SET OR TIED.
MM INDICATES DATA IS MISSING.
T  INDICATES TRACE AMOUNT.




$$
