000
CDUS42 KCAE 220622
CLIOGB


CLIMATE REPORT
NATIONAL WEATHER SERVICE COLUMBIA SC
122 AM EST WED FEB 22 2017


...................................

...THE ORANGEBURG AIRPORT SC CLIMATE SUMMARY FOR FEBRUARY 21 2017...

CLIMATE NORMAL PERIOD 1981 TO 2010
CLIMATE RECORD PERIOD 9999 TO 9999


WEATHER ITEM   OBSERVED TIME   NORMAL DEPARTURE LAST
                VALUE   (LST)  VALUE  FROM      YEAR
                                      NORMAL
......................................................
TEMPERATURE (F)
 YESTERDAY
  MAXIMUM         69    337 PM  62      7       69
  MINIMUM         50    257 AM  39     11       51
  AVERAGE         60            51      9       60

PRECIPITATION (IN)
  YESTERDAY        0.00          0.15  -0.15      T
  MONTH TO DATE    1.41          2.54  -1.13     4.24
  SINCE DEC 1     11.05          9.84   1.21    11.12
  SINCE JAN 1      6.65          6.52   0.13     6.33

DEGREE DAYS
 HEATING
  YESTERDAY        5            14     -9        5
  MONTH TO DATE  198           341   -143      346
  SINCE DEC 1    980          1469   -489     1101
  SINCE JUL 1   1285          1838   -553     1322

 COOLING
  YESTERDAY        0             0      0        0
  MONTH TO DATE    3             0      3        5
  SINCE DEC 1     14             5      9       74
  SINCE JAN 1     10             1      9        5
......................................................


WIND (MPH)
  HIGHEST WIND SPEED    13   HIGHEST WIND DIRECTION    SE (140)
  HIGHEST GUST SPEED    16   HIGHEST GUST DIRECTION    SE (130)
  AVERAGE WIND SPEED     4.9


SKY COVER
  AVERAGE SKY COVER 0.5


WEATHER CONDITIONS
 THE FOLLOWING WEATHER WAS RECORDED YESTERDAY.
  NO SIGNIFICANT WEATHER WAS OBSERVED.


RELATIVE HUMIDITY (PERCENT)
 HIGHEST    93           700 AM
 LOWEST     59           100 PM

..........................................................


THE ORANGEBURG AIRPORT SC CLIMATE NORMALS FOR TODAY
                         NORMAL    RECORD    YEAR
 MAXIMUM TEMPERATURE (F)   63        MM        MM
 MINIMUM TEMPERATURE (F)   39        MM        MM


SUNRISE AND SUNSET
FEBRUARY 22 2017......SUNRISE   700 AM EST   SUNSET   614 PM EST
FEBRUARY 23 2017......SUNRISE   658 AM EST   SUNSET   615 PM EST


-  INDICATES NEGATIVE NUMBERS.
R  INDICATES RECORD WAS SET OR TIED.
MM INDICATES DATA IS MISSING.
T  INDICATES TRACE AMOUNT.




$$
