000
CDHW42 PHFO 281245
CLIOGG


CLIMATE REPORT
NATIONAL WEATHER SERVICE HONOLULU HI
245 AM HST WED JAN 28 2015


...................................

...THE KAHULUI HI CLIMATE SUMMARY FOR JANUARY 27 2015...

CLIMATE NORMAL PERIOD 1981 TO 2010
CLIMATE RECORD PERIOD 1946 TO 2015


WEATHER ITEM   OBSERVED TIME   RECORD YEAR NORMAL DEPARTURE LAST
                VALUE   (LST)  VALUE       VALUE  FROM      YEAR
                                                  NORMAL
..................................................................
TEMPERATURE (F)
 YESTERDAY
  MAXIMUM         82    210 PM  85    1993  81      1       MM
                                      1959
  MINIMUM         59    728 AM  51    1969  63     -4       MM
  AVERAGE         71                        72     -1       MM

PRECIPITATION (IN)
  YESTERDAY        0.00          2.61 1990   0.09  -0.09     0.00
  MONTH TO DATE    1.12                      2.53  -1.41     2.23
  SINCE DEC 1      5.36                      5.88  -0.52     4.27
  SINCE JAN 1      1.12                      2.53  -1.41     2.23

SNOWFALL (IN)
  YESTERDAY        0.0
  MONTH TO DATE    0.0
  SINCE DEC 1      0.0
  SINCE JUL 1      0.0
  SNOW DEPTH       0

DEGREE DAYS
 HEATING
  YESTERDAY        0                         0      0       MM
  MONTH TO DATE    0                         0      0        0
  SINCE DEC 1      0                         0      0        0
  SINCE JUL 1      0                         0      0        0

 COOLING
  YESTERDAY        6                         7     -1       MM
  MONTH TO DATE  150                       189    -39      208
  SINCE DEC 1    410                       448    -38      516
  SINCE JAN 1    150                       189    -39      208
..................................................................


WIND (MPH)
  HIGHEST WIND SPEED    21   HIGHEST WIND DIRECTION     E (70)
  HIGHEST GUST SPEED    29   HIGHEST GUST DIRECTION     E (70)
  AVERAGE WIND SPEED     8.7


SKY COVER
  POSSIBLE SUNSHINE  MM
  AVERAGE SKY COVER 0.3


WEATHER CONDITIONS
 THE FOLLOWING WEATHER WAS RECORDED YESTERDAY.
  NO SIGNIFICANT WEATHER WAS OBSERVED.


RELATIVE HUMIDITY (PERCENT)
 HIGHEST    87           400 AM
 LOWEST     51           100 PM
 AVERAGE    69

..........................................................


THE KAHULUI HI CLIMATE NORMALS FOR TODAY
                         NORMAL    RECORD    YEAR
 MAXIMUM TEMPERATURE (F)   81        89      1981
 MINIMUM TEMPERATURE (F)   63        54      1975


SUNRISE AND SUNSET
JANUARY 28 2015.......SUNRISE   704 AM HST   SUNSET   614 PM HST
JANUARY 29 2015.......SUNRISE   703 AM HST   SUNSET   615 PM HST


-  INDICATES NEGATIVE NUMBERS.
R  INDICATES RECORD WAS SET OR TIED.
MM INDICATES DATA IS MISSING.
T  INDICATES TRACE AMOUNT.




$$
