493
CDHW42 PHFO 010528
CLIOGG


CLIMATE REPORT
NATIONAL WEATHER SERVICE HONOLULU HI
718 PM HST TUE MAY 31 2016


...................................

...THE KAHULUI HI CLIMATE SUMMARY FOR MAY 31 2016...
VALID TODAY AS OF 0500 PM LOCAL TIME.

CLIMATE NORMAL PERIOD 1981 TO 2010
CLIMATE RECORD PERIOD 1946 TO 2016


WEATHER ITEM   OBSERVED TIME   RECORD YEAR NORMAL DEPARTURE LAST
                VALUE   (LST)  VALUE       VALUE  FROM      YEAR
                                                  NORMAL
..................................................................
TEMPERATURE (F)
 TODAY
  MAXIMUM         82   1052 AM  91    1969  86     -4       85
                                      1952
  MINIMUM         71    604 AM  60    1976  69      2       68
  AVERAGE         77                        77      0       77

PRECIPITATION (IN)
  TODAY            0.05          0.41 1974   0.01   0.04     0.02
  MONTH TO DATE    3.01                      0.74   2.27     2.23
  SINCE MAR 1      6.16                      4.74   1.42    14.65
  SINCE JAN 1      7.71                      9.50  -1.79    18.96

SNOWFALL (IN)
  TODAY            0.0
  MONTH TO DATE    0.0
  SINCE MAR 1      0.0
  SINCE JUL 1      0.0
  SNOW DEPTH       0

DEGREE DAYS
 HEATING
  TODAY            0                         0      0        0
  MONTH TO DATE    0                         0      0        0
  SINCE MAR 1      0                         0      0        0
  SINCE JUL 1      0                         0      0        0

 COOLING
  TODAY           12                        12      0       12
  MONTH TO DATE  384                       333     51      341
  SINCE MAR 1   1021                       850    171      918
  SINCE JAN 1   1489                      1259    230     1322
..................................................................


WIND (MPH)
  HIGHEST WIND SPEED    28   HIGHEST WIND DIRECTION    NE (30)
  HIGHEST GUST SPEED    32   HIGHEST GUST DIRECTION     N (20)
  AVERAGE WIND SPEED     8.8


SKY COVER
  POSSIBLE SUNSHINE  MM
  AVERAGE SKY COVER 0.9


WEATHER CONDITIONS
 THE FOLLOWING WEATHER WAS RECORDED TODAY.
  RAIN
  LIGHT RAIN
  FOG
  HAZE


RELATIVE HUMIDITY (PERCENT)
 HIGHEST    93           100 PM
 LOWEST     69          1100 AM
 AVERAGE    81

..........................................................


THE KAHULUI HI CLIMATE NORMALS FOR TOMORROW
                         NORMAL    RECORD    YEAR
 MAXIMUM TEMPERATURE (F)   86        92      1969
 MINIMUM TEMPERATURE (F)   69        59      1974
                                             1953


SUNRISE AND SUNSET
MAY 31 2016...........SUNRISE   544 AM HST   SUNSET   703 PM HST
JUNE  1 2016..........SUNRISE   544 AM HST   SUNSET   704 PM HST


-  INDICATES NEGATIVE NUMBERS.
R  INDICATES RECORD WAS SET OR TIED.
MM INDICATES DATA IS MISSING.
T  INDICATES TRACE AMOUNT.




$$
