000
CDHW42 PHFO 181245
CLIOGG


CLIMATE REPORT
NATIONAL WEATHER SERVICE HONOLULU HI
245 AM HST THU DEC 18 2014


...................................

...THE KAHULUI HI CLIMATE SUMMARY FOR DECEMBER 17 2014...

CLIMATE NORMAL PERIOD 1981 TO 2010
CLIMATE RECORD PERIOD 1946 TO 2014


WEATHER ITEM   OBSERVED TIME   RECORD YEAR NORMAL DEPARTURE LAST
                VALUE   (LST)  VALUE       VALUE  FROM      YEAR
                                                  NORMAL
..................................................................
TEMPERATURE (F)
 YESTERDAY
  MAXIMUM         82    141 PM  87    1992  82      0       82
                                      1984
  MINIMUM         64    728 AM  56    1996  65     -1       62
                                      1983
  AVERAGE         73                        73      0       72

PRECIPITATION (IN)
  YESTERDAY        0.02          1.23 1954   0.11  -0.09     0.00
  MONTH TO DATE    0.28                      1.81  -1.53      T
  SINCE DEC 1      0.28                      1.81  -1.53      T
  SINCE JAN 1     18.53                     16.29   2.24    13.59

SNOWFALL (IN)
  YESTERDAY        0.0
  MONTH TO DATE    0.0
  SINCE DEC 1      0.0
  SINCE JUL 1      0.0
  SNOW DEPTH       0

DEGREE DAYS
 HEATING
  YESTERDAY        0                         0      0        0
  MONTH TO DATE    0                         0      0        0
  SINCE DEC 1      0                         0      0        0
  SINCE JUL 1      0                         0      0        0

 COOLING
  YESTERDAY        8                         8      0        7
  MONTH TO DATE  152                       151      1      162
  SINCE DEC 1    152                       151      1      162
  SINCE JAN 1   4346                      3858    488     4140
..................................................................


WIND (MPH)
  HIGHEST WIND SPEED    24   HIGHEST WIND DIRECTION    NE (50)
  HIGHEST GUST SPEED    31   HIGHEST GUST DIRECTION     E (70)
  AVERAGE WIND SPEED    12.1


SKY COVER
  POSSIBLE SUNSHINE  MM
  AVERAGE SKY COVER 0.4


WEATHER CONDITIONS
 THE FOLLOWING WEATHER WAS RECORDED YESTERDAY.
  LIGHT RAIN


RELATIVE HUMIDITY (PERCENT)
 HIGHEST    90           900 PM
 LOWEST     58          1000 AM
 AVERAGE    74

..........................................................


THE KAHULUI HI CLIMATE NORMALS FOR TODAY
                         NORMAL    RECORD    YEAR
 MAXIMUM TEMPERATURE (F)   81        89      1971
 MINIMUM TEMPERATURE (F)   65        52      1983


SUNRISE AND SUNSET
DECEMBER 18 2014......SUNRISE   656 AM HST   SUNSET   548 PM HST
DECEMBER 19 2014......SUNRISE   657 AM HST   SUNSET   549 PM HST


-  INDICATES NEGATIVE NUMBERS.
R  INDICATES RECORD WAS SET OR TIED.
MM INDICATES DATA IS MISSING.
T  INDICATES TRACE AMOUNT.




$$
