000
CDHW42 PHFO 120251
CLIOGG


CLIMATE REPORT
NATIONAL WEATHER SERVICE HONOLULU HI
450 PM HST MON DEC 11 2017


...................................

...THE KAHULUI HI CLIMATE SUMMARY FOR DECEMBER 11 2017...
VALID TODAY AS OF 0400 PM LOCAL TIME.

CLIMATE NORMAL PERIOD 1981 TO 2010
CLIMATE RECORD PERIOD 1946 TO 2017


WEATHER ITEM   OBSERVED TIME   RECORD YEAR NORMAL DEPARTURE LAST
                VALUE   (LST)  VALUE       VALUE  FROM      YEAR
                                                  NORMAL
..................................................................
TEMPERATURE (F)
 TODAY
  MAXIMUM         82   1257 PM  88    1991  82      0       83
  MINIMUM         61    611 AM  56    2004  66     -5       71
  AVERAGE         72                        74     -2       77

PRECIPITATION (IN)
  TODAY            0.00          3.06 2008   0.12  -0.12     1.38
  MONTH TO DATE    0.30                      1.13  -0.83     3.62
  SINCE DEC 1      0.30                      1.13  -0.83     3.62
  SINCE JAN 1     18.33                     15.61   2.72    15.88

SNOWFALL (IN)
  TODAY            0.0
  MONTH TO DATE    0.0
  SINCE DEC 1      0.0
  SINCE JUL 1      0.0
  SNOW DEPTH      MM

DEGREE DAYS
 HEATING
  TODAY            0                         0      0        0
  MONTH TO DATE    0                         0      0        0
  SINCE DEC 1      0                         0      0        0
  SINCE JUL 1      0                         0      0        0

 COOLING
  TODAY            7                         9     -2       12
  MONTH TO DATE   79                       101    -22      114
  SINCE DEC 1     79                       101    -22      114
  SINCE JAN 1   4025                      3808    217     4322
..................................................................


WIND (MPH)
  HIGHEST WIND SPEED    21   HIGHEST WIND DIRECTION     S (190)
  HIGHEST GUST SPEED    27   HIGHEST GUST DIRECTION    SW (210)
  AVERAGE WIND SPEED    MM


SKY COVER
  POSSIBLE SUNSHINE  MM
  AVERAGE SKY COVER  MM


WEATHER CONDITIONS
 THE FOLLOWING WEATHER WAS RECORDED TODAY.
  NO SIGNIFICANT WEATHER WAS OBSERVED.


RELATIVE HUMIDITY (PERCENT)
 HIGHEST    MM
 LOWEST     MM
 AVERAGE    MM

..........................................................


THE KAHULUI HI CLIMATE NORMALS FOR TOMORROW
                         NORMAL    RECORD    YEAR
 MAXIMUM TEMPERATURE (F)   82        87      2008
                                             1984
                                             1949
 MINIMUM TEMPERATURE (F)   65        55      1953


SUNRISE AND SUNSET
DECEMBER 11 2017......SUNRISE   653 AM HST   SUNSET   546 PM HST
DECEMBER 12 2017......SUNRISE   653 AM HST   SUNSET   546 PM HST


-  INDICATES NEGATIVE NUMBERS.
R  INDICATES RECORD WAS SET OR TIED.
MM INDICATES DATA IS MISSING.
T  INDICATES TRACE AMOUNT.




$$
