000
CDHW42 PHFO 210237
CLIOGG


CLIMATE REPORT
NATIONAL WEATHER SERVICE HONOLULU HI
437 PM HST SUN APR 20 2014


...................................

...THE KAHULUI HI CLIMATE SUMMARY FOR APRIL 20 2014...
VALID TODAY AS OF 0400 PM LOCAL TIME.

CLIMATE NORMAL PERIOD 1981 TO 2010
CLIMATE RECORD PERIOD 1946 TO 2014


WEATHER ITEM   OBSERVED TIME   RECORD YEAR NORMAL DEPARTURE LAST
                VALUE   (LST)  VALUE       VALUE  FROM      YEAR
                                                  NORMAL
..................................................................
TEMPERATURE (F)
 TODAY
  MAXIMUM         84   1254 PM  88    2002  83      1       87
                                      1984
                                      1951
  MINIMUM         70    130 AM  59    1954  66      4       64
  AVERAGE         77                        74      3       76

PRECIPITATION (IN)
  TODAY            0.05          0.65 2009   0.05   0.00      T
  MONTH TO DATE    1.81                      1.18   0.63     0.01
  SINCE MAR 1      5.56                      3.63   1.93     1.19
  SINCE JAN 1     12.21                      8.39   3.82     6.14

SNOWFALL (IN)
  TODAY            0.0
  MONTH TO DATE    0.0
  SINCE MAR 1      0.0
  SINCE JUL 1      0.0
  SNOW DEPTH       0

DEGREE DAYS
 HEATING
  TODAY            0                         0      0        0
  MONTH TO DATE    0                         0      0        0
  SINCE MAR 1      0                         0      0        0
  SINCE JUL 1      0                         0      0        0

 COOLING
  TODAY           12                         9      3       11
  MONTH TO DATE  204                       180     24      195
  SINCE MAR 1    497                       425     72      428
  SINCE JAN 1   1008                       834    174      861
..................................................................


WIND (MPH)
  HIGHEST WIND SPEED    28   HIGHEST WIND DIRECTION    NE (40)
  HIGHEST GUST SPEED    33   HIGHEST GUST DIRECTION    NE (40)
  AVERAGE WIND SPEED    17.9


SKY COVER
  POSSIBLE SUNSHINE  MM
  AVERAGE SKY COVER 0.7


WEATHER CONDITIONS
 THE FOLLOWING WEATHER WAS RECORDED TODAY.
  RAIN
  LIGHT RAIN
  FOG


RELATIVE HUMIDITY (PERCENT)
 HIGHEST    90           100 AM
 LOWEST     55           100 PM
 AVERAGE    73

..........................................................


THE KAHULUI HI CLIMATE NORMALS FOR TOMORROW
                         NORMAL    RECORD    YEAR
 MAXIMUM TEMPERATURE (F)   83        89      1951
 MINIMUM TEMPERATURE (F)   66        59      1985
                                             1972
                                             1952


SUNRISE AND SUNSET
APRIL 20 2014.........SUNRISE   603 AM HST   SUNSET   646 PM HST
APRIL 21 2014.........SUNRISE   602 AM HST   SUNSET   647 PM HST


-  INDICATES NEGATIVE NUMBERS.
R  INDICATES RECORD WAS SET OR TIED.
MM INDICATES DATA IS MISSING.
T  INDICATES TRACE AMOUNT.




$$
