000
CDHW42 PHFO 011251
CLIOGG


CLIMATE REPORT
NATIONAL WEATHER SERVICE
1245 PM UTC SAT AUG 1 2015


...................................

...THE KAHULUI HI CLIMATE SUMMARY FOR JULY 31 2015...

CLIMATE NORMAL PERIOD 1981 TO 2010
CLIMATE RECORD PERIOD 1946 TO 2015


WEATHER ITEM   OBSERVED TIME   RECORD YEAR NORMAL DEPARTURE LAST
                VALUE   (LST)  VALUE       VALUE  FROM      YEAR
                                                  NORMAL
..................................................................
TEMPERATURE (F)
 YESTERDAY
  MAXIMUM         92R  1256 PM  92    1997  88      4       91
                                      1981
                                      1951
  MINIMUM         77   1037 PM  61    1972  72      5       69
                                      1965
  AVERAGE         85                        80      5       80

PRECIPITATION (IN)
  YESTERDAY        0.01          0.19 1980   0.02  -0.01     0.00
  MONTH TO DATE    0.85                      0.50   0.35     0.93
  SINCE JUN 1      0.85                      0.70   0.15     1.22
  SINCE JAN 1     17.81                     10.20   7.61    15.18

SNOWFALL (IN)
  YESTERDAY        0.0
  MONTH TO DATE    0.0
  SINCE JUN 1      0.0
  SINCE JUL 1      0.0
  SNOW DEPTH      MM

DEGREE DAYS
 HEATING
  YESTERDAY        0                         0      0        0
  MONTH TO DATE    0                         0      0        0
  SINCE JUN 1      0                         0      0        0
  SINCE JUL 1      0                         0      0        0

 COOLING
  YESTERDAY       20                        15      5       15
  MONTH TO DATE  394                       439    -45      479
  SINCE JUN 1    394                       827   -433      898
  SINCE JAN 1   1540                      2086   -546     2394
..................................................................


WIND (MPH)
  HIGHEST WIND SPEED    30   HIGHEST WIND DIRECTION    NE (50)
  HIGHEST GUST SPEED    38   HIGHEST GUST DIRECTION    NE (50)
  AVERAGE WIND SPEED    17.3


SKY COVER
  POSSIBLE SUNSHINE  MM
  AVERAGE SKY COVER  MM


WEATHER CONDITIONS
 THE FOLLOWING WEATHER WAS RECORDED YESTERDAY.
  NO SIGNIFICANT WEATHER WAS OBSERVED.


RELATIVE HUMIDITY (PERCENT)
 HIGHEST    MM
 LOWEST     MM
 AVERAGE    MM

..........................................................


THE KAHULUI HI CLIMATE NORMALS FOR TODAY
                         NORMAL    RECORD    YEAR
 MAXIMUM TEMPERATURE (F)   88        93      1976
 MINIMUM TEMPERATURE (F)   72        61      1999
                                             1950


SUNRISE AND SUNSET
AUGUST  1 2015........SUNRISE   600 AM HST   SUNSET   704 PM HST
AUGUST  2 2015........SUNRISE   600 AM HST   SUNSET   704 PM HST


-  INDICATES NEGATIVE NUMBERS.
R  INDICATES RECORD WAS SET OR TIED.
MM INDICATES DATA IS MISSING.
T  INDICATES TRACE AMOUNT.




$$
