000
CDUS43 KEAX 190632
CLIOJC


CLIMATE REPORT
NATIONAL WEATHER SERVICE KANSAS CITY/PLEASANT HILL MO
132 AM CDT TUE SEP 19 2017


...................................

...THE JOHNSON COUNTY EXECUTIVE KS CLIMATE SUMMARY FOR SEPTEMBER 18 2017...

CLIMATE NORMAL PERIOD 1981 TO 2010
CLIMATE RECORD PERIOD 9999 TO 9999


WEATHER ITEM   OBSERVED TIME   NORMAL DEPARTURE LAST
                VALUE   (LST)  VALUE  FROM      YEAR
                                      NORMAL
......................................................
TEMPERATURE (F)
 YESTERDAY
  MAXIMUM         74    457 PM  78     -4       82
  MINIMUM         63    547 AM  58      5       59
  AVERAGE         69            68      1       71

PRECIPITATION (IN)
  YESTERDAY        0.25          0.12   0.13     0.00
  MONTH TO DATE    1.85          3.02  -1.17     2.83
  SINCE SEP 1      1.85          3.02  -1.17     2.83
  SINCE JAN 1     40.45         30.98   9.47    32.71

DEGREE DAYS
 HEATING
  YESTERDAY        0             2     -2        0
  MONTH TO DATE    6            10     -4        2
  SINCE SEP 1      6            10     -4        2
  SINCE JUL 1      9            11     -2        2

 COOLING
  YESTERDAY        4             4      0        6
  MONTH TO DATE   95           119    -24      120
  SINCE SEP 1     95           119    -24      120
  SINCE JAN 1   1102          1284   -182     1339
......................................................


WIND (MPH)
  HIGHEST WIND SPEED    12   HIGHEST WIND DIRECTION     S (170)
  HIGHEST GUST SPEED    18   HIGHEST GUST DIRECTION     S (190)
  AVERAGE WIND SPEED     6.1


SKY COVER
  AVERAGE SKY COVER 0.5


WEATHER CONDITIONS
 THE FOLLOWING WEATHER WAS RECORDED YESTERDAY.
  HEAVY RAIN
  RAIN
  LIGHT RAIN
  FOG


RELATIVE HUMIDITY (PERCENT)
 HIGHEST   100          1200 AM
 LOWEST     84           400 PM
 AVERAGE    92

..........................................................


THE JOHNSON COUNTY EXECUTIVE KS CLIMATE NORMALS FOR TODAY
                         NORMAL
 MAXIMUM TEMPERATURE (F)   77
 MINIMUM TEMPERATURE (F)   57


SUNRISE AND SUNSET
SEPTEMBER 19 2017.....SUNRISE   704 AM CDT   SUNSET   720 PM CDT
SEPTEMBER 20 2017.....SUNRISE   705 AM CDT   SUNSET   719 PM CDT


-  INDICATES NEGATIVE NUMBERS.
R  INDICATES RECORD WAS SET OR TIED.
MM INDICATES DATA IS MISSING.
T  INDICATES TRACE AMOUNT.




$$
