000
CDUS43 KEAX 200635
CLIOJC


CLIMATE REPORT
NATIONAL WEATHER SERVICE KANSAS CITY/PLEASANT HILL MO
135 AM CDT MON OCT 20 2014


...................................

...THE JOHNSON COUNTY EXECUTIVE KS CLIMATE SUMMARY FOR OCTOBER 19 2014...

CLIMATE NORMAL PERIOD 1981 TO 2010
CLIMATE RECORD PERIOD 9999 TO 9999


WEATHER ITEM   OBSERVED TIME   NORMAL DEPARTURE LAST
                VALUE   (LST)  VALUE  FROM      YEAR
                                      NORMAL
......................................................
TEMPERATURE (F)
 YESTERDAY
  MAXIMUM         68    335 PM  66      2       61
  MINIMUM         41    451 AM  46     -5       33
  AVERAGE         55            56     -1       47

PRECIPITATION (IN)
  YESTERDAY        0.00          0.11  -0.11     0.00
  MONTH TO DATE    4.93          2.30   2.63     1.06
  SINCE SEP 1      7.63          6.81   0.82     4.05
  SINCE JAN 1     29.58         34.77  -5.19    30.56

DEGREE DAYS
 HEATING
  YESTERDAY       10            10      0       18
  MONTH TO DATE  136           134      2      138
  SINCE SEP 1    193           182     11      165
  SINCE JUL 1    194           183     11      165

 COOLING
  YESTERDAY        0             1     -1        0
  MONTH TO DATE   10            26    -16       31
  SINCE SEP 1    139           182    -43      247
  SINCE JAN 1   1228          1347   -119     1360
......................................................


WIND (MPH)
  HIGHEST WIND SPEED    15   HIGHEST WIND DIRECTION     S (200)
  HIGHEST GUST SPEED    31   HIGHEST GUST DIRECTION     S (170)
  AVERAGE WIND SPEED     5.6


SKY COVER
  AVERAGE SKY COVER 0.0


WEATHER CONDITIONS
 THE FOLLOWING WEATHER WAS RECORDED YESTERDAY.
  FOG


RELATIVE HUMIDITY (PERCENT)
 HIGHEST    96           200 AM
 LOWEST     48           200 PM
 AVERAGE    72

..........................................................


THE JOHNSON COUNTY EXECUTIVE KS CLIMATE NORMALS FOR TODAY
                         NORMAL
 MAXIMUM TEMPERATURE (F)   66
 MINIMUM TEMPERATURE (F)   46


SUNRISE AND SUNSET
OCTOBER 20 2014.......SUNRISE   733 AM CDT   SUNSET   633 PM CDT
OCTOBER 21 2014.......SUNRISE   734 AM CDT   SUNSET   632 PM CDT


-  INDICATES NEGATIVE NUMBERS.
R  INDICATES RECORD WAS SET OR TIED.
MM INDICATES DATA IS MISSING.
T  INDICATES TRACE AMOUNT.




$$
