000
CDUS43 KEAX 302123
CLIOJC


CLIMATE REPORT
NATIONAL WEATHER SERVICE KANSAS CITY/PLEASANT HILL MO
422 PM CDT FRI SEP 30 2016


...................................

...THE JOHNSON COUNTY EXECUTIVE KS CLIMATE SUMMARY FOR SEPTEMBER 30 2016...
VALID AS OF 0400 PM LOCAL TIME.

CLIMATE NORMAL PERIOD 1981 TO 2010
CLIMATE RECORD PERIOD 9999 TO 9999


WEATHER ITEM   OBSERVED TIME   NORMAL DEPARTURE LAST
                VALUE   (LST)  VALUE  FROM      YEAR
                                      NORMAL
......................................................
TEMPERATURE (F)
 TODAY
  MAXIMUM         74    249 PM  73      1       71
  MINIMUM         50    641 AM  53     -3       52
  AVERAGE         62            63     -1       62

PRECIPITATION (IN)
  TODAY            0.00          0.11  -0.11     0.00
  MONTH TO DATE    3.37          4.51  -1.14     2.67
  SINCE SEP 1      3.37          4.51  -1.14     2.67
  SINCE JAN 1     33.25         32.47   0.78    36.06

DEGREE DAYS
 HEATING
  TODAY            3             4     -1        3
  MONTH TO DATE   20            46    -26       16
  SINCE SEP 1     20            48    -28       16
  SINCE JUL 1     20            49    -29       18

 COOLING
  TODAY            0             2     -2        0
  MONTH TO DATE  194           156     38      215
  SINCE SEP 1    194           156     38      215
  SINCE JAN 1   1413          1321     92     1333
......................................................


WIND (MPH)
  HIGHEST WIND SPEED    15   HIGHEST WIND DIRECTION     N (350)
  HIGHEST GUST SPEED    19   HIGHEST GUST DIRECTION     N (350)
  AVERAGE WIND SPEED     6.7


SKY COVER
  AVERAGE SKY COVER 0.0


WEATHER CONDITIONS
 THE FOLLOWING WEATHER WAS RECORDED TODAY.
  NO SIGNIFICANT WEATHER WAS OBSERVED.


RELATIVE HUMIDITY (PERCENT)
 HIGHEST    93           600 AM
 LOWEST     33           300 PM
 AVERAGE    63

..........................................................


THE JOHNSON COUNTY EXECUTIVE KS CLIMATE NORMALS FOR TOMORROW
                         NORMAL
 MAXIMUM TEMPERATURE (F)   73
 MINIMUM TEMPERATURE (F)   52


SUNRISE AND SUNSET
SEPTEMBER 30 2016.....SUNRISE   714 AM CDT   SUNSET   702 PM CDT
OCTOBER  1 2016.......SUNRISE   715 AM CDT   SUNSET   701 PM CDT


-  INDICATES NEGATIVE NUMBERS.
R  INDICATES RECORD WAS SET OR TIED.
MM INDICATES DATA IS MISSING.
T  INDICATES TRACE AMOUNT.




$$
