000
CDUS43 KEAX 010636
CLIOJC


CLIMATE REPORT
NATIONAL WEATHER SERVICE KANSAS CITY/PLEASANT HILL MO
135 AM CDT SUN MAY 1 2016


...................................

...THE JOHNSON COUNTY EXECUTIVE KS CLIMATE SUMMARY FOR APRIL 30 2016...

CLIMATE NORMAL PERIOD 1981 TO 2010
CLIMATE RECORD PERIOD 9999 TO 9999


WEATHER ITEM   OBSERVED TIME   NORMAL DEPARTURE LAST
                VALUE   (LST)  VALUE  FROM      YEAR
                                      NORMAL
......................................................
TEMPERATURE (F)
 YESTERDAY
  MAXIMUM         66    322 PM  70     -4       75
  MINIMUM         53   1157 PM  50      3       48
  AVERAGE         60            60      0       62

PRECIPITATION (IN)
  YESTERDAY        0.13          0.20  -0.07     0.00
  MONTH TO DATE    4.50          3.99   0.51     3.17
  SINCE MAR 1      6.59          6.62  -0.03     4.03
  SINCE JAN 1      7.84          9.31  -1.47     5.62

DEGREE DAYS
 HEATING
  YESTERDAY        5             6     -1        3
  MONTH TO DATE  229           314    -85      220
  SINCE MAR 1    663           938   -275      757
  SINCE JUL 1   4008          4831   -823     4792

 COOLING
  YESTERDAY        0             1     -1        0
  MONTH TO DATE    6            17    -11        7
  SINCE MAR 1      6            18    -12        9
  SINCE JAN 1      6            18    -12        9
......................................................


WIND (MPH)
  HIGHEST WIND SPEED    21   HIGHEST WIND DIRECTION     W (260)
  HIGHEST GUST SPEED    27   HIGHEST GUST DIRECTION     W (270)
  AVERAGE WIND SPEED     9.4


SKY COVER
  AVERAGE SKY COVER 0.6


WEATHER CONDITIONS
 THE FOLLOWING WEATHER WAS RECORDED YESTERDAY.
  THUNDERSTORM
  LIGHT RAIN
  FOG


RELATIVE HUMIDITY (PERCENT)
 HIGHEST   100           200 AM
 LOWEST     52           500 PM
 AVERAGE    76

..........................................................


THE JOHNSON COUNTY EXECUTIVE KS CLIMATE NORMALS FOR TODAY
                         NORMAL
 MAXIMUM TEMPERATURE (F)   70
 MINIMUM TEMPERATURE (F)   50


SUNRISE AND SUNSET
MAY  1 2016...........SUNRISE   621 AM CDT   SUNSET   812 PM CDT
MAY  2 2016...........SUNRISE   619 AM CDT   SUNSET   813 PM CDT


-  INDICATES NEGATIVE NUMBERS.
R  INDICATES RECORD WAS SET OR TIED.
MM INDICATES DATA IS MISSING.
T  INDICATES TRACE AMOUNT.




$$
