000
CDUS46 KSGX 030029
CLIOKB


CLIMATE REPORT
NATIONAL WEATHER SERVICE SAN DIEGO, CA
519 PM PDT SUN AUG 2 2015


...................................

...THE OCEANSIDE AIRPORT CA CLIMATE SUMMARY FOR AUGUST 2 2015...
VALID TODAY AS OF 0500 PM LOCAL TIME.

CLIMATE NORMAL PERIOD 1981 TO 2010
CLIMATE RECORD PERIOD 1999 TO 2015


WEATHER ITEM   OBSERVED TIME   RECORD YEAR NORMAL DEPARTURE LAST
                VALUE   (LST)  VALUE       VALUE  FROM      YEAR
                                                  NORMAL
..................................................................
TEMPERATURE (F)
 TODAY
  MAXIMUM         78    118 PM  81    2014  77      1       81
  MINIMUM         69    508 AM  59    2010  62      7       67
  AVERAGE         74                        69      5       74

PRECIPITATION (IN)
  TODAY            0.00          0.03 2014   0.00   0.00     0.03
  MONTH TO DATE    0.00                      0.00   0.00     0.03
  SINCE OCT 1      8.17                     13.27  -5.10     4.22
  SINCE JAN 1      3.77                      9.39  -5.62     2.63

DEGREE DAYS
 HEATING
  TODAY            0                         0      0        0
  MONTH TO DATE    0                         0      0        0
  SINCE JUN 1      4                        30    -26        4
  SINCE JUL 1      0                         3     -3        0

 COOLING
  TODAY            9                         4      5        9
  MONTH TO DATE   18                         8     10       17
  SINCE JUN 1    334                       160    174      207
  SINCE JAN 1    373                       170    203      299
..................................................................


WIND (MPH)
  RESULTANT WIND SPEED   3   RESULTANT WIND DIRECTION   W (260)
  HIGHEST WIND SPEED    13   HIGHEST WIND DIRECTION    SW (230)
  HIGHEST GUST SPEED    17   HIGHEST GUST DIRECTION    SW (230)
  AVERAGE WIND SPEED     3.6


SKY COVER
  POSSIBLE SUNSHINE  MM
  AVERAGE SKY COVER 0.8


WEATHER CONDITIONS
 THE FOLLOWING WEATHER WAS RECORDED TODAY.
  NO SIGNIFICANT WEATHER WAS OBSERVED.


RELATIVE HUMIDITY (PERCENT)
 HIGHEST    84          1200 AM
 LOWEST     62           100 PM
 AVERAGE    73

..........................................................


THE OCEANSIDE AIRPORT CA CLIMATE NORMALS FOR TOMORROW
                         NORMAL    RECORD    YEAR
 MAXIMUM TEMPERATURE (F)   77        83      2009
 MINIMUM TEMPERATURE (F)   62        56      2011


SUNRISE AND SUNSET
AUGUST  2 2015........SUNRISE   603 AM PDT   SUNSET   748 PM PDT
AUGUST  3 2015........SUNRISE   604 AM PDT   SUNSET   747 PM PDT


-  INDICATES NEGATIVE NUMBERS.
R  INDICATES RECORD WAS SET OR TIED.
MM INDICATES DATA IS MISSING.
T  INDICATES TRACE AMOUNT.




$$
