761
CDUS46 KSGX 221250
CLIOKB


CLIMATE REPORT
NATIONAL WEATHER SERVICE SAN DIEGO, CA
450 AM PST WED NOV 22 2017


...................................

...THE OCEANSIDE AIRPORT CA CLIMATE SUMMARY FOR NOVEMBER 21 2017...

CLIMATE NORMAL PERIOD 1981 TO 2010
CLIMATE RECORD PERIOD 1999 TO 2017


WEATHER ITEM   OBSERVED TIME   RECORD YEAR NORMAL DEPARTURE LAST
                VALUE   (LST)  VALUE       VALUE  FROM      YEAR
                                                  NORMAL
..................................................................
TEMPERATURE (F)
 YESTERDAY
  MAXIMUM         80   1145 AM  89    2015  69     11       68
  MINIMUM         46    348 AM  41    2012  43      3       54
  AVERAGE         63                        56      7       61

PRECIPITATION (IN)
  YESTERDAY        0.00          0.36 2013   0.03  -0.03     0.18
  MONTH TO DATE    0.01                      0.78  -0.77     0.33
  SINCE OCT 1      0.01                      1.48  -1.47     0.66
  SINCE JAN 1      9.85                     11.26  -1.41     5.85

DEGREE DAYS
 HEATING
  YESTERDAY        2                         9     -7        4
  MONTH TO DATE   92                       156    -64       63
  SINCE SEP 1    121                       253   -132      105
  SINCE JUL 1    121                       258   -137      105

 COOLING
  YESTERDAY        0                         0      0        0
  MONTH TO DATE    1                         0      1       28
  SINCE SEP 1    229                       116    113      199
  SINCE JAN 1    748                       416    332      656
..................................................................


WIND (MPH)
  RESULTANT WIND SPEED   2   RESULTANT WIND DIRECTION   W (250)
  HIGHEST WIND SPEED    12   HIGHEST WIND DIRECTION     W (250)
  HIGHEST GUST SPEED    14   HIGHEST GUST DIRECTION     W (250)
  AVERAGE WIND SPEED     4.2


SKY COVER
  POSSIBLE SUNSHINE  MM
  AVERAGE SKY COVER 0.0


WEATHER CONDITIONS
 THE FOLLOWING WEATHER WAS RECORDED YESTERDAY.
  HAZE


RELATIVE HUMIDITY (PERCENT)
 HIGHEST   100          1200 AM
 LOWEST     23          1000 AM
 AVERAGE    62

..........................................................


THE OCEANSIDE AIRPORT CA CLIMATE NORMALS FOR TODAY
                         NORMAL    RECORD    YEAR
 MAXIMUM TEMPERATURE (F)   69        87      2015
 MINIMUM TEMPERATURE (F)   42        39      2011


SUNRISE AND SUNSET
NOVEMBER 22 2017......SUNRISE   627 AM PST   SUNSET   444 PM PST
NOVEMBER 23 2017......SUNRISE   628 AM PST   SUNSET   444 PM PST


-  INDICATES NEGATIVE NUMBERS.
R  INDICATES RECORD WAS SET OR TIED.
MM INDICATES DATA IS MISSING.
T  INDICATES TRACE AMOUNT.




$$
