000
CDUS46 KSGX 261421
CLIOKB


CLIMATE REPORT
NATIONAL WEATHER SERVICE SAN DIEGO, CA
721 AM PDT THU MAY 26 2016


...................................

...THE OCEANSIDE AIRPORT CA CLIMATE SUMMARY FOR MAY 25 2016...

CLIMATE NORMAL PERIOD 1981 TO 2010
CLIMATE RECORD PERIOD 1999 TO 2016


WEATHER ITEM   OBSERVED TIME   RECORD YEAR NORMAL DEPARTURE LAST
                VALUE   (LST)  VALUE       VALUE  FROM      YEAR
                                                  NORMAL
..................................................................
TEMPERATURE (F)
 YESTERDAY
  MAXIMUM         70   1230 PM  73    2014  70      0       69
                                      2013
                                      2005
  MINIMUM         50    353 AM  43    2010  55     -5       58
  AVERAGE         60                        63     -3       64

PRECIPITATION (IN)
  YESTERDAY        0.00          0.04 2012   0.00   0.00      T
  MONTH TO DATE    0.54                      0.25   0.29     1.46
  SINCE OCT 1      7.12                     13.03  -5.91     7.38
  SINCE JAN 1      4.95                      9.15  -4.20     2.98

DEGREE DAYS
 HEATING
  YESTERDAY        5                         3      2        1
  MONTH TO DATE   68                        95    -27       79
  SINCE MAR 1    431                       581   -150      329
  SINCE JUL 1   1599                      1989   -390     1203

 COOLING
  YESTERDAY        0                         0      0        0
  MONTH TO DATE    6                         0      6        0
  SINCE MAR 1     10                         3      7       34
  SINCE JAN 1     16                         3     13       34
..................................................................


WIND (MPH)
  RESULTANT WIND SPEED   6   RESULTANT WIND DIRECTION   W (260)
  HIGHEST WIND SPEED    18   HIGHEST WIND DIRECTION     W (260)
  HIGHEST GUST SPEED    24   HIGHEST GUST DIRECTION     W (250)
  AVERAGE WIND SPEED     6.8


SKY COVER
  POSSIBLE SUNSHINE  MM
  AVERAGE SKY COVER 0.3


WEATHER CONDITIONS
 THE FOLLOWING WEATHER WAS RECORDED YESTERDAY.
  NO SIGNIFICANT WEATHER WAS OBSERVED.


RELATIVE HUMIDITY (PERCENT)
 HIGHEST    86           400 AM
 LOWEST     51          1100 AM
 AVERAGE    69

..........................................................


THE OCEANSIDE AIRPORT CA CLIMATE NORMALS FOR TODAY
                         NORMAL    RECORD    YEAR
 MAXIMUM TEMPERATURE (F)   70        73      2014
                                             2005
 MINIMUM TEMPERATURE (F)   55        50      2010


SUNRISE AND SUNSET
MAY 26 2016...........SUNRISE   543 AM PDT   SUNSET   750 PM PDT
MAY 27 2016...........SUNRISE   543 AM PDT   SUNSET   751 PM PDT


-  INDICATES NEGATIVE NUMBERS.
R  INDICATES RECORD WAS SET OR TIED.
MM INDICATES DATA IS MISSING.
T  INDICATES TRACE AMOUNT.




$$
