000
CDUS46 KSGX 061521
CLIOKB


CLIMATE REPORT
NATIONAL WEATHER SERVICE SAN DIEGO, CA
721 AM PST SAT FEB 6 2016


...................................

...THE OCEANSIDE AIRPORT CA CLIMATE SUMMARY FOR FEBRUARY 5 2016...

CLIMATE NORMAL PERIOD 1981 TO 2010
CLIMATE RECORD PERIOD 1999 TO 2016


WEATHER ITEM   OBSERVED TIME   RECORD YEAR NORMAL DEPARTURE LAST
                VALUE   (LST)  VALUE       VALUE  FROM      YEAR
                                                  NORMAL
..................................................................
TEMPERATURE (F)
 YESTERDAY
  MAXIMUM         80    206 PM  85    2007  66     14       68
  MINIMUM         39    533 AM  29    2002  42     -3       46
  AVERAGE         60                        54      6       57

PRECIPITATION (IN)
  YESTERDAY        0.00          T    2000   0.07  -0.07     0.00
  MONTH TO DATE    0.02                      0.30  -0.28     0.00
  SINCE OCT 1      4.80                      6.83  -2.03     4.89
  SINCE JAN 1      2.63                      2.95  -0.32     0.49

DEGREE DAYS
 HEATING
  YESTERDAY        5                        11     -6        8
  MONTH TO DATE   69                        55     14       47
  SINCE DEC 1    809                       810     -1      599
  SINCE JUL 1   1040                      1160   -120      733

 COOLING
  YESTERDAY        0                         0      0        0
  MONTH TO DATE    0                         0      0        0
  SINCE DEC 1      0                         0      0        0
  SINCE JAN 1      0                         0      0        0
..................................................................


WIND (MPH)
  RESULTANT WIND SPEED   2   RESULTANT WIND DIRECTION   N (10)
  HIGHEST WIND SPEED    14   HIGHEST WIND DIRECTION     W (290)
  HIGHEST GUST SPEED    17   HIGHEST GUST DIRECTION     W (250)
  AVERAGE WIND SPEED     5.0


SKY COVER
  POSSIBLE SUNSHINE  MM
  AVERAGE SKY COVER 0.0


WEATHER CONDITIONS
 THE FOLLOWING WEATHER WAS RECORDED YESTERDAY.
  NO SIGNIFICANT WEATHER WAS OBSERVED.


RELATIVE HUMIDITY (PERCENT)
 HIGHEST    74           800 PM
 LOWEST     13          1100 AM
 AVERAGE    44

..........................................................


THE OCEANSIDE AIRPORT CA CLIMATE NORMALS FOR TODAY
                         NORMAL    RECORD    YEAR
 MAXIMUM TEMPERATURE (F)   66        79      2006
 MINIMUM TEMPERATURE (F)   42        29      2002


SUNRISE AND SUNSET
FEBRUARY  6 2016......SUNRISE   642 AM PST   SUNSET   526 PM PST
FEBRUARY  7 2016......SUNRISE   641 AM PST   SUNSET   527 PM PST


-  INDICATES NEGATIVE NUMBERS.
R  INDICATES RECORD WAS SET OR TIED.
MM INDICATES DATA IS MISSING.
T  INDICATES TRACE AMOUNT.




$$
