000
CDUS46 KSGX 241232
CLIOKB


CLIMATE REPORT
NATIONAL WEATHER SERVICE SAN DIEGO, CA
432 AM PST SAT FEB 24 2018


...................................

...THE OCEANSIDE AIRPORT CA CLIMATE SUMMARY FOR FEBRUARY 23 2018...

CLIMATE NORMAL PERIOD 1981 TO 2010
CLIMATE RECORD PERIOD 1999 TO 2018


WEATHER ITEM   OBSERVED TIME   RECORD YEAR NORMAL DEPARTURE LAST
                VALUE   (LST)  VALUE       VALUE  FROM      YEAR
                                                  NORMAL
..................................................................
TEMPERATURE (F)
 YESTERDAY
  MAXIMUM         58    250 PM  77    2016  65     -7       59
  MINIMUM         34   1159 PM  33    2013  44    -10       39
  AVERAGE         46                        54     -8       49

PRECIPITATION (IN)
  YESTERDAY        0.02          0.77 2005   0.14  -0.12     0.00
  MONTH TO DATE    0.04                      2.46  -2.42     2.57
  SINCE OCT 1      2.71                      8.99  -6.28    11.98
  SINCE JAN 1      2.67                      5.11  -2.44     6.83

DEGREE DAYS
 HEATING
  YESTERDAY       19                        11      8       16
  MONTH TO DATE  238                       253    -15      176
  SINCE DEC 1    711                      1008   -297      763
  SINCE JUL 1    880                      1358   -478      949

 COOLING
  YESTERDAY        0                         0      0        0
  MONTH TO DATE    0                         0      0        0
  SINCE DEC 1      5                         0      5        0
  SINCE JAN 1      3                         0      3        0
..................................................................


WIND (MPH)
  RESULTANT WIND SPEED   9   RESULTANT WIND DIRECTION   W (290)
  HIGHEST WIND SPEED    22   HIGHEST WIND DIRECTION     W (260)
  HIGHEST GUST SPEED    27   HIGHEST GUST DIRECTION     W (260)
  AVERAGE WIND SPEED     9.1


SKY COVER
  POSSIBLE SUNSHINE  MM
  AVERAGE SKY COVER 0.3


WEATHER CONDITIONS
 THE FOLLOWING WEATHER WAS RECORDED YESTERDAY.
  LIGHT RAIN


RELATIVE HUMIDITY (PERCENT)
 HIGHEST    71           300 AM
 LOWEST     28          1200 PM
 AVERAGE    50

..........................................................


THE OCEANSIDE AIRPORT CA CLIMATE NORMALS FOR TODAY
                         NORMAL    RECORD    YEAR
 MAXIMUM TEMPERATURE (F)   65        80      2016
 MINIMUM TEMPERATURE (F)   44        36      2001


SUNRISE AND SUNSET
FEBRUARY 24 2018......SUNRISE   623 AM PST   SUNSET   542 PM PST
FEBRUARY 25 2018......SUNRISE   622 AM PST   SUNSET   543 PM PST


-  INDICATES NEGATIVE NUMBERS.
R  INDICATES RECORD WAS SET OR TIED.
MM INDICATES DATA IS MISSING.
T  INDICATES TRACE AMOUNT.




$$
