000
CDUS46 KSGX 281131
CLIOKB


CLIMATE REPORT
NATIONAL WEATHER SERVICE SAN DIEGO, CA
431 AM PDT SUN MAY 28 2017


...................................

...THE OCEANSIDE AIRPORT CA CLIMATE SUMMARY FOR MAY 27 2017...

CLIMATE NORMAL PERIOD 1981 TO 2010
CLIMATE RECORD PERIOD 1999 TO 2017


WEATHER ITEM   OBSERVED TIME   RECORD YEAR NORMAL DEPARTURE LAST
                VALUE   (LST)  VALUE       VALUE  FROM      YEAR
                                                  NORMAL
..................................................................
TEMPERATURE (F)
 YESTERDAY
  MAXIMUM         71   1253 PM  75    2000  70      1       70
  MINIMUM         52   1132 PM  47    2008  56     -4       61
  AVERAGE         62                        63     -1       66

PRECIPITATION (IN)
  YESTERDAY        0.00          0.02 2001   0.00   0.00     0.00
  MONTH TO DATE    1.27                      0.25   1.02     0.54
  SINCE OCT 1     14.92                     13.03   1.89     7.12
  SINCE JAN 1      9.77                      9.15   0.62     4.95

DEGREE DAYS
 HEATING
  YESTERDAY        3                         2      1        0
  MONTH TO DATE   68                        99    -31       69
  SINCE MAR 1    389                       585   -196      432
  SINCE JUL 1   1404                      1993   -589     1600

 COOLING
  YESTERDAY        0                         0      0        1
  MONTH TO DATE   11                         0     11        7
  SINCE MAR 1     17                         3     14       11
  SINCE JAN 1     17                         3     14       17
..................................................................


WIND (MPH)
  RESULTANT WIND SPEED   5   RESULTANT WIND DIRECTION   W (270)
  HIGHEST WIND SPEED    18   HIGHEST WIND DIRECTION     W (260)
  HIGHEST GUST SPEED    24   HIGHEST GUST DIRECTION     W (260)
  AVERAGE WIND SPEED     6.0


SKY COVER
  POSSIBLE SUNSHINE  MM
  AVERAGE SKY COVER 0.4


WEATHER CONDITIONS
 THE FOLLOWING WEATHER WAS RECORDED YESTERDAY.
  NO SIGNIFICANT WEATHER WAS OBSERVED.


RELATIVE HUMIDITY (PERCENT)
 HIGHEST    93           200 AM
 LOWEST     53           100 PM
 AVERAGE    73

..........................................................


THE OCEANSIDE AIRPORT CA CLIMATE NORMALS FOR TODAY
                         NORMAL    RECORD    YEAR
 MAXIMUM TEMPERATURE (F)   70        77      2000
 MINIMUM TEMPERATURE (F)   56        47      2008


SUNRISE AND SUNSET
MAY 28 2017...........SUNRISE   542 AM PDT   SUNSET   751 PM PDT
MAY 29 2017...........SUNRISE   542 AM PDT   SUNSET   752 PM PDT


-  INDICATES NEGATIVE NUMBERS.
R  INDICATES RECORD WAS SET OR TIED.
MM INDICATES DATA IS MISSING.
T  INDICATES TRACE AMOUNT.




$$
