000
CDUS46 KSGX 311417
CLIOKB


CLIMATE REPORT
NATIONAL WEATHER SERVICE SAN DIEGO, CA
716 AM PDT MON AUG 31 2015


...................................

...THE OCEANSIDE AIRPORT CA CLIMATE SUMMARY FOR AUGUST 30 2015...

CLIMATE NORMAL PERIOD 1981 TO 2010
CLIMATE RECORD PERIOD 1999 TO 2015


WEATHER ITEM   OBSERVED TIME   RECORD YEAR NORMAL DEPARTURE LAST
                VALUE   (LST)  VALUE       VALUE  FROM      YEAR
                                                  NORMAL
..................................................................
TEMPERATURE (F)
 YESTERDAY
  MAXIMUM         84   1145 AM  93    2013  77      7       81
  MINIMUM         68    546 AM  56    2010  61      7       63
                                      2009
  AVERAGE         76                        69      7       72

PRECIPITATION (IN)
  YESTERDAY        0.00          0.00 2006   0.00   0.00     0.00
  MONTH TO DATE    T                         0.14  -0.14     0.14
  SINCE OCT 1      8.17                     13.41  -5.24     4.33
  SINCE JAN 1      3.77                      9.53  -5.76     2.74

DEGREE DAYS
 HEATING
  YESTERDAY        0                         0      0        0
  MONTH TO DATE    0                         0      0        0
  SINCE JUN 1      4                        30    -26        4
  SINCE JUL 1      0                         3     -3        0

 COOLING
  YESTERDAY       11                         4      7        7
  MONTH TO DATE  240                       128    112      217
  SINCE JUN 1    556                       280    276      407
  SINCE JAN 1    595                       290    305      499
..................................................................


WIND (MPH)
  RESULTANT WIND SPEED   3   RESULTANT WIND DIRECTION  SW (230)
  HIGHEST WIND SPEED    13   HIGHEST WIND DIRECTION     W (260)
  HIGHEST GUST SPEED    17   HIGHEST GUST DIRECTION     W (260)
  AVERAGE WIND SPEED     5.8


SKY COVER
  POSSIBLE SUNSHINE  MM
  AVERAGE SKY COVER 0.4


WEATHER CONDITIONS
 THE FOLLOWING WEATHER WAS RECORDED YESTERDAY.
  NO SIGNIFICANT WEATHER WAS OBSERVED.


RELATIVE HUMIDITY (PERCENT)
 HIGHEST    90           100 AM
 LOWEST     58          1200 PM
 AVERAGE    74

..........................................................


THE OCEANSIDE AIRPORT CA CLIMATE NORMALS FOR TODAY
                         NORMAL    RECORD    YEAR
 MAXIMUM TEMPERATURE (F)   77        86      2013
                                             2007
 MINIMUM TEMPERATURE (F)   61        51      2010


SUNRISE AND SUNSET
AUGUST 31 2015........SUNRISE   623 AM PDT   SUNSET   716 PM PDT
SEPTEMBER  1 2015.....SUNRISE   624 AM PDT   SUNSET   715 PM PDT


-  INDICATES NEGATIVE NUMBERS.
R  INDICATES RECORD WAS SET OR TIED.
MM INDICATES DATA IS MISSING.
T  INDICATES TRACE AMOUNT.




$$
