000
CDUS46 KSGX 221150
CLIOKB


CLIMATE REPORT
NATIONAL WEATHER SERVICE SAN DIEGO, CA
450 AM PDT FRI SEP 22 2017


...................................

...THE OCEANSIDE AIRPORT CA CLIMATE SUMMARY FOR SEPTEMBER 21 2017...

CLIMATE NORMAL PERIOD 1981 TO 2010
CLIMATE RECORD PERIOD 1999 TO 2017


WEATHER ITEM   OBSERVED TIME   RECORD YEAR NORMAL DEPARTURE LAST
                VALUE   (LST)  VALUE       VALUE  FROM      YEAR
                                                  NORMAL
..................................................................
TEMPERATURE (F)
 YESTERDAY
  MAXIMUM         74    223 PM  90    2004  76     -2       79
  MINIMUM         56   1159 PM  46    2007  58     -2       66
  AVERAGE         65                        67     -2       73

PRECIPITATION (IN)
  YESTERDAY        T             0.06 2016   0.00   0.00     0.06
  MONTH TO DATE    T                         0.18  -0.18     0.24
  SINCE OCT 1     14.99                     13.60   1.39     7.36
  SINCE JAN 1      9.84                      9.72   0.12     5.19

DEGREE DAYS
 HEATING
  YESTERDAY        0                         0      0        0
  MONTH TO DATE    0                         0      0       11
  SINCE SEP 1      0                         0      0       11
  SINCE JUL 1      0                         5     -5       11

 COOLING
  YESTERDAY        0                         3     -3        8
  MONTH TO DATE  142                        75     67       67
  SINCE SEP 1    142                        75     67       67
  SINCE JAN 1    661                       375    286      524
..................................................................


WIND (MPH)
  RESULTANT WIND SPEED   4   RESULTANT WIND DIRECTION  SW (230)
  HIGHEST WIND SPEED    17   HIGHEST WIND DIRECTION     W (250)
  HIGHEST GUST SPEED    29   HIGHEST GUST DIRECTION    SW (210)
  AVERAGE WIND SPEED     7.0


SKY COVER
  POSSIBLE SUNSHINE  MM
  AVERAGE SKY COVER 0.8


WEATHER CONDITIONS
 THE FOLLOWING WEATHER WAS RECORDED YESTERDAY.
  NO SIGNIFICANT WEATHER WAS OBSERVED.


RELATIVE HUMIDITY (PERCENT)
 HIGHEST    80          1100 PM
 LOWEST     53           500 PM
 AVERAGE    67

..........................................................


THE OCEANSIDE AIRPORT CA CLIMATE NORMALS FOR TODAY
                         NORMAL    RECORD    YEAR
 MAXIMUM TEMPERATURE (F)   76        89      2004
 MINIMUM TEMPERATURE (F)   58        49      2004


SUNRISE AND SUNSET
SEPTEMBER 22 2017.....SUNRISE   638 AM PDT   SUNSET   646 PM PDT
SEPTEMBER 23 2017.....SUNRISE   638 AM PDT   SUNSET   644 PM PDT


-  INDICATES NEGATIVE NUMBERS.
R  INDICATES RECORD WAS SET OR TIED.
MM INDICATES DATA IS MISSING.
T  INDICATES TRACE AMOUNT.




$$
