000
CDUS46 KSGX 281420
CLIOKB


CLIMATE REPORT
NATIONAL WEATHER SERVICE SAN DIEGO, CA
719 AM PDT THU APR 28 2016


...................................

...THE OCEANSIDE AIRPORT CA CLIMATE SUMMARY FOR APRIL 27 2016...

CLIMATE NORMAL PERIOD 1981 TO 2010
CLIMATE RECORD PERIOD 1999 TO 2016


WEATHER ITEM   OBSERVED TIME   RECORD YEAR NORMAL DEPARTURE LAST
                VALUE   (LST)  VALUE       VALUE  FROM      YEAR
                                                  NORMAL
..................................................................
TEMPERATURE (F)
 YESTERDAY
  MAXIMUM         69   1238 PM  97    2008  69      0       78
  MINIMUM         47    253 AM  44    2015  51     -4       44
  AVERAGE         58                        60     -2       61

PRECIPITATION (IN)
  YESTERDAY        T             0.01 2005   0.03  -0.03     0.00
  MONTH TO DATE    0.46                      0.91  -0.45     0.04
  SINCE OCT 1      6.58                     12.72  -6.14     5.92
  SINCE JAN 1      4.41                      8.84  -4.43     1.52

DEGREE DAYS
 HEATING
  YESTERDAY        7                         5      2        4
  MONTH TO DATE  127                       181    -54      125
  SINCE MAR 1    348                       471   -123      249
  SINCE JUL 1   1516                      1879   -363     1123

 COOLING
  YESTERDAY        0                         0      0        0
  MONTH TO DATE    4                         0      4        0
  SINCE MAR 1      4                         1      3       31
  SINCE JAN 1     10                         1      9       31
..................................................................


WIND (MPH)
  RESULTANT WIND SPEED   5   RESULTANT WIND DIRECTION  SW (240)
  HIGHEST WIND SPEED    16   HIGHEST WIND DIRECTION    SW (230)
  HIGHEST GUST SPEED    21   HIGHEST GUST DIRECTION    SW (240)
  AVERAGE WIND SPEED     7.8


SKY COVER
  POSSIBLE SUNSHINE  MM
  AVERAGE SKY COVER 0.4


WEATHER CONDITIONS
 THE FOLLOWING WEATHER WAS RECORDED YESTERDAY.
  NO SIGNIFICANT WEATHER WAS OBSERVED.


RELATIVE HUMIDITY (PERCENT)
 HIGHEST    86          1200 AM
 LOWEST     52          1100 AM
 AVERAGE    69

..........................................................


THE OCEANSIDE AIRPORT CA CLIMATE NORMALS FOR TODAY
                         NORMAL    RECORD    YEAR
 MAXIMUM TEMPERATURE (F)   69        91      2008
 MINIMUM TEMPERATURE (F)   51        42      2002


SUNRISE AND SUNSET
APRIL 28 2016.........SUNRISE   604 AM PDT   SUNSET   730 PM PDT
APRIL 29 2016.........SUNRISE   603 AM PDT   SUNSET   731 PM PDT


-  INDICATES NEGATIVE NUMBERS.
R  INDICATES RECORD WAS SET OR TIED.
MM INDICATES DATA IS MISSING.
T  INDICATES TRACE AMOUNT.




$$
