000
CDUS46 KSGX 230027
CLIOKB


CLIMATE REPORT
NATIONAL WEATHER SERVICE SAN DIEGO, CA
527 PM PDT FRI AUG 22 2014


...................................

...THE OCEANSIDE AIRPORT CA CLIMATE SUMMARY FOR AUGUST 22 2014...
VALID TODAY AS OF 0500 PM LOCAL TIME.

CLIMATE NORMAL PERIOD 1981 TO 2010
CLIMATE RECORD PERIOD 1999 TO 2014


WEATHER ITEM   OBSERVED TIME   RECORD YEAR NORMAL DEPARTURE LAST
                VALUE   (LST)  VALUE       VALUE  FROM      YEAR
                                                  NORMAL
..................................................................
TEMPERATURE (F)
 TODAY
  MAXIMUM         80R   222 PM  80    2012  77      3       79
                                      2010
  MINIMUM         66    430 AM  56    2002  62      4       58
  AVERAGE         73                        69      4       69

PRECIPITATION (IN)
  TODAY            0.00          T    2009   0.01  -0.01     0.00
  MONTH TO DATE    0.14                      0.09   0.05     0.00
  SINCE JUL 1      0.14                      0.21  -0.07     0.01
  SINCE JAN 1      2.74                      9.48  -6.74     2.33

SNOWFALL (IN)
  TODAY            0.0
  MONTH TO DATE    0.0
  SINCE JAN 1      0.0
  SINCE JUL 1      0.0
  SNOW DEPTH      MM

DEGREE DAYS
 HEATING
  TODAY            0                         0      0        0
  MONTH TO DATE    0                         0      0        0
  SINCE JUN 1      4                        30    -26        3
  SINCE JUL 1      0                         3     -3        0

 COOLING
  TODAY            8                         4      4        4
  MONTH TO DATE  166                        96     70       72
  SINCE JUN 1    356                       248    108      300
  SINCE JAN 1    448                       258    190      329
..................................................................


WIND (MPH)
  RESULTANT WIND SPEED   4   RESULTANT WIND DIRECTION   W (250)
  HIGHEST WIND SPEED    14   HIGHEST WIND DIRECTION    SW (240)
  HIGHEST GUST SPEED    19   HIGHEST GUST DIRECTION    SW (240)
  AVERAGE WIND SPEED     3.9


SKY COVER
  POSSIBLE SUNSHINE  MM
  AVERAGE SKY COVER 0.6


WEATHER CONDITIONS
 THE FOLLOWING WEATHER WAS RECORDED TODAY.
  NO SIGNIFICANT WEATHER WAS OBSERVED.


RELATIVE HUMIDITY (PERCENT)
 HIGHEST    87          1200 AM
 LOWEST     62          1000 AM
 AVERAGE    75

..........................................................


THE OCEANSIDE AIRPORT CA CLIMATE NORMALS FOR TOMORROW
                         NORMAL    RECORD    YEAR
 MAXIMUM TEMPERATURE (F)   77        85      2010
 MINIMUM TEMPERATURE (F)   62        55      2001


SUNRISE AND SUNSET
AUGUST 22 2014........SUNRISE   617 AM PDT   SUNSET   727 PM PDT
AUGUST 23 2014........SUNRISE   618 AM PDT   SUNSET   726 PM PDT


-  INDICATES NEGATIVE NUMBERS.
R  INDICATES RECORD WAS SET OR TIED.
MM INDICATES DATA IS MISSING.
T  INDICATES TRACE AMOUNT.




$$
