000
CDUS46 KSGX 300016
CLIOKB


CLIMATE REPORT
NATIONAL WEATHER SERVICE SAN DIEGO, CA
516 PM PDT WED MAR 29 2017


...................................

...THE OCEANSIDE AIRPORT CA CLIMATE SUMMARY FOR MARCH 29 2017...
VALID TODAY AS OF 0500 PM LOCAL TIME.

CLIMATE NORMAL PERIOD 1981 TO 2010
CLIMATE RECORD PERIOD 1999 TO 2017


WEATHER ITEM   OBSERVED TIME   RECORD YEAR NORMAL DEPARTURE LAST
                VALUE   (LST)  VALUE       VALUE  FROM      YEAR
                                                  NORMAL
..................................................................
TEMPERATURE (F)
 TODAY
  MAXIMUM         76    111 PM  88    2004  66     10       64
  MINIMUM         41    551 AM  40    2007  47     -6       48
  AVERAGE         59                        57      2       56

PRECIPITATION (IN)
  TODAY            0.00          0.12 2006   0.04  -0.04      T
  MONTH TO DATE    0.06                      2.14  -2.08     1.21
  SINCE OCT 1     13.63                     11.74   1.89     6.12
  SINCE JAN 1      8.48                      7.86   0.62     3.95

DEGREE DAYS
 HEATING
  TODAY            6                         8     -2        9
  MONTH TO DATE  196                       274    -78      196
  SINCE MAR 1    196                       274    -78      196
  SINCE JUL 1   1211                      1682   -471     1364

 COOLING
  TODAY            0                         0      0        0
  MONTH TO DATE    0                         0      0        0
  SINCE MAR 1      0                         0      0        0
  SINCE JAN 1      0                         0      0        6
..................................................................


WIND (MPH)
  RESULTANT WIND SPEED  11   RESULTANT WIND DIRECTION  SW (240)
  HIGHEST WIND SPEED    13   HIGHEST WIND DIRECTION    SW (240)
  HIGHEST GUST SPEED    17   HIGHEST GUST DIRECTION     W (260)
  AVERAGE WIND SPEED    10.7


SKY COVER
  POSSIBLE SUNSHINE  MM
  AVERAGE SKY COVER 0.0


WEATHER CONDITIONS
 THE FOLLOWING WEATHER WAS RECORDED TODAY.
  NO SIGNIFICANT WEATHER WAS OBSERVED.


RELATIVE HUMIDITY (PERCENT)
 HIGHEST    66           400 PM
 LOWEST     50           200 PM
 AVERAGE    58

..........................................................


THE OCEANSIDE AIRPORT CA CLIMATE NORMALS FOR TOMORROW
                         NORMAL    RECORD    YEAR
 MAXIMUM TEMPERATURE (F)   66        85      2003
 MINIMUM TEMPERATURE (F)   47        41      2016


SUNRISE AND SUNSET
MARCH 29 2017.........SUNRISE   641 AM PDT   SUNSET   708 PM PDT
MARCH 30 2017.........SUNRISE   639 AM PDT   SUNSET   709 PM PDT


-  INDICATES NEGATIVE NUMBERS.
R  INDICATES RECORD WAS SET OR TIED.
MM INDICATES DATA IS MISSING.
T  INDICATES TRACE AMOUNT.




$$
