000
CDUS46 KSGX 300016
CLIOKB


CLIMATE REPORT
NATIONAL WEATHER SERVICE SAN DIEGO, CA
515 PM PDT THU SEP 29 2016


...................................

...THE OCEANSIDE AIRPORT CA CLIMATE SUMMARY FOR SEPTEMBER 29 2016...
VALID TODAY AS OF 0500 PM LOCAL TIME.

CLIMATE NORMAL PERIOD 1981 TO 2010
CLIMATE RECORD PERIOD 1999 TO 2016


WEATHER ITEM   OBSERVED TIME   RECORD YEAR NORMAL DEPARTURE LAST
                VALUE   (LST)  VALUE       VALUE  FROM      YEAR
                                                  NORMAL
..................................................................
TEMPERATURE (F)
 TODAY
  MAXIMUM         84    900 AM  92    1999  75      9       81
  MINIMUM         60    601 AM  46    2013  57      3       61
  AVERAGE         72                        66      6       71

PRECIPITATION (IN)
  TODAY            0.00          0.24 2002   0.00   0.00     0.00
  MONTH TO DATE    0.24                      0.23   0.01     1.14
  SINCE OCT 1      7.36                     13.65  -6.29     9.31
  SINCE JAN 1      5.19                      9.77  -4.58     4.91

DEGREE DAYS
 HEATING
  TODAY            0                         1     -1        0
  MONTH TO DATE   12                         6      6        0
  SINCE SEP 1     12                         6      6        0
  SINCE JUL 1     12                        11      1        0

 COOLING
  TODAY            7                         2      5        6
  MONTH TO DATE  128                        92     36      278
  SINCE SEP 1    128                        92     36      278
  SINCE JAN 1    585                       392    193      883
..................................................................


WIND (MPH)
  RESULTANT WIND SPEED   4   RESULTANT WIND DIRECTION   W (250)
  HIGHEST WIND SPEED    13   HIGHEST WIND DIRECTION     W (250)
  HIGHEST GUST SPEED    16   HIGHEST GUST DIRECTION     W (250)
  AVERAGE WIND SPEED     5.1


SKY COVER
  POSSIBLE SUNSHINE  MM
  AVERAGE SKY COVER 0.0


WEATHER CONDITIONS
 THE FOLLOWING WEATHER WAS RECORDED TODAY.
  NO SIGNIFICANT WEATHER WAS OBSERVED.


RELATIVE HUMIDITY (PERCENT)
 HIGHEST    78          1200 AM
 LOWEST     34           900 AM
 AVERAGE    56

..........................................................


THE OCEANSIDE AIRPORT CA CLIMATE NORMALS FOR TOMORROW
                         NORMAL    RECORD    YEAR
 MAXIMUM TEMPERATURE (F)   75        87      2008
                                             1999
 MINIMUM TEMPERATURE (F)   56        46      2013


SUNRISE AND SUNSET
SEPTEMBER 29 2016.....SUNRISE   643 AM PDT   SUNSET   636 PM PDT
SEPTEMBER 30 2016.....SUNRISE   643 AM PDT   SUNSET   634 PM PDT


-  INDICATES NEGATIVE NUMBERS.
R  INDICATES RECORD WAS SET OR TIED.
MM INDICATES DATA IS MISSING.
T  INDICATES TRACE AMOUNT.




$$
