000
CDUS44 KOUN 062338
CLIOKC

CLIMATE REPORT
NATIONAL WEATHER SERVICE NORMAN OK
536 PM CST SAT FEB 6 2016


...................................

...THE OKLAHOMA CITY CLIMATE SUMMARY FOR FEBRUARY 6 2016...
VALID TODAY AS OF 0500 PM LOCAL TIME.

CLIMATE NORMAL PERIOD 1981 TO 2010
CLIMATE RECORD PERIOD 1890 TO 2016


WEATHER ITEM   OBSERVED TIME   RECORD YEAR NORMAL DEPARTURE LAST
                VALUE   (LST)  VALUE       VALUE  FROM      YEAR
                                                  NORMAL
..................................................................
TEMPERATURE (F)
 TODAY
  MAXIMUM         52    409 PM  73    2009  52      0       62
                                      1904
  MINIMUM         34    849 AM   3    1895  31      3       27
  AVERAGE         43                        42      1       45

PRECIPITATION (IN)
  TODAY            0.00          1.38 1892   0.05  -0.05     0.00
  MONTH TO DATE    0.26                      0.29  -0.03     0.04
  SINCE JAN 1      0.37                      1.68  -1.31     1.84

SNOWFALL (IN)
  TODAY            0.0           6.1  1979   0.0    0.0      0.0
  MONTH TO DATE    0.0                       0.4   -0.4      0.0
  SINCE JUL 1      1.2                       5.7   -4.5      6.0
  SNOW DEPTH       0

DEGREE DAYS
 HEATING
  TODAY           22                        23     -1       20
  MONTH TO DATE  138                       143     -5      171
  SINCE JUL 1   2026                      2296   -270     2230
..................................................................


WIND (MPH)
  HIGHEST WIND SPEED    18   HIGHEST WIND DIRECTION    NW (330)
  HIGHEST GUST SPEED    22   HIGHEST GUST DIRECTION     N (340)
  AVERAGE WIND SPEED     8.2


SKY COVER
  AVERAGE SKY COVER 0.5


WEATHER CONDITIONS
 THE FOLLOWING WEATHER WAS RECORDED TODAY.
  NO SIGNIFICANT WEATHER WAS OBSERVED.


RELATIVE HUMIDITY (PERCENT)
 HIGHEST    85           400 AM
 LOWEST     38           400 PM
 AVERAGE    62

..........................................................


THE OKLAHOMA CITY CLIMATE NORMALS FOR TOMORROW
                         NORMAL    RECORD    YEAR
 MAXIMUM TEMPERATURE (F)   53        76      1937
                                             1932
                                             1925
 MINIMUM TEMPERATURE (F)   31        -8      1895


SUNRISE AND SUNSET
FEBRUARY  6 2016......SUNRISE   726 AM CST   SUNSET   603 PM CST
FEBRUARY  7 2016......SUNRISE   725 AM CST   SUNSET   604 PM CST


-  INDICATES NEGATIVE NUMBERS.
R  INDICATES RECORD WAS SET OR TIED.
MM INDICATES DATA IS MISSING.
T  INDICATES TRACE AMOUNT.




$$
