000
CDUS44 KOUN 260635
CLIOKC

CLIMATE REPORT
NATIONAL WEATHER SERVICE NORMAN OK
135 AM CDT TUE MAY 26 2015


...................................

...THE OKLAHOMA CITY CLIMATE SUMMARY FOR MAY 25 2015...

CLIMATE NORMAL PERIOD 1981 TO 2010
CLIMATE RECORD PERIOD 1890 TO 2015


WEATHER ITEM   OBSERVED TIME   RECORD YEAR NORMAL DEPARTURE LAST
                VALUE   (LST)  VALUE       VALUE  FROM      YEAR
                                                  NORMAL
..................................................................
TEMPERATURE (F)
 YESTERDAY
  MAXIMUM         78   1107 AM  96    2006  82     -4       83
  MINIMUM         54   1159 PM  45    2001  62     -8       66
  AVERAGE         66                        72     -6       75

PRECIPITATION (IN)
  YESTERDAY        0.16          1.49 1968   0.14   0.02     0.02
  MONTH TO DATE   18.85                      3.67  15.18     2.36
  SINCE JAN 1     28.03                     12.77  15.26     5.05

DEGREE DAYS
 COOLING
  YESTERDAY        1                         8     -7       10
  MONTH TO DATE   90                       132    -42      175
  SINCE JAN 1    152                       198    -46      241
..................................................................


WIND (MPH)
  HIGHEST WIND SPEED    43   HIGHEST WIND DIRECTION     E (110)
  HIGHEST GUST SPEED    50   HIGHEST GUST DIRECTION     E (110)
  AVERAGE WIND SPEED    11.8


SKY COVER
  AVERAGE SKY COVER 0.9


WEATHER CONDITIONS
 THE FOLLOWING WEATHER WAS RECORDED YESTERDAY.
  THUNDERSTORM
  RAIN
  LIGHT RAIN
  FOG


RELATIVE HUMIDITY (PERCENT)
 HIGHEST   100           300 AM
 LOWEST     63           500 PM
 AVERAGE    82

..........................................................


THE OKLAHOMA CITY CLIMATE NORMALS FOR TODAY
                         NORMAL    RECORD    YEAR
 MAXIMUM TEMPERATURE (F)   83        96      1953
 MINIMUM TEMPERATURE (F)   63        45      1901


SUNRISE AND SUNSET
MAY 26 2015...........SUNRISE   619 AM CDT   SUNSET   836 PM CDT
MAY 27 2015...........SUNRISE   619 AM CDT   SUNSET   837 PM CDT


-  INDICATES NEGATIVE NUMBERS.
R  INDICATES RECORD WAS SET OR TIED.
MM INDICATES DATA IS MISSING.
T  INDICATES TRACE AMOUNT.




$$
