000
CDUS44 KOUN 200639
CLIOKC

OUNCLIOKC 000
TTAA00 KOUN 200635


CLIMATE REPORT
NATIONAL WEATHER SERVICE NORMAN OK
1235 AM CST TUE FEB 20 2018


...................................

...THE OKLAHOMA CITY CLIMATE SUMMARY FOR FEBRUARY 19 2018...

CLIMATE NORMAL PERIOD 1981 TO 2010
CLIMATE RECORD PERIOD 1890 TO 2018


WEATHER ITEM   OBSERVED TIME   RECORD YEAR NORMAL DEPARTURE LAST
                VALUE   (LST)  VALUE       VALUE  FROM      YEAR
                                                  NORMAL
..................................................................
TEMPERATURE (F)
 YESTERDAY
  MAXIMUM         74    213 PM  83    1986  56     18       74
  MINIMUM         45   1027 PM   7    1903  34     11       47
  AVERAGE         60                        45     15       61

PRECIPITATION (IN)
  YESTERDAY        T             1.42 2017   0.06  -0.06     1.42
  MONTH TO DATE    0.38                      1.02  -0.64     2.87
  SINCE DEC 1      1.26                      4.29  -3.03     5.23
  SINCE JAN 1      0.58                      2.41  -1.83     4.44

SNOWFALL (IN)
  YESTERDAY        0.0           2.0  1921   0.1   -0.1      0.0
  MONTH TO DATE    0.0                       1.1   -1.1      0.0
  SINCE DEC 1      0.1                       6.0   -5.9      2.1
  SINCE JUL 1      0.1                       6.4   -6.3      2.1
  SNOW DEPTH       0

DEGREE DAYS
 HEATING
  YESTERDAY        5                        20    -15        4
  MONTH TO DATE  482                       427     55      295
  SINCE DEC 1   2112                      1981    131     1799
  SINCE JUL 1   2662                      2580     82     2122

 COOLING
  YESTERDAY        0                         0      0        0
  MONTH TO DATE    4                         0      4        7
  SINCE DEC 1      4                         0      4        7
  SINCE JAN 1      4                         0      4        7
..................................................................


WIND (MPH)
  HIGHEST WIND SPEED    35   HIGHEST WIND DIRECTION     S (190)
  HIGHEST GUST SPEED    48   HIGHEST GUST DIRECTION     S (180)
  AVERAGE WIND SPEED    17.3


SKY COVER
  AVERAGE SKY COVER 1.0


WEATHER CONDITIONS
 THE FOLLOWING WEATHER WAS RECORDED YESTERDAY.
  THUNDERSTORM
  LIGHT RAIN
  HAZE


RELATIVE HUMIDITY (PERCENT)
 HIGHEST    90          1200 AM
 LOWEST     57           200 PM
 AVERAGE    74

..........................................................


THE OKLAHOMA CITY CLIMATE NORMALS FOR TODAY
                         NORMAL    RECORD    YEAR
 MAXIMUM TEMPERATURE (F)   56        84      1981
 MINIMUM TEMPERATURE (F)   34         9      1918


SUNRISE AND SUNSET
FEBRUARY 20 2018......SUNRISE   711 AM CST   SUNSET   618 PM CST
FEBRUARY 21 2018......SUNRISE   710 AM CST   SUNSET   618 PM CST


-  INDICATES NEGATIVE NUMBERS.
R  INDICATES RECORD WAS SET OR TIED.
MM INDICATES DATA IS MISSING.
T  INDICATES TRACE AMOUNT.




$$
