000
CDUS44 KOUN 250636
CLIOKC

CLIMATE REPORT
NATIONAL WEATHER SERVICE NORMAN OK
135 AM CDT SAT MAR 25 2017


...................................

...THE OKLAHOMA CITY CLIMATE SUMMARY FOR MARCH 24 2017...

CLIMATE NORMAL PERIOD 1981 TO 2010
CLIMATE RECORD PERIOD 1890 TO 2017


WEATHER ITEM   OBSERVED TIME   RECORD YEAR NORMAL DEPARTURE LAST
                VALUE   (LST)  VALUE       VALUE  FROM      YEAR
                                                  NORMAL
..................................................................
TEMPERATURE (F)
 YESTERDAY
  MAXIMUM         78    326 PM  91    1929  66     12       58
  MINIMUM         53   1159 PM  23    2006  43     10       39
                                      1965
  AVERAGE         66                        54     12       49

PRECIPITATION (IN)
  YESTERDAY        0.05          1.82 1920   0.10  -0.05     0.00
  MONTH TO DATE    0.06                      2.33  -2.27     0.87
  SINCE JAN 1      4.75                      5.30  -0.55     2.33

SNOWFALL (IN)
  YESTERDAY        0.0           0.2  1912   0.0    0.0      0.0
  MONTH TO DATE    0.0                       0.8   -0.8      0.0
  SINCE JUL 1      2.1                       7.5   -5.4      1.2
  SNOW DEPTH       0

DEGREE DAYS
 HEATING
  YESTERDAY        0                        11    -11       16
  MONTH TO DATE  222                       339   -117      229
  SINCE JUL 1   2442                      3089   -647     2586

 COOLING
  YESTERDAY        1                         1      0        0
  MONTH TO DATE   48                         3     45        0
  SINCE JAN 1     57                         4     53        4
..................................................................


WIND (MPH)
  HIGHEST WIND SPEED    33   HIGHEST WIND DIRECTION    SW (220)
  HIGHEST GUST SPEED    43   HIGHEST GUST DIRECTION     S (180)
  AVERAGE WIND SPEED    20.2


SKY COVER
  AVERAGE SKY COVER 0.7


WEATHER CONDITIONS
 THE FOLLOWING WEATHER WAS RECORDED YESTERDAY.
  THUNDERSTORM
  LIGHT RAIN
  FOG


RELATIVE HUMIDITY (PERCENT)
 HIGHEST    77           800 PM
 LOWEST     13           200 PM
 AVERAGE    45

..........................................................


THE OKLAHOMA CITY CLIMATE NORMALS FOR TODAY
                         NORMAL    RECORD    YEAR
 MAXIMUM TEMPERATURE (F)   66        88      1976
                                             1908
 MINIMUM TEMPERATURE (F)   43        18      1955


SUNRISE AND SUNSET
MARCH 25 2017.........SUNRISE   727 AM CDT   SUNSET   747 PM CDT
MARCH 26 2017.........SUNRISE   725 AM CDT   SUNSET   747 PM CDT


-  INDICATES NEGATIVE NUMBERS.
R  INDICATES RECORD WAS SET OR TIED.
MM INDICATES DATA IS MISSING.
T  INDICATES TRACE AMOUNT.




$$
