000
CDUS44 KOUN 050638
CLIOKC

CLIMATE REPORT
NATIONAL WEATHER SERVICE NORMAN OK
136 AM CDT SUN JUL 5 2015


...................................

...THE OKLAHOMA CITY CLIMATE SUMMARY FOR JULY 4 2015...

CLIMATE NORMAL PERIOD 1981 TO 2010
CLIMATE RECORD PERIOD 1890 TO 2015


WEATHER ITEM   OBSERVED TIME   RECORD YEAR NORMAL DEPARTURE LAST
                VALUE   (LST)  VALUE       VALUE  FROM      YEAR
                                                  NORMAL
..................................................................
TEMPERATURE (F)
 YESTERDAY
  MAXIMUM         89    253 PM 105    1996  93     -4       89
  MINIMUM         69    443 AM  57    1924  71     -2       64
  AVERAGE         79                        82     -3       77

PRECIPITATION (IN)
  YESTERDAY        0.11          1.72 2005   0.11   0.00     0.00
  MONTH TO DATE    3.87                      0.44   3.43     0.00
  SINCE JAN 1     38.30                     19.12  19.18    15.73

DEGREE DAYS
 COOLING
  YESTERDAY       14                        17     -3       12
  MONTH TO DATE   62                        67     -5       49
  SINCE JAN 1    666                       707    -41      739
..................................................................


WIND (MPH)
  HIGHEST WIND SPEED    20   HIGHEST WIND DIRECTION     W (290)
  HIGHEST GUST SPEED    25   HIGHEST GUST DIRECTION    NW (300)
  AVERAGE WIND SPEED     6.3


SKY COVER
  AVERAGE SKY COVER 0.5


WEATHER CONDITIONS
 THE FOLLOWING WEATHER WAS RECORDED YESTERDAY.
  THUNDERSTORM
  HEAVY RAIN
  LIGHT RAIN
  FOG


RELATIVE HUMIDITY (PERCENT)
 HIGHEST   100           500 AM
 LOWEST     56           300 PM
 AVERAGE    78

..........................................................


THE OKLAHOMA CITY CLIMATE NORMALS FOR TODAY
                         NORMAL    RECORD    YEAR
 MAXIMUM TEMPERATURE (F)   93       108      1996
 MINIMUM TEMPERATURE (F)   72        55      1915


SUNRISE AND SUNSET
JULY  5 2015..........SUNRISE   621 AM CDT   SUNSET   849 PM CDT
JULY  6 2015..........SUNRISE   621 AM CDT   SUNSET   849 PM CDT


-  INDICATES NEGATIVE NUMBERS.
R  INDICATES RECORD WAS SET OR TIED.
MM INDICATES DATA IS MISSING.
T  INDICATES TRACE AMOUNT.




$$
