000
CDUS44 KOUN 240627
CLIOKC

CLIMATE REPORT
NATIONAL WEATHER SERVICE NORMAN OK
126 AM CDT SUN SEP 24 2017


...................................

...THE OKLAHOMA CITY CLIMATE SUMMARY FOR SEPTEMBER 23 2017...

CLIMATE NORMAL PERIOD 1981 TO 2010
CLIMATE RECORD PERIOD 1890 TO 2017


WEATHER ITEM   OBSERVED TIME   RECORD YEAR NORMAL DEPARTURE LAST
                VALUE   (LST)  VALUE       VALUE  FROM      YEAR
                                                  NORMAL
..................................................................
TEMPERATURE (F)
 YESTERDAY
  MAXIMUM         89    338 PM  97    1931  82      7       88
                                      1926
  MINIMUM         67    657 AM  38    1995  60      7       64
  AVERAGE         78                        71      7       76

PRECIPITATION (IN)
  YESTERDAY        0.00          1.47 1988   0.14  -0.14     0.00
  MONTH TO DATE    0.47                      3.13  -2.66     3.63
  SINCE SEP 1      0.47                      3.13  -2.66     3.63
  SINCE JAN 1     23.68                     28.02  -4.34    23.54

SNOWFALL (IN)
  YESTERDAY        0.0

DEGREE DAYS
 HEATING
  YESTERDAY        0                         1     -1        0
  MONTH TO DATE    0                         8     -8        0
  SINCE SEP 1      0                         8     -8        0
  SINCE JUL 1      0                         8     -8        0

 COOLING
  YESTERDAY       13                         7      6       11
  MONTH TO DATE  219                       245    -26      302
  SINCE SEP 1    219                       245    -26      302
  SINCE JAN 1   1790                      1982   -192     2028
..................................................................


WIND (MPH)
  HIGHEST WIND SPEED    20   HIGHEST WIND DIRECTION     S (180)
  HIGHEST GUST SPEED    27   HIGHEST GUST DIRECTION     S (170)
  AVERAGE WIND SPEED    10.6


SKY COVER
  AVERAGE SKY COVER 0.3


WEATHER CONDITIONS
 THE FOLLOWING WEATHER WAS RECORDED YESTERDAY.
  NO SIGNIFICANT WEATHER WAS OBSERVED.


RELATIVE HUMIDITY (PERCENT)
 HIGHEST    93           300 AM
 LOWEST     40           500 PM
 AVERAGE    67

..........................................................


THE OKLAHOMA CITY CLIMATE NORMALS FOR TODAY
                         NORMAL    RECORD    YEAR
 MAXIMUM TEMPERATURE (F)   81        98      1939
 MINIMUM TEMPERATURE (F)   60        36      1989


SUNRISE AND SUNSET
SEPTEMBER 24 2017.....SUNRISE   720 AM CDT   SUNSET   724 PM CDT
SEPTEMBER 25 2017.....SUNRISE   721 AM CDT   SUNSET   722 PM CDT


-  INDICATES NEGATIVE NUMBERS.
R  INDICATES RECORD WAS SET OR TIED.
MM INDICATES DATA IS MISSING.
T  INDICATES TRACE AMOUNT.




$$
