000
CDUS45 KGGW 201330
CLIOLF


CLIMATE REPORT
NATIONAL WEATHER SERVICE GLASGOW MT
630 AM MST MON FEB 20 2017


...................................

...THE WOLF POINT MT CLIMATE SUMMARY FOR FEBRUARY 20 2017...
VALID AS OF 0600 AM LOCAL TIME.

CLIMATE NORMAL PERIOD 1981 TO 2010
CLIMATE RECORD PERIOD 9999 TO 9999


WEATHER ITEM   OBSERVED RECORD YEAR NORMAL DEPARTURE
                VALUE   VALUE       VALUE  FROM
                                           NORMAL
........................................................
TEMPERATURE (F)
 TODAY
  MAXIMUM         32     MM      MM  32
  MINIMUM         29     MM      MM   7
  AVERAGE         31

PRECIPITATION (IN)
  TODAY            0.00  MM      MM   0.01  -0.01
  MONTH TO DATE    0.05               0.12  -0.07
  SINCE OCT 1      2.03               1.93   0.10
  SINCE JAN 1      0.16               0.43  -0.27

SNOWFALL (IN)
  TODAY            0.0   MM      MM  MM
  MONTH TO DATE    0.0               MM
  SINCE DEC 1      0.0               MM
  SINCE JUL 1      0.0               MM

DEGREE DAYS
 HEATING
  TODAY           34

 COOLING
  TODAY            0
........................................................







THE WOLF POINT MT CLIMATE NORMALS FOR TOMORROW
                         NORMAL    RECORD    YEAR
 MAXIMUM TEMPERATURE (F)   32        MM        MM
 MINIMUM TEMPERATURE (F)    8        MM        MM


SUNRISE AND SUNSET
FEBRUARY 20 2017......SUNRISE   700 AM MST   SUNSET   533 PM MST
FEBRUARY 21 2017......SUNRISE   658 AM MST   SUNSET   535 PM MST


-  INDICATES NEGATIVE NUMBERS.
R  INDICATES RECORD WAS SET OR TIED.
MM INDICATES DATA IS MISSING.
T  INDICATES TRACE AMOUNT.




$$
