000
CDUS46 KSEW 020828
CLIOLM


CLIMATE REPORT
NATIONAL WEATHER SERVICE SEATTLE WA
1228 AM PST MON MAR 2 2015


...................................

...THE OLYMPIA WA AIRPORT CLIMATE SUMMARY FOR MARCH 1 2015...

CLIMATE NORMAL PERIOD 1981 TO 2010
CLIMATE RECORD PERIOD 1948 TO 2015


WEATHER ITEM   OBSERVED TIME   RECORD YEAR NORMAL DEPARTURE LAST
                VALUE   (LST)  VALUE       VALUE  FROM      YEAR
                                                  NORMAL
..................................................................
TEMPERATURE (F)
 YESTERDAY
  MAXIMUM         56    253 PM  62    1990  51      5       48
  MINIMUM         25    647 AM  14    1960  33     -8       36
  AVERAGE         41                        42     -1       42

PRECIPITATION (IN)
  YESTERDAY        0.00          1.23 1997   0.19  -0.19      T
  MONTH TO DATE    0.00                      0.19  -0.19      T
  SINCE OCT 1     30.99                     33.99  -3.00    21.88
  SINCE JAN 1     11.96                     13.30  -1.34    13.04

DEGREE DAYS
 HEATING
  YESTERDAY       24                        23      1       23
  MONTH TO DATE   24                        23      1       23
  SINCE MAR 1     24                        23      1       23
  SINCE JUL 1   3059                      3745   -686     3806

 COOLING
  YESTERDAY        0                         0      0        0
  MONTH TO DATE    0                         0      0        0
  SINCE MAR 1      0                         0      0        0
  SINCE JAN 1      0                         0      0        0
..................................................................


WIND (MPH)
  RESULTANT WIND SPEED   4   RESULTANT WIND DIRECTION   S (200)
  HIGHEST WIND SPEED    12   HIGHEST WIND DIRECTION    SW (230)
  HIGHEST GUST SPEED    15   HIGHEST GUST DIRECTION     S (200)
  AVERAGE WIND SPEED     4.9


SKY COVER
  AVERAGE SKY COVER 0.2


WEATHER CONDITIONS
 THE FOLLOWING WEATHER WAS RECORDED YESTERDAY.
  LIGHT RAIN
  FOG


RELATIVE HUMIDITY (PERCENT)
 HIGHEST    92          1200 AM
 LOWEST     30           300 PM
 AVERAGE    61

..........................................................


THE OLYMPIA WA AIRPORT CLIMATE NORMALS FOR TODAY
                         NORMAL    RECORD    YEAR
 MAXIMUM TEMPERATURE (F)   52        63      1990
                                             1981
 MINIMUM TEMPERATURE (F)   34        11      1989


SUNRISE AND SUNSET
MARCH  2 2015.........SUNRISE   650 AM PST   SUNSET   558 PM PST
MARCH  3 2015.........SUNRISE   648 AM PST   SUNSET   600 PM PST


-  INDICATES NEGATIVE NUMBERS.
R  INDICATES RECORD WAS SET OR TIED.
MM INDICATES DATA IS MISSING.
T  INDICATES TRACE AMOUNT.




$$
