000
CDUS46 KSEW 170123
CLIOLM


CLIMATE REPORT
NATIONAL WEATHER SERVICE SEATTLE WA
622 PM PDT WED APR 16 2014


...................................

...THE OLYMPIA WA AIRPORT CLIMATE SUMMARY FOR APRIL 16 2014...
VALID TODAY AS OF 0600 PM LOCAL TIME.

CLIMATE NORMAL PERIOD 1981 TO 2010
CLIMATE RECORD PERIOD 1948 TO 2014


WEATHER ITEM   OBSERVED TIME   RECORD YEAR NORMAL DEPARTURE LAST
                VALUE   (LST)  VALUE       VALUE  FROM      YEAR
                                                  NORMAL
..................................................................
TEMPERATURE (F)
 TODAY
  MAXIMUM         53    459 PM  81    1999  59     -6       58
  MINIMUM         47    624 AM  27    1976  38      9       32
  AVERAGE         50                        48      2       45

PRECIPITATION (IN)
  TODAY            0.04          1.70 1992   0.12  -0.08     0.00
  MONTH TO DATE    0.86                      2.09  -1.23     4.12
  SINCE OCT 1     31.91                     41.18  -9.27    42.91
  SINCE JAN 1     23.07                     20.49   2.58    15.95

DEGREE DAYS
 HEATING
  TODAY           15                        17     -2       20
  MONTH TO DATE  241                       283    -42      288
  SINCE MAR 1    818                       919   -101      897
  SINCE JUL 1   4601                      4641    -40     4584

 COOLING
  TODAY            0                         0      0        0
  MONTH TO DATE    0                         0      0        0
  SINCE MAR 1      0                         0      0        0
  SINCE JAN 1      0                         0      0        0
..................................................................


WIND (MPH)
  RESULTANT WIND SPEED   9   RESULTANT WIND DIRECTION   S (190)
  HIGHEST WIND SPEED    16   HIGHEST WIND DIRECTION     S (180)
  HIGHEST GUST SPEED    22   HIGHEST GUST DIRECTION    SW (210)
  AVERAGE WIND SPEED     8.8


SKY COVER
  AVERAGE SKY COVER 1.0


WEATHER CONDITIONS
 THE FOLLOWING WEATHER WAS RECORDED TODAY.
  LIGHT RAIN
  FOG


RELATIVE HUMIDITY (PERCENT)
 HIGHEST    93          1200 AM
 LOWEST     83           400 PM
 AVERAGE    88

..........................................................


THE OLYMPIA WA AIRPORT CLIMATE NORMALS FOR TOMORROW
                         NORMAL    RECORD    YEAR
 MAXIMUM TEMPERATURE (F)   59        78      1983
                                             1952
 MINIMUM TEMPERATURE (F)   38        25      1964


SUNRISE AND SUNSET
APRIL 16 2014.........SUNRISE   622 AM PDT   SUNSET   802 PM PDT
APRIL 17 2014.........SUNRISE   620 AM PDT   SUNSET   803 PM PDT


-  INDICATES NEGATIVE NUMBERS.
R  INDICATES RECORD WAS SET OR TIED.
MM INDICATES DATA IS MISSING.
T  INDICATES TRACE AMOUNT.




$$
