000
CDUS46 KSEW 270827
CLIOLM


CLIMATE REPORT
NATIONAL WEATHER SERVICE SEATTLE WA
127 AM PDT WED JUL 27 2016


...................................

...THE OLYMPIA WA AIRPORT CLIMATE SUMMARY FOR JULY 26 2016...

CLIMATE NORMAL PERIOD 1981 TO 2010
CLIMATE RECORD PERIOD 1948 TO 2016


WEATHER ITEM   OBSERVED TIME   RECORD YEAR NORMAL DEPARTURE LAST
                VALUE   (LST)  VALUE       VALUE  FROM      YEAR
                                                  NORMAL
..................................................................
TEMPERATURE (F)
 YESTERDAY
  MAXIMUM         81        MM  96    1998  78      3       72
  MINIMUM         57        MM  43    1966  52      5       54
  AVERAGE         69                        65      4       63

PRECIPITATION (IN)
  YESTERDAY        0.00          0.72 1978   0.01  -0.01     0.10
  MONTH TO DATE    0.62                      0.56   0.06     0.15
  SINCE OCT 1     60.24                     47.28  12.96    39.81
  SINCE JAN 1     27.24                     26.59   0.65    20.78

DEGREE DAYS
 HEATING
  YESTERDAY        0                         2     -2        2
  MONTH TO DATE   55                        70    -15       13
  SINCE JUN 1    221                       258    -37       76
  SINCE JUL 1     55                        70    -15       13

 COOLING
  YESTERDAY        4                         2      2        0
  MONTH TO DATE   17                        36    -19       96
  SINCE JUN 1     51                        47      4      168
  SINCE JAN 1     52                        50      2      169
..................................................................


WIND (MPH)
  RESULTANT WIND SPEED   2   RESULTANT WIND DIRECTION   S (190)
  HIGHEST WIND SPEED     9   HIGHEST WIND DIRECTION     N (10)
  HIGHEST GUST SPEED    MM   HIGHEST GUST DIRECTION    MM
  AVERAGE WIND SPEED     4.4


SKY COVER
  AVERAGE SKY COVER 0.5


WEATHER CONDITIONS
 THE FOLLOWING WEATHER WAS RECORDED YESTERDAY.
  NO SIGNIFICANT WEATHER WAS OBSERVED.


RELATIVE HUMIDITY (PERCENT)
 HIGHEST    86          1200 AM
 LOWEST     45           600 PM
 AVERAGE    66

..........................................................


THE OLYMPIA WA AIRPORT CLIMATE NORMALS FOR TODAY
                         NORMAL    RECORD    YEAR
 MAXIMUM TEMPERATURE (F)   78        99      1998
                                             1958
 MINIMUM TEMPERATURE (F)   52        41      1986


SUNRISE AND SUNSET
JULY 27 2016..........SUNRISE   546 AM PDT   SUNSET   850 PM PDT
JULY 28 2016..........SUNRISE   547 AM PDT   SUNSET   848 PM PDT


-  INDICATES NEGATIVE NUMBERS.
R  INDICATES RECORD WAS SET OR TIED.
MM INDICATES DATA IS MISSING.
T  INDICATES TRACE AMOUNT.




$$
