000
CDUS46 KSEW 160829
CLIOLM


CLIMATE REPORT
NATIONAL WEATHER SERVICE SEATTLE WA
129 AM PDT WED AUG 16 2017


...................................

...THE OLYMPIA WA AIRPORT CLIMATE SUMMARY FOR AUGUST 15 2017...

CLIMATE NORMAL PERIOD 1981 TO 2010
CLIMATE RECORD PERIOD 1948 TO 2017


WEATHER ITEM   OBSERVED TIME   RECORD YEAR NORMAL DEPARTURE LAST
                VALUE   (LST)  VALUE       VALUE  FROM      YEAR
                                                  NORMAL
..................................................................
TEMPERATURE (F)
 YESTERDAY
  MAXIMUM         81    349 PM  97    2010  78      3       83
  MINIMUM         46    519 AM  39    1982  51     -5       52
  AVERAGE         64                        64      0       68

PRECIPITATION (IN)
  YESTERDAY        0.00          1.20 1976   0.03  -0.03     0.00
  MONTH TO DATE    0.11                      0.31  -0.20     0.21
  SINCE OCT 1     62.53                     47.66  14.87    60.45
  SINCE JAN 1     34.43                     26.97   7.46    27.45

DEGREE DAYS
 HEATING
  YESTERDAY        1                         2     -1        0
  MONTH TO DATE    8                        30    -22       30
  SINCE JUN 1    195                       298   -103      254
  SINCE JUL 1     44                       110    -66       88

 COOLING
  YESTERDAY        0                         2     -2        3
  MONTH TO DATE   71                        30     41       28
  SINCE JUN 1    129                        84     45       99
  SINCE JAN 1    139                        87     52      100
..................................................................


WIND (MPH)
  RESULTANT WIND SPEED   2   RESULTANT WIND DIRECTION   E (100)
  HIGHEST WIND SPEED    12   HIGHEST WIND DIRECTION    NW (330)
  HIGHEST GUST SPEED    15   HIGHEST GUST DIRECTION    NW (330)
  AVERAGE WIND SPEED     2.4


SKY COVER
  AVERAGE SKY COVER 0.0


WEATHER CONDITIONS
 THE FOLLOWING WEATHER WAS RECORDED YESTERDAY.
  FOG


RELATIVE HUMIDITY (PERCENT)
 HIGHEST   100           200 AM
 LOWEST     32           400 PM
 AVERAGE    66

..........................................................


THE OLYMPIA WA AIRPORT CLIMATE NORMALS FOR TODAY
                         NORMAL    RECORD    YEAR
 MAXIMUM TEMPERATURE (F)   78        96      2012
                                             1967
 MINIMUM TEMPERATURE (F)   51        40      2000
                                             1986


SUNRISE AND SUNSET
AUGUST 16 2017........SUNRISE   611 AM PDT   SUNSET   820 PM PDT
AUGUST 17 2017........SUNRISE   612 AM PDT   SUNSET   818 PM PDT


-  INDICATES NEGATIVE NUMBERS.
R  INDICATES RECORD WAS SET OR TIED.
MM INDICATES DATA IS MISSING.
T  INDICATES TRACE AMOUNT.




$$
