000
CDUS46 KSEW 250827
CLIOLM


CLIMATE REPORT
NATIONAL WEATHER SERVICE SEATTLE WA
1227 AM PST SUN JAN 25 2015


...................................

...THE OLYMPIA WA AIRPORT CLIMATE SUMMARY FOR JANUARY 24 2015...

CLIMATE NORMAL PERIOD 1981 TO 2010
CLIMATE RECORD PERIOD 1948 TO 2015


WEATHER ITEM   OBSERVED TIME   RECORD YEAR NORMAL DEPARTURE LAST
                VALUE   (LST)  VALUE       VALUE  FROM      YEAR
                                                  NORMAL
..................................................................
TEMPERATURE (F)
 YESTERDAY
  MAXIMUM         58R   309 PM  56    2005  47     11       48
                                      1951
  MINIMUM         50    652 AM   1    1949  34     16       26
  AVERAGE         54                        40     14       37

PRECIPITATION (IN)
  YESTERDAY        0.06          2.47 2002   0.24  -0.18     0.00
  MONTH TO DATE    6.68                      6.21   0.47     3.60
  SINCE OCT 1     25.71                     26.90  -1.19    12.44
  SINCE JAN 1      6.68                      6.21   0.47     3.60

DEGREE DAYS
 HEATING
  YESTERDAY       11                        25    -14       28
  MONTH TO DATE  540                       610    -70      585
  SINCE DEC 1   1263                      1435   -172     1477
  SINCE JUL 1   2362                      2880   -518     2873

 COOLING
  YESTERDAY        0                         0      0        0
  MONTH TO DATE    0                         0      0        0
  SINCE DEC 1      0                         0      0        0
  SINCE JAN 1      0                         0      0        0
..................................................................


WIND (MPH)
  RESULTANT WIND SPEED   6   RESULTANT WIND DIRECTION  SW (210)
  HIGHEST WIND SPEED    12   HIGHEST WIND DIRECTION     S (200)
  HIGHEST GUST SPEED    14   HIGHEST GUST DIRECTION    SW (220)
  AVERAGE WIND SPEED     6.3


SKY COVER
  AVERAGE SKY COVER 1.0


WEATHER CONDITIONS
 THE FOLLOWING WEATHER WAS RECORDED YESTERDAY.
  LIGHT RAIN
  FOG


RELATIVE HUMIDITY (PERCENT)
 HIGHEST    96           100 AM
 LOWEST     86           200 PM
 AVERAGE    91

..........................................................


THE OLYMPIA WA AIRPORT CLIMATE NORMALS FOR TODAY
                         NORMAL    RECORD    YEAR
 MAXIMUM TEMPERATURE (F)   47        57      2003
 MINIMUM TEMPERATURE (F)   34         2      1950


SUNRISE AND SUNSET
JANUARY 25 2015.......SUNRISE   745 AM PST   SUNSET   504 PM PST
JANUARY 26 2015.......SUNRISE   744 AM PST   SUNSET   505 PM PST


-  INDICATES NEGATIVE NUMBERS.
R  INDICATES RECORD WAS SET OR TIED.
MM INDICATES DATA IS MISSING.
T  INDICATES TRACE AMOUNT.




$$
